CREATE TABLE `restaurants` (
  `R_ID` int(30) NOT NULL,
  `name` varchar(30) NOT NULL,
  `email` varchar(30) NOT NULL,
  `contact` varchar(30) NOT NULL,
  `address` varchar(50) NOT NULL,
  `M_ID` varchar(30) NOT NULL
) ENGINE=InnoDB DEFAULT CHARSET=utf8mb3 COLLATE=utf8mb3_general_ci;

--
-- 테이블의 덤프 데이터 `restaurants`
--

INSERT INTO `restaurants` (`R_ID`, `name`, `email`, `contact`, `address`, `M_ID`) VALUES
(11, '벼룩시장', 'kskang2@gmail.com', '11122223333', 'pankyo', 'admin');

--
-- 덤프된 테이블의 인덱스
--

--
-- 테이블의 인덱스 `contact`
--
ALTER TABLE `contact`
  ADD PRIMARY KEY (`Id`);

--
-- 테이블의 인덱스 `customer`
--
ALTER TABLE `customer`
  ADD PRIMARY KEY (`username`);

--
-- 테이블의 인덱스 `food`
--
ALTER TABLE `food`
  ADD PRIMARY KEY (`F_ID`,`R_ID`),
  ADD KEY `R_ID` (`R_ID`);

--
-- 테이블의 인덱스 `manager`
--
ALTER TABLE `manager`
  ADD PRIMARY KEY (`username`);

--
-- 테이블의 인덱스 `orders`
--
ALTER TABLE `orders`
  ADD PRIMARY KEY (`order_ID`),
  ADD KEY `F_ID` (`F_ID`),
  ADD KEY `R_ID` (`R_ID`),
  ADD KEY `orders_ibfk_2` (`username`);

--
-- 테이블의 인덱스 `restaurants`
--
ALTER TABLE `restaurants`
  ADD PRIMARY KEY (`R_ID`),
  ADD UNIQUE KEY `M_ID_2` (`M_ID`),
  ADD KEY `M_ID` (`M_ID`);

--
-- 덤프된 테이블의 AUTO_INCREMENT
--

--
-- 테이블의 AUTO_INCREMENT `food`
--
ALTER TABLE `food`
  MODIFY `F_ID` int(30) NOT NULL AUTO_INCREMENT, AUTO_INCREMENT=257;

--
-- 테이블의 AUTO_INCREMENT `orders`
--
ALTER TABLE `orders`
  MODIFY `order_ID` int(30) NOT NULL AUTO_INCREMENT, AUTO_INCREMENT=1829;

--
-- 테이블의 AUTO_INCREMENT `restaurants`
--
ALTER TABLE `restaurants`
  MODIFY `R_ID` int(30) NOT NULL AUTO_INCREMENT, AUTO_INCREMENT=84;

--
-- 덤프된 테이블의 제약사항
--

--
-- 테이블의 제약사항 `food`
--
ALTER TABLE `food`
  ADD CONSTRAINT `food_ibfk_1` FOREIGN KEY (`R_ID`) REFERENCES `restaurants` (`R_ID`);

--
-- 테이블의 제약사항 `orders`
--
ALTER TABLE `orders`
  ADD CONSTRAINT `orders_ibfk_1` FOREIGN KEY (`F_ID`) REFERENCES `food` (`F_ID`),
  ADD CONSTRAINT `orders_ibfk_2` FOREIGN KEY (`username`) REFERENCES `customer` (`username`),
  ADD CONSTRAINT `orders_ibfk_3` FOREIGN KEY (`R_ID`) REFERENCES `restaurants` (`R_ID`);

--
-- 테이블의 제약사항 `restaurants`
--
ALTER TABLE `restaurants`
  ADD CONSTRAINT `restaurants_ibfk_1` FOREIGN KEY (`M_ID`) REFERENCES `manager` (`username`);
--
-- 데이터베이스: `foodorder`
--
CREATE DATABASE IF NOT EXISTS `foodorder` DEFAULT CHARACTER SET utf8mb4 COLLATE utf8mb4_unicode_ci;
USE `foodorder`;

-- --------------------------------------------------------

--
-- 테이블 구조 `contact`
--

CREATE TABLE `contact` (
  `Id` int(11) NOT NULL,
  `Name` varchar(250) NOT NULL,
  `Email` varchar(250) NOT NULL,
  `Mobile` varchar(250) NOT NULL,
  `Subject` varchar(250) NOT NULL,
  `Message` varchar(250) NOT NULL
) ENGINE=InnoDB DEFAULT CHARSET=latin1 COLLATE=latin1_swedish_ci;

--
-- 테이블의 덤프 데이터 `contact`
--

INSERT INTO `contact` (`Id`, `Name`, `Email`, `Mobile`, `Subject`, `Message`) VALUES
(3, 'BIRJU KUMAR', 'ckj40856@gmail.com', '8903079750', 'asd', 'asdasdasd'),
(4, 'CHANDAN KUMAR', 'ckj40856@gmail.com', '9487810674', 'asd', 'hfgdsfsx'),
(10, 'kskang3', 'kskang2@gmail.com', '01052545944', 'test1', 'test1 contents'),
(11, 'kskang3', 'kskang2@gmail.com', '01052545944', 'test1', 'test1 contents');

-- --------------------------------------------------------

--
-- 테이블 구조 `customer`
--

CREATE TABLE `customer` (
  `id` int(11) DEFAULT NULL,
  `username` varchar(30) NOT NULL,
  `fullname` varchar(30) DEFAULT NULL,
  `email` varchar(30) DEFAULT NULL,
  `contact` varchar(30) NOT NULL,
  `grade` varchar(11) DEFAULT '0',
  `time` varchar(31) NOT NULL DEFAULT current_timestamp(),
  `address` varchar(50) DEFAULT NULL,
  `password` varchar(30) NOT NULL
) ENGINE=InnoDB DEFAULT CHARSET=utf8mb3 COLLATE=utf8mb3_general_ci;

--
-- 테이블의 덤프 데이터 `customer`
--

INSERT INTO `customer` (`id`, `username`, `fullname`, `email`, `contact`, `grade`, `time`, `address`, `password`) VALUES
(NULL, '', '', '', '', '0', '2025-02-25 07:09:27', '', ''),
(0, 'admin', 'admin', '', '01052545944', '0', '2022-11-04 17:46:18', 'pankyo', 'admin'),
(0, 'guest', 'guest', '', '01084293329', '0', '2022-12-10 06:29:33', '', 'guest'),
(0, 'Kimkt0102', '김광태', '', '01022208354', '0', '2022-11-04 17:46:18', 'yatap', 'kimkt0102'),
(0, 'kskang', 'kskang', 'kskang2@gmail.com', '1122223333', '0', '2022-11-04 17:46:18', 'san', 'kskang'),
(0, 'mekang', 'mekang', 'mekang1@gmail.com', '01052545945', '0', '2022-11-04 17:46:18', 'sanwoonro', 'mekang'),
(NULL, 'placeholder=\"메뉴\"', '', '', '', '1', '2024-08-20 00:47:18', '', ''),
(0, '관리자', '', '', '01022223333', '1', '2022-12-17 07:03:25', '', 'admin'),
(NULL, '단골 손님', 'fullname', '', '01052545944', '37', '2022-11-11 17:35:11', 'Seoul', 'guest');

-- --------------------------------------------------------

--
-- 테이블 구조 `food`
--

CREATE TABLE `food` (
  `F_ID` int(30) NOT NULL,
  `name` varchar(251) NOT NULL,
  `choice1` varchar(63) DEFAULT '0',
  `choice2` varchar(63) DEFAULT '0',
  `choice3` varchar(63) DEFAULT '0',
  `price` varchar(30) DEFAULT NULL,
  `description` varchar(512) DEFAULT NULL,
  `R_ID` int(30) NOT NULL,
  `display` varchar(11) DEFAULT '999',
  `images_path` varchar(251) DEFAULT NULL,
  `options` varchar(10) NOT NULL DEFAULT 'ENABLE'
) ENGINE=InnoDB DEFAULT CHARSET=utf8mb3 COLLATE=utf8mb3_general_ci;

--
-- 테이블의 덤프 데이터 `food`
--

INSERT INTO `food` (`F_ID`, `name`, `choice1`, `choice2`, `choice3`, `price`, `description`, `R_ID`, `display`, `images_path`, `options`) VALUES
(119, '수제비', '', '', '', '7500', '', 9, '30', 'images/1050x700d.png', 'ENABLE'),
(120, '칼국수', '', '', '', '7000', '', 9, '10', 'images/1050x700a.png', 'ENABLE'),
(123, '공기밥', '', '', '', '1000', '', 9, '60', 'images/1050x700f.png', 'ENABLEX'),
(132, '김치칼국수', '', '', '', '7500', '', 9, '20', 'images/1050x700c.png', 'ENABLEX'),
(133, '만두5개', '고기', '김치', '섞어', '7500', '', 9, '50', 'images/1050x700e.png', 'ENABLE'),
(134, '음료', '콜라', '사이다', '', '1500', '', 9, '70', 'images/300x200g.png', 'ENABLE'),
(170, '김치수제비', '', '', '', '8000', '', 9, '40', 'images/food22.png', 'ENABLEX'),
(173, '포도주', '국산', '칠레', '프랑스', '5000', '잔으로', 9, '777', 'images/wine2a.png', 'DISABLE'),
(202, '바지락칼국수', '', '', '', '10000', '', 26, '15', 'images/b3 (2).jpg', 'ENABLE'),
(203, '소고기버섯샤브', '보통', '매운', '', '19000', '', 26, '35', 'images/b3 (4).jpg', 'ENABLE'),
(204, '한우버섯샤브', '보통', '매운', '', '25000', '', 26, '45', 'images/b3 (1).jpg', 'ENABLE'),
(205, '버섯만두전골', '', '', '', '16000', '', 26, '25', 'images/b3 (3).jpg', 'ENABLE'),
(265, 'Ave&nbspMaria', 'C.&nbspGounod', 'XXX 여러가지 보여서', '피아노youtube그데로', 'placeholder=\"단가\"', 'https://www.youtube.com/embed/eZhF6sThrwQ?si=4Y3yZ6DrQq_AHr7K&start=2925&autoplay=1', 100, '4', 'images/cello2.png', 'ENABLEX'),
(266, 'Vocalise&nbspop.34&nbspNo.14', 'S.&nbspRachmaninoff', '2024.12.25', '피아노&nbspyoutube그데로', 'placeholder=\"단가\"', 'https://www.youtube.com/embed/eZhF6sThrwQ?si=KbHAYwtAxQHuDNpC&start=2520&autoplay=1', 100, '4', 'images/cello1.png', 'ENABLEX'),
(271, '焼かれる ', '村上春樹 ラジオ', '一原万理&nbspmp4', 'mp4&nbspfile', 'placeholder=\"단가\"', 'test.mp4', 100, '6', 'images/test.png', 'ENABLEX'),
(274, 'Vocalise&nbspop.34&nbspNo.14', 'S.&nbspRachmaninoff', '2025.2.23', '', 'placeholder=\"단가\"', 'https://www.youtube.com/embed/eZhF6sThrwQ?si=KbHAYwtAxQHuDNpC&amp;start=2520&autoplay=1', 20, '3', 'images/cello1.png', 'ENABLE'),
(275, 'Ave&nbspMaria', 'C.&nbspGounod', '2025.01.25 예술의 전당', '', 'placeholder=\"단가\"', 'https://www.youtube.com/embed/eZhF6sThrwQ?si=4Y3yZ6DrQq_AHr7K&amp;start=2925&autoplay=1', 20, '2', 'images/cello2.png', 'ENABLE'),
(276, 'Ave&nbspMaria', 'J.S.Bach /&nbspGounod', 'YoYoMa&nbspKathryn&nbspScott', 'embed&nbspcode', 'placeholder=\"단가\"', 'https://www.youtube.com/embed/hyUhEjtlDLA?si=uRbXCh0y9XtYiQ5J&autoplay=1\"', 100, '7', 'images/yoyo.png', 'ENABLEX'),
(277, 'embed도휴대폰에서 여러개 보임', 'GET으로 하면 휴대폰에서는 안 됩', 'test', '', 'placeholder=\"단가\"', 'https://www.youtube.com/embed/eZhF6sThrwQ?si=KbHAYwtAxQHuDNpC&start=2520&autoplay=1', 20, '9.9', 'images/test1.jpg', 'ENABLEX'),
(278, '1 ', '1 안정성 검토를 위하여,,,,', '1번-9번까지', '', 'placeholder=\"단가\"', 'https://drive.google.com/file/d/1OR2MEGvjHmnZ3rhV5ztb8yHONfufSHG2/view?usp=sharing', 100, '9', 'images/test1.jpg', 'ENABLEX'),
(279, '2', '2', '', '', 'placeholder=\"단가\"', 'required', 100, '9', 'images/test1.jpg', 'ENABLEX'),
(288, '할머니', '나이를 먹을수록', '보문동 집', '', 'placeholder=\"단가\"', 'grandmother.mp4', 100, '3', 'images/imgz273.jpg', 'ENABLEX'),
(289, '할머니 ', '선명회합창단 시절', '국민학생 중학생 때', '', 'placeholder=\"단가\"', 'mjpark_chorus.mp4', 100, '5', 'images/mjpark_russia.png', 'ENABLE'),
(290, '모은3', '변기', '아마&nbsp&nbsp2013', '', 'placeholder=\"단가\"', 'moeun2.mp4', 100, '3', 'images/moeun2.png', 'ENABLE'),
(291, 'duet', '할머니 & 模殷', '아마&nbsp2017', '', 'placeholder=\"단가\"', 'duet.mp4', 100, '3', 'images/duet.png', 'ENABLE'),
(293, '모닥불', '박인희', '', '', 'placeholder=\"단가\"', 'https://www.youtube.com/embed/uhNqsqRib_E?si&start=92&autoplay=1', 101, '5', 'images/081714.png', 'ENABLE'),
(296, '꿀비누', '', '', '', '4000', '1`', 11, '3', 'images/N72_2016b.png', 'ENABLE'),
(297, '밍크비누', '', '', '', '5000', '', 11, '2', 'images/1.png', 'ENABLE'),
(298, '하트비누', '', '', '', '5000', '', 11, '3', 'images/N72_2016a.png', 'ENABLE'),
(307, '섬집아기', '', '독일합창단', '', 'placeholder=\"단가\"', 'https://www.youtube.com/embed/Z64II_mKg3Q?si=BJuicekcFWZbuEmX&start=2&autoplay=1', 101, '3', 'images/061509a.png', 'ENABLE'),
(310, '술과 잠의 관계', '매일 술을 마시면,,,', '수면 전문 의사', '', 'placeholder=\"단가\"', 'https://www.youtube.com/embed/_1113KBTHyI?si=kzFR6pLNlBQvwxly&start=476&autoplay=1', 101, '2', 'images/2025-03-26053649.png', 'ENABLE'),
(313, '술과 잠의 관계', '술과 뇌세포 파괴', '수면 전문 의사', '', 'placeholder=\"단가\"', 'https://www.youtube.com/embed/_1113KBTHyI?si=kzFR6pLNlBQvwxly&start=476&autoplay=1', 102, '3', 'images/soola.png', 'ENABLE');

-- --------------------------------------------------------

--
-- 테이블 구조 `manager`
--

CREATE TABLE `manager` (
  `Id` int(11) DEFAULT NULL,
  `username` varchar(30) NOT NULL,
  `fullname` varchar(30) NOT NULL,
  `email` varchar(30) NOT NULL,
  `contact` varchar(30) NOT NULL,
  `grade` varchar(11) DEFAULT '0',
  `time` date NOT NULL DEFAULT current_timestamp(),
  `address` varchar(50) DEFAULT NULL,
  `password` varchar(30) NOT NULL
) ENGINE=InnoDB DEFAULT CHARSET=utf8mb3 COLLATE=utf8mb3_general_ci;

--
-- 테이블의 덤프 데이터 `manager`
--

INSERT INTO `manager` (`Id`, `username`, `fullname`, `email`, `contact`, `grade`, `time`, `address`, `password`) VALUES
(NULL, '', '', '', '', '0', '2022-11-17', '', ''),
(0, 'admin', 'adminf', 'kskang2@gmail.com', '01052545944', '0', '0000-00-00', 'Pankyo', 'admin'),
(NULL, 'adminu', 'adminf', 'kskang2@gmail.com', '11122223333', '0', '2022-11-17', '', 'adminp'),
(0, 'kskang', 'kskangf', 'kskang2@gmail.com', '1122223333', '0', '0000-00-00', 'san', 'kskang'),
(NULL, 'music', 'kang', 'kskang2@gmail.com', '01052545944', '0', '2025-02-22', '', 'music'),
(NULL, 'music2', 'music2', 'kskang2@gmail.com', '01052545944', '0', '2025-02-23', '', 'music2'),
(NULL, 'music3', 'music3', 'kskang2@gmail.com', '01052545944', '0', '2025-03-14', '', 'music3'),
(NULL, 'music4', 'music4', 'kskang2@gmail.com', '01052545944', '0', '2025-03-29', 'Pankyo', 'music4'),
(NULL, 'namusee', '이주현', 'namusee@gmail.com', '01032481770', '0', '2022-11-14', '', 'lumi0184'),
(NULL, 'testfood', 'testfoodf', 'kskang2@gmail.com', '11111111111', '0', '2022-11-17', '', 'testfood'),
(NULL, '관리자', '관리자f', 'kskang2@gmail.com', '11122223333', '0', '2022-11-16', '', '2011');

-- --------------------------------------------------------

--
-- 테이블 구조 `orders`
--

CREATE TABLE `orders` (
  `order_ID` int(30) NOT NULL,
  `order_number` varchar(11) DEFAULT NULL,
  `foodname` varchar(30) NOT NULL,
  `choice` varchar(31) DEFAULT NULL,
  `status` varchar(11) DEFAULT '0',
  `price` int(30) NOT NULL,
  `quantity` int(30) NOT NULL,
  `order_date` varchar(31) NOT NULL,
  `username` varchar(30) NOT NULL,
  `table_nr` varchar(64) DEFAULT '先',
  `contact` varchar(31) DEFAULT NULL,
  `gtotal` varchar(11) DEFAULT NULL,
  `F_ID` int(30) NOT NULL,
  `R_ID` int(30) NOT NULL,
  `myung` varchar(11) DEFAULT NULL,
  `display` varchar(11) DEFAULT '999'
) ENGINE=InnoDB DEFAULT CHARSET=utf8mb3 COLLATE=utf8mb3_general_ci;

--
-- 테이블의 덤프 데이터 `orders`
--

INSERT INTO `orders` (`order_ID`, `order_number`, `foodname`, `choice`, `status`, `price`, `quantity`, `order_date`, `username`, `table_nr`, `contact`, `gtotal`, `F_ID`, `R_ID`, `myung`, `display`) VALUES
(1376, '1226.03', '수제비', '', '9', 7500, 1, '1704857205', '단골 손님', 'W', '01052545944', '7500', 119, 9, '3', '30'),
(1378, '1222.03', '수제비', '', '9', 7500, 1, '1705375355', '관리자', '02', '01022223333', '7500', 119, 9, '', '30'),
(1380, '1414.03', '만두5개', '김치', '9', 7500, 1, '1705382084', '관리자', '05', '01022223333', '7500', 133, 9, '', '50'),
(1381, '0852.1', '음료', '콜라', '9', 1500, 1, '1706399552', '관리자', 'i', '01022223333', '1500', 134, 9, '', '70'),
(1382, '1441.1', '칼국수', '', '9', 7000, 1, '1707543706', '관리자', '07', '01022223333', '7000', 120, 9, '', '10'),
(1383, '1441.1', '만두5개', '김치', '9', 7500, 2, '1707543706', '관리자', '07', '01022223333', '15000', 133, 9, '', '50'),
(1394, '2016.46', '바지락칼국수', '', '9', 10000, 1, '1716031000', '단골 손님', '1', '01052545944', '10000', 202, 26, NULL, '999'),
(1395, '2132.46', '바지락칼국수', '', '8', 10000, 1, '1716035553', '단골 손님', '대', '01052545944', '10000', 202, 26, NULL, '999'),
(1398, '2134.49', '버섯만두전골', '', '9', 16000, 1, '1716035643', '단골 손님', '대', '01052545944', '16000', 205, 26, NULL, '999'),
(1399, '0810.1', '버섯만두전골', '', '9', 16000, 3, '1716073816', '단골 손님', '9', '01052545944', '48000', 205, 26, NULL, '999'),
(1400, '0811.2', '바지락칼국수', '', '9', 10000, 3, '1716073862', '단골 손님', '11', '01052545944', '30000', 202, 26, NULL, '999'),
(1401, '0811.3', '한우버섯샤브', '보통', '9', 25000, 3, '1716073895', '단골 손님', '8', '01052545944', '75000', 204, 26, NULL, '999'),
(1402, '0913.4', '바지락칼국수', '', '9', 10000, 1, '1716077598', '단골 손님', '10', '01052545944', '10000', 202, 26, NULL, '999'),
(1404, '0943.5', '버섯만두전골', '', '9', 16000, 3, '1716079390', '단골 손님', '7', '01052545944', '58000', 205, 26, NULL, '999'),
(1405, '0950.6', '바지락칼국수', '', '9', 10000, 1, '1716079808', '단골 손님', '대', '01052545944', '10000', 202, 26, NULL, '999'),
(1406, '0954.8', '버섯만두전골', '', '9', 16000, 1, '1716080059', '단골 손님', '14', '01052545944', '16000', 205, 26, NULL, '999'),
(1442, '0714.53', '칼국수', '', '9', 7000, 1, '1726557297', '관리자', '4', '01022223333', '7000', 120, 9, NULL, '999'),
(1443, '0714.53', '수제비', '', '9', 7500, 1, '1726557297', '관리자', '4', '01022223333', '14500', 119, 9, NULL, '999'),
(1444, '0953.55', '만두5개', '김치', '8', 7500, 1, '1726566839', '단골 손님', '7', '01052545944', '7500', 133, 9, NULL, '999'),
(1446, '1005.03', '수제비', '', '9', 7500, 3, '1726567505', '단골 손님', '15', '01052545944', '22500', 119, 9, '', '30'),
(1447, '1006.04', '칼국수', '', '9', 7000, 6, '1726567562', '관리자', '16', '01022223333', '42000', 120, 9, '', '10'),
(1448, '1006.05', '만두5개', '섞어', '9', 7500, 4, '1726567611', '관리자', '17', '01022223333', '30000', 133, 9, '', '50'),
(1449, '1008.06', '만두5개', '섞어', '9', 7500, 1, '1726567704', '관리자', '14', '01022223333', '7500', 133, 9, '', '50'),
(1741, '0356.20', '칼국수', '', '8', 7000, 1, '1730951807', '단골 손님', '03', '01052545944', '7000', 120, 9, '', '10'),
(1742, '0358.22', '칼국수', '', '9', 7000, 1, '1730951898', '단골 손님', 'i', '01052545944', '7000', 120, 9, '', '10'),
(1743, '0816.24', '만두5개', '고기', '9', 7500, 1, '1730967380', '단골 손님', 'i', '01052545944', '7500', 133, 9, '', '50'),
(1744, '0817.26', '만두5개', '김치', '9', 7500, 3, '1730967460', '단골 손님', 'i', '01052545944', '22500', 133, 9, '', '50'),
(1745, '0818.28', '수제비', '', '9', 7500, 3, '1730967497', '관리자', '08', '01022223333', '22500', 119, 9, '', '30'),
(1746, '0820.29', '수제비', '', '9', 7500, 1, '1730967612', '관리자', '09', '01022223333', '7500', 119, 9, '', '30'),
(1747, '0820.30', '만두5개', '고기', '9', 7500, 1, '1730967630', '관리자', '10', '01022223333', '7500', 133, 9, '', '50'),
(1748, '0820.32', '칼국수', '', '9', 7000, 1, '1730967644', '관리자', '11', '01022223333', '7000', 120, 9, '', '10'),
(1749, '0832.34', '수제비', '', '9', 7500, 1, '1730968376', '관리자', '11', '01022223333', '7500', 119, 9, '', '30'),
(1750, '0833.35', '칼국수', '', '9', 7000, 1, '1730968391', '관리자', '12', '01022223333', '7000', 120, 9, '', '10'),
(1751, '0833.36', '칼국수', '', '9', 7000, 1, '1730968404', '단골 손님', 'i', '01052545944', '7000', 120, 9, '', '10'),
(1752, '0833.37', '수제비', '', '9', 7500, 1, '1730968416', '단골 손님', 'i', '01052545944', '7500', 119, 9, '', '30'),
(1753, '0834.38', '만두5개', '고기', '9', 7500, 1, '1730968440', '단골 손님', '13', '01052545944', '7500', 133, 9, '', '50'),
(1754, '0834.39', '만두5개', '고기', '9', 7500, 1, '1730968460', '관리자', '14', '01022223333', '7500', 133, 9, '', '50'),
(1755, '0839.40', '칼국수', '', '9', 7000, 1, '1730968798', '관리자', '11', '01022223333', '7000', 120, 9, '', '10'),
(1756, '0840.41', '칼국수', '', '9', 7000, 1, '1730968814', '관리자', '12', '01022223333', '7000', 120, 9, '', '10'),
(1757, '0840.42', '만두5개', '고기', '8', 7500, 1, '1730968826', '관리자', '13', '01022223333', '7500', 133, 9, '', '50'),
(1758, '0840.43', '만두5개', '고기', '9', 7500, 1, '1730968850', '관리자', '14', '01022223333', '7500', 133, 9, '', '50'),
(1759, '0840.43', '칼국수', '', '9', 7000, 1, '1730968850', '관리자', '14', '01022223333', '7000', 120, 9, '', '10'),
(1760, '0840.43', '수제비', '', '8', 7500, 1, '1730968850', '관리자', '14', '01022223333', '7500', 119, 9, '', '30'),
(1773, '2145.63', '만두5개', '고기', '8', 7500, 1, '1731015932', '관리자', '11', '01022223333', '7500', 133, 9, '', '50'),
(1774, '2147.65', '수제비', '', '8', 7500, 1, '1731016032', '관리자', '12', '01022223333', '7500', 119, 9, '', '30'),
(1775, '2147.66', '수제비', '', '8', 7500, 1, '1731016047', '관리자', '13', '01022223333', '7500', 119, 9, '', '30'),
(1783, '2156.78', '만두5개', '고기', '8', 7500, 1, '1731016580', '관리자', '12', '01022223333', '7500', 133, 9, '', '50'),
(1784, '2156.79', '수제비', '', '8', 7500, 1, '1731016619', '관리자', '13', '01022223333', '7500', 119, 9, '', '30'),
(1785, '2156.79', '만두5개', '고기', '8', 7500, 1, '1731016619', '관리자', '13', '01022223333', '7500', 133, 9, '', '50'),
(1786, '2157.80', '수제비', '', '9', 7500, 1, '1731016637', '관리자', '09', '01022223333', '7500', 119, 9, '', '30'),
(1788, '2157.82', '칼국수', '', '8', 7000, 1, '1731016671', '관리자', '13', '01022223333', '7000', 120, 9, '', '10'),
(1789, '0728.83', '수제비', '', '9', 7500, 1, '1731050911', '관리자', '11', '01022223333', '7500', 119, 9, '', '30'),
(1790, '0732.84', '만두5개', '고기', '9', 7500, 1, '1731051125', '관리자', '10', '01022223333', '7500', 133, 9, '', '50'),
(1791, '0734.85', '만두5개', '고기', '9', 7500, 1, '1731051270', '관리자', '11', '01022223333', '7500', 133, 9, '', '50'),
(1802, '2033.87', '수제비', '', '9', 7500, 1, '1731357225', '관리자', '15', '01022223333', '7500', 119, 9, '', '30'),
(1803, '0052.89', '수제비', '', '9', 7500, 1, '1731545527', '관리자', '15', '01022223333', '7500', 119, 9, '', '30'),
(1821, '0342.90', '칼국수', '', '0', 7000, 1, '1736394171', '단골 손님', '03', '01052545944', '7000', 120, 9, '', '10'),
(1823, '0845.93', '음료', '콜라', '0', 1500, 1, '1742373949', '관리자', '05', '01022223333', '1500', 134, 9, '', '70'),
(1824, '0846.95', '음료', '콜라', '0', 1500, 1, '1742374016', '관리자', '09', '01022223333', '1500', 134, 9, '', '70'),
(1828, '1820.87', '꿀비누', '', '9', 4000, 1, '1742376015', '단골 손님', '2', '01052545944', '4000', 296, 11, NULL, '999'),
(1832, '0407.97', '만두5개', '섞어', '0', 7500, 4, '1743394061', '관리자', '04', '01022223333', '30000', 133, 9, '', '50'),
(1833, '0407.97', '칼국수', '', '0', 7000, 1, '1743394061', '관리자', '04', '01022223333', '7000', 120, 9, '', '10'),
(1834, '0407.97', '수제비', '', '0', 7500, 1, '1743394061', '관리자', '04', '01022223333', '7500', 119, 9, '', '30');

--
-- 트리거 `orders`
--
DELIMITER $$
CREATE TRIGGER `before_delete_orders` BEFORE DELETE ON `orders` FOR EACH ROW BEGIN
INSERT INTO orders_backup(order_ID, F_ID, order_number, foodname, choice, price,  quantity, order_date, username, table_nr, contact, gtotal, R_ID)
VALUES(OLD.order_ID, OLD.F_ID, OLD.order_number, OLD.foodname, OLD.choice, OLD.price,  OLD.quantity, OLD.order_date, OLD.username, OLD.table_nr, OLD.contact, OLD.gtotal,OLD.R_ID);
END
$$
DELIMITER ;

-- --------------------------------------------------------

--
-- 테이블 구조 `orders_backup`
--

CREATE TABLE `orders_backup` (
  `order_ID` int(30) DEFAULT NULL,
  `order_number` varchar(11) DEFAULT NULL,
  `foodname` varchar(30) DEFAULT NULL,
  `choice` varchar(31) DEFAULT NULL,
  `status` varchar(11) DEFAULT NULL,
  `price` int(30) DEFAULT NULL,
  `quantity` int(30) DEFAULT NULL,
  `order_date` varchar(31) DEFAULT NULL,
  `username` varchar(30) DEFAULT NULL,
  `table_nr` varchar(64) DEFAULT NULL,
  `contact` varchar(31) DEFAULT NULL,
  `gtotal` varchar(11) DEFAULT NULL,
  `F_ID` int(30) DEFAULT NULL,
  `R_ID` int(30) DEFAULT NULL
) ENGINE=InnoDB DEFAULT CHARSET=utf8mb4 COLLATE=utf8mb4_unicode_ci;

--
-- 테이블의 덤프 데이터 `orders_backup`
--

INSERT INTO `orders_backup` (`order_ID`, `order_number`, `foodname`, `choice`, `status`, `price`, `quantity`, `order_date`, `username`, `table_nr`, `contact`, `gtotal`, `F_ID`, `R_ID`) VALUES
(1029, '0845.09', '만두5개', '섞어', NULL, 7500, 2, '1670543159', '단골 손님', 'i', '01052545944', '51000', 133, 9),
(1031, '0857.13', '수제비', '', NULL, 7500, 1, '1670543874', '단골 손님', 'W', '01052545944', '7500', 119, 9),
(1060, '0937.17', '수제비', '', NULL, 7500, 1, '1670805450', '단골 손님', '08', '01052545944', '7500', 119, 9),
(1225, '1226.63', '수제비', '', NULL, 7500, 1, '1671161180', '단골 손님', '02', '01052545944', '7500', 119, 9),
(1224, '1224.62', '칼국수', '', NULL, 7000, 1, '1671161090', '단골 손님', '02', '01052545944', '7000', 120, 9),
(1223, '1224.61', '수제비', '', NULL, 7500, 1, '1671161084', '단골 손님', '02', '01052545944', '7500', 119, 9),
(1222, '1202.60', '칼국수', '', NULL, 7000, 1, '1671159750', '단골 손님', '02', '01052545944', '7000', 120, 9),
(1221, '1202.59', '수제비', '', NULL, 7500, 1, '1671159724', '단골 손님', '02', '01052545944', '7500', 119, 9),
(1220, '1200.58', '수제비', '', NULL, 7500, 1, '1671159648', '단골 손님', '02', '01052545944', '7500', 119, 9),
(1219, '1156.57', '칼국수', '', NULL, 7000, 1, '1671159413', '단골 손님', '02', '01052545944', '7000', 120, 9),
(1218, '1152.56', '수제비', '', NULL, 7500, 1, '1671159148', '단골 손님', '02', '01052545944', '7500', 119, 9),
(1217, '1151.55', '수제비', '', NULL, 7500, 1, '1671159090', '단골 손님', '02', '01052545944', '7500', 119, 9),
(1216, '1150.54', '수제비', '', NULL, 7500, 1, '1671159032', '단골 손님', '02', '01052545944', '7500', 119, 9),
(1215, '1149.53', '수제비', '', NULL, 7500, 1, '1671158969', '단골 손님', '02', '01052545944', '7500', 119, 9),
(1240, '1702.41', '칼국수', '', NULL, 7000, 1, '1671264177', '관리자', '05', '01022223333', '7000', 120, 9),
(1239, '1641.77', '공기밥', '', NULL, 1000, 1, '1671262908', '관리자', '10', '01022223333', '1000', 123, 9),
(1238, '1639.76', '수제비', '', NULL, 7500, 1, '1671262760', '관리자', '09', '01022223333', '7500', 119, 9),
(1237, '1638.75', '수제비', '', NULL, 7500, 1, '1671262697', '관리자', '08', '01022223333', '7500', 119, 9),
(1236, '1636.74', '칼국수', '', NULL, 7000, 1, '1671262593', '관리자', '04', '01022223333', '7000', 120, 9),
(1235, '1632.73', '칼국수', '', NULL, 7000, 1, '1671262363', '관리자', '05', '01022223333', '7000', 120, 9),
(1234, '1628.72', '칼국수', '', NULL, 7000, 1, '1671262109', '관리자', '06', '01022223333', '7000', 120, 9),
(1231, '1036.68', '수제비', '', NULL, 7500, 1, '1671240973', '관리자', '03', '01022223333', '7500', 119, 9),
(1230, '1036.68', '칼국수', '', NULL, 7000, 1, '1671240973', '관리자', '03', '01022223333', '7000', 120, 9),
(1211, '0745.46', '수제비', '', NULL, 7500, 1, '1671254000', '단골 손님', '07', '01052596944', '7500', 119, 9),
(1062, '0942.16', '칼국수', '', NULL, 7000, 1, '1670805722', '단골 손님', '05', '01052545944', '7000', 120, 9),
(1064, '0952.24', '음료', '콜라', NULL, 1500, 1, '1670806374', '단골 손님', '07', '01052545944', '1500', 134, 9),
(1076, '1108.30', '수제비', '', NULL, 7500, 1, '1670810904', '단골 손님', '05', '01052545944', '7500', 119, 9),
(1077, '1108.30', '칼국수', '', NULL, 7000, 1, '1670810904', '단골 손님', '05', '01052545944', '7000', 120, 9),
(1083, '1159.33', '음료', '사이다', NULL, 1500, 3, '1670813996', '단골 손님', '電', '01052545944', '4500', 134, 9),
(1084, '1159.33', '수제비', '', NULL, 7500, 1, '1670813996', '단골 손님', '電', '01052545944', '7500', 119, 9),
(1089, '1541.35', '수제비', '', NULL, 7500, 1, '1670827303', '단골 손님', 'i', '01052545944', '7500', 119, 9),
(1090, '1541.35', '만두5개', '고기', NULL, 7500, 2, '1670827303', '단골 손님', 'i', '01052545944', '15000', 133, 9),
(1091, '1607.36', '공기밥', '', NULL, 1000, 1, '1670828869', '단골 손님', 'i', '01052545944', '1000', 123, 9),
(1092, '1607.36', '음료', '콜라', NULL, 1500, 1, '1670828869', '단골 손님', 'i', '01052545944', '1500', 134, 9),
(1093, '1642.24', '음료', '콜라', NULL, 1500, 2, '1670830975', '단골 손님', '02', '01052545944', '3000', 134, 9),
(1094, '1642.24', '만두5개', '김치', NULL, 7500, 2, '1670830975', '단골 손님', '02', '01052545944', '18000', 133, 9),
(1095, '0509.35', '칼국수', '', NULL, 7000, 1, '1670875789', '단골 손님', '03', '01052545944', '7000', 120, 9),
(1096, '0509.35', '수제비', '', NULL, 7500, 2, '1670875789', '단골 손님', '03', '01052545944', '15000', 119, 9),
(1097, '0606.37', '만두5개', '고기', NULL, 7500, 1, '1670879190', '단골 손님', 'i', '01052545944', '7500', 133, 9),
(1098, '0940.37', '수제비', '', NULL, 7500, 1, '1670892037', '단골 손님', '10', '01052545944', '7500', 119, 9),
(1099, '0941.39', '수제비', '', NULL, 7500, 1, '1670892072', '단골 손님', '10', '01052545944', '7500', 119, 9),
(1100, '0944.41', '만두5개', '고기', NULL, 7500, 1, '1670892245', '단골 손님', '10', '01052545944', '7500', 133, 9),
(1101, '0944.42', '만두5개', '고기', NULL, 7500, 1, '1670892298', '단골 손님', '10', '01052545944', '7500', 133, 9),
(1102, '0947.37', '만두5개', '고기', NULL, 7500, 1, '1670892431', '단골 손님', '11', '01052545944', '7500', 133, 9),
(1103, '1717.43', '칼국수', '', NULL, 7000, 1, '1670919457', '단골 손님', '07', '01052545944', '7000', 120, 9),
(1104, '1719.44', '만두5개', '섞어', NULL, 7500, 1, '1670919560', '단골 손님', 'W', '01052545944', '7500', 133, 9),
(1105, '1720.38', '만두5개', '김치', NULL, 7500, 2, '1670919648', '단골 손님', '7', '01052545944', '15000', 133, 9),
(1106, '1924.39', '만두5개', '고기', NULL, 7500, 1, '1670927070', '단골 손님', 'W', '01052545944', '7500', 133, 9),
(1107, '1924.45', '음료', '콜라', NULL, 1500, 1, '1670927086', '단골 손님', 'W', '01052545944', '1500', 134, 9),
(1108, '1925.41', '수제비', '', NULL, 7500, 1, '1670927140', '단골 손님', 'W', '01052545944', '7500', 119, 9),
(1109, '1925.41', '공기밥', '', NULL, 1000, 1, '1670927140', '단골 손님', 'W', '01052545944', '1000', 123, 9),
(1110, '0701.42', '음료', '콜라', NULL, 1500, 1, '1670968878', '단골 손님', '05', '01052545944', '1500', 134, 9),
(1111, '1609.43', '만두5개', '김치', NULL, 7500, 1, '1671001741', '단골 손님', '08', '01052545944', '7500', 133, 9),
(1112, '1609.43', '수제비', '', NULL, 7500, 1, '1671001741', '단골 손님', '08', '01052545944', '7500', 119, 9),
(1113, '1609.44', '칼국수', '', NULL, 7000, 1, '1671001759', '단골 손님', 'W', '01052545944', '7000', 120, 9),
(1114, '1609.44', '수제비', '', NULL, 7500, 1, '1671001759', '단골 손님', 'W', '01052545944', '7500', 119, 9),
(1115, '1609.45', '칼국수', '', NULL, 7000, 1, '1671001787', '단골 손님', '電', '01052545944', '7000', 120, 9),
(1116, '1609.45', '수제비', '', NULL, 7500, 1, '1671001787', '단골 손님', '電', '01052545944', '7500', 119, 9),
(1117, '1610.38', '칼국수', '', NULL, 7000, 1, '1671001810', '단골 손님', 'i', '01052545944', '7000', 120, 9),
(1118, '1610.39', '만두5개', '고기', NULL, 7500, 1, '1671001819', '단골 손님', 'i', '01052545944', '7500', 133, 9),
(1119, '1610.46', '공기밥', '', NULL, 1000, 1, '1671001855', '단골 손님', '7', '01052545944', '1000', 123, 9),
(1121, '1948.48', '만두5개', '고기', NULL, 7500, 1, '1671014937', '단골 손님', 'i', '01052545944', '7500', 133, 9),
(1124, '2021.49', '칼국수', '', NULL, 7000, 1, '1671016865', '단골 손님', '13', '01052545944', '7000', 120, 9),
(1125, '2021.49', '수제비', '', NULL, 7500, 1, '1671016865', '단골 손님', 'W', '01052545944', '7500', 119, 9),
(1126, '2021.49', '만두5개', '고기', NULL, 7500, 1, '1671016865', '단골 손님', '13', '01052545944', '7500', 133, 9),
(1127, '2021.49', '만두5개', '김치', NULL, 7500, 1, '1671016865', '단골 손님', 'W', '01052545944', '7500', 133, 9),
(1128, '2021.49', '만두5개', '섞어', NULL, 7500, 1, '1671016865', '단골 손님', '13', '01052545944', '7500', 133, 9),
(1129, '2021.51', '음료', '콜라', NULL, 1500, 1, '1671016898', '단골 손님', '13', '01052545944', '1500', 134, 9),
(1130, '2031.52', '음료', '사이다', NULL, 1500, 1, '1671017473', '단골 손님', 'W', '01052545944', '1500', 134, 9),
(1131, '0914.40', '수제비', '', NULL, 7500, 1, '1671063296', '단골 손님', '06', '01052545944', '7500', 119, 9),
(1134, '0940.51', '칼국수', '', NULL, 7000, 1, '1671064810', '단골 손님', '03', '01052545944', '7000', 120, 9),
(1135, '0940.51', '수제비', '', NULL, 7500, 1, '1671064810', '단골 손님', '08', '01052545944', '7500', 119, 9),
(1136, '0940.51', '공기밥', '', NULL, 1000, 1, '1671064810', '단골 손님', '03', '01052545944', '1000', 123, 9),
(1137, '1329.52', '칼국수', '', NULL, 7000, 1, '1671078546', '단골 손님', '15', '01052545944', '7000', 120, 9),
(1138, '1329.52', '수제비', '', NULL, 7500, 1, '1671078546', '단골 손님', '15', '01052545944', '7500', 119, 9),
(1139, '1329.52', '공기밥', '', NULL, 1000, 1, '1671078546', '단골 손님', '15', '01052545944', '1000', 123, 9),
(1140, '1330.54', '수제비', '', NULL, 7500, 1, '1671078658', '단골 손님', 'W', '01052545944', '7500', 119, 9),
(1142, '1332.55', '만두5개', '고기', NULL, 7500, 1, '1671078743', '단골 손님', '04', '01052545944', '7500', 133, 9),
(1144, '1704.56', '수제비', '', NULL, 7500, 1, '1671091492', '단골 손님', '03', '01052545944', '7500', 119, 9),
(1145, '1705.57', '수제비', '', NULL, 7500, 1, '1671091542', '단골 손님', '03', '01052545944', '7500', 119, 9),
(1146, '1706.58', '수제비', '', NULL, 7500, 1, '1671091618', '단골 손님', '03', '01052545944', '7500', 119, 9),
(1147, '1707.59', '칼국수', '', NULL, 7000, 1, '1671091651', '단골 손님', '03', '01052545944', '7000', 120, 9),
(1148, '1719.60', '수제비', '', NULL, 7500, 1, '1671092362', '단골 손님', '03', '01052545944', '7500', 119, 9),
(1149, '1724.61', '공기밥', '', NULL, 1000, 1, '1671092691', '단골 손님', '03', '01052545944', '1000', 123, 9),
(1150, '1726.62', '칼국수', '', NULL, 7000, 1, '1671092797', '단골 손님', '03', '01052545944', '7000', 120, 9),
(1151, '1729.63', '칼국수', '', NULL, 7000, 1, '1671092997', '단골 손님', '03', '01052545944', '7000', 120, 9),
(1152, '1730.64', '수제비', '', NULL, 7500, 1, '1671093026', '단골 손님', '03', '01052545944', '7500', 119, 9),
(1153, '1730.65', '공기밥', '', NULL, 1000, 1, '1671093053', '단골 손님', '03', '01052545944', '1000', 123, 9),
(1154, '1731.66', '수제비', '', NULL, 7500, 1, '1671093102', '단골 손님', '03', '01052545944', '7500', 119, 9),
(1155, '1732.67', '칼국수', '', NULL, 7000, 1, '1671093121', '단골 손님', '03', '01052545944', '7000', 120, 9),
(1156, '1733.68', '수제비', '', NULL, 7500, 1, '1671093231', '단골 손님', '03', '01052545944', '7500', 119, 9),
(1157, '1744.69', '수제비', '', NULL, 7500, 1, '1671093895', '단골 손님', '03', '01052545944', '7500', 119, 9),
(1158, '1745.70', '만두5개', '고기', NULL, 7500, 1, '1671093919', '단골 손님', '03', '01052545944', '7500', 133, 9),
(1159, '1752.71', '칼국수', '', NULL, 7000, 1, '1671094360', '단골 손님', '03', '01052545944', '7000', 120, 9),
(1160, '1752.72', '수제비', '', NULL, 7500, 1, '1671094379', '단골 손님', '03', '01052545944', '7500', 119, 9),
(1163, '1759.58', '수제비', '', NULL, 7500, 1, '1671094790', '단골 손님', '03', '01052545944', '7500', 119, 9),
(1164, '1800.74', '수제비', '', NULL, 7500, 1, '1671094816', '단골 손님', '03', '01052545944', '7500', 119, 9),
(1165, '1804.75', '칼국수', '', NULL, 7000, 1, '1671095042', '단골 손님', '03', '', '7000', 120, 9),
(1166, '1805.76', '수제비', '', NULL, 7500, 1, '1671095111', '단골 손님', '03', '01052545944', '7500', 119, 9),
(1167, '1806.77', '수제비', '', NULL, 7500, 1, '1671095180', '단골 손님', '03', '01052545944', '7500', 119, 9),
(1168, '1837.78', '수제비', '', NULL, 7500, 1, '1671097060', '단골 손님', '07', '01052545944', '7500', 119, 9),
(1169, '1837.79', '수제비', '', NULL, 7500, 1, '1671097076', '단골 손님', '03', '01052545944', '7500', 119, 9),
(1170, '1838.80', '수제비', '', NULL, 7500, 1, '1671097135', '단골 손님', '08', '01052545944', '7500', 119, 9),
(1171, '1849.82', '수제비', '', NULL, 7500, 1, '1671097767', '단골 손님', '03', '01052545944', '7500', 119, 9),
(1172, '1850.83', '수제비', '', NULL, 7500, 1, '1671097800', '단골 손님', '03', '01052545944', '7500', 119, 9),
(1173, '1850.84', '수제비', '', NULL, 7500, 1, '1671097832', '단골 손님', '03', '01052545944', '7500', 119, 9),
(1174, '1852.85', '수제비', '', NULL, 7500, 1, '1671097924', '단골 손님', '03', '01052545944', '7500', 119, 9),
(1175, '1857.86', '수제비', '', NULL, 7500, 1, '1671098256', '단골 손님', '03', '01052545944', '7500', 119, 9),
(1176, '1858.87', '수제비', '', NULL, 7500, 1, '1671098288', '단골 손님', '04', '01052545944', '7500', 119, 9),
(1177, '1858.88', '수제비', '', NULL, 7500, 1, '1671098310', '단골 손님', '04', '01052545944', '7500', 119, 9),
(1178, '1858.89', '수제비', '', NULL, 7500, 1, '1671098331', '단골 손님', '03', '01052545944', '7500', 119, 9),
(1179, '1859.90', '수제비', '', NULL, 7500, 1, '1671098363', '단골 손님', '03', '01052545944', '7500', 119, 9),
(1180, '1901.91', '수제비', '', NULL, 7500, 1, '1671098498', '단골 손님', '04', '01052545944', '7500', 119, 9),
(1181, '1902.92', '수제비', '', NULL, 7500, 1, '1671098520', '단골 손님', '04', '01052545944', '7500', 119, 9),
(1182, '1902.93', '수제비', '', NULL, 7500, 1, '1671098563', '단골 손님', '04', '01052545944', '7500', 119, 9),
(1183, '1906.94', '수제비', '', NULL, 7500, 1, '1671098813', '단골 손님', '03', '01052545944', '7500', 119, 9),
(1184, '1947.95', '수제비', '', NULL, 7500, 1, '1671101250', '단골 손님', '05', '01052545944', '7500', 119, 9),
(1185, '1947.96', '수제비', '', NULL, 7500, 1, '1671101261', '단골 손님', '05', '01052545944', '7500', 119, 9),
(1186, '1950.98', '수제비', '', NULL, 7500, 1, '1671101411', '단골 손님', '05', '01052545944', '7500', 119, 9),
(1187, '1950.99', '수제비', '', NULL, 7500, 1, '1671101435', '단골 손님', '08', '01052545944', '7500', 119, 9),
(1188, '1952.00', '수제비', '', NULL, 7500, 1, '1671101523', '단골 손님', '03', '01052545944', '7500', 119, 9),
(1189, '1952.01', '수제비', '', NULL, 7500, 1, '1671101538', '단골 손님', '03', '01052545944', '7500', 119, 9),
(1190, '1955.02', '수제비', '', NULL, 7500, 1, '1671101704', '단골 손님', '02', '01052545944', '7500', 119, 9),
(1191, '1955.02', '칼국수', '', NULL, 7000, 1, '1671101704', '단골 손님', '02', '01052545944', '7000', 120, 9),
(1192, '2002.04', '수제비', '', NULL, 7500, 1, '1671102154', '단골 손님', '03', '01052545944', '7500', 119, 9),
(1193, '2002.05', '수제비', '', NULL, 7500, 1, '1671102170', '단골 손님', '03', '01052545944', '7500', 119, 9),
(1194, '2003.06', '수제비', '', NULL, 7500, 1, '1671102216', '단골 손님', '03', '01052545944', '7500', 119, 9),
(1195, '2003.07', '수제비', '', NULL, 7500, 1, '1671102239', '단골 손님', '03', '01052545944', '7500', 119, 9),
(1196, '2004.08', '수제비', '', NULL, 7500, 1, '1671102283', '단골 손님', '03', '01052545944', '7500', 119, 9),
(1197, '2005.09', '수제비', '', NULL, 7500, 1, '1671102331', '단골 손님', 'W', '01052545944', '7500', 119, 9),
(1201, '2009.13', '수제비', '', NULL, 7500, 1, '1671102598', '단골 손님', '14', '01052545944', '7500', 119, 9),
(1202, '2010.14', '수제비', '', NULL, 7500, 1, '1671102618', '단골 손님', 'W', '01052545944', '7500', 119, 9),
(1203, '2010.15', '칼국수', '', NULL, 7000, 1, '1671102655', '단골 손님', '13', '01052545944', '7000', 120, 9),
(1204, '2035.16', '수제비', '', NULL, 7500, 1, '1671104112', '단골 손님', 'W', '01052545944', '7500', 119, 9),
(1205, '2039.17', '만두5개', '고기', NULL, 7500, 1, '1671104359', '단골 손님', 'W', '01052545944', '7500', 133, 9),
(1206, '0627.59', '음료', '콜라', NULL, 1500, 1, '1671139658', '단골 손님', '01', '01052545944', '1500', 134, 9),
(1207, '0642.19', '만두5개', '고기', NULL, 7500, 1, '1671140543', '단골 손님', '01', '01052545944', '7500', 133, 9),
(1208, '0715.42', '수제비', '', NULL, 7500, 1, '1671142534', '단골 손님', '04', '01052545944', '7500', 119, 9),
(1209, '0716.44', '수제비', '', NULL, 7500, 1, '1671142606', '단골 손님', 'W', '01052545944', '7500', 119, 9),
(1210, '0728.45', '칼국수', '', NULL, 7000, 1, '1671143280', '단골 손님', '07', '01052545944', '7000', 120, 9),
(1212, '0756.47', '수제비', '', NULL, 7500, 1, '1671145597', '단골 손님', '02', '01052545944', '7500', 119, 9),
(1213, '0758.49', '수제비', '', NULL, 7500, 1, '1671145092', '단골 손님', 'i', '01052545944', '7500', 119, 9),
(1214, '1122.51', '만두5개', '김치', NULL, 7500, 1, '1671157326', '단골 손님', '01', '01052545944', '7500', 133, 9),
(1226, '1516.64', '칼국수', '', NULL, 7000, 1, '1671171360', '단골 손님', '02', '01052545944', '7000', 120, 9),
(1227, '1517.65', '공기밥', '', NULL, 1000, 1, '1671171437', '단골 손님', '02', '01052545944', '1000', 123, 9),
(1228, '1613.40', '칼국수', '', NULL, 7000, 1, '1671174809', '단골 손님', '05', '01052545944', '7000', 120, 9),
(1229, '1713.67', '수제비', '', NULL, 7500, 1, '1671178403', '단골 손님', '02', '01052545944', '7500', 119, 9),
(1261, '1032.93', '수제비', '', NULL, 7500, 1, '1671327129', '단골 손님', 'i', '01052545944', '7500', 119, 9),
(1260, '1030.92', '수제비', '', NULL, 7500, 1, '1671327037', '단골 손님', 'i', '01052545944', '7500', 119, 9),
(1259, '1028.91', '수제비', '', NULL, 7500, 1, '1671326930', '단골 손님', 'i', '01052545944', '7500', 119, 9),
(1258, '1027.90', '수제비', '', NULL, 7500, 1, '1671326874', '단골 손님', 'i', '01052545944', '7500', 119, 9),
(1257, '1021.89', '수제비', '', NULL, 7500, 1, '1671326503', '단골 손님', 'i', '01052545944', '7500', 119, 9),
(1254, '1014.86', '공기밥', '', NULL, 1000, 1, '1671326070', '관리자', '電', '01022223333', '1000', 123, 9),
(1253, '1008.85', '공기밥', '', NULL, 1000, 1, '1671325734', '관리자', '電', '01022223333', '1000', 123, 9),
(1252, '1007.84', '공기밥', '', NULL, 1000, 1, '1671325668', '관리자', '電', '01022223333', '1000', 123, 9),
(1251, '1005.83', '공기밥', '', NULL, 1000, 1, '1671325548', '관리자', '電', '01022223333', '1000', 123, 9),
(1250, '1001.82', '공기밥', '', NULL, 1000, 1, '1671325318', '관리자', '電', '01022223333', '1000', 123, 9),
(1266, '1111.48', '공기밥', '', NULL, 1000, 1, '1671329494', '단골 손님', 'i', '01052545944', '1000', 123, 9),
(1265, '1110.47', '칼국수', '', NULL, 7000, 1, '1671329457', '단골 손님', 'i', '01052545944', '7000', 120, 9),
(1246, '2024.44', '만두5개', '고기', NULL, 7500, 1, '1671276248', '관리자', '04', '01022223333', '7500', 133, 9),
(1256, '1020.88', '만두5개', '고기', NULL, 7500, 1, '1671326446', '관리자', '電', '01022223333', '7500', 133, 9),
(1232, '1611.70', '수제비', '', NULL, 7500, 1, '1671261114', '단골 손님', 'i', '01052545944', '7500', 119, 9),
(1233, '1616.71', '수제비', '', NULL, 7500, 1, '1671261382', '관리자', 'W', '01022223333', '7500', 120, 9),
(1241, '1938.78', '만두5개', '고기', NULL, 7500, 1, '1671273499', '관리자', '03', '01022223333', '7500', 133, 9),
(1242, '2010.79', '만두5개', '고기', NULL, 7500, 1, '1671275443', '관리자', '03', '01022223333', '7500', 133, 9),
(1243, '2011.80', '음료', '콜라', NULL, 1500, 1, '1671275478', '관리자', '03', '01022223333', '1500', 134, 9),
(1244, '2022.42', '수제비', '', NULL, 7500, 1, '1671276167', '관리자', '03', '01022223333', '7500', 119, 9),
(1245, '2023.43', '음료', '콜라', NULL, 1500, 1, '1671276221', '관리자', '03', '01022223333', '1500', 134, 9),
(1247, '2027.81', '칼국수', '', NULL, 7000, 1, '1671276459', '관리자', '03', '01022223333', '7000', 120, 9),
(1248, '2028.45', '칼국수', '', NULL, 7000, 1, '1671276483', '관리자', '03', '01022223333', '7000', 120, 9),
(1249, '2028.46', '수제비', '', NULL, 7500, 1, '1671276527', '관리자', '05', '01022223333', '7500', 119, 9),
(1255, '1015.87', '공기밥', '', NULL, 1000, 1, '1671326129', '관리자', '電', '01022223333', '1000', 123, 9),
(1262, '1032.94', '수제비', '', NULL, 7500, 1, '1671327171', '단골 손님', 'i', '01052545944', '7500', 119, 9),
(1263, '1055.96', '칼국수', '', NULL, 7000, 1, '1671328553', '단골 손님', 'i', '01052545944', '7000', 120, 9),
(1264, '1056.97', '수제비', '', NULL, 7500, 1, '1671328603', '단골 손님', '03', '01052545944', '7500', 119, 9),
(1267, '1114.49', '공기밥', '', NULL, 1000, 1, '1671329646', '단골 손님', 'i', '01052545944', '1000', 123, 9),
(1268, '1120.51', '만두5개', '고기', NULL, 7500, 1, '1671330029', '관리자', '電', '01022223333', '7500', 133, 9),
(1269, '1042.53', '공기밥', '', NULL, 1000, 1, '1671414123', '관리자', '09', '01022223333', '1000', 123, 9),
(1270, '1045.54', '수제비', '', NULL, 7500, 1, '1671414339', '관리자', 'W', '01022223333', '7500', 119, 9),
(1271, '1045.54', '칼국수', '', NULL, 7000, 1, '1671414339', '관리자', 'W', '01022223333', '7000', 120, 9),
(1272, '1600.56', '수제비', '', NULL, 7500, 1, '1671433205', '관리자', '03', '01022223333', '7500', 119, 9),
(1273, '1802.98', '만두5개', '고기', NULL, 7500, 1, '1671440557', '관리자', '09', '01022223333', '7500', 133, 9),
(1274, '1815.99', '칼국수', '', NULL, 7000, 1, '1671441313', '관리자', 'W', '01022223333', '7000', 120, 9),
(1275, '1815.99', '수제비', '', NULL, 7500, 1, '1671441313', '관리자', 'W', '01022223333', '7500', 119, 9),
(1276, '1815.99', '공기밥', '', NULL, 1000, 1, '1671441313', '관리자', 'W', '01022223333', '1000', 123, 9),
(1277, '1817.00', '칼국수', '', NULL, 7000, 1, '1671441469', '관리자', '01', '01022223333', '7000', 120, 9),
(1278, '1817.00', '수제비', '', NULL, 7500, 1, '1671441469', '관리자', '01', '01022223333', '7500', 119, 9),
(1279, '1817.00', '공기밥', '', NULL, 1000, 1, '1671441469', '관리자', '01', '01022223333', '1000', 123, 9),
(1280, '1858.01', '음료', '콜라', NULL, 1500, 1, '1671443893', '관리자', '03', '01022223333', '1500', 134, 9),
(1281, '1907.02', '만두5개', '고기', NULL, 7500, 1, '1671444427', '관리자', '09', '01022223333', '7500', 133, 9),
(1282, '1908.03', '칼국수', '', NULL, 7000, 1, '1671444496', '관리자', '09', '01022223333', '7000', 120, 9),
(1283, '1940.04', '칼국수', '', NULL, 7000, 1, '1671446430', '관리자', '03', '01022223333', '7000', 120, 9),
(1284, '1940.04', '수제비', '', NULL, 7500, 1, '1671446430', '관리자', '03', '01022223333', '7500', 119, 9),
(1285, '1940.04', '공기밥', '', NULL, 1000, 1, '1671446430', '관리자', '03', '01022223333', '1000', 123, 9),
(1286, '1942.05', '수제비', '', NULL, 7500, 1, '1671446551', '관리자', '03', '01022223333', '7500', 119, 9),
(1287, '1942.05', '칼국수', '', NULL, 7000, 1, '1671446551', '관리자', '03', '01022223333', '7000', 120, 9),
(1288, '1942.05', '만두5개', '고기', NULL, 7500, 1, '1671446551', '관리자', '03', '01022223333', '7500', 133, 9),
(1289, '1943.06', '수제비', '', NULL, 7500, 1, '1671446606', '관리자', '04', '01022223333', '7500', 119, 9),
(1290, '1943.07', '칼국수', '', NULL, 7000, 1, '1671446632', '관리자', '05', '01022223333', '7000', 120, 9),
(1291, '1944.08', '칼국수', '', NULL, 7000, 1, '1671446640', '관리자', '03', '01022223333', '7000', 120, 9),
(1292, '1944.57', '수제비', '', NULL, 7500, 1, '1671446659', '관리자', '04', '01022223333', '7500', 119, 9),
(1293, '1944.58', '수제비', '', NULL, 7500, 1, '1671446684', '관리자', '04', '01022223333', '7500', 119, 9),
(1294, '1945.09', '수제비', '', NULL, 7500, 1, '1671446743', '관리자', 'W', '01022223333', '7500', 119, 9),
(1295, '1945.09', '만두5개', '고기', NULL, 7500, 1, '1671446743', '관리자', 'W', '01022223333', '7500', 133, 9),
(1296, '1945.10', '수제비', '', NULL, 7500, 1, '1671446752', '관리자', '電', '01022223333', '7500', 119, 9),
(1297, '1945.10', '칼국수', '', NULL, 7000, 1, '1671446752', '관리자', '電', '01022223333', '7000', 120, 9),
(1298, '1946.11', '음료', '콜라', NULL, 1500, 1, '1671446773', '관리자', '05', '01022223333', '1500', 134, 9),
(1299, '1951.12', '수제비', '', NULL, 7500, 1, '1671447071', '관리자', '05', '01022223333', '7500', 119, 9),
(1300, '1951.12', '칼국수', '', NULL, 7000, 1, '1671447071', '관리자', '05', '01022223333', '7000', 120, 9),
(1301, '1951.13', '만두5개', '고기', NULL, 7500, 1, '1671447089', '관리자', '05', '01022223333', '7500', 133, 9),
(1302, '1951.13', '수제비', '', NULL, 7500, 1, '1671447089', '관리자', '05', '01022223333', '7500', 119, 9),
(1303, '1952.14', '수제비', '', NULL, 7500, 1, '1671447125', '관리자', '05', '01022223333', '7500', 119, 9),
(1304, '1958.59', '수제비', '', NULL, 7500, 1, '1671447494', '관리자', 'W', '01022223333', '7500', 119, 9),
(1305, '2024.60', '만두5개', '고기', NULL, 7500, 1, '1671449098', '관리자', '01', '01022223333', '7500', 133, 9),
(1306, '2025.61', '음료', '콜라', NULL, 1500, 1, '1671449121', '관리자', '05', '01022223333', '1500', 134, 9),
(1307, '2049.15', '칼국수', '', NULL, 7000, 1, '1671450547', '관리자', '02', '01022223333', '7000', 120, 9),
(1308, '2049.16', '칼국수', '', NULL, 7000, 1, '1671450569', '관리자', '02', '01022223333', '7000', 120, 9),
(1309, '2050.62', '칼국수', '', NULL, 7000, 1, '1671450625', '관리자', '03', '01022223333', '7000', 120, 9),
(1310, '2050.63', '칼국수', '', NULL, 7000, 1, '1671450645', '관리자', '03', '01022223333', '7000', 120, 9),
(1311, '2051.64', '공기밥', '', NULL, 1000, 1, '1671450661', '관리자', '03', '01022223333', '1000', 123, 9),
(1312, '2113.65', '만두5개', '김치', NULL, 7500, 15, '1671452035', '관리자', '04', '01022223333', '112500', 133, 9),
(1313, '2216.17', '음료', '콜라', NULL, 1500, 1, '1671455814', '관리자', '05', '01022223333', '1500', 134, 9),
(1314, '0716.66', '음료', '사이다', NULL, 1500, 1, '1671488200', '관리자', '04', '01022223333', '1500', 134, 9),
(1315, '0717.67', '칼국수', '', NULL, 7000, 1, '1671488247', '관리자', 'W', '01022223333', '7000', 120, 9),
(1316, '0717.67', '수제비', '', NULL, 7500, 1, '1671488247', '관리자', 'W', '01022223333', '7500', 119, 9),
(1317, '0920.18', '수제비', '', NULL, 7500, 1, '1671495603', '관리자', '02', '01022223333', '7500', 119, 9),
(1318, '0922.68', '만두5개', '고기', NULL, 7500, 1, '1671495746', '관리자', '電', '01022223333', '7500', 133, 9),
(1319, '1015.69', '수제비', '', NULL, 7500, 1, '1671498940', '관리자', '14', '01022223333', '7500', 119, 9),
(1322, '1208.71', '수제비', '', NULL, 7500, 1, '1671678520', '관리자', '06', '01022223333', '7500', 119, 9),
(1323, '1210.72', '공기밥', '', NULL, 1000, 1, '1671678638', '관리자', '05', '01022223333', '1000', 123, 9),
(1324, '1327.73', '만두5개', '김치', NULL, 7500, 3, '1671769634', '단골 손님', 'i', '01052545944', '22500', 133, 9),
(1325, '1327.73', '칼국수', '', NULL, 7000, 6, '1671769634', '단골 손님', 'i', '01052545944', '42000', 120, 9),
(1326, '1329.75', '칼국수', '', NULL, 7000, 1, '1671769755', '관리자', '05', '01022223333', '7000', 120, 9),
(1327, '1329.75', '수제비', '', NULL, 7500, 1, '1671769755', '관리자', '05', '01022223333', '7500', 119, 9),
(1328, '1801.77', '칼국수', '', NULL, 7000, 1, '1671786106', '단골 손님', 'i', '01052545944', '7000', 120, 9),
(1329, '1801.77', '수제비', '', NULL, 7500, 1, '1671786106', '단골 손님', 'i', '01052545944', '7500', 119, 9),
(1330, '1801.77', '만두5개', '김치', NULL, 7500, 1, '1671786106', '단골 손님', 'i', '01052545944', '7500', 133, 9),
(1331, '1801.77', '음료', '콜라', NULL, 1500, 1, '1671786106', '단골 손님', 'i', '01052545944', '1500', 134, 9),
(1332, '1344.78', '칼국수', '', NULL, 7000, 1, '1672029872', '관리자', '03', '01022223333', '7000', 120, 9),
(1333, '1344.78', '만두5개', '섞어', NULL, 7500, 2, '1672029872', '관리자', '03', '01022223333', '15000', 133, 9),
(1334, '1430.80', '칼국수', '', NULL, 7000, 1, '1672205459', '관리자', '電', '01022223333', '7000', 120, 9),
(1335, '1430.80', '만두5개', '섞어', NULL, 7500, 1, '1672205459', '관리자', '電', '01022223333', '7500', 133, 9),
(1336, '1702.81', '수제비', '', NULL, 7500, 1, '1672214548', '관리자', '02', '01022223333', '7500', 119, 9),
(1337, '1702.81', '칼국수', '', NULL, 7000, 1, '1672214548', '관리자', '02', '01022223333', '7000', 120, 9),
(1338, '1707.82', '칼국수', '', NULL, 7000, 1, '1672214839', '관리자', '07', '01022223333', '7000', 120, 9),
(1339, '1707.82', '수제비', '', NULL, 7500, 1, '1672214839', '관리자', '07', '01022223333', '7500', 119, 9),
(1437, '1345.47', '22', '2', NULL, 444444, 1, '1716353125', '단골 손님', '1', '01052545944', '444444', 223, 11),
(1426, '0727.34', '33', '', NULL, 5555, 1, '1716157621', '단골 손님', '대', '01052545944', '5555', 221, 11),
(1424, '0726.33', '33', '', NULL, 5555, 1, '1716157602', '단골 손님', '대', '01052545944', '5555', 221, 11),
(1423, '0726.32', '33', '', NULL, 5555, 1, '1716157572', '단골 손님', '1', '01052545944', '5555', 221, 11),
(1422, '0723.31', '33', '', NULL, 5555, 1, '1716157386', '단골 손님', '대', '01052545944', '5555', 221, 11),
(1421, '0722.30', '33', '', NULL, 5555, 1, '1716157356', '단골 손님', '1', '01052545944', '5555', 221, 11),
(1420, '0722.29', '33', '', NULL, 5555, 1, '1716157339', '단골 손님', '1', '01052545944', '5555', 221, 11),
(1419, '0718.27', '33', '', NULL, 5555, 1, '1716157131', '단골 손님', '대', '01052545944', '5555', 221, 11),
(1418, '0714.26', '33', '', NULL, 5555, 1, '1716156867', '단골 손님', '대', '01052545944', '5555', 221, 11),
(1417, '0709.24', '33', '', NULL, 5555, 1, '1716156556', '단골 손님', '2', '01052545944', '5555', 221, 11),
(1416, '0707.22', '33', '', NULL, 5555, 1, '1716156467', '단골 손님', '1', '01052545944', '5555', 221, 11),
(1415, '0707.21', '33', '', NULL, 5555, 1, '1716156447', '단골 손님', '1', '01052545944', '5555', 221, 11),
(1414, '0703.19', '33', '', NULL, 5555, 1, '1716156229', '단골 손님', '1', '01052545944', '5555', 221, 11),
(1413, '0647.15', '33', '', NULL, 5555, 1, '1716155253', '단골 손님', '2', '01052545944', '5555', 221, 11),
(1412, '0646.14', '33', '', NULL, 5555, 1, '1716155217', '단골 손님', '대', '01052545944', '5555', 221, 11),
(1411, '0646.13', '33', '', NULL, 5555, 1, '1716155179', '단골 손님', '1', '01052545944', '5555', 221, 11),
(1410, '1948.12', '77', '', NULL, 7777, 1, '1716115711', '단골 손님', '2', '01052545944', '7777', 222, 11),
(1430, '0800.40', '미키비누', '', NULL, 5000, 1, '1716159608', '단골 손님', '대', '01052545944', '5000', 219, 11),
(1429, '0759.38', '미키비누', '', NULL, 5000, 1, '1716159570', '단골 손님', '대', '01052545944', '5000', 219, 11),
(1428, '0758.36', '미키비누', '', NULL, 5000, 1, '1716159518', '단골 손님', '대', '01052545944', '5000', 219, 11),
(1427, '0730.35', '미키비누', '', NULL, 5000, 2, '1716157850', '단골 손님', '1', '01052545944', '10000', 219, 11),
(1425, '0726.33', '시계', '', NULL, 10000, 1, '1716157602', '단골 손님', '대', '01052545944', '15555', 220, 11),
(1439, '1843.49', '케이크', '', NULL, 20000, 1, '1716370988', '단골 손님', '祖母', '01052545944', '20000', 221, 11),
(1409, '1944.11', '시계', '', NULL, 10000, 1, '1716115493', '단골 손님', '1', '01052545944', '10000', 220, 11),
(1433, '1646.42', '미키비누', '투명', NULL, 5000, 1, '1716191182', '단골 손님', '3', '01052545944', '5000', 219, 11),
(1434, '1648.43', '미키비누', '블루', NULL, 5000, 5, '1716191305', '단골 손님', '대', '01052545944', '25000', 219, 11),
(1432, '1646.41', '케이크', '', NULL, 20000, 2, '1716191168', '단골 손님', '2', '01052545944', '45000', 221, 11),
(1431, '1646.41', '미키비누', '블루', NULL, 5000, 1, '1716191168', '단골 손님', '2', '01052545944', '5000', 219, 11),
(1435, '1649.44', '미키비누', '투명', NULL, 5000, 1, '1716191377', '단골 손님', '1', '01052545944', '5000', 219, 11),
(1436, '1959.45', '미키비누', '핑크', NULL, 5000, 1, '1716202757', '단골 손님', '2', '01052545944', '5000', 219, 11),
(1704, '0729.12', '미키비누', '블루', NULL, 5000, 1, '1730186983', '단골 손님', '할', '01052545944', '5000', 219, 11),
(1703, '0729.11', '미키비누', '블루', NULL, 5000, 1, '1730186963', '단골 손님', 'ㄷㄷㄷ', '01052545944', '5000', 219, 11),
(1702, '0052.10', '미키비누', '블루', NULL, 5000, 1, '1730163136', '단골 손님', 'ㅂ', '01052545944', '5000', 219, 11),
(1701, '0050.08', '미키비누', '블루', NULL, 5000, 1, '1730163059', '단골 손님', 'ㅂ', '01052545944', '5000', 219, 11),
(1700, '0050.07', '미키비누', '블루', NULL, 5000, 3, '1730163044', '단골 손님', '할아버지', '01052545944', '15000', 219, 11),
(1699, '0049.06', '미키비누', '블루', NULL, 5000, 1, '1730162972', '단골 손님', '할머니', '01052545944', '5000', 219, 11),
(1698, '0048.05', '미키비누', '블루', NULL, 5000, 1, '1730162926', '단골 손님', 'w', '01052545944', '5000', 219, 11),
(1697, '0046.04', '미키비누', '블루', NULL, 5000, 1, '1730162778', '단골 손님', 'www', '01052545944', '5000', 219, 11),
(1696, '0039.03', '미키비누', '블루', NULL, 5000, 1, '1730162396', '단골 손님', 'w', '01052545944', '5000', 219, 11),
(1695, '0038.02', '미키비누', '블루', NULL, 5000, 1, '1730162286', '단골 손님', '', '01052545944', '5000', 219, 11),
(1694, '0036.01', '미키비누', '블루', NULL, 5000, 1, '1730162160', '단골 손님', '', '01052545944', '5000', 219, 11),
(1693, '0032.00', '미키비누', '블루', NULL, 5000, 1, '1730161951', '단골 손님', 'qwww', '01052545944', '5000', 219, 11),
(1692, '0031.99', '미키비누', '블루', NULL, 5000, 1, '1730161915', '단골 손님', '', '01052545944', '5000', 219, 11),
(1691, '0027.98', '미키비누', '블루', NULL, 5000, 1, '1730161635', '단골 손님', '', '01052545944', '5000', 219, 11),
(1690, '0023.84', '미키비누', '블루', NULL, 5000, 1, '1730161403', '단골 손님', '', '01052545944', '5000', 219, 11),
(1689, '0020.77', '미키비누', '블루', NULL, 5000, 1, '1730161249', '단골 손님', '', '01052545944', '5000', 219, 11),
(1688, '0019.71', '미키비누', '블루', NULL, 5000, 1, '1730161144', '단골 손님', '', '01052545944', '5000', 219, 11),
(1687, '0018.69', '미키비누', '블루', NULL, 5000, 1, '1730161100', '단골 손님', '$abc2', '01052545944', '5000', 219, 11),
(1686, '0017.68', '미키비누', '블루', NULL, 5000, 1, '1730161047', '단골 손님', '$abc2', '01052545944', '5000', 219, 11),
(1685, '0016.67', '미키비누', '블루', NULL, 5000, 1, '1730161001', '단골 손님', '', '01052545944', '5000', 219, 11),
(1684, '0016.66', '미키비누', '블루', NULL, 5000, 1, '1730160969', '단골 손님', '', '01052545944', '5000', 219, 11),
(1683, '0015.65', '미키비누', '블루', NULL, 5000, 1, '1730160935', '단골 손님', '', '01052545944', '5000', 219, 11),
(1682, '0014.63', '미키비누', '블루', NULL, 5000, 1, '1730160860', '단골 손님', '', '01052545944', '5000', 219, 11),
(1681, '0007.55', '미키비누', '블루', NULL, 5000, 1, '1730160470', '단골 손님', '$abc', '01052545944', '5000', 219, 11),
(1680, '0006.54', '미키비누', '블루', NULL, 5000, 1, '1730160408', '단골 손님', '', '01052545944', '5000', 219, 11),
(1679, '0005.52', '미키비누', '블루', NULL, 5000, 1, '1730160340', '단골 손님', '', '01052545944', '5000', 219, 11),
(1678, '0003.50', '미키비누', '블루', NULL, 5000, 1, '1730160211', '단골 손님', '', '01052545944', '5000', 219, 11),
(1677, '0003.48', '미키비누', '블루', NULL, 5000, 1, '1730160186', '단골 손님', '', '01052545944', '5000', 219, 11),
(1676, '0002.47', '미키비누', '블루', NULL, 5000, 1, '1730160168', '단골 손님', '', '01052545944', '5000', 219, 11),
(1675, '0002.45', '미키비누', '블루', NULL, 5000, 1, '1730160136', '단골 손님', '', '01052545944', '5000', 219, 11),
(1674, '2348.34', '미키비누', '블루', NULL, 5000, 1, '1730159325', '단골 손님', '', '01052545944', '5000', 219, 11),
(1673, '2344.33', '미키비누', '블루', NULL, 5000, 1, '1730159083', '단골 손님', '111', '01052545944', '5000', 219, 11),
(1672, '2343.32', '미키비누', '블루', NULL, 5000, 1, '1730158985', '단골 손님', '111', '01052545944', '5000', 219, 11),
(1671, '2250.31', '미키비누', '블루', NULL, 5000, 1, '1730155842', '단골 손님', '1133', '01052545944', '5000', 219, 11),
(1670, '2250.30', '미키비누', '블루', NULL, 5000, 1, '1730155818', '단골 손님', '11', '01052545944', '5000', 219, 11),
(1669, '2248.29', '미키비누', '블루', NULL, 5000, 1, '1730155707', '단골 손님', '111', '01052545944', '5000', 219, 11),
(1668, '2241.28', '미키비누', '블루', NULL, 5000, 1, '1730155285', '단골 손님', '할아버지', '01052545944', '5000', 219, 11),
(1667, '2238.27', '미키비누', '블루', NULL, 5000, 1, '1730155125', '단골 손님', '2', '01052545944', '5000', 219, 11),
(1666, '2137.25', '미키비누', '블루', NULL, 5000, 1, '1730151429', '단골 손님', '할아버지', '01052545944', '5000', 219, 11),
(1665, '2136.22', '미키비누', '블루', NULL, 5000, 1, '1730151385', '단골 손님', 'aaa', '01052545944', '5000', 219, 11),
(1664, '2136.21', '미키비누', '블루', NULL, 5000, 1, '1730151373', '단골 손님', '할머니', '01052545944', '5000', 219, 11),
(1663, '2135.20', '미키비누', '블루', NULL, 5000, 1, '1730151355', '단골 손님', '사물함', '01052545944', '5000', 219, 11),
(1662, '1401.19', '미키비누', '블루', NULL, 5000, 1, '1730124108', '단골 손님', 'aaa', '01052545944', '5000', 219, 11),
(1661, '1401.18', '미키비누', '블루', NULL, 5000, 1, '1730124082', '단골 손님', '111', '01052545944', '5000', 219, 11),
(1660, '1358.17', '미키비누', '블루', NULL, 5000, 1, '1730123894', '단골 손님', 'qqqq', '01052545944', '5000', 219, 11),
(1659, '1333.16', '미키비누', '블루', NULL, 5000, 1, '1730122411', '단골 손님', '할머니', '01052545944', '5000', 219, 11),
(1658, '1310.15', '미키비누', '블루', NULL, 5000, 1, '1730121034', '단골 손님', 'abcdefg', '01052545944', '5000', 219, 11),
(1657, '1310.14', '미키비누', '블루', NULL, 5000, 1, '1730121002', '단골 손님', 'abcdefg', '01052545944', '5000', 219, 11),
(1656, '1303.13', '미키비누', '블루', NULL, 5000, 1, '1730120611', '단골 손님', 'ee', '01052545944', '5000', 219, 11),
(1655, '1301.12', '미키비누', '블루', NULL, 5000, 1, '1730120515', '단골 손님', 'ddd', '01052545944', '5000', 219, 11),
(1654, '1300.11', '미키비누', '블루', NULL, 5000, 1, '1730120450', '단골 손님', 'e', '01052545944', '5000', 219, 11),
(1653, '1259.10', '미키비누', '블루', NULL, 5000, 1, '1730120389', '단골 손님', '', '01052545944', '5000', 219, 11),
(1652, '1255.09', '미키비누', '블루', NULL, 5000, 1, '1730120146', '단골 손님', '', '01052545944', '5000', 219, 11),
(1651, '1255.07', '미키비누', '블루', NULL, 5000, 1, '1730120122', '단골 손님', '', '01052545944', '5000', 219, 11),
(1650, '1254.05', '미키비누', '블루', NULL, 5000, 1, '1730120099', '단골 손님', '', '01052545944', '5000', 219, 11),
(1649, '1252.03', '미키비누', '블루', NULL, 5000, 1, '1730119965', '단골 손님', '', '01052545944', '5000', 219, 11),
(1648, '1252.01', '미키비누', '블루', NULL, 5000, 1, '1730119948', '단골 손님', '', '01052545944', '5000', 219, 11),
(1647, '1247.99', '미키비누', '블루', NULL, 5000, 1, '1730119670', '단골 손님', '', '01052545944', '5000', 219, 11),
(1646, '1239.96', '미키비누', '블루', NULL, 5000, 1, '1730119173', '단골 손님', '', '01052545944', '5000', 219, 11),
(1645, '1036.94', '미키비누', '블루', NULL, 5000, 1, '1730111802', '단골 손님', '', '01052545944', '5000', 219, 11),
(1644, '1001.93', '미키비누', '블루', NULL, 5000, 1, '1730109686', '단골 손님', '', '01052545944', '5000', 219, 11),
(1643, '0953.92', '미키비누', '블루', NULL, 5000, 1, '1730109209', '단골 손님', 'q', '01052545944', '5000', 219, 11),
(1642, '0952.91', '미키비누', '블루', NULL, 5000, 1, '1730109146', '단골 손님', 'wwss', '01052545944', '5000', 219, 11),
(1641, '0952.90', '미키비누', '블루', NULL, 5000, 1, '1730109134', '단골 손님', '', '01052545944', '5000', 219, 11),
(1640, '0952.89', '미키비누', '블루', NULL, 5000, 1, '1730109126', '단골 손님', 'ww', '01052545944', '5000', 219, 11),
(1639, '0950.88', '미키비누', '블루', NULL, 5000, 1, '1730109029', '단골 손님', 'r', '01052545944', '5000', 219, 11),
(1638, '0950.87', '미키비누', '블루', NULL, 5000, 1, '1730109018', '단골 손님', '', '01052545944', '5000', 219, 11),
(1637, '0950.86', '미키비누', '블루', NULL, 5000, 1, '1730109003', '단골 손님', 'w', '01052545944', '5000', 219, 11),
(1636, '0949.85', '미키비누', '블루', NULL, 5000, 1, '1730108988', '단골 손님', 'w', '01052545944', '5000', 219, 11),
(1635, '0948.84', '미키비누', '블루', NULL, 5000, 1, '1730108896', '단골 손님', '', '01052545944', '5000', 219, 11),
(1634, '0947.83', '미키비누', '블루', NULL, 5000, 1, '1730108844', '단골 손님', '', '01052545944', '5000', 219, 11),
(1633, '0944.82', '미키비누', '블루', NULL, 5000, 1, '1730108685', '단골 손님', '', '01052545944', '5000', 219, 11),
(1632, '0942.81', '미키비누', '블루', NULL, 5000, 1, '1730108558', '단골 손님', '', '01052545944', '5000', 219, 11),
(1631, '0941.80', '미키비누', '블루', NULL, 5000, 1, '1730108462', '단골 손님', '', '01052545944', '5000', 219, 11),
(1630, '0940.79', '미키비누', '블루', NULL, 5000, 1, '1730108440', '단골 손님', 'www', '01052545944', '5000', 219, 11),
(1629, '0938.78', '미키비누', '블루', NULL, 5000, 1, '1730108321', '단골 손님', 'ww', '01052545944', '5000', 219, 11),
(1628, '0937.77', '미키비누', '블루', NULL, 5000, 1, '1730108259', '단골 손님', '', '01052545944', '5000', 219, 11),
(1627, '0935.76', '미키비누', '블루', NULL, 5000, 1, '1730108156', '단골 손님', 'a', '01052545944', '5000', 219, 11),
(1626, '0932.75', '미키비누', '블루', NULL, 5000, 1, '1730107920', '단골 손님', '', '01052545944', '5000', 219, 11),
(1625, '0931.74', '미키비누', '블루', NULL, 5000, 1, '1730107900', '단골 손님', '', '01052545944', '5000', 219, 11),
(1624, '0922.73', '미키비누', '블루', NULL, 5000, 1, '1730107360', '단골 손님', '', '01052545944', '5000', 219, 11),
(1623, '0918.72', '미키비누', '블루', NULL, 5000, 1, '1730107112', '단골 손님', '', '01052545944', '5000', 219, 11),
(1622, '0918.71', '미키비누', '블루', NULL, 5000, 1, '1730107097', '단골 손님', '', '01052545944', '5000', 219, 11),
(1621, '0917.70', '미키비누', '블루', NULL, 5000, 1, '1730107079', '단골 손님', 'q', '01052545944', '5000', 219, 11),
(1620, '0917.69', '미키비누', '블루', NULL, 5000, 1, '1730107064', '단골 손님', '', '01052545944', '5000', 219, 11),
(1619, '0917.68', '미키비누', '블루', NULL, 5000, 1, '1730107053', '단골 손님', 'qqq', '01052545944', '5000', 219, 11),
(1618, '0915.67', '미키비누', '블루', NULL, 5000, 1, '1730106922', '단골 손님', 'q', '01052545944', '5000', 219, 11),
(1617, '0914.66', '미키비누', '블루', NULL, 5000, 1, '1730106897', '단골 손님', '', '01052545944', '5000', 219, 11),
(1616, '0914.65', '미키비누', '블루', NULL, 5000, 1, '1730106866', '단골 손님', '', '01052545944', '5000', 219, 11),
(1615, '0911.64', '미키비누', '블루', NULL, 5000, 1, '1730106683', '단골 손님', 'q', '01052545944', '5000', 219, 11),
(1614, '0911.63', '미키비누', '블루', NULL, 5000, 1, '1730106667', '단골 손님', '', '01052545944', '5000', 219, 11),
(1613, '0907.62', '미키비누', '블루', NULL, 5000, 1, '1730106473', '단골 손님', '', '01052545944', '5000', 219, 11),
(1612, '0905.61', '미키비누', '블루', NULL, 5000, 1, '1730106309', '단골 손님', '', '01052545944', '5000', 219, 11),
(1611, '0904.60', '미키비누', '블루', NULL, 5000, 1, '1730106293', '단골 손님', '', '01052545944', '5000', 219, 11),
(1610, '0904.59', '미키비누', '블루', NULL, 5000, 1, '1730106259', '단골 손님', '6', '01052545944', '5000', 219, 11),
(1609, '0904.58', '미키비누', '블루', NULL, 5000, 1, '1730106241', '단골 손님', '', '01052545944', '5000', 219, 11),
(1608, '0903.57', '미키비누', '블루', NULL, 5000, 1, '1730106229', '단골 손님', '', '01052545944', '5000', 219, 11),
(1607, '0903.55', '미키비누', '블루', NULL, 5000, 1, '1730106210', '단골 손님', '5', '01052545944', '5000', 219, 11),
(1606, '0903.54', '미키비누', '블루', NULL, 5000, 1, '1730106197', '단골 손님', '', '01052545944', '5000', 219, 11),
(1605, '0903.53', '미키비누', '블루', NULL, 5000, 1, '1730106187', '단골 손님', '4', '01052545944', '5000', 219, 11),
(1604, '0902.52', '미키비누', '블루', NULL, 5000, 1, '1730106164', '단골 손님', '', '01052545944', '5000', 219, 11),
(1603, '0902.51', '미키비누', '블루', NULL, 5000, 1, '1730106121', '단골 손님', '22', '01052545944', '5000', 219, 11),
(1602, '0852.50', '미키비누', '블루', NULL, 5000, 1, '1730105547', '단골 손님', '222', '01052545944', '5000', 219, 11),
(1601, '0850.49', '미키비누', '블루', NULL, 5000, 1, '1730105444', '단골 손님', '', '01052545944', '5000', 219, 11),
(1600, '0849.48', '미키비누', '블루', NULL, 5000, 1, '1730105370', '단골 손님', '', '01052545944', '5000', 219, 11),
(1599, '0848.47', '미키비누', '블루', NULL, 5000, 1, '1730105322', '단골 손님', '', '01052545944', '5000', 219, 11),
(1598, '0848.46', '미키비누', '블루', NULL, 5000, 1, '1730105310', '단골 손님', '', '01052545944', '5000', 219, 11),
(1597, '0847.45', '미키비누', '블루', NULL, 5000, 1, '1730105262', '단골 손님', '', '01052545944', '5000', 219, 11),
(1596, '0846.44', '미키비누', '블루', NULL, 5000, 1, '1730105211', '단골 손님', '', '01052545944', '5000', 219, 11),
(1595, '0846.43', '미키비누', '블루', NULL, 5000, 1, '1730105200', '단골 손님', '', '01052545944', '5000', 219, 11),
(1594, '0845.42', '미키비누', '블루', NULL, 5000, 1, '1730105145', '단골 손님', '', '01052545944', '5000', 219, 11),
(1593, '0843.41', '미키비누', '블루', NULL, 5000, 1, '1730104983', '단골 손님', '', '01052545944', '5000', 219, 11),
(1592, '0842.40', '미키비누', '블루', NULL, 5000, 1, '1730104939', '단골 손님', '', '01052545944', '5000', 219, 11),
(1591, '0841.39', '미키비누', '블루', NULL, 5000, 1, '1730104871', '단골 손님', '', '01052545944', '5000', 219, 11),
(1590, '0840.38', '미키비누', '블루', NULL, 5000, 1, '1730104839', '단골 손님', '', '01052545944', '5000', 219, 11),
(1589, '0840.37', '미키비누', '블루', NULL, 5000, 1, '1730104817', '단골 손님', '', '01052545944', '5000', 219, 11),
(1588, '0839.36', '미키비누', '블루', NULL, 5000, 1, '1730104790', '단골 손님', '', '01052545944', '5000', 219, 11),
(1587, '0839.35', '미키비누', '블루', NULL, 5000, 1, '1730104776', '단골 손님', '', '01052545944', '5000', 219, 11),
(1586, '0838.34', '미키비누', '블루', NULL, 5000, 1, '1730104734', '단골 손님', '', '01052545944', '5000', 219, 11),
(1585, '0835.33', '미키비누', '블루', NULL, 5000, 1, '1730104525', '단골 손님', '', '01052545944', '5000', 219, 11),
(1584, '0834.32', '미키비누', '블루', NULL, 5000, 1, '1730104499', '단골 손님', '', '01052545944', '5000', 219, 11),
(1583, '0817.31', '미키비누', '블루', NULL, 5000, 1, '1730103451', '단골 손님', '', '01052545944', '5000', 219, 11),
(1582, '0816.30', '미키비누', '블루', NULL, 5000, 1, '1730103398', '단골 손님', '', '01052545944', '5000', 219, 11),
(1581, '0814.29', '미키비누', '블루', NULL, 5000, 1, '1730103285', '단골 손님', '', '01052545944', '5000', 219, 11),
(1580, '0810.28', '미키비누', '블루', NULL, 5000, 1, '1730103003', '단골 손님', '', '01052545944', '5000', 219, 11),
(1579, '0804.27', '미키비누', '블루', NULL, 5000, 1, '1730102661', '단골 손님', '778', '01052545944', '5000', 219, 11),
(1578, '0804.26', '미키비누', '블루', NULL, 5000, 1, '1730102649', '단골 손님', '', '01052545944', '5000', 219, 11),
(1577, '0803.25', '미키비누', '블루', NULL, 5000, 1, '1730102639', '단골 손님', '', '01052545944', '5000', 219, 11),
(1576, '0803.24', '미키비누', '블루', NULL, 5000, 1, '1730102582', '단골 손님', 'eeett', '01052545944', '5000', 219, 11),
(1575, '0802.23', '미키비누', '블루', NULL, 5000, 1, '1730102544', '단골 손님', '', '01052545944', '5000', 219, 11),
(1574, '0801.22', '미키비누', '블루', NULL, 5000, 1, '1730102488', '단골 손님', '', '01052545944', '5000', 219, 11),
(1573, '0801.21', '미키비누', '블루', NULL, 5000, 1, '1730102464', '단골 손님', '', '01052545944', '5000', 219, 11),
(1572, '0753.20', '미키비누', '블루', NULL, 5000, 1, '1730102009', '단골 손님', 'tt', '01052545944', '5000', 219, 11),
(1571, '0751.19', '미키비누', '블루', NULL, 5000, 1, '1730101874', '단골 손님', 'hhh', '01052545944', '5000', 219, 11),
(1570, '0750.18', '미키비누', '블루', NULL, 5000, 1, '1730101839', '단골 손님', '555', '01052545944', '5000', 219, 11),
(1569, '0750.17', '미키비누', '블루', NULL, 5000, 1, '1730101828', '단골 손님', 'kkkk', '01052545944', '5000', 219, 11),
(1568, '0741.12', '미키비누', '블루', NULL, 5000, 1, '1730101314', '단골 손님', 'aa', '01052545944', '5000', 219, 11),
(1567, '0739.16', '미키비누', '블루', NULL, 5000, 1, '1730101155', '단골 손님', 'hh', '01052545944', '5000', 219, 11),
(1566, '0737.15', '미키비누', '블루', NULL, 5000, 1, '1730101056', '단골 손님', 'kkkkk', '01052545944', '5000', 219, 11),
(1565, '0031.13', '미키비누', '블루', NULL, 5000, 1, '1730075519', '단골 손님', 'qqq', '01052545944', '5000', 219, 11),
(1564, '0031.12', '미키비누', '블루', NULL, 5000, 1, '1730075469', '단골 손님', 'qqq', '01052545944', '5000', 219, 11),
(1563, '2308.11', '미키비누', '블루', NULL, 5000, 1, '1730070527', '단골 손님', 'g', '01052545944', '5000', 219, 11),
(1562, '2308.10', '미키비누', '블루', NULL, 5000, 1, '1730070520', '단골 손님', 'f', '01052545944', '5000', 219, 11),
(1561, '2308.09', '미키비누', '블루', NULL, 5000, 1, '1730070511', '단골 손님', 'd', '01052545944', '5000', 219, 11),
(1560, '2308.08', '미키비누', '블루', NULL, 5000, 1, '1730070503', '단골 손님', 's', '01052545944', '5000', 219, 11),
(1559, '2308.07', '미키비누', '블루', NULL, 5000, 1, '1730070496', '단골 손님', 'a', '01052545944', '5000', 219, 11),
(1558, '2301.15', '미키비누', '블루', NULL, 5000, 3, '1730070105', '단골 손님', '7', '01052545944', '15000', 219, 11),
(1557, '2301.14', '미키비누', '블루', NULL, 5000, 2, '1730070097', '단골 손님', '7', '01052545944', '10000', 219, 11),
(1556, '2301.13', '미키비누', '블루', NULL, 5000, 1, '1730070087', '단골 손님', '7', '01052545944', '5000', 219, 11),
(1555, '2247.12', '미키비누', '블루', NULL, 5000, 3, '1730069223', '단골 손님', '3', '01052545944', '15000', 219, 11),
(1554, '2246.11', '미키비누', '블루', NULL, 5000, 2, '1730069215', '단골 손님', '2', '01052545944', '10000', 219, 11),
(1553, '2246.10', '미키비누', '블루', NULL, 5000, 1, '1730069206', '단골 손님', '1', '01052545944', '5000', 219, 11),
(1552, '2236.09', '미키비누', '블루', NULL, 5000, 2, '1730068568', '단골 손님', '9', '01052545944', '10000', 219, 11),
(1551, '2235.08', '미키비누', '블루', NULL, 5000, 1, '1730068559', '단골 손님', '3', '01052545944', '5000', 219, 11),
(1550, '2234.07', '미키비누', '블루', NULL, 5000, 1, '1730068458', '단골 손님', '5', '01052545944', '5000', 219, 11),
(1549, '2234.06', '미키비누', '블루', NULL, 5000, 2, '1730068449', '단골 손님', '7', '01052545944', '10000', 219, 11),
(1548, '2233.05', '미키비누', '블루', NULL, 5000, 1, '1730068399', '단골 손님', '10', '01052545944', '5000', 219, 11),
(1547, '2223.04', '미키비누', '블루', NULL, 5000, 3, '1730067795', '단골 손님', '祖母', '01052545944', '15000', 219, 11),
(1546, '2221.05', '미키비누', '블루', NULL, 5000, 1, '1730067691', '단골 손님', 'ww', '01052545944', '5000', 219, 11),
(1545, '2216.04', '미키비누', '블루', NULL, 5000, 1, '1730067388', '단골 손님', 'www', '01052545944', '5000', 219, 11),
(1544, '2215.03', '미키비누', '블루', NULL, 5000, 1, '1730067334', '단골 손님', 'sss', '01052545944', '5000', 219, 11),
(1543, '2215.03', '미키비누', '블루', NULL, 5000, 1, '1730067301', '단골 손님', '9', '01052545944', '5000', 219, 11),
(1542, '2212.39', '미키비누', '블루', NULL, 5000, 1, '1730067153', '단골 손님', '祖母', '01052545944', '5000', 219, 11),
(1541, '2211.38', '미키비누', '블루', NULL, 5000, 2, '1730067061', '단골 손님', '7', '01052545944', '10000', 219, 11),
(1540, '0802.35', '미키비누', '블루', NULL, 5000, 1, '1730016122', '단골 손님', 'ww', '01052545944', '5000', 219, 11),
(1539, '0800.34', '미키비누', '블루', NULL, 5000, 1, '1730016008', '단골 손님', 'kang', '01052545944', '5000', 219, 11),
(1538, '0759.37', '미키비누', '블루', NULL, 5000, 1, '1730015971', '단골 손님', '6', '01052545944', '5000', 219, 11),
(1537, '0755.36', '미키비누', '블루', NULL, 5000, 1, '1730015757', '단골 손님', '10', '01052545944', '5000', 219, 11),
(1536, '0755.35', '미키비누', '블루', NULL, 5000, 1, '1730015747', '단골 손님', '母', '01052545944', '5000', 219, 11),
(1535, '0753.34', '미키비누', '블루', NULL, 5000, 1, '1730015584', '단골 손님', 'kk', '01052545944', '5000', 219, 11),
(1534, '0740.33', '미키비누', '블루', NULL, 5000, 1, '1730014821', '단골 손님', '', '01052545944', '5000', 219, 11),
(1533, '0739.32', '미키비누', '블루', NULL, 5000, 1, '1730014744', '단골 손님', 'klj', '01052545944', '5000', 219, 11),
(1532, '0728.31', '미키비누', '블루', NULL, 5000, 1, '1730014129', '단골 손님', '10', '01052545944', '5000', 219, 11),
(1531, '0721.30', '미키비누', '블루', NULL, 5000, 1, '1730013661', '단골 손님', 'kkk', '01052545944', '5000', 219, 11),
(1530, '0711.29', '미키비누', '블루', NULL, 5000, 1, '1730013105', '단골 손님', 'kkkk', '01052545944', '5000', 219, 11),
(1529, '0711.28', '미키비누', '블루', NULL, 5000, 1, '1730013089', '단골 손님', '10', '01052545944', '5000', 219, 11),
(1528, '0707.27', '미키비누', '블루', NULL, 5000, 1, '1730012861', '단골 손님', '9', '01052545944', '5000', 219, 11),
(1527, '0707.26', '미키비누', '블루', NULL, 5000, 1, '1730012839', '단골 손님', 'ffhh', '01052545944', '5000', 219, 11),
(1526, '0700.25', '미키비누', '블루', NULL, 5000, 1, '1730012434', '단골 손님', '5', '01052545944', '5000', 219, 11),
(1525, '0700.24', '미키비누', '블루', NULL, 5000, 1, '1730012415', '단골 손님', 'kkkh', '01052545944', '5000', 219, 11),
(1524, '0659.23', '미키비누', '블루', NULL, 5000, 1, '1730012397', '단골 손님', 'kkk', '01052545944', '5000', 219, 11),
(1523, '0659.22', '미키비누', '블루', NULL, 5000, 1, '1730012360', '단골 손님', 'kkk', '01052545944', '5000', 219, 11),
(1522, '0659.21', '미키비누', '블루', NULL, 5000, 1, '1730012341', '단골 손님', 'kkk', '01052545944', '5000', 219, 11),
(1521, '0658.20', '미키비누', '블루', NULL, 5000, 1, '1730012322', '단골 손님', 'kkk', '01052545944', '5000', 219, 11),
(1520, '0658.19', '미키비누', '블루', NULL, 5000, 1, '1730012311', '단골 손님', 'kkkk', '01052545944', '5000', 219, 11),
(1519, '0654.18', '미키비누', '블루', NULL, 5000, 1, '1730012043', '단골 손님', '10', '01052545944', '5000', 219, 11),
(1518, '0653.17', '미키비누', '블루', NULL, 5000, 1, '1730012030', '단골 손님', '10', '01052545944', '5000', 219, 11),
(1517, '0635.16', '미키비누', '블루', NULL, 5000, 1, '1730010953', '단골 손님', 'kkk', '01052545944', '5000', 219, 11),
(1516, '0627.15', '미키비누', '블루', NULL, 5000, 1, '1730010438', '단골 손님', 'kkk', '01052545944', '5000', 219, 11),
(1515, '0624.14', '미키비누', '블루', NULL, 5000, 1, '1730010277', '단골 손님', '10', '01052545944', '5000', 219, 11),
(1514, '0623.13', '미키비누', '블루', NULL, 5000, 1, '1730010208', '단골 손님', 'kkk', '01052545944', '5000', 219, 11),
(1513, '0619.12', '미키비누', '블루', NULL, 5000, 1, '1730009979', '단골 손님', 'www', '01052545944', '5000', 219, 11),
(1512, '0618.11', '미키비누', '블루', NULL, 5000, 1, '1730009894', '단골 손님', '', '01052545944', '5000', 219, 11),
(1511, '0615.10', '미키비누', '블루', NULL, 5000, 1, '1730009726', '단골 손님', '', '01052545944', '5000', 219, 11),
(1510, '0558.09', '미키비누', '블루', NULL, 5000, 1, '1730008686', '단골 손님', 'kkkk', '01052545944', '5000', 219, 11),
(1509, '0548.08', '미키비누', '블루', NULL, 5000, 1, '1730008126', '단골 손님', 'kkk', '01052545944', '5000', 219, 11),
(1508, '0214.07', '미키비누', '블루', NULL, 5000, 1, '1729995252', '단골 손님', 'ffff', '01052545944', '5000', 219, 11),
(1507, '0203.06', '미키비누', '블루', NULL, 5000, 1, '1729994591', '단골 손님', 'tttt', '01052545944', '5000', 219, 11),
(1506, '0158.05', '미키비누', '블루', NULL, 5000, 1, '1729994303', '단골 손님', 'sss', '01052545944', '5000', 219, 11),
(1505, '0154.04', '미키비누', '블루', NULL, 5000, 1, '1729994063', '단골 손님', '대', '01052545944', '5000', 219, 11),
(1504, '0153.03', '미키비누', '블루', NULL, 5000, 1, '1729993980', '단골 손님', '대', '01052545944', '5000', 219, 11);
INSERT INTO `orders_backup` (`order_ID`, `order_number`, `foodname`, `choice`, `status`, `price`, `quantity`, `order_date`, `username`, `table_nr`, `contact`, `gtotal`, `F_ID`, `R_ID`) VALUES
(1503, '0152.02', '미키비누', '블루', NULL, 5000, 1, '1729993931', '단골 손님', '電', '01052545944', '5000', 219, 11),
(1502, '0148.01', '미키비누', '블루', NULL, 5000, 1, '1729993726', '단골 손님', '', '01052545944', '5000', 219, 11),
(1501, '0147.00', '미키비누', '블루', NULL, 5000, 1, '1729993630', '단골 손님', '', '01052545944', '5000', 219, 11),
(1500, '0146.99', '미키비누', '블루', NULL, 5000, 1, '1729993568', '단골 손님', 'fast', '01052545944', '5000', 219, 11),
(1499, '0145.98', '미키비누', '블루', NULL, 5000, 1, '1729993557', '단골 손님', '母', '01052545944', '5000', 219, 11),
(1498, '0145.97', '미키비누', '블루', NULL, 5000, 1, '1729993535', '단골 손님', '9', '01052545944', '5000', 219, 11),
(1497, '0145.96', '미키비누', '블루', NULL, 5000, 1, '1729993520', '단골 손님', 'dddd', '01052545944', '5000', 219, 11),
(1496, '0142.95', '미키비누', '블루', NULL, 5000, 1, '1729993370', '단골 손님', '대', '01052545944', '5000', 219, 11),
(1495, '0142.94', '미키비누', '블루', NULL, 5000, 1, '1729993357', '단골 손님', '', '01052545944', '5000', 219, 11),
(1494, '0142.93', '미키비누', '블루', NULL, 5000, 1, '1729993337', '단골 손님', '母', '01052545944', '5000', 219, 11),
(1493, '0142.92', '미키비누', '블루', NULL, 5000, 1, '1729993322', '단골 손님', '母', '01052545944', '5000', 219, 11),
(1492, '0141.91', '미키비누', '블루', NULL, 5000, 1, '1729993302', '단골 손님', '대', '01052545944', '5000', 219, 11),
(1491, '0139.90', '미키비누', '블루', NULL, 5000, 1, '1729993174', '단골 손님', 'ㅎㅎ', '01052545944', '5000', 219, 11),
(1490, '0139.89', '미키비누', '블루', NULL, 5000, 1, '1729993161', '단골 손님', '', '01052545944', '5000', 219, 11),
(1489, '0139.88', '미키비누', '블루', NULL, 5000, 1, '1729993140', '단골 손님', 'ㅎㅎㅎㅎ', '01052545944', '5000', 219, 11),
(1488, '0131.87', '미키비누', '블루', NULL, 5000, 1, '1729992715', '단골 손님', '母', '01052545944', '5000', 219, 11),
(1487, '0131.86', '미키비누', '블루', NULL, 5000, 1, '1729992675', '단골 손님', '', '01052545944', '5000', 219, 11),
(1486, '0130.85', '미키비누', '블루', NULL, 5000, 1, '1729992622', '단골 손님', '', '01052545944', '5000', 219, 11),
(1485, '0130.84', '미키비누', '블루', NULL, 5000, 1, '1729992610', '단골 손님', '', '01052545944', '5000', 219, 11),
(1484, '0130.83', '미키비누', '블루', NULL, 5000, 1, '1729992600', '단골 손님', 'ㄴㄴ', '01052545944', '5000', 219, 11),
(1483, '0128.82', '미키비누', '블루', NULL, 5000, 1, '1729992534', '단골 손님', 'ㄴㄴㄴ', '01052545944', '5000', 219, 11),
(1482, '0118.81', '미키비누', '블루', NULL, 5000, 1, '1729991912', '단골 손님', 'ㅇㅇㅇㅇㅇ', '01052545944', '5000', 219, 11),
(1481, '0055.80', '미키비누', '블루', NULL, 5000, 1, '1729990514', '단골 손님', '김영호가족', '01052545944', '5000', 219, 11),
(1480, '0015.79', '미키비누', '블루', NULL, 5000, 1, '1729988138', '단골 손님', '다', '01052545944', '5000', 219, 11),
(1479, '0003.78', '미키비누', '블루', NULL, 5000, 1, '1729987394', '단골 손님', '교', '01052545944', '5000', 219, 11),
(1478, '2358.77', '미키비누', '블루', NULL, 5000, 1, '1729987131', '단골 손님', '철수', '01052545944', '5000', 219, 11),
(1477, '2358.76', '미키비누', '블루', NULL, 5000, 1, '1729987107', '단골 손님', 'ddddd', '01052545944', '5000', 219, 11),
(1476, '2313.75', '미키비누', '블루', NULL, 5000, 1, '1729984411', '단골 손님', '1', '01052545944', '5000', 219, 11),
(1475, '2313.74', '미키비누', '블루', NULL, 5000, 1, '1729984397', '단골 손님', '1', '01052545944', '5000', 219, 11),
(1474, '2308.73', '미키비누', '블루', NULL, 5000, 1, '1729984103', '단골 손님', '母', '01052545944', '5000', 219, 11),
(1473, '2308.72', '미키비누', '블루', NULL, 5000, 2, '1729984095', '단골 손님', '祖父', '01052545944', '10000', 219, 11),
(1472, '2307.71', '미키비누', '블루', NULL, 5000, 4, '1729984040', '단골 손님', '', '01052545944', '20000', 219, 11),
(1471, '2306.70', '미키비누', '블루', NULL, 5000, 3, '1729984003', '단골 손님', '', '01052545944', '15000', 219, 11),
(1470, '2305.69', '미키비누', '블루', NULL, 5000, 1, '1729983925', '단골 손님', '', '01052545944', '5000', 219, 11),
(1469, '2305.68', '미키비누', '블루', NULL, 5000, 1, '1729983915', '단골 손님', '', '01052545944', '5000', 219, 11),
(1468, '2253.67', '미키비누', '블루', NULL, 5000, 1, '1729983192', '단골 손님', '電', '01052545944', '5000', 219, 11),
(1467, '2149.66', '미키비누', '블루', NULL, 5000, 1, '1729979387', '단골 손님', '', '01052545944', '5000', 219, 11),
(1466, '2145.65', '미키비누', '블루', NULL, 5000, 1, '1729979104', '단골 손님', '12', '01052545944', '5000', 219, 11),
(1465, '2144.64', '미키비누', '블루', NULL, 5000, 1, '1729979068', '단골 손님', '대', '01052545944', '5000', 219, 11),
(1464, '2143.63', '미키비누', '블루', NULL, 5000, 1, '1729979035', '단골 손님', '대', '01052545944', '5000', 219, 11),
(1463, '2143.62', '미키비누', '블루', NULL, 5000, 1, '1729979019', '단골 손님', '대', '01052545944', '5000', 219, 11),
(1462, '2142.61', '미키비누', '블루', NULL, 5000, 10, '1729978964', '단골 손님', '대', '01052545944', '50000', 219, 11),
(1461, '2127.59', '미키비누', '블루', NULL, 5000, 5, '1729978049', '단골 손님', '1', '01052545944', '25000', 219, 11),
(1459, '1937.19', '수제비', '', NULL, 7500, 1, '1726601872', '관리자', '16', '01022223333', '7500', 119, 9),
(1458, '1935.18', '수제비', '', NULL, 7500, 7, '1726601708', '관리자', '16', '01022223333', '52500', 119, 9),
(1457, '1136.16', '만두5개', '섞어', NULL, 7500, 3, '1726573008', '관리자', '15', '01022223333', '22500', 133, 9),
(1456, '1136.13', '만두5개', '고기', NULL, 7500, 3, '1726572978', '단골 손님', 'i', '01052545944', '22500', 133, 9),
(1455, '1136.12', '만두5개', '고기', NULL, 7500, 1, '1726572963', '단골 손님', 'i', '01052545944', '7500', 133, 9),
(1454, '1134.10', '만두5개', '고기', NULL, 7500, 1, '1726572895', '관리자', '14', '01022223333', '7500', 133, 9),
(1453, '1134.09', '칼국수', '', NULL, 7000, 1, '1726572876', '관리자', '15', '01022223333', '7000', 120, 9),
(1452, '1010.08', '칼국수', '', NULL, 7000, 1, '1726567813', '관리자', '14', '01022223333', '7000', 120, 9),
(1451, '1009.07', '만두5개', '김치', NULL, 7500, 3, '1726567767', '관리자', '14', '01022223333', '22500', 133, 9),
(1450, '1008.06', '만두5개', '김치', NULL, 7500, 1, '1726567704', '관리자', '14', '01022223333', '7500', 133, 9),
(1710, '0809.17', '꿀비누', '', NULL, 3000, 1, '1730189359', '단골 손님', '1', '01052545944', '3000', 226, 11),
(1708, '0800.15', '미키비누', '블루', NULL, 5000, 1, '1730188846', '단골 손님', '할머니', '01052545944', '9000', 219, 11),
(1707, '0800.15', '하트비누', '', NULL, 4000, 1, '1730188846', '단골 손님', '할머니', '01052545944', '4000', 224, 11),
(1705, '0731.13', '미키비누', '블루', NULL, 5000, 1, '1730187075', '단골 손님', '할머니가족', '01052545944', '5000', 219, 11),
(1709, '0807.16', '꿀비누', '', NULL, 4000, 1, '1730189253', '단골 손님', '할아버지', '01052545944', '4000', 225, 11),
(1712, '0834.19', '하트비누', '', NULL, 4000, 1, '1730190881', '단골 손님', '할아버지', '01052545944', '4000', 224, 11),
(1717, '0556.24', '미키비누', '블루', NULL, 5000, 1, '1730235390', '단골 손님', '7', '01052545944', '5000', 219, 11),
(1716, '0554.23', '미키비누', '블루', NULL, 5000, 1, '1730235241', '단골 손님', '8', '01052545944', '5000', 219, 11),
(1715, '2053.22', '꿀비누', '', NULL, 3000, 1, '1730235195', '단골 손님', '7', '01052545944', '3000', 226, 11),
(1714, '2046.21', '꿀비누', '', NULL, 3000, 1, '1730234762', '단골 손님', '2', '01052545944', '3000', 226, 11),
(1713, '2045.20', '미키비누', '블루', NULL, 5000, 1, '1730234753', '단골 손님', '2', '01052545944', '5000', 219, 11),
(1706, '0731.14', '미키비누', '블루', NULL, 5000, 1, '1730187117', '단골 손님', '할머니가족', '01052545944', '5000', 219, 11),
(1445, '0953.55', '미키비누', '블루', NULL, 5000, 1, '1726566839', '단골 손님', '7', '01052545944', '12500', 219, 11),
(1441, '0915.51', '미키비누', '블루', NULL, 5000, 1, '1717892137', '단골 손님', '2', '01052545944', '5000', 219, 11),
(1440, '0818.50', '미키비누', '투명', NULL, 5000, 1, '1716419889', '단골 손님', '祖父', '01052545944', '5000', 219, 11),
(1438, '1830.48', '미키비누', '블루', NULL, 5000, 1, '1716370247', '단골 손님', '祖父', '01052545944', '5000', 219, 11),
(1720, '0621.27', '하트비누', '', NULL, 4000, 1, '1730236915', '단골 손님', '祖부', '01052545944', '4000', 224, 11),
(1719, '0621.26', '미키비누', '블루', NULL, 5000, 1, '1730236893', '단골 손님', '祖모', '01052545944', '5000', 219, 11),
(1718, '0600.25', '미키비누', '블루', NULL, 5000, 1, '1730235617', '단골 손님', '할아버지', '01052545944', '5000', 219, 11),
(1460, '1938.57', '미키비누', '블루', NULL, 5000, 1, '1726601930', '단골 손님', '祖父', '01052545944', '5000', 219, 11),
(1729, '0637.38', '미키비누', '블루', NULL, 5000, 1, '1730237877', '단골 손님', '라', '01052545944', '5000', 219, 11),
(1728, '0632.37', '미키비누', '블루', NULL, 5000, 1, '1730237535', '단골 손님', 'ㅂ', '01052545944', '5000', 219, 11),
(1363, '1448.03', '칼국수', '', NULL, 7000, 1, '1698212903', '관리자', '09', '01022223333', '7000', 120, 9),
(1364, '1448.03', '만두5개', '섞어', NULL, 7500, 2, '1698212903', '관리자', '09', '01022223333', '15000', 133, 9),
(1365, '0047.03', '칼국수', '', NULL, 7000, 1, '1700754432', '관리자', '10', '01022223333', '7000', 120, 9),
(1366, '0047.03', '수제비', '', NULL, 7500, 1, '1700754432', '관리자', '10', '01022223333', '7500', 119, 9),
(1367, '1609.03', '칼국수', '', NULL, 7000, 1, '1703747393', '관리자', '05', '01022223333', '7000', 120, 9),
(1368, '1609.03', '수제비', '', NULL, 7500, 2, '1703747393', '관리자', '05', '01022223333', '15000', 119, 9),
(1369, '1759.03', '칼국수', '', NULL, 7000, 2, '1704185986', '관리자', '02', '01022223333', '14000', 120, 9),
(1370, '1759.03', '만두5개', '김치', NULL, 7500, 2, '1704185986', '관리자', '02', '01022223333', '15000', 133, 9),
(1371, '1801.03', '칼국수', '', NULL, 7000, 1, '1704186096', '관리자', '13', '01022223333', '7000', 120, 9),
(1372, '1448.03', '칼국수', '', NULL, 7000, 3, '1704433720', '관리자', '08', '01022223333', '21000', 120, 9),
(1373, '1448.03', '만두5개', '김치', NULL, 7500, 2, '1704433720', '관리자', '08', '01022223333', '15000', 133, 9),
(1374, '1221.03', '칼국수', '', NULL, 7000, 2, '1704856866', '관리자', '03', '01022223333', '14000', 120, 9),
(1384, '1709.1', '칼국수', '', NULL, 7000, 1, '1707725375', '관리자', '09', '01022223333', '7000', 120, 9),
(1385, '1709.1', '만두5개', '김치', NULL, 7500, 2, '1707725375', '관리자', '09', '01022223333', '15000', 133, 9),
(1386, '1847.1', '칼국수', '', NULL, 7000, 1, '1710496042', '관리자', '11', '01022223333', '7000', 120, 9),
(1387, '1847.1', '수제비', '', NULL, 7500, 2, '1710496042', '관리자', '11', '01022223333', '15000', 119, 9),
(1388, '0630.1', '칼국수', '', NULL, 7000, 1, '1710797437', '관리자', '08', '01022223333', '7000', 120, 9),
(1389, '0630.1', '수제비', '', NULL, 7500, 2, '1710797437', '관리자', '08', '01022223333', '15000', 119, 9),
(1390, '1524.1', '칼국수', '', NULL, 7000, 1, '1712903070', '관리자', '06', '01022223333', '7000', 120, 9),
(1391, '1524.1', '수제비', '', NULL, 7500, 2, '1712903070', '관리자', '06', '01022223333', '15000', 119, 9),
(1392, '1815.1', '칼국수', '', NULL, 7000, 1, '1713604508', '관리자', '10', '01022223333', '7000', 120, 9),
(1393, '1815.1', '수제비', '', NULL, 7500, 2, '1713604508', '관리자', '10', '01022223333', '15000', 119, 9),
(1346, '1257.86', '칼국수', '', NULL, 7000, 1, '1674014221', '관리자', '05', '01022223333', '7000', 120, 9),
(1347, '1938.87', '칼국수', '', NULL, 7000, 1, '1674297539', '관리자', '05', '01022223333', '7000', 120, 9),
(1349, '1941.88', '수제비', '', NULL, 7500, 1, '1674297693', '관리자', '07', '01022223333', '7500', 119, 9),
(1352, '0227.92', '칼국수', '', NULL, 7000, 1, '1680197259', '관리자', '03', '01022223333', '7000', 120, 9),
(1354, '0234.94', '수제비', '', NULL, 7500, 1, '1680197652', '관리자', '05', '01022223333', '7500', 119, 9),
(1357, '1239.96', '칼국수', '', NULL, 7000, 5, '1680233982', '단골 손님', 'i', '01052545944', '35000', 120, 9),
(1359, '1545.97', '만두5개', '섞어', NULL, 7500, 1, '1680245135', '관리자', '電', '01022223333', '7500', 133, 9),
(1360, '1151.99', '칼국수', '', NULL, 7000, 1, '1680663111', '관리자', '04', '01022223333', '7000', 120, 9),
(1361, '1151.99', '만두5개', '섞어', NULL, 7500, 1, '1680663111', '관리자', '04', '01022223333', '7500', 133, 9),
(1362, '1152.00', '칼국수', '', NULL, 7000, 1, '1680663145', '관리자', '07', '01022223333', '7000', 120, 9),
(1320, '1328.19', '음료', '콜라', NULL, 1500, 1, '1671510489', '관리자', '04', '01022223333', '1500', 134, 9),
(1321, '1659.70', '공기밥', '', NULL, 1000, 1, '1671523157', '관리자', '13', '01022223333', '1000', 123, 9),
(1340, '1352.83', '칼국수', '', NULL, 7000, 1, '1672375946', '관리자', '07', '01022223333', '7000', 120, 9),
(1341, '1352.83', '만두5개', '김치', NULL, 7500, 2, '1672375946', '관리자', '07', '01022223333', '15000', 133, 9),
(1342, '0557.43', '한우버섯샤브', '매운', NULL, 25000, 1, '1672433850', '단골 손님', '17', '01052545944', '25000', 204, 26),
(1343, '0615.45', '만두5개', '고기', NULL, 7500, 1, '1672434928', '관리자', '12', '01022223333', '7500', 133, 9),
(1344, '1222.85', '칼국수', '', NULL, 7000, 1, '1674012173', '단골 손님', '03', '01052545944', '7000', 120, 9),
(1345, '1222.85', '수제비', '', NULL, 7500, 1, '1674012173', '단골 손님', '03', '01052545944', '7500', 119, 9),
(1348, '1938.87', '만두5개', '섞어', NULL, 7500, 2, '1674297539', '관리자', '05', '01022223333', '15000', 133, 9),
(1350, '2110.90', '수제비', '', NULL, 7500, 1, '1675599024', '관리자', '10', '01022223333', '7500', 119, 9),
(1351, '2110.90', '칼국수', '', NULL, 7000, 1, '1675599024', '관리자', '10', '01022223333', '7000', 120, 9),
(1353, '0227.92', '만두5개', '김치', NULL, 7500, 1, '1680197259', '관리자', '03', '01022223333', '7500', 133, 9),
(1355, '0234.94', '음료', '사이다', NULL, 1500, 1, '1680197652', '관리자', '05', '01022223333', '1500', 134, 9),
(1356, '1239.95', '칼국수', '', NULL, 7000, 1, '1680233949', '단골 손님', 'i', '01052545944', '7000', 120, 9),
(1358, '1545.97', '칼국수', '', NULL, 7000, 1, '1680245135', '관리자', '電', '01022223333', '7000', 120, 9),
(1375, '1221.03', '만두5개', '김치', NULL, 7500, 2, '1704856866', '관리자', '03', '01022223333', '15000', 133, 9),
(1377, '1222.03', '만두5개', '김치', NULL, 7500, 1, '1705375355', '관리자', '02', '01022223333', '7500', 133, 9),
(1726, '0629.35', '미키비누', '블루', NULL, 5000, 1, '1730237367', '단골 손님', '祖父', '01052545944', '5000', 219, 11),
(1725, '0626.34', '미키비누', '블루', NULL, 5000, 1, '1730237200', '단골 손님', '祖父', '01052545944', '5000', 219, 11),
(1724, '0626.33', '하트비누', '', NULL, 4000, 1, '1730237192', '단골 손님', '할아버지', '01052545944', '4000', 224, 11),
(1723, '0625.31', '미키비누', '블루', NULL, 5000, 1, '1730237139', '단골 손님', '祖父', '01052545944', '5000', 219, 11),
(1722, '0623.29', '하트비누', '', NULL, 4000, 1, '1730237000', '단골 손님', '祖父', '01052545944', '4000', 224, 11),
(1796, '0831.57', '미니돼지', '', NULL, 4000, 1, '1731108687', '단골 손님', 'z', '01052545944', '4000', 226, 11),
(1795, '0831.55', '하트비누', '', NULL, 4000, 1, '1731108680', '단골 손님', 's', '01052545944', '4000', 224, 11),
(1794, '0829.54', '미니돼지', '', NULL, 4000, 1, '1731108562', '단골 손님', 's', '01052545944', '4000', 226, 11),
(1793, '0829.53', '미니돼지', '', NULL, 4000, 1, '1731108550', '단골 손님', 'a', '01052545944', '4000', 226, 11),
(1379, '1414.03', '칼국수', '', NULL, 7000, 2, '1705382084', '관리자', '05', '01022223333', '14000', 120, 9),
(1396, '2133.47', '소고기버섯샤브', '보통', NULL, 19000, 1, '1716035582', '단골 손님', '대', '01052545944', '19000', 203, 26),
(1397, '2133.48', '소고기버섯샤브', '보통', NULL, 19000, 1, '1716035610', '단골 손님', '대', '01052545944', '19000', 203, 26),
(1403, '0943.5', '바지락칼국수', '', NULL, 10000, 1, '1716079390', '단골 손님', '7', '01052545944', '10000', 202, 26),
(1407, '1011.9', '버섯만두전골', '', NULL, 16000, 1, '1716081086', '단골 손님', '대', '01052545944', '16000', 205, 26),
(1408, '1711.10', '버섯만두전골', '', NULL, 16000, 1, '1716106282', '단골 손님', '대', '01052545944', '16000', 205, 26),
(1761, '2127.44', '만두5개', '고기', NULL, 7500, 1, '1731014874', '관리자', '10', '01022223333', '7500', 133, 9),
(1762, '2128.45', '만두5개', '고기', NULL, 7500, 1, '1731014925', '관리자', '11', '01022223333', '7500', 133, 9),
(1763, '2129.46', '만두5개', '고기', NULL, 7500, 1, '1731014973', '관리자', '12', '01022223333', '7500', 133, 9),
(1764, '2129.48', '만두5개', '고기', NULL, 7500, 1, '1731014998', '관리자', '13', '01022223333', '7500', 133, 9),
(1765, '2131.49', '만두5개', '고기', NULL, 7500, 1, '1731015068', '관리자', '14', '01022223333', '7500', 133, 9),
(1766, '2131.51', '만두5개', '고기', NULL, 7500, 1, '1731015119', '관리자', '15', '01022223333', '7500', 133, 9),
(1767, '2132.53', '만두5개', '고기', NULL, 7500, 1, '1731015156', '관리자', '09', '01022223333', '7500', 133, 9),
(1768, '2134.54', '만두5개', '고기', NULL, 7500, 1, '1731015269', '관리자', '08', '01022223333', '7500', 133, 9),
(1769, '2135.56', '만두5개', '고기', NULL, 7500, 1, '1731015302', '관리자', '07', '01022223333', '7500', 133, 9),
(1770, '2135.58', '만두5개', '고기', NULL, 7500, 1, '1731015322', '관리자', '06', '01022223333', '7500', 133, 9),
(1771, '2138.60', '만두5개', '고기', NULL, 7500, 1, '1731015533', '관리자', 'i', '01022223333', '7500', 133, 9),
(1772, '2143.62', '만두5개', '고기', NULL, 7500, 1, '1731015836', '관리자', '04', '01022223333', '7500', 133, 9),
(1777, '2148.69', '만두5개', '고기', NULL, 7500, 1, '1731016098', '관리자', '15', '01022223333', '7500', 133, 9),
(1778, '2149.71', '만두5개', '고기', NULL, 7500, 1, '1731016140', '관리자', '10', '01022223333', '7500', 133, 9),
(1779, '2149.73', '만두5개', '고기', NULL, 7500, 1, '1731016188', '관리자', '09', '01022223333', '7500', 133, 9),
(1780, '2151.74', '만두5개', '고기', NULL, 7500, 1, '1731016261', '관리자', '08', '01022223333', '7500', 133, 9),
(1781, '2152.75', '만두5개', '고기', NULL, 7500, 1, '1731016350', '관리자', '07', '01022223333', '7500', 133, 9),
(1782, '2155.76', '만두5개', '고기', NULL, 7500, 1, '1731016557', '관리자', '11', '01022223333', '7500', 133, 9),
(1776, '2147.68', '만두5개', '고기', NULL, 7500, 1, '1731016068', '관리자', '14', '01022223333', '7500', 133, 9),
(1787, '2157.81', '만두5개', '고기', NULL, 7500, 1, '1731016648', '관리자', '13', '01022223333', '7500', 133, 9),
(1792, '0735.86', '만두5개', '고기', NULL, 7500, 1, '1731051337', '관리자', '12', '01022223333', '7500', 133, 9),
(1797, '0841.58', '하트비누', '', NULL, 4000, 1, '1731109269', '단골 손님', '할머니집', '01052545944', '4000', 224, 11),
(1711, '0813.18', '미키비누', '블루', NULL, 5000, 1, '1730189580', '단골 손님', '할머니', '01052545944', '5000', 219, 11),
(1721, '0622.28', '하트비누', '', NULL, 4000, 1, '1730236971', '단골 손님', '祖母', '01052545944', '4000', 224, 11),
(1727, '0629.36', '미키비누', '블루', NULL, 5000, 1, '1730237380', '단골 손님', '祖父', '01052545944', '5000', 219, 11),
(1730, '1728.39', '미키비누', '블루', NULL, 5000, 1, '1730276890', '단골 손님', '3', '01052545944', '5000', 219, 11),
(1731, '1728.40', '하트비누', '', NULL, 4000, 1, '1730276901', '단골 손님', '4', '01052545944', '4000', 224, 11),
(1732, '1729.41', '미키비누', '블루', NULL, 5000, 1, '1730276989', '단골 손님', '할머니', '01052545944', '5000', 219, 11),
(1733, '1730.42', '꿀비누', '', NULL, 4000, 1, '1730277020', '단골 손님', '2', '01052545944', '4000', 225, 11),
(1734, '0528.49', '미니돼지', '', NULL, 4000, 1, '1730406530', '단골 손님', '분 당구', '01052545944', '4000', 226, 11),
(1735, '0528.49', '미키비누', '블루', NULL, 5000, 1, '1730406530', '단골 손님', '분 당구', '01052545944', '9000', 219, 11),
(1736, '0535.50', '하트비누', '', NULL, 4000, 1, '1730406917', '단골 손님', '분당구 산운로135 714-201 강경석', '01052545944', '4000', 224, 11),
(1737, '0551.51', '하트비누', '', NULL, 4000, 1, '1730494265', '단골 손님', '222', '01052545944', '4000', 224, 11),
(1738, '0626.51', '꿀비누', '', NULL, 4000, 1, '1730496372', '단골 손님', '222', '01052545944', '4000', 225, 11),
(1739, '1254.52', '미키비누', '블루', NULL, 5000, 2, '1730951692', '단골 손님', '강', '01052545944', '10000', 219, 11),
(1740, '1254.52', '하트비누', '', NULL, 4000, 1, '1730951692', '단골 손님', '강', '01052545944', '14000', 224, 11),
(1801, '0806.61', '미키비누', '블루', NULL, 5000, 1, '1731280001', '단골 손님', '111', '01052545944', '5000', 219, 11),
(1798, '0619.59', '미키비누', '블루', NULL, 5000, 1, '1731273548', '단골 손님', '祖母', '01052545944', '5000', 219, 11),
(1799, '0619.60', '하트비누', '', NULL, 4000, 1, '1731273568', '단골 손님', '할머니', '01052545944', '4000', 224, 11),
(1800, '0619.60', '꿀비누', '', NULL, 4000, 1, '1731273568', '단골 손님', '할머니', '01052545944', '8000', 225, 11),
(1813, '1652.71', '實驗品目', '', NULL, 5000, 1, '1733989969', '단골 손님', '산운로', '01052545944', '5000', 253, 11),
(1805, '0643.63', '222', '', NULL, 222, 1, '1733953427', '단골 손님', '333', '01052545944', '222', 253, 11),
(1806, '0644.64', '222', '', NULL, 222, 2, '1733953451', '단골 손님', '44', '01052545944', '444', 253, 11),
(1807, '0647.65', '222', '', NULL, 222, 1, '1733953623', '단골 손님', '2', '01052545944', '222', 253, 11),
(1808, '0647.66', '222', '', NULL, 222, 2, '1733953634', '단골 손님', '3', '01052545944', '444', 253, 11),
(1809, '0647.67', '222', '', NULL, 222, 4, '1733953646', '단골 손님', '4', '01052545944', '888', 253, 11),
(1812, '1651.70', '實驗中', '', NULL, 5000, 1, '1733989891', '단골 손님', '항아버지', '01052545944', '5000', 253, 11),
(1804, '0229.62', '하트비누', '', NULL, 4000, 1, '1733938173', '단골 손님', '祖父', '01052545944', '4000', 246, 11),
(1810, '1649.68', '하트비누', '', NULL, 4000, 1, '1733989779', '단골 손님', '祖母', '01052545944', '4000', 246, 11),
(1811, '1650.69', '꿀비누', '', NULL, 4000, 2, '1733989801', '단골 손님', '할머니', '01052545944', '8000', 247, 11),
(1814, '1653.72', '實驗品目', '', NULL, 5000, 1, '1733990025', '단골 손님', '할아버지', '01052545944', '5000', 253, 11),
(1815, '1648.73', '하트비누', '', NULL, 5000, 1, '1734940131', '단골 손님', '할아버지', '01052545944', '5000', 254, 11),
(1816, '0716.75', '하트비누', '', NULL, 5000, 1, '1735683389', '단골 손님', '祖모', '01052545944', '5000', 254, 11),
(1817, '0716.76', '하트비누', '', NULL, 4000, 1, '1735683405', '단골 손님', '할머니', '01052545944', '4000', 246, 11),
(1818, '0717.77', '꿀비누', '', NULL, 4000, 1, '1735683420', '단골 손님', '할아버지', '01052545944', '4000', 247, 11),
(1819, '0717.78', '實驗品目', '', NULL, 5000, 1, '1735683442', '단골 손님', 'ㄴㄴ', '01052545944', '5000', 253, 11),
(1820, '1239.79', '하트비누', '', NULL, 5000, 2, '1736393992', '단골 손님', '할아버지', '01052545944', '10000', 254, 11),
(1825, '1810.80', '꿀비누', '', NULL, 4000, 1, '1742375432', '단골 손님', '1', '01052545944', '4000', 296, 11),
(1831, '1840.93', '꿀비누', '', NULL, 4000, 2, '1742377245', '단골 손님', '33', '01052545944', '8000', 296, 11),
(1830, '1840.91', '꿀비누', '', NULL, 4000, 1, '1742377219', '단골 손님', 'test', '01052545944', '4000', 296, 11),
(1829, '1821.88', '하트비누', '', NULL, 5000, 1, '1742376077', '단골 손님', '2', '01052545944', '5000', 298, 11),
(1827, '1820.86', '하트비누', '', NULL, 5000, 1, '1742376006', '단골 손님', '2', '01052545944', '5000', 298, 11),
(1822, '0845.92', '밍크비누', '', NULL, 5000, 1, '1742373910', '단골 손님', '04', '01052545944', '5000', 297, 11),
(1826, '1813.81', '하트비누', '', NULL, 5000, 1, '1742375633', '단골 손님', '祖父', '01052545944', '5000', 298, 11);

-- --------------------------------------------------------

--
-- 테이블 구조 `restaurants`
--

CREATE TABLE `restaurants` (
  `R_ID` int(30) NOT NULL,
  `name` varchar(30) NOT NULL,
  `email` varchar(30) NOT NULL,
  `contact` varchar(30) NOT NULL,
  `address` varchar(50) NOT NULL,
  `M_ID` varchar(30) NOT NULL
) ENGINE=InnoDB DEFAULT CHARSET=utf8mb3 COLLATE=utf8mb3_general_ci;

--
-- 테이블의 덤프 데이터 `restaurants`
--

INSERT INTO `restaurants` (`R_ID`, `name`, `email`, `contact`, `address`, `M_ID`) VALUES
(7, 'ksrestaurant', 'kskang2@gmail.com', '1122223333', 'san', 'kskang'),
(9, 'Le Cafe\'', 'kskang2@gmail.com', '01052545944', 'Pankyo', '관리자'),
(11, '벼룩시장', 'kskang2@gmail.com', '11122223333', 'pankyo', 'admin'),
(13, 'Sandwich', 'kskang2@gmail.com', '11122223333', 'pankyo', 'testfood'),
(20, 'music', 'kskang2@gmail.com', '01052545944', 'pankyo', 'music'),
(26, '산골면옥', 'kskang2@gmail.com', '11122223333', 'pankyo', 'adminu'),
(100, 'Music2', 'kskang2@gmail.com', '01052545944', 'Pankyo', 'music2'),
(101, 'Music3', 'kskang2@gmail.com', '01052545944', 'Pankyo', 'music3'),
(102, 'Music4', 'kskang2@gmail.com', '01052545944', 'Pankyo', 'music4');

--
-- 덤프된 테이블의 인덱스
--

--
-- 테이블의 인덱스 `contact`
--
ALTER TABLE `contact`
  ADD PRIMARY KEY (`Id`);

--
-- 테이블의 인덱스 `customer`
--
ALTER TABLE `customer`
  ADD PRIMARY KEY (`username`);

--
-- 테이블의 인덱스 `food`
--
ALTER TABLE `food`
  ADD PRIMARY KEY (`F_ID`,`R_ID`),
  ADD KEY `R_ID` (`R_ID`);

--
-- 테이블의 인덱스 `manager`
--
ALTER TABLE `manager`
  ADD PRIMARY KEY (`username`);

--
-- 테이블의 인덱스 `orders`
--
ALTER TABLE `orders`
  ADD PRIMARY KEY (`order_ID`),
  ADD KEY `F_ID` (`F_ID`),
  ADD KEY `R_ID` (`R_ID`),
  ADD KEY `orders_ibfk_2` (`username`);

--
-- 테이블의 인덱스 `restaurants`
--
ALTER TABLE `restaurants`
  ADD PRIMARY KEY (`R_ID`),
  ADD UNIQUE KEY `M_ID_2` (`M_ID`),
  ADD KEY `M_ID` (`M_ID`);

--
-- 덤프된 테이블의 AUTO_INCREMENT
--

--
-- 테이블의 AUTO_INCREMENT `food`
--
ALTER TABLE `food`
  MODIFY `F_ID` int(30) NOT NULL AUTO_INCREMENT, AUTO_INCREMENT=314;

--
-- 테이블의 AUTO_INCREMENT `orders`
--
ALTER TABLE `orders`
  MODIFY `order_ID` int(30) NOT NULL AUTO_INCREMENT, AUTO_INCREMENT=1835;

--
-- 테이블의 AUTO_INCREMENT `restaurants`
--
ALTER TABLE `restaurants`
  MODIFY `R_ID` int(30) NOT NULL AUTO_INCREMENT, AUTO_INCREMENT=103;

--
-- 덤프된 테이블의 제약사항
--

--
-- 테이블의 제약사항 `food`
--
ALTER TABLE `food`
  ADD CONSTRAINT `food_ibfk_1` FOREIGN KEY (`R_ID`) REFERENCES `restaurants` (`R_ID`);

--
-- 테이블의 제약사항 `orders`
--
ALTER TABLE `orders`
  ADD CONSTRAINT `orders_ibfk_1` FOREIGN KEY (`F_ID`) REFERENCES `food` (`F_ID`),
  ADD CONSTRAINT `orders_ibfk_2` FOREIGN KEY (`username`) REFERENCES `customer` (`username`),
  ADD CONSTRAINT `orders_ibfk_3` FOREIGN KEY (`R_ID`) REFERENCES `restaurants` (`R_ID`);

--
-- 테이블의 제약사항 `restaurants`
--
ALTER TABLE `restaurants`
  ADD CONSTRAINT `restaurants_ibfk_1` FOREIGN KEY (`M_ID`) REFERENCES `manager` (`username`);
--
-- 데이터베이스: `foodorder2`
--
CREATE DATABASE IF NOT EXISTS `foodorder2` DEFAULT CHARACTER SET utf8mb4 COLLATE utf8mb4_unicode_ci;
USE `foodorder2`;

-- --------------------------------------------------------

--
-- 테이블 구조 `cart`
--

CREATE TABLE `cart` (
  `id` int(30) NOT NULL,
  `client_ip` varchar(20) NOT NULL,
  `user_id` int(30) NOT NULL,
  `product_id` int(30) NOT NULL,
  `qty` int(30) NOT NULL
) ENGINE=InnoDB DEFAULT CHARSET=utf8mb4 COLLATE=utf8mb4_general_ci;

-- --------------------------------------------------------

--
-- 테이블 구조 `category_list`
--

CREATE TABLE `category_list` (
  `id` int(30) NOT NULL,
  `name` text NOT NULL
) ENGINE=InnoDB DEFAULT CHARSET=utf8mb4 COLLATE=utf8mb4_general_ci;

--
-- 테이블의 덤프 데이터 `category_list`
--

INSERT INTO `category_list` (`id`, `name`) VALUES
(1, 'Beverages'),
(3, 'Best Sellers'),
(4, 'Meals'),
(5, 'Snacks');

-- --------------------------------------------------------

--
-- 테이블 구조 `orders`
--

CREATE TABLE `orders` (
  `id` int(30) NOT NULL,
  `name` text NOT NULL,
  `address` text NOT NULL,
  `mobile` text NOT NULL,
  `email` text NOT NULL,
  `status` tinyint(1) NOT NULL DEFAULT 0
) ENGINE=InnoDB DEFAULT CHARSET=utf8mb4 COLLATE=utf8mb4_general_ci;

--
-- 테이블의 덤프 데이터 `orders`
--

INSERT INTO `orders` (`id`, `name`, `address`, `mobile`, `email`, `status`) VALUES
(1, 'James Smith', 'adasdasd asdadasd', '4756463215', 'jsmith@sample.com', 1),
(2, 'James Smith', 'adasdasd asdadasd', '4756463215', 'jsmith@sample.com', 1);

-- --------------------------------------------------------

--
-- 테이블 구조 `order_list`
--

CREATE TABLE `order_list` (
  `id` int(30) NOT NULL,
  `order_id` int(30) NOT NULL,
  `product_id` int(30) NOT NULL,
  `qty` int(30) NOT NULL
) ENGINE=InnoDB DEFAULT CHARSET=utf8mb4 COLLATE=utf8mb4_general_ci;

--
-- 테이블의 덤프 데이터 `order_list`
--

INSERT INTO `order_list` (`id`, `order_id`, `product_id`, `qty`) VALUES
(1, 1, 3, 1),
(2, 1, 5, 1),
(3, 1, 3, 1),
(4, 1, 6, 3),
(5, 2, 1, 2);

-- --------------------------------------------------------

--
-- 테이블 구조 `product_list`
--

CREATE TABLE `product_list` (
  `id` int(30) NOT NULL,
  `category_id` int(30) NOT NULL,
  `name` varchar(100) NOT NULL,
  `description` text NOT NULL,
  `price` float NOT NULL DEFAULT 0,
  `img_path` text NOT NULL,
  `status` tinyint(1) NOT NULL DEFAULT 1 COMMENT '0= unavailable, 2 Available'
) ENGINE=InnoDB DEFAULT CHARSET=utf8mb4 COLLATE=utf8mb4_general_ci;

--
-- 테이블의 덤프 데이터 `product_list`
--

INSERT INTO `product_list` (`id`, `category_id`, `name`, `description`, `price`, `img_path`, `status`) VALUES
(1, 3, 'Diet Coke', 'In Can', 20, '1600652160_diet_coke.jpg', 1),
(3, 3, 'Lemon Iced Tea', 'Sample', 15, '1600652520_lemon iced tea.jpg', 1),
(4, 4, 'Chicken', 'Sample only', 150, '1600652880_chicken.jpg', 1),
(5, 3, 'Steak', 'Sample 2', 200, '1600652880_steak.jpg', 1),
(6, 3, 'Chicken2', 'Lorem Ipsum is simply dummy text of the printing and typesetting industry. Lorem Ipsum has been the industry’s standard dummy text ever since the 1500s, when an unknown printer took a galley of type and scrambled it to make a type specimen book. It has survived not only five centuries, but also the leap into electronic typesetting, remaining essentially unchanged. It was popularised in the 1960s with the release of Letraset sheets containing Lorem Ipsum passages, and more recently with desktop publishing software like Aldus PageMaker including versions of Lorem Ipsum.', 250, '1600656600_checken2.jpg', 1);

-- --------------------------------------------------------

--
-- 테이블 구조 `system_settings`
--

CREATE TABLE `system_settings` (
  `id` int(30) NOT NULL,
  `name` text NOT NULL,
  `email` varchar(200) NOT NULL,
  `contact` varchar(20) NOT NULL,
  `cover_img` text NOT NULL,
  `about_content` text NOT NULL
) ENGINE=InnoDB DEFAULT CHARSET=utf8mb4 COLLATE=utf8mb4_general_ci;

--
-- 테이블의 덤프 데이터 `system_settings`
--

INSERT INTO `system_settings` (`id`, `name`, `email`, `contact`, `cover_img`, `about_content`) VALUES
(1, 'Online Food Ordering System', 'info@sample.com', '+6948 8542 623', '1600654680_photo-1504674900247-0877df9cc836.jpg', '&lt;p style=&quot;text-align: center; background: transparent; position: relative;&quot;&gt;&lt;span style=&quot;font-size:28px;background: transparent; position: relative;&quot;&gt;ABOUT US&lt;/span&gt;&lt;/b&gt;&lt;/span&gt;&lt;/p&gt;&lt;p style=&quot;text-align: center; background: transparent; position: relative;&quot;&gt;&lt;span style=&quot;background: transparent; position: relative; font-size: 14px;&quot;&gt;&lt;span style=&quot;font-size:28px;background: transparent; position: relative;&quot;&gt;&lt;b style=&quot;margin: 0px; padding: 0px; color: rgb(0, 0, 0); font-family: &amp;quot;Open Sans&amp;quot;, Arial, sans-serif; text-align: justify;&quot;&gt;Lorem Ipsum&lt;/b&gt;&lt;span style=&quot;color: rgb(0, 0, 0); font-family: &amp;quot;Open Sans&amp;quot;, Arial, sans-serif; font-weight: 400; text-align: justify;&quot;&gt;&amp;nbsp;is simply dummy text of the printing and typesetting industry. Lorem Ipsum has been the industry&amp;#x2019;s standard dummy text ever since the 1500s, when an unknown printer took a galley of type and scrambled it to make a type specimen book. It has survived not only five centuries, but also the leap into electronic typesetting, remaining essentially unchanged. It was popularised in the 1960s with the release of Letraset sheets containing Lorem Ipsum passages, and more recently with desktop publishing software like Aldus PageMaker including versions of Lorem Ipsum.&lt;/span&gt;&lt;br&gt;&lt;/span&gt;&lt;/b&gt;&lt;/span&gt;&lt;/p&gt;&lt;p style=&quot;text-align: center; background: transparent; position: relative;&quot;&gt;&lt;span style=&quot;background: transparent; position: relative; font-size: 14px;&quot;&gt;&lt;span style=&quot;font-size:28px;background: transparent; position: relative;&quot;&gt;&lt;span style=&quot;color: rgb(0, 0, 0); font-family: &amp;quot;Open Sans&amp;quot;, Arial, sans-serif; font-weight: 400; text-align: justify;&quot;&gt;&lt;br&gt;&lt;/span&gt;&lt;/b&gt;&lt;/span&gt;&lt;/p&gt;&lt;p style=&quot;text-align: center; background: transparent; position: relative;&quot;&gt;&lt;span style=&quot;background: transparent; position: relative; font-size: 14px;&quot;&gt;&lt;span style=&quot;font-size:28px;background: transparent; position: relative;&quot;&gt;&lt;h2 style=&quot;font-size:28px;background: transparent; position: relative;&quot;&gt;Where does it come from?&lt;/h2&gt;&lt;p style=&quot;text-align: center; margin-bottom: 15px; padding: 0px; color: rgb(0, 0, 0); font-family: &amp;quot;Open Sans&amp;quot;, Arial, sans-serif; font-weight: 400;&quot;&gt;Contrary to popular belief, Lorem Ipsum is not simply random text. It has roots in a piece of classical Latin literature from 45 BC, making it over 2000 years old. Richard McClintock, a Latin professor at Hampden-Sydney College in Virginia, looked up one of the more obscure Latin words, consectetur, from a Lorem Ipsum passage, and going through the cites of the word in classical literature, discovered the undoubtable source. Lorem Ipsum comes from sections 1.10.32 and 1.10.33 of &quot;de Finibus Bonorum et Malorum&quot; (The Extremes of Good and Evil) by Cicero, written in 45 BC. This book is a treatise on the theory of ethics, very popular during the Renaissance. The first line of Lorem Ipsum, &quot;Lorem ipsum dolor sit amet..&quot;, comes from a line in section 1.10.32.&lt;/p&gt;&lt;/span&gt;&lt;/b&gt;&lt;/span&gt;&lt;/p&gt;');

-- --------------------------------------------------------

--
-- 테이블 구조 `users`
--

CREATE TABLE `users` (
  `id` int(30) NOT NULL,
  `name` varchar(200) NOT NULL,
  `username` varchar(100) NOT NULL,
  `password` varchar(200) NOT NULL,
  `type` tinyint(1) NOT NULL DEFAULT 2 COMMENT '1=admin , 2 = staff'
) ENGINE=InnoDB DEFAULT CHARSET=utf8mb4 COLLATE=utf8mb4_general_ci;

--
-- 테이블의 덤프 데이터 `users`
--

INSERT INTO `users` (`id`, `name`, `username`, `password`, `type`) VALUES
(1, 'Administrator', 'admin', 'admin123', 1);

-- --------------------------------------------------------

--
-- 테이블 구조 `user_info`
--

CREATE TABLE `user_info` (
  `user_id` int(10) NOT NULL,
  `first_name` varchar(100) NOT NULL,
  `last_name` varchar(100) NOT NULL,
  `email` varchar(300) NOT NULL,
  `password` varchar(300) NOT NULL,
  `mobile` varchar(10) NOT NULL,
  `address` varchar(300) NOT NULL
) ENGINE=InnoDB DEFAULT CHARSET=latin1 COLLATE=latin1_swedish_ci;

--
-- 테이블의 덤프 데이터 `user_info`
--

INSERT INTO `user_info` (`user_id`, `first_name`, `last_name`, `email`, `password`, `mobile`, `address`) VALUES
(1, 'James', 'Smith', 'jsmith@sample.com', '1254737c076cf867dc53d60a0364f38e', '4756463215', 'adasdasd asdadasd');

--
-- 덤프된 테이블의 인덱스
--

--
-- 테이블의 인덱스 `cart`
--
ALTER TABLE `cart`
  ADD PRIMARY KEY (`id`);

--
-- 테이블의 인덱스 `category_list`
--
ALTER TABLE `category_list`
  ADD PRIMARY KEY (`id`);

--
-- 테이블의 인덱스 `orders`
--
ALTER TABLE `orders`
  ADD PRIMARY KEY (`id`);

--
-- 테이블의 인덱스 `order_list`
--
ALTER TABLE `order_list`
  ADD PRIMARY KEY (`id`);

--
-- 테이블의 인덱스 `product_list`
--
ALTER TABLE `product_list`
  ADD PRIMARY KEY (`id`);

--
-- 테이블의 인덱스 `system_settings`
--
ALTER TABLE `system_settings`
  ADD PRIMARY KEY (`id`);

--
-- 테이블의 인덱스 `users`
--
ALTER TABLE `users`
  ADD PRIMARY KEY (`id`);

--
-- 테이블의 인덱스 `user_info`
--
ALTER TABLE `user_info`
  ADD PRIMARY KEY (`user_id`);

--
-- 덤프된 테이블의 AUTO_INCREMENT
--

--
-- 테이블의 AUTO_INCREMENT `cart`
--
ALTER TABLE `cart`
  MODIFY `id` int(30) NOT NULL AUTO_INCREMENT, AUTO_INCREMENT=10;

--
-- 테이블의 AUTO_INCREMENT `category_list`
--
ALTER TABLE `category_list`
  MODIFY `id` int(30) NOT NULL AUTO_INCREMENT, AUTO_INCREMENT=6;

--
-- 테이블의 AUTO_INCREMENT `orders`
--
ALTER TABLE `orders`
  MODIFY `id` int(30) NOT NULL AUTO_INCREMENT, AUTO_INCREMENT=3;

--
-- 테이블의 AUTO_INCREMENT `order_list`
--
ALTER TABLE `order_list`
  MODIFY `id` int(30) NOT NULL AUTO_INCREMENT, AUTO_INCREMENT=6;

--
-- 테이블의 AUTO_INCREMENT `product_list`
--
ALTER TABLE `product_list`
  MODIFY `id` int(30) NOT NULL AUTO_INCREMENT, AUTO_INCREMENT=7;

--
-- 테이블의 AUTO_INCREMENT `system_settings`
--
ALTER TABLE `system_settings`
  MODIFY `id` int(30) NOT NULL AUTO_INCREMENT, AUTO_INCREMENT=2;

--
-- 테이블의 AUTO_INCREMENT `users`
--
ALTER TABLE `users`
  MODIFY `id` int(30) NOT NULL AUTO_INCREMENT, AUTO_INCREMENT=2;

--
-- 테이블의 AUTO_INCREMENT `user_info`
--
ALTER TABLE `user_info`
  MODIFY `user_id` int(10) NOT NULL AUTO_INCREMENT, AUTO_INCREMENT=2;
--
-- 데이터베이스: `hotel`
--
CREATE DATABASE IF NOT EXISTS `hotel` DEFAULT CHARACTER SET utf8mb3 COLLATE utf8mb3_unicode_ci;
USE `hotel`;

-- --------------------------------------------------------

--
-- 테이블 구조 `check0422x`
--

CREATE TABLE `check0422x` (
  `poll_id` int(11) NOT NULL,
  `poll_candidate` varchar(255) DEFAULT NULL,
  `poll_tv` varchar(30) DEFAULT NULL,
  `poll_time` varchar(31) DEFAULT NULL,
  `poll_ip` varchar(50) DEFAULT NULL,
  `poll_name` varchar(11) DEFAULT NULL,
  `poll_remark` varchar(255) DEFAULT NULL,
  `status` varchar(11) DEFAULT NULL
) ENGINE=InnoDB DEFAULT CHARSET=utf8mb3 COLLATE=utf8mb3_unicode_ci;

--
-- 테이블의 덤프 데이터 `check0422x`
--

INSERT INTO `check0422x` (`poll_id`, `poll_candidate`, `poll_tv`, `poll_time`, `poll_ip`, `poll_name`, `poll_remark`, `status`) VALUES
(218, '안철수,윤석열,추천포도주 있음', 'testTV', '2022-09-12 10:07:11', '', '강경석', '이 포도주는 떨지도 않고 맛 있다', NULL),
(308, 'RoncodiSassiRosso,', 'winetv1', '2022-11-26 07:56:27', NULL, NULL, '역시!  ', NULL),
(309, 'lnnisfress2017,', 'winetv1', '2022-11-26 07:58:31', NULL, NULL, '*보랏빛을 띠고 다양하고 과일의 인상을 찾을 수 있으며 절제된 오크향이 나며 입안을 채우는 잘 짜인 구조와 깔끔한 발란스가 느껴지는 와인이다. 1923년 노벨 문학상에 빛나는 아일랜드의 시인·극작가 예이츠(Yeats, William Butler)의 이상향에 대한 동경을', NULL),
(310, 'lnnisfress2017,', 'winetv1', '2022-11-26 07:58:54', NULL, NULL, '박*현 : 산뜻하면서 바디감도 무겁지 않아서 편하게 마시기 좋았습니다. 개인적으로 찾아서 먹고싶은 와인이였습니다. ㅎㅎ', NULL),
(311, 'RoncodiSassiRosso,', 'winetv1', '2022-11-26 07:59:25', NULL, NULL, '다크한 수준의 짙은 색상과 입안 가득 차는 풀바디 스타일로 첫 인상부터 강렬한 와인이며 야생딸기, 블랙베리, 바닐라, 다크 초콜릿향에 부드러운 탄닌과 산미 밸런스가 좋은 와인이다.\n팀원들의 시음기를 첨부합니다.\n', NULL),
(312, 'RoncodiSassiRosso,', 'winetv1', '2022-11-26 07:59:40', NULL, NULL, '이*헌 : 와인 초심자도 정말 좋은 와인이라고 느낄 수 있었던 와인인 것 같습니다.', NULL),
(313, 'ZardozIndomita,', 'winetv1', '2022-11-26 07:59:59', NULL, NULL, '*1시간 정도 브리딩을 하면 금새 부드워지고 풍미가 좋아지는 와인입니다. 피니쉬에 살짝 산도가 느껴져서 물리지 않고 만족하면서 마실수 있는 고품격 와인입니다.', NULL),
(314, 'ZardozIndomita,', 'winetv1', '2022-11-26 08:00:16', NULL, NULL, '류*선 : 준비해주신 치즈랑 잘어울리는 맛입니다~ 감사합니다!', NULL),
(315, 'lnnisfress2017,', 'winetv1', '2022-11-26 08:01:04', NULL, NULL, '유*덕 : 바디감은 아주 묵직하지도, 가볍지도 않고 적당한듯하고, 향은 꼬냑느낌(?)이 살짝 나는거 같았습니다. 숙성된 포도맛이 잘느껴져 좋았습니다.', NULL),
(316, 'RoncodiSassiRosso,', 'winetv1', '2022-11-26 08:02:17', NULL, NULL, '양*규 : 체리향이 약간 올라오면서 살짝 단맛이 같이 올라오는데 과하지 않아서 딱 좋은것같습니다! 한잔 더달라고 부탁드릴뻔했네요', NULL),
(317, 'RoncodiSassiRosso,', 'winetv1', '2022-11-26 08:02:44', NULL, NULL, '김*민 : 달달하고 떫은맛이 덜해서 와인만 마셔도 좋을것 같았습니다.', NULL),
(318, 'lnnisfress2017,ZardozIndomita,RoncodiSassiRosso,추천 란', 'winetv1', '2022-11-26 14:48:51', NULL, NULL, '후기란', NULL),
(399, '타월 교환', 'ramada-yongin', '1671941733', NULL, '0999', '실험중. 例:욕조 물 안 내려감', '3');

--
-- 덤프된 테이블의 인덱스
--

--
-- 테이블의 인덱스 `check0422x`
--
ALTER TABLE `check0422x`
  ADD PRIMARY KEY (`poll_id`);

--
-- 덤프된 테이블의 AUTO_INCREMENT
--

--
-- 테이블의 AUTO_INCREMENT `check0422x`
--
ALTER TABLE `check0422x`
  MODIFY `poll_id` int(11) NOT NULL AUTO_INCREMENT, AUTO_INCREMENT=422;
--
-- 데이터베이스: `newsportal`
--
CREATE DATABASE IF NOT EXISTS `newsportal` DEFAULT CHARACTER SET utf8mb3 COLLATE utf8mb3_unicode_ci;
USE `newsportal`;

-- --------------------------------------------------------

--
-- 테이블 구조 `tbladmin`
--

CREATE TABLE `tbladmin` (
  `id` int(11) NOT NULL,
  `AdminUserName` varchar(255) NOT NULL,
  `AdminPassword` varchar(255) NOT NULL,
  `AdminEmailId` varchar(255) NOT NULL,
  `Is_Active` int(11) NOT NULL,
  `CreationDate` timestamp NOT NULL DEFAULT current_timestamp(),
  `UpdationDate` timestamp NULL DEFAULT '0000-00-00 00:00:00' ON UPDATE current_timestamp()
) ENGINE=InnoDB DEFAULT CHARSET=utf8mb3 COLLATE=utf8mb3_unicode_ci;

--
-- 테이블의 덤프 데이터 `tbladmin`
--

INSERT INTO `tbladmin` (`id`, `AdminUserName`, `AdminPassword`, `AdminEmailId`, `Is_Active`, `CreationDate`, `UpdationDate`) VALUES
(1, 'admin', '$2y$12$i4LMfeFPQpGSNPTaccIkKuwxAkJ4PhBr3JND7FpXwWFjRvchQn17C', 'campcodes@gmail.com', 1, '2020-03-27 17:51:00', '2020-04-24 18:21:07');

-- --------------------------------------------------------

--
-- 테이블 구조 `tblcategory`
--

CREATE TABLE `tblcategory` (
  `id` int(11) NOT NULL,
  `CategoryName` varchar(200) DEFAULT NULL,
  `Description` mediumtext DEFAULT NULL,
  `PostingDate` timestamp NULL DEFAULT current_timestamp(),
  `UpdationDate` timestamp NULL DEFAULT NULL,
  `Is_Active` int(1) DEFAULT NULL
) ENGINE=InnoDB DEFAULT CHARSET=utf8mb3 COLLATE=utf8mb3_unicode_ci;

--
-- 테이블의 덤프 데이터 `tblcategory`
--

INSERT INTO `tblcategory` (`id`, `CategoryName`, `Description`, `PostingDate`, `UpdationDate`, `Is_Active`) VALUES
(3, '판교 뉴스', '판교 뉴스', '2018-06-06 10:35:09', '2018-06-14 11:11:55', 1),
(5, '할머니 와 모은', '할머니 강모은의 이야기', '2018-06-14 05:32:58', '2018-06-14 05:33:41', 1),
(6, '기록 ', '전에 살던 곳, 여행', '2018-06-22 15:46:09', '0000-00-00 00:00:00', 1),
(7, '교육', '사회,과학,영어, 천자문', '2018-06-22 15:46:22', '0000-00-00 00:00:00', 1);

-- --------------------------------------------------------

--
-- 테이블 구조 `tblcomments`
--

CREATE TABLE `tblcomments` (
  `id` int(11) NOT NULL,
  `postId` char(11) DEFAULT NULL,
  `name` varchar(120) DEFAULT NULL,
  `email` varchar(150) DEFAULT NULL,
  `comment` mediumtext DEFAULT NULL,
  `postingDate` timestamp NULL DEFAULT current_timestamp(),
  `status` int(1) DEFAULT NULL
) ENGINE=InnoDB DEFAULT CHARSET=utf8mb3 COLLATE=utf8mb3_unicode_ci;

--
-- 테이블의 덤프 데이터 `tblcomments`
--

INSERT INTO `tblcomments` (`id`, `postId`, `name`, `email`, `comment`, `postingDate`, `status`) VALUES
(21, '13', 'kang test', 'kskang2@gmail.com', 'test date for submit', '2021-06-22 20:44:49', 1),
(24, '17', '할머니가 지으시고 가꾼 집', '', '할머니께서 고생이 많으셨던 집이었지만, 온 강씨 식구가 프라이드를 갖을 수 있는 집이었다!', '2021-06-23 21:00:15', 0),
(26, '15', '토야마', '', '눈 경치! \r\n정말 좋은 경치였어!', '2021-06-23 21:02:08', 0),
(39, '44', '祖父', 'not use', '코맨트 테스트', '2021-11-19 01:56:03', 0),
(43, '65', '강경석', 'not use', '우리 모은이가 많이 밝고 건강하게 자랐어!\r\n이제 운동도 더 하고, 잠도 조금만 일찍 자면 되겠다!', '2021-11-22 21:57:23', 0),
(44, '67', '댓ㄹ', 'not use', '글 테스트', '2021-11-27 06:33:36', 0);

-- --------------------------------------------------------

--
-- 테이블 구조 `tblpages`
--

CREATE TABLE `tblpages` (
  `id` int(11) NOT NULL,
  `PageName` varchar(200) DEFAULT NULL,
  `PageTitle` mediumtext DEFAULT NULL,
  `Description` longtext DEFAULT NULL,
  `PostingDate` timestamp NULL DEFAULT current_timestamp(),
  `UpdationDate` timestamp NULL DEFAULT NULL ON UPDATE current_timestamp()
) ENGINE=InnoDB DEFAULT CHARSET=utf8mb3 COLLATE=utf8mb3_unicode_ci;

--
-- 테이블의 덤프 데이터 `tblpages`
--

INSERT INTO `tblpages` (`id`, `PageName`, `PageTitle`, `Description`, `PostingDate`, `UpdationDate`) VALUES
(1, 'aboutus', '週間의 뉴스를 傳하는 姜模殷의 週刊新聞', '<font color=\"#7b8898\" face=\"Mercury SSm A, Mercury SSm B, Georgia, Times, Times New Roman, Microsoft YaHei New, Microsoft Yahei, å¾®è½¯é›…é»‘, å®‹ä½“, SimSun, STXihei, åŽæ–‡ç»†é»‘, serif\"><span style=\"font-size: 26px;\">강모은 기자가 발행을 主觀(주관)하며 週間의 뉴스를 傳하는 週刊新聞</span></font><span style=\"font-size: 26px; color: rgb(123, 136, 152); font-family: &quot;Mercury SSm A&quot;, &quot;Mercury SSm B&quot;, Georgia, Times, &quot;Times New Roman&quot;, &quot;Microsoft YaHei New&quot;, &quot;Microsoft Yahei&quot;, å¾®è½¯é›…é»‘, å®‹ä½“, SimSun, STXihei, åŽæ–‡ç»†é»‘, serif;\">&nbsp;입니다!</span><br>', '2018-06-30 18:01:03', '2021-11-16 22:13:05'),
(2, 'contactus', '기사 송부처 admin/contactus.php', '<p><b>Email: mekang1</b>@gmail.com</p><p>기사 송부처<br></p>', '2018-06-30 18:01:36', '2021-11-22 04:25:35');

-- --------------------------------------------------------

--
-- 테이블 구조 `tblposts`
--

CREATE TABLE `tblposts` (
  `id` int(11) NOT NULL,
  `PostTitle` longtext DEFAULT NULL,
  `CategoryId` int(11) DEFAULT NULL,
  `SubCategoryId` int(11) DEFAULT NULL,
  `PostDetails` longtext CHARACTER SET utf8mb3 COLLATE utf8mb3_general_ci DEFAULT NULL,
  `PostingDate` date DEFAULT current_timestamp(),
  `UpdationDate` timestamp NULL DEFAULT NULL ON UPDATE current_timestamp(),
  `Is_Active` int(1) DEFAULT NULL,
  `PostUrl` mediumtext DEFAULT NULL,
  `PostImage` varchar(255) DEFAULT NULL
) ENGINE=InnoDB DEFAULT CHARSET=utf8mb3 COLLATE=utf8mb3_unicode_ci;

--
-- 테이블의 덤프 데이터 `tblposts`
--

INSERT INTO `tblposts` (`id`, `PostTitle`, `CategoryId`, `SubCategoryId`, `PostDetails`, `PostingDate`, `UpdationDate`, `Is_Active`, `PostUrl`, `PostImage`) VALUES
(7, '강모은, 창덕궁에서 할아버님의 品階石을 보다!', 1, 1, '<p style=\"margin-bottom: 15px; padding: 0px; font-size: 16px; font-family: PTSans, sans-serif;\"><span style=\"margin: 0px; padding: 0px;\">강모은, </span></p><p style=\"margin-bottom: 15px; padding: 0px; font-size: 16px; font-family: PTSans, sans-serif;\"><span style=\"margin: 0px; padding: 0px;\">할머니 할아버지와 창덕궁에 가서 </span></p><p style=\"margin-bottom: 15px; padding: 0px; font-size: 16px; font-family: PTSans, sans-serif;\"><span style=\"margin: 0px; padding: 0px;\">우찬성 하시던 姜時永(강시영) 할아버지의 品階石(품계석)을 보다!</span>&nbsp;</p><p style=\"margin-bottom: 15px; padding: 0px; font-size: 16px; font-family: PTSans, sans-serif;\">그곳 홍문관에서 청년시절 근무를 하셨고,</p><p style=\"margin-bottom: 15px; padding: 0px; font-size: 16px; font-family: PTSans, sans-serif;\">한성판윤, 충청도 관찰사, 예조판서, 형조판서를 하시고 우찬성에 이르셨던 분이다.</p>', '2018-07-01', '2021-11-14 10:40:17', 1, '강모은,-창덕궁에서-할아버님의-品階石을-보다!', '01de8480ec805daa325a0e0706c09ed0.jpg'),
(10, 'A12 휴대폰 발표', 7, 0, '휴대폰 광고. 이것에도 아빠가 만든 부품이 들어가 있다.', '2018-07-01', '2021-11-14 10:41:07', 0, 'A12-휴대폰-발표', '32d3ca5e23f4ccf1e4c8660c40e75f33.png'),
(11, '혹가이도', 6, 0, '<p>혹가이도.</p><p>여름에도 시원환 날씨에 大雪山 아래 펼처진 아름다운 대 평원의 깨끗한 땅이다. 말이 풀을 뜯는 평화로운 기차역 주변에 야생화가 만발한 들판이 있다!</p>', '2018-07-01', '2021-06-22 23:19:34', 1, '혹가이도', 'cf7bd3c53d2e95412e55092087600ad2.jpg'),
(12, '동천동집에서 증외가 댁과 모임,', 6, 0, '<p><span style=\"color: rgb(25, 25, 25); font-family: &quot;Noto Serif&quot;; font-size: 16px;\">증외가(아버지의 외가 진외가陳外家, 할아버지의 외가 증曾</span><span style=\"color: rgb(25, 25, 25); font-family: &quot;Noto Serif&quot;; font-size: 16px;\">外家</span><span style=\"color: rgb(25, 25, 25); font-family: &quot;Noto Serif&quot;; font-size: 16px;\">)과의 5월 모임이었다.</span></p><p><span style=\"color: rgb(25, 25, 25); font-family: &quot;Noto Serif&quot;; font-size: 16px;\">2015년 5월10일의 사진이다.</span></p><p><span style=\"color: rgb(25, 25, 25); font-family: &quot;Noto Serif&quot;; font-size: 16px;\">벌써 옛날 사진이 되어버렸다.</span></p><p><span style=\"color: rgb(25, 25, 25); font-family: &quot;Noto Serif&quot;; font-size: 16px;\">이즈음, 우리 모은이가 동천동집 마당에서 얼마나 잘 놀았던가!</span><br></p>', '2018-07-01', '2021-11-24 21:34:06', 0, '동천동집에서-증외가-댁과-모임,', 'f27d721e6cd6a6a673a9957c2a6fac3d.jpg'),
(13, '동천동 집에서 모은과 할아버지', 1, 1, '<p>동천동 집에서 할머니께서는 일을 하고 계실 때인가 보다,&nbsp; </p><p>모은이와 이 애기 저 얘기 하며 느긋한 시간을 보냈다!</p>', '2021-06-23', '2021-11-23 07:57:02', 1, '동천동-집에서-모은과-할아버지', 'e369be71a908ddac68c8010118d4e78c.jpg'),
(15, 'Toyama! 2019년 5월4일', 6, 0, '2019년 5월4일, 어린이날 기념으로 썰매를 갖고 도야마(富山)에 온 식구가 갔다!!&nbsp; 우리 손녀의 좋은 추억이 되었기를 바란다!!', '2021-06-23', '2021-06-23 09:48:14', 1, 'Toyama!-2019년-5월4일', '53ebf8d1bf0fd0b4df7d9754c44e8744.jpg'),
(17, '할머니의 동천동 집', 1, 1, '<p>할머니께서 지으시고, </p><p>명절 때마다 온 식구가&nbsp; 다 모였었고,</p><p>고은,인혜,영욱,홍근의 짝을 맞았었고,</p><p>우리 모은이가 명절 때 세배도 하고, 마당에서 썰매도 탓던 , 할머니가 땅을 사서 지으신 동천동 집이다!&nbsp; </p><p>모두 잘 기억하자!</p>', '2021-06-23', '2021-11-23 07:56:47', 1, '할머니의-동천동-집', '3ad404ee642db5a3bb24b79b738d748d.JPG'),
(65, '2021.11.21 祖父生辰모임', 1, 1, '<p>모은이의 사회로 기념 모임을 하였다.</p><p>퀴즈 와 경품, 동영상 상영,&nbsp; 기념품 증정이 있었음.</p><p><a href=\"https://photos.app.goo.gl/5R1JZroxzq5zjZen9\">사진들:</a>&nbsp;초대장, 행사동영상, 모은작 동영상, 전체 사진 포함</p><p><a href=\"https://photos.app.goo.gl/5R1JZroxzq5zjZen9\">https://photos.app.goo.gl/5R1JZroxzq5zjZen9</a><br></p><p><br><br></p>', '2021-11-21', '2022-05-02 08:07:09', 1, '2021.11.21-祖父生日모임', 'fe8f5d8be4daa7c95a4ab02510cdbbce.JPG'),
(67, '모은이와 연습한 것 수정', 1, 1, '<p>연습. 모은이와&nbsp; 수정 삭제 연습을 하여,</p><p>생성, 읽기, 수정 , 삭제,</p><p>Create Read&nbsp; Update Delete 4가지를 다 해 보았다.<br></p>', '2021-11-27', '2021-11-27 12:27:33', 1, '모은이와-연습한-것-수정', '52a7fa4970549b5f8e7e49f6e08d70c5.jpg');

-- --------------------------------------------------------

--
-- 테이블 구조 `tblsubcategory`
--

CREATE TABLE `tblsubcategory` (
  `SubCategoryId` int(11) NOT NULL,
  `CategoryId` int(11) DEFAULT NULL,
  `Subcategory` varchar(255) DEFAULT NULL,
  `SubCatDescription` mediumtext DEFAULT NULL,
  `PostingDate` timestamp NOT NULL DEFAULT current_timestamp(),
  `UpdationDate` timestamp NULL DEFAULT NULL,
  `Is_Active` int(1) DEFAULT NULL
) ENGINE=InnoDB DEFAULT CHARSET=utf8mb3 COLLATE=utf8mb3_unicode_ci;

--
-- 테이블의 덤프 데이터 `tblsubcategory`
--

INSERT INTO `tblsubcategory` (`SubCategoryId`, `CategoryId`, `Subcategory`, `SubCatDescription`, `PostingDate`, `UpdationDate`, `Is_Active`) VALUES
(3, 5, 'Bollywood ', 'Bollywood masala', '2018-06-22 15:45:38', '0000-00-00 00:00:00', 1),
(4, 3, 'Cricket', 'Cricket\r\n\r\n', '2018-06-30 09:00:43', '0000-00-00 00:00:00', 1),
(5, 3, 'Football', 'Football', '2018-06-30 09:00:58', '0000-00-00 00:00:00', 0),
(6, 5, 'Television', 'TeleVision', '2018-06-30 18:59:22', '0000-00-00 00:00:00', 1),
(7, 6, 'National', 'National', '2018-06-30 19:04:29', '0000-00-00 00:00:00', 1),
(8, 6, 'International', 'International', '2018-06-30 19:04:43', '0000-00-00 00:00:00', 1),
(10, 2, '추가 test', 'add test', '2021-06-22 21:19:40', NULL, 1);

--
-- 덤프된 테이블의 인덱스
--

--
-- 테이블의 인덱스 `tbladmin`
--
ALTER TABLE `tbladmin`
  ADD PRIMARY KEY (`id`);

--
-- 테이블의 인덱스 `tblcategory`
--
ALTER TABLE `tblcategory`
  ADD PRIMARY KEY (`id`);

--
-- 테이블의 인덱스 `tblcomments`
--
ALTER TABLE `tblcomments`
  ADD PRIMARY KEY (`id`);

--
-- 테이블의 인덱스 `tblpages`
--
ALTER TABLE `tblpages`
  ADD PRIMARY KEY (`id`);

--
-- 테이블의 인덱스 `tblposts`
--
ALTER TABLE `tblposts`
  ADD PRIMARY KEY (`id`);

--
-- 테이블의 인덱스 `tblsubcategory`
--
ALTER TABLE `tblsubcategory`
  ADD PRIMARY KEY (`SubCategoryId`);

--
-- 덤프된 테이블의 AUTO_INCREMENT
--

--
-- 테이블의 AUTO_INCREMENT `tbladmin`
--
ALTER TABLE `tbladmin`
  MODIFY `id` int(11) NOT NULL AUTO_INCREMENT, AUTO_INCREMENT=2;

--
-- 테이블의 AUTO_INCREMENT `tblcategory`
--
ALTER TABLE `tblcategory`
  MODIFY `id` int(11) NOT NULL AUTO_INCREMENT, AUTO_INCREMENT=8;

--
-- 테이블의 AUTO_INCREMENT `tblcomments`
--
ALTER TABLE `tblcomments`
  MODIFY `id` int(11) NOT NULL AUTO_INCREMENT, AUTO_INCREMENT=45;

--
-- 테이블의 AUTO_INCREMENT `tblpages`
--
ALTER TABLE `tblpages`
  MODIFY `id` int(11) NOT NULL AUTO_INCREMENT, AUTO_INCREMENT=3;

--
-- 테이블의 AUTO_INCREMENT `tblposts`
--
ALTER TABLE `tblposts`
  MODIFY `id` int(11) NOT NULL AUTO_INCREMENT, AUTO_INCREMENT=68;

--
-- 테이블의 AUTO_INCREMENT `tblsubcategory`
--
ALTER TABLE `tblsubcategory`
  MODIFY `SubCategoryId` int(11) NOT NULL AUTO_INCREMENT, AUTO_INCREMENT=11;
--
-- 데이터베이스: `ovs`
--
CREATE DATABASE IF NOT EXISTS `ovs` DEFAULT CHARACTER SET utf8mb4 COLLATE utf8mb4_general_ci;
USE `ovs`;

-- --------------------------------------------------------

--
-- 테이블 구조 `candidate`
--

CREATE TABLE `candidate` (
  `CandidateID` int(11) NOT NULL,
  `abc` varchar(1) NOT NULL,
  `Position` varchar(200) NOT NULL,
  `Party` varchar(100) NOT NULL,
  `FirstName` varchar(200) NOT NULL,
  `LastName` varchar(200) NOT NULL,
  `MiddleName` varchar(100) NOT NULL,
  `Gender` varchar(6) NOT NULL,
  `Year` varchar(100) NOT NULL,
  `Photo` varchar(200) NOT NULL
) ENGINE=MyISAM DEFAULT CHARSET=latin1 COLLATE=latin1_swedish_ci;

--
-- 테이블의 덤프 데이터 `candidate`
--

INSERT INTO `candidate` (`CandidateID`, `abc`, `Position`, `Party`, `FirstName`, `LastName`, `MiddleName`, `Gender`, `Year`, `Photo`) VALUES
(101, 'c', '1st Year Representative', 'Pig Party', 'Raphael Victor', 'Combate', 'Romarate', 'Male', '1st year', 'upload/photo0317.jpg'),
(102, 'c', '1st Year Representative', 'Horse Party', 'Mary Ver', 'Pamposa', 'Libo-on', 'FeMale', '1st year', 'upload/photo0900.jpg'),
(103, 'c', '1st Year Representative', 'Pig Party', 'Rowan Jennele', 'Villamor', 'Totot', 'FeMale', '1st year', 'upload/2012-10-13 16.37.13.jpg'),
(100, 'e', '3rd Year Representative', 'Horse Party', 'Achilles', 'Palma', 'wla', 'Male', '3rd year', 'upload/539324_3623195908310_933066000_n.jpg'),
(137, 'c', '1st Year Representative', 'Horse Party', 'Jeza Marie', 'Telmoso', 'Agbay', 'FeMale', '1st year', 'upload/2012-10-13 16.38.18.jpg'),
(136, 'c', '1st Year Representative', 'Horse Party', 'Ailyn', 'Tanaleon', 'Labos', 'FeMale', '1st year', 'upload/2012-10-13 16.37.36.jpg'),
(95, 'a', 'Governor', 'Pig Party', 'Achilles', 'Palma', 'Namoca', 'Male', '3rd year', 'upload/539324_3623195908310_933066000_n.jpg'),
(133, 'c', '1st Year Representative', 'Horse Party', 'Michelle', 'De Asis', 'Dedior', 'FeMale', '1st year', 'upload/SAM_0419.JPG'),
(135, 'c', '1st Year Representative', 'Pig Party', 'Golda', 'Nepomuceno', 'Palma', 'FeMale', '1st year', 'upload/SAM_4493.JPG'),
(134, 'c', '1st Year Representative', 'Horse Party', 'Veronica', 'Bianayco', 'Dwarso', 'FeMale', '1st year', 'upload/SAM_0418.JPG'),
(131, 'c', '1st Year Representative', 'Pig Party', 'Brian Paul', 'Sablan', 'Silla', 'Male', '1st year', 'upload/IMG_4211.JPG'),
(128, 'b', 'Vice-Governor', 'Pig Party', 'Joneil', 'Constantino', 'Palma', 'Male', '3rd year', 'upload/joneil.jpg'),
(129, 'b', 'Vice-Governor', 'lynksys', 'Cristian', 'Sausa', 'dela cruz', 'Male', '2nd year', 'upload/DSC00920.jpg'),
(130, 'c', '1st Year Representative', 'Smart Party', 'Jorgielyn', 'Serfino', 'Calibre', 'Male', '1st year', 'upload/185257_425222344194052_226314123_n.jpg'),
(138, 'c', '1st Year Representative', 'Pig Party', 'May', 'Mendoza', 'Alvarez', 'FeMale', '1st year', 'upload/SAM_5366.JPG'),
(139, 'c', '1st Year Representative', 'Horse Party', 'Denmark', 'Tabiolo', 'Ramos', 'Male', '1st year', 'upload/CIMG2420.JPG'),
(143, 'd', '2nd Year Representative', 'Smart Party', 'Anamae', 'Alquizar', 'dela cruz', 'FeMale', '2nd year', 'upload/218106_390683254330677_1126048305_n.jpg'),
(144, 'd', '2nd Year Representative', 'Smart Party', 'Cristine', 'Yanson', 'dela cruz', 'FeMale', '2nd year', 'upload/183594_520948794585644_506109043_n.jpg'),
(145, 'd', '2nd Year Representative', 'Smart Party', 'Jerson', 'Vargas', 'dela cruz', 'Male', '2nd year', 'upload/428227_349953155024026_1124991126_n.jpg'),
(146, 'd', '2nd Year Representative', 'lynksys', 'Anton Victor', 'Jacobo', 'dela cruz', 'Male', '2nd year', 'upload/561684_473563706001588_1347765805_n.jpg'),
(147, 'd', '2nd Year Representative', 'Horse Party', 'Stephanie', 'Villanueva', 'Batoon', 'FeMale', '2nd year', 'upload/DSC_7898.JPG'),
(148, 'd', '2nd Year Representative', 'lynksys', 'Dean Martin', 'Tingson', 'dela cruz', 'Male', '2nd year', 'upload/199254_180070498706527_7521385_n.jpg'),
(149, 'd', '2nd Year Representative', 'lynksys', 'marven', 'actub', 'Pityr', 'Male', '2nd year', 'upload/555629_492876134073689_1322157649_n.jpg'),
(150, 'd', '2nd Year Representative', 'lynksys', 'jetro', 'Vargas', 'Serw', 'Male', '2nd year', 'upload/jetro.jpg'),
(151, 'd', '2nd Year Representative', 'lynksys', 'jed', 'Vargas', 'Sewruio', 'Male', '2nd year', 'upload/jed.jpg'),
(152, 'd', '2nd Year Representative', 'Smart Part', 'kzille', 'naynay', 'dela cruz', 'Male', '2nd year', 'upload/293896_417785301600923_1313159027_n.jpg'),
(153, 'd', '2nd Year Representative', 'Pig Party', 'Freddie', 'Clavel', 'dela cruz', 'Male', '2nd year', 'upload/251449_481190595235619_433937958_n.jpg'),
(154, 'd', '2nd Year Representative', 'Pig Party', 'Mark', 'dominic', 'dela cruz', 'Male', '2nd year', 'upload/579875_417245051645924_2106200816_n.jpg'),
(155, 'e', '3rd Year Representative', 'Pig Party', 'Fernrose', 'Olarte', 'Otopera', 'FeMale', '3rd year', 'upload/default.jpg'),
(175, 'f', '4th Year Representative', 'Horse Party', 'Lonida', 'Delez', 'Deres', 'FeMale', '4th year', 'upload/[large][AnimePaper]wallpapers_Mobile-Suit-Gundam-Seed-Destiny_Rukawa11(1.33)__THISRES__72873.jpg'),
(158, 'f', '3rd Year Representative', 'Pig Party', 'Michael', 'Jomero', 'Dert', 'Male', '3rd year', 'upload/1.jpg'),
(159, 'e', '3rd Year Representative', 'Pig Party', 'Cristine', 'Yanson', 'Poo', 'FeMale', '3rd year', 'upload/312212_286103561418274_100000558960309_1109905_270256889_n.jpg'),
(173, 'e', '3rd Year Representative', 'Horse Party', 'Jomar', 'Pabuaya', 'Pomono', 'Male', '3rd year', 'upload/Between_Darkness_and_Wonder_Black_Purity_HD_Wallpaper.jpg'),
(162, 'f', '3rd Year Representative', 'Pig Party', 'Victor', 'Jacobo', 'Job', 'Male', '3rd year', 'upload/Iron_Man_Movie_by_anaheim_420.jpg'),
(174, 'e', '3rd Year Representative', 'Horse Party', 'Alan', 'De La Torre', 'Bouno', 'Male', '3rd year', 'upload/[large][AnimePaper]wallpapers_Mobile-Suit-Gundam-Seed-Destiny_Rukawa11(1.33)__THISRES__72873.jpg'),
(164, 'f', '3rd Year Representative', 'Pig Party', 'Honeylee', 'Magbanua', 'Mubu', 'FeMale', '3rd year', 'upload/CodeGeass-DarknessLightEye.jpg'),
(165, 'e', '3rd Year Representative', 'Horse Party', 'Charito', 'Puray', 'Numoi', 'FeMale', '3rd year', 'upload/Iron_Man_Movie_by_anaheim_420.jpg'),
(170, 'e', '3rd Year Representative', 'Horse Party', 'Jorgielyn', 'Serfino', 'Gugor', 'FeMale', '3rd year', 'upload/185257_425222344194052_226314123_n.jpg'),
(171, 'e', '3rd Year Representative', 'Pig Party', 'Thea Marie', 'Soberano', 'Gopot', 'FeMale', '3rd year', 'upload/3394-41802d1177765259-nice-notepad-icon-notepad.png'),
(188, 'e', '3rd Year Representative', 'dbb', 'Christian', 'Sausa', 'pooly', 'Male', '3rd year', 'upload/IMG_4213.JPG'),
(176, 'f', '4th Year Representative', 'Horse Party', 'Eunice', 'Bautista', 'Fererr', 'FeMale', '4th year', 'upload/1.jpg'),
(177, 'f', '4th Year Representative', 'Horse Party', 'Al Mario', 'Small', 'Herera', 'Male', '4th year', 'upload/2.jpg'),
(178, 'f', '4th Year Representative', 'Horse Party', 'Louise', 'Po', 'Monas', 'FeMale', '4th year', 'upload/1280x1024-autobots-logo-right.jpg'),
(179, 'f', '4th Year Representative', 'Horse Party', 'Michael', 'Cachero', 'Serrero', 'Male', '4th year', 'upload/3394-41802d1177765259-nice-notepad-icon-notepad.png'),
(180, 'f', '4th Year Representative', 'Horse Party', 'Ailyn', 'Barameda', 'Monoop', 'FeMale', '4th year', 'upload/47057982.png'),
(181, 'f', '4th Year Representative', 'Pig Party', 'Joanna', 'Bustillo', 'Fotor', 'FeMale', '4th year', 'upload/1202462187.png'),
(182, 'f', '4th Year Representative', 'Pig Party', 'Lovely Mae', 'Jurilla', 'Hereroo', 'FeMale', '4th year', 'upload/12819748323869.jpg'),
(183, 'f', '4th Year Representative', 'Pig Party', 'Zac', 'Efron', 'Herrerar', 'Male', '4th year', 'upload/100227023905969.png'),
(184, 'f', '4th Year Representative', 'Pig Party', 'Alex', 'Pettyfer', 'Gert', 'Male', '4th year', 'upload/924988520653134968.png'),
(185, 'f', '4th Year Representative', 'Pig Party', 'Hugh', 'Jackman', 'Komon', 'Male', '4th year', 'upload/Between_Darkness_and_Wonder_Black_Purity_HD_Wallpaper.jpg'),
(186, 'f', '4th Year Representative', 'Pig Party', 'Gerald', 'Anderson', 'Ferrera', 'Male', '4th year', 'upload/black-abstract-windows7-seven-desktop-wallpaper-1600x1200.jpg'),
(190, 'a', 'Governor', 'party2x', 'Sherwin', 'Laylon', 'Deres', 'Male', '3rd year', 'upload/293896_417785301600923_1313159027_n.jpg');

-- --------------------------------------------------------

--
-- 테이블 구조 `history`
--

CREATE TABLE `history` (
  `history_id` int(11) NOT NULL,
  `data` varchar(30) NOT NULL,
  `action` varchar(50) NOT NULL,
  `date` varchar(20) NOT NULL,
  `user` varchar(20) NOT NULL
) ENGINE=MyISAM DEFAULT CHARSET=latin1 COLLATE=latin1_swedish_ci;

--
-- 테이블의 덤프 데이터 `history`
--

INSERT INTO `history` (`history_id`, `data`, `action`, `date`, `user`) VALUES
(568, 'john kevin lorayna', 'Login', '2012-11-08 09:46:23', 'admin'),
(567, 'john kevin lorayna', 'Logout', '2012-11-08 09:45:59', 'admin'),
(566, 'john kevin lorayna', 'Login', '2012-11-08 09:44:41', 'admin'),
(565, 'john kevin lorayna', 'Login', '2012-11-03 20:24:08', 'admin'),
(564, 'Achilles Palma', 'Deleted Voter', '10/25/2012 11:1:39', 'admin'),
(563, 'john kevin lorayna', 'Login', '2012-10-25 10:48:40', 'admin'),
(569, 'john kevin lorayna', 'Login', '2025-03-30 16:14:43', 'admin'),
(570, 'john kevin lorayna', 'Logout', '2025-03-30 16:17:11', 'admin');

-- --------------------------------------------------------

--
-- 테이블 구조 `users`
--

CREATE TABLE `users` (
  `User_id` int(11) NOT NULL,
  `FirstName` varchar(100) NOT NULL,
  `LastName` varchar(100) NOT NULL,
  `UserName` varchar(100) NOT NULL,
  `Password` varchar(100) NOT NULL,
  `User_Type` varchar(50) NOT NULL
) ENGINE=MyISAM DEFAULT CHARSET=latin1 COLLATE=latin1_swedish_ci;

--
-- 테이블의 덤프 데이터 `users`
--

INSERT INTO `users` (`User_id`, `FirstName`, `LastName`, `UserName`, `Password`, `User_Type`) VALUES
(2, 'john kevin', 'lorayna', 'admin', 'admin', 'admin'),
(5, 'john kevin', 'lorayna', 'jkev', 'jkev', 'Admin'),
(4, 'Stephnanie', 'Villanueva', 'teph', 'teph', 'Admin');

-- --------------------------------------------------------

--
-- 테이블 구조 `voters`
--

CREATE TABLE `voters` (
  `VoterID` int(11) NOT NULL,
  `FirstName` varchar(150) NOT NULL,
  `LastName` varchar(150) NOT NULL,
  `MiddleName` varchar(100) NOT NULL,
  `Username` varchar(100) NOT NULL,
  `Password` varchar(100) NOT NULL,
  `Year` varchar(100) NOT NULL,
  `Status` varchar(20) NOT NULL
) ENGINE=MyISAM DEFAULT CHARSET=latin1 COLLATE=latin1_swedish_ci;

--
-- 테이블의 덤프 데이터 `voters`
--

INSERT INTO `voters` (`VoterID`, `FirstName`, `LastName`, `MiddleName`, `Username`, `Password`, `Year`, `Status`) VALUES
(24, 'Maricon', 'Itona', 'M.', '20100333', 'concon', '1st year', 'Voted'),
(23, 'Raphael Victor', 'Combate', 'R.', '20100222', 'raprap', '1st year', 'Unvoted'),
(17, 'May', 'Mendoza', 'Alvijos', '20100323', 'may', '1st year', 'Unvoted'),
(18, 'Golda', 'Nepomuceno', 'Molentin', '20100316', 'golda', '1st year', 'Unvoted'),
(19, 'Shiera Mae', 'Tuting', 'Terer', '20100968', 'shiera', '3rd year', 'Unvoted'),
(20, 'Mary Ver', 'Libo-on', 'M', '20100381', 'mary', '1st year', 'Unvoted'),
(21, 'John Kevin', 'Lorayna', 'Amos', '20100412', 'kevin', '1st year', 'Unvoted'),
(22, 'Denmark', 'Tabiolo', 'R', '20100111', 'denmark', '1st year', 'Unvoted'),
(16, 'Sherwin', 'Laylon', 'Delicana', '20100349', 'zac', '3rd year', 'Unvoted'),
(25, 'Joneil', 'Constantino', 'N.', '20100333', 'joneil', '3rd year', 'Unvoted'),
(26, 'Charito', 'Puray', 'N.', '20100444', 'char', '3rd year', 'Unvoted'),
(27, 'Honeylee', 'Magbanua', 'M.', '20100555', 'honey', '3rd year', 'Unvoted'),
(28, 'Jonald', 'Pamposa', 'T.', '20100666', 'jonald', '2nd year', 'Unvoted'),
(29, 'Michelle', 'De Asis', 'R.', '20100777', 'mich', '1st year', 'Unvoted'),
(30, 'Rowan', 'Villamor', 'O.', '20100888', 'rowan', '1st year', 'Unvoted'),
(31, 'Fernrose', 'Olarte', 'P.', '20100123', 'fern', '3rd year', 'Unvoted'),
(32, 'Ryan', 'Malbata-an', 'P.', '20100246', 'ryan', '2nd year', 'Unvoted'),
(33, 'Ariane Mae', 'Ferrer', 'I.', '20100395', 'mae', '2nd year', 'Unvoted'),
(34, 'Jamilah', 'Lomot', 'Y.', '20100567', 'jam', '2nd year', 'Voted'),
(35, 'Lonida', 'Delez', 'P.', '20100678', 'kring', '4th year', 'Unvoted'),
(36, 'Allan', 'De La Torre', 'O.', '20100876', 'allan', '4th year', 'Unvoted'),
(37, 'Lovelyn', 'Jurilla', 'D.', '20100126', 'lovelyn', '4th year', 'Unvoted'),
(38, 'Stephanie', 'Villanueva', 'T.', '20100986', 'teph', '2nd year', 'Unvoted'),
(39, 'Zac', 'Efron', 'O.', '20100945', 'zac', '4th year', 'Unvoted'),
(40, 'Hugh', 'Jackman', 'Y.', '20100786', 'hugh', '4th year', 'Unvoted'),
(41, 'Gerald', 'Anderson', 'O.', '20100865', 'gerald', '4th year', 'Unvoted'),
(42, 'Alex', 'Pettyfer', 'Z.', '20100432', 'alex', '4th year', 'Unvoted'),
(44, 'Cristine', 'Yanson', 'P.', '20100764', 'cris', '3rd year', 'Unvoted'),
(45, 'Jomar', 'Pabuaya', 'U.', '20100561', 'jomar', '3rd year', 'Unvoted'),
(48, 'Anamae', 'Alquizar', 'dela Cruz', '20100113', 'sarge', '2nd year', 'Voted'),
(49, 'ks', 'kang', '', 'guest1', 'guest1', '1st year', 'Unvoted'),
(50, 'ks', 'kang', '', 'guest2', 'guest2', '2nd year', 'Unvoted');

-- --------------------------------------------------------

--
-- 테이블 구조 `votes`
--

CREATE TABLE `votes` (
  `ID` int(11) NOT NULL,
  `CandidateID` int(11) NOT NULL,
  `votes` int(11) NOT NULL
) ENGINE=MyISAM DEFAULT CHARSET=latin1 COLLATE=latin1_swedish_ci;

--
-- 테이블의 덤프 데이터 `votes`
--

INSERT INTO `votes` (`ID`, `CandidateID`, `votes`) VALUES
(205, 0, 0),
(204, 0, 0),
(203, 153, 0),
(202, 129, 0),
(201, 95, 0);

--
-- 덤프된 테이블의 인덱스
--

--
-- 테이블의 인덱스 `candidate`
--
ALTER TABLE `candidate`
  ADD PRIMARY KEY (`CandidateID`);

--
-- 테이블의 인덱스 `history`
--
ALTER TABLE `history`
  ADD PRIMARY KEY (`history_id`);

--
-- 테이블의 인덱스 `users`
--
ALTER TABLE `users`
  ADD PRIMARY KEY (`User_id`);

--
-- 테이블의 인덱스 `voters`
--
ALTER TABLE `voters`
  ADD PRIMARY KEY (`VoterID`);

--
-- 테이블의 인덱스 `votes`
--
ALTER TABLE `votes`
  ADD PRIMARY KEY (`ID`);

--
-- 덤프된 테이블의 AUTO_INCREMENT
--

--
-- 테이블의 AUTO_INCREMENT `candidate`
--
ALTER TABLE `candidate`
  MODIFY `CandidateID` int(11) NOT NULL AUTO_INCREMENT, AUTO_INCREMENT=191;

--
-- 테이블의 AUTO_INCREMENT `history`
--
ALTER TABLE `history`
  MODIFY `history_id` int(11) NOT NULL AUTO_INCREMENT, AUTO_INCREMENT=571;

--
-- 테이블의 AUTO_INCREMENT `users`
--
ALTER TABLE `users`
  MODIFY `User_id` int(11) NOT NULL AUTO_INCREMENT, AUTO_INCREMENT=6;

--
-- 테이블의 AUTO_INCREMENT `voters`
--
ALTER TABLE `voters`
  MODIFY `VoterID` int(11) NOT NULL AUTO_INCREMENT, AUTO_INCREMENT=51;

--
-- 테이블의 AUTO_INCREMENT `votes`
--
ALTER TABLE `votes`
  MODIFY `ID` int(11) NOT NULL AUTO_INCREMENT, AUTO_INCREMENT=206;
--
-- 데이터베이스: `pagination`
--
CREATE DATABASE IF NOT EXISTS `pagination` DEFAULT CHARACTER SET utf8mb4 COLLATE utf8mb4_general_ci;
USE `pagination`;

-- --------------------------------------------------------

--
-- 테이블 구조 `users`
--

CREATE TABLE `users` (
  `id` bigint(20) NOT NULL,
  `name` varchar(255) NOT NULL
) ENGINE=InnoDB DEFAULT CHARSET=utf8mb4 COLLATE=utf8mb4_general_ci;

--
-- 테이블의 덤프 데이터 `users`
--

INSERT INTO `users` (`id`, `name`) VALUES
(24, 'Abby Ward'),
(21, 'Aleksandra Devine'),
(47, 'Aston Kramer'),
(43, 'Aston Simmonds'),
(15, 'Beth Skywalker'),
(26, 'Bridget Wooten'),
(10, 'Coby Kelleigh'),
(20, 'Darrah Shadow'),
(9, 'Drake Adelaide'),
(12, 'Elizabeth Stewart'),
(19, 'Gareth Solderini'),
(46, 'Gregor Bryant'),
(42, 'Gregor Hollis'),
(13, 'Hannah Strickland'),
(52, 'Harvey Frame'),
(7, 'Imogene Thad'),
(53, 'Ismaeel Carty'),
(45, 'Issac Burris'),
(41, 'Issac Calderon'),
(2, 'Jane Doe'),
(5, 'Jaslyn Keely'),
(40, 'Jax Howe'),
(39, 'Joey Whyte'),
(1, 'John Doe'),
(17, 'Joseph Stewart'),
(34, 'Julia Greaves'),
(31, 'Junior Douglas'),
(32, 'Kaiden Bentley'),
(16, 'Kenneth Sanders'),
(30, 'Keziah Knapp'),
(28, 'Kirstie Thomas'),
(33, 'Lawrence Murphy'),
(14, 'Leah Shan'),
(51, 'Marcus Best'),
(29, 'Maya Paine'),
(23, 'Myla Bostock'),
(50, 'Nathaniel Khan'),
(4, 'Peers Sera'),
(6, 'Richard Breann'),
(54, 'Rowan Avalos'),
(3, 'Rusty Terry'),
(37, 'Sacha Gross'),
(27, 'Sally Castillo'),
(11, 'Sarah Sanders'),
(18, 'Seth Sonnel'),
(38, 'Shannon Peterson'),
(25, 'Shayan Clements'),
(49, 'Shoaib Vickers'),
(35, 'Sulaiman Gilmour'),
(44, 'Taran Morin'),
(48, 'Taran Sampson'),
(22, 'Thelma Kim'),
(8, 'Tillie Sharalyn'),
(36, 'Virgil Collier');

--
-- 덤프된 테이블의 인덱스
--

--
-- 테이블의 인덱스 `users`
--
ALTER TABLE `users`
  ADD PRIMARY KEY (`id`),
  ADD KEY `name` (`name`);

--
-- 덤프된 테이블의 AUTO_INCREMENT
--

--
-- 테이블의 AUTO_INCREMENT `users`
--
ALTER TABLE `users`
  MODIFY `id` bigint(20) NOT NULL AUTO_INCREMENT, AUTO_INCREMENT=55;
--
-- 데이터베이스: `phpmyadmin`
--
CREATE DATABASE IF NOT EXISTS `phpmyadmin` DEFAULT CHARACTER SET utf8mb4 COLLATE utf8mb4_general_ci;
USE `phpmyadmin`;

-- --------------------------------------------------------

--
-- 테이블 구조 `pma__bookmark`
--

CREATE TABLE `pma__bookmark` (
  `id` int(10) UNSIGNED NOT NULL,
  `dbase` varchar(255) NOT NULL DEFAULT '',
  `user` varchar(255) NOT NULL DEFAULT '',
  `label` varchar(255) CHARACTER SET utf8mb3 COLLATE utf8mb3_general_ci NOT NULL DEFAULT '',
  `query` text NOT NULL
) ENGINE=InnoDB DEFAULT CHARSET=utf8mb3 COLLATE=utf8mb3_bin COMMENT='Bookmarks';

-- --------------------------------------------------------

--
-- 테이블 구조 `pma__central_columns`
--

CREATE TABLE `pma__central_columns` (
  `db_name` varchar(64) NOT NULL,
  `col_name` varchar(64) NOT NULL,
  `col_type` varchar(64) NOT NULL,
  `col_length` text DEFAULT NULL,
  `col_collation` varchar(64) NOT NULL,
  `col_isNull` tinyint(1) NOT NULL,
  `col_extra` varchar(255) DEFAULT '',
  `col_default` text DEFAULT NULL
) ENGINE=InnoDB DEFAULT CHARSET=utf8mb3 COLLATE=utf8mb3_bin COMMENT='Central list of columns';

-- --------------------------------------------------------

--
-- 테이블 구조 `pma__column_info`
--

CREATE TABLE `pma__column_info` (
  `id` int(5) UNSIGNED NOT NULL,
  `db_name` varchar(64) NOT NULL DEFAULT '',
  `table_name` varchar(64) NOT NULL DEFAULT '',
  `column_name` varchar(64) NOT NULL DEFAULT '',
  `comment` varchar(255) CHARACTER SET utf8mb3 COLLATE utf8mb3_general_ci NOT NULL DEFAULT '',
  `mimetype` varchar(255) CHARACTER SET utf8mb3 COLLATE utf8mb3_general_ci NOT NULL DEFAULT '',
  `transformation` varchar(255) NOT NULL DEFAULT '',
  `transformation_options` varchar(255) NOT NULL DEFAULT '',
  `input_transformation` varchar(255) NOT NULL DEFAULT '',
  `input_transformation_options` varchar(255) NOT NULL DEFAULT ''
) ENGINE=InnoDB DEFAULT CHARSET=utf8mb3 COLLATE=utf8mb3_bin COMMENT='Column information for phpMyAdmin';

-- --------------------------------------------------------

--
-- 테이블 구조 `pma__designer_settings`
--

CREATE TABLE `pma__designer_settings` (
  `username` varchar(64) NOT NULL,
  `settings_data` text NOT NULL
) ENGINE=InnoDB DEFAULT CHARSET=utf8mb3 COLLATE=utf8mb3_bin COMMENT='Settings related to Designer';

-- --------------------------------------------------------

--
-- 테이블 구조 `pma__export_templates`
--

CREATE TABLE `pma__export_templates` (
  `id` int(5) UNSIGNED NOT NULL,
  `username` varchar(64) NOT NULL,
  `export_type` varchar(10) NOT NULL,
  `template_name` varchar(64) NOT NULL,
  `template_data` text NOT NULL
) ENGINE=InnoDB DEFAULT CHARSET=utf8mb3 COLLATE=utf8mb3_bin COMMENT='Saved export templates';

-- --------------------------------------------------------

--
-- 테이블 구조 `pma__favorite`
--

CREATE TABLE `pma__favorite` (
  `username` varchar(64) NOT NULL,
  `tables` text NOT NULL
) ENGINE=InnoDB DEFAULT CHARSET=utf8mb3 COLLATE=utf8mb3_bin COMMENT='Favorite tables';

-- --------------------------------------------------------

--
-- 테이블 구조 `pma__history`
--

CREATE TABLE `pma__history` (
  `id` bigint(20) UNSIGNED NOT NULL,
  `username` varchar(64) NOT NULL DEFAULT '',
  `db` varchar(64) NOT NULL DEFAULT '',
  `table` varchar(64) NOT NULL DEFAULT '',
  `timevalue` timestamp NOT NULL DEFAULT current_timestamp(),
  `sqlquery` text NOT NULL
) ENGINE=InnoDB DEFAULT CHARSET=utf8mb3 COLLATE=utf8mb3_bin COMMENT='SQL history for phpMyAdmin';

-- --------------------------------------------------------

--
-- 테이블 구조 `pma__navigationhiding`
--

CREATE TABLE `pma__navigationhiding` (
  `username` varchar(64) NOT NULL,
  `item_name` varchar(64) NOT NULL,
  `item_type` varchar(64) NOT NULL,
  `db_name` varchar(64) NOT NULL,
  `table_name` varchar(64) NOT NULL
) ENGINE=InnoDB DEFAULT CHARSET=utf8mb3 COLLATE=utf8mb3_bin COMMENT='Hidden items of navigation tree';

-- --------------------------------------------------------

--
-- 테이블 구조 `pma__pdf_pages`
--

CREATE TABLE `pma__pdf_pages` (
  `db_name` varchar(64) NOT NULL DEFAULT '',
  `page_nr` int(10) UNSIGNED NOT NULL,
  `page_descr` varchar(50) CHARACTER SET utf8mb3 COLLATE utf8mb3_general_ci NOT NULL DEFAULT ''
) ENGINE=InnoDB DEFAULT CHARSET=utf8mb3 COLLATE=utf8mb3_bin COMMENT='PDF relation pages for phpMyAdmin';

-- --------------------------------------------------------

--
-- 테이블 구조 `pma__recent`
--

CREATE TABLE `pma__recent` (
  `username` varchar(64) NOT NULL,
  `tables` text NOT NULL
) ENGINE=InnoDB DEFAULT CHARSET=utf8mb3 COLLATE=utf8mb3_bin COMMENT='Recently accessed tables';

--
-- 테이블의 덤프 데이터 `pma__recent`
--

INSERT INTO `pma__recent` (`username`, `tables`) VALUES
('root', '[{\"db\":\"testing2\",\"table\":\"task2\"},{\"db\":\"testing\",\"table\":\"task2\"},{\"db\":\"testing\",\"table\":\"task\"},{\"db\":\"testing\",\"table\":\"listidks0426\"}]'),
('root240', '[{\"db\":\"testing\",\"table\":\"test0817a\"},{\"db\":\"dictionary\",\"table\":\"math_eng\"},{\"db\":\"dictionary\",\"table\":\"phy_eng\"},{\"db\":\"dictionary\",\"table\":\"phy_kor\"},{\"db\":\"math\",\"table\":\"math_eng\"},{\"db\":\"foodorder\",\"table\":\"food\"},{\"db\":\"testing\",\"table\":\"tbl_poll3\"},{\"db\":\"testing\",\"table\":\"polls\"},{\"db\":\"ovs\",\"table\":\"candidate\"},{\"db\":\"testing\",\"table\":\"test0817\"}]');

-- --------------------------------------------------------

--
-- 테이블 구조 `pma__relation`
--

CREATE TABLE `pma__relation` (
  `master_db` varchar(64) NOT NULL DEFAULT '',
  `master_table` varchar(64) NOT NULL DEFAULT '',
  `master_field` varchar(64) NOT NULL DEFAULT '',
  `foreign_db` varchar(64) NOT NULL DEFAULT '',
  `foreign_table` varchar(64) NOT NULL DEFAULT '',
  `foreign_field` varchar(64) NOT NULL DEFAULT ''
) ENGINE=InnoDB DEFAULT CHARSET=utf8mb3 COLLATE=utf8mb3_bin COMMENT='Relation table';

-- --------------------------------------------------------

--
-- 테이블 구조 `pma__savedsearches`
--

CREATE TABLE `pma__savedsearches` (
  `id` int(5) UNSIGNED NOT NULL,
  `username` varchar(64) NOT NULL DEFAULT '',
  `db_name` varchar(64) NOT NULL DEFAULT '',
  `search_name` varchar(64) NOT NULL DEFAULT '',
  `search_data` text NOT NULL
) ENGINE=InnoDB DEFAULT CHARSET=utf8mb3 COLLATE=utf8mb3_bin COMMENT='Saved searches';

-- --------------------------------------------------------

--
-- 테이블 구조 `pma__table_coords`
--

CREATE TABLE `pma__table_coords` (
  `db_name` varchar(64) NOT NULL DEFAULT '',
  `table_name` varchar(64) NOT NULL DEFAULT '',
  `pdf_page_number` int(11) NOT NULL DEFAULT 0,
  `x` float UNSIGNED NOT NULL DEFAULT 0,
  `y` float UNSIGNED NOT NULL DEFAULT 0
) ENGINE=InnoDB DEFAULT CHARSET=utf8mb3 COLLATE=utf8mb3_bin COMMENT='Table coordinates for phpMyAdmin PDF output';

-- --------------------------------------------------------

--
-- 테이블 구조 `pma__table_info`
--

CREATE TABLE `pma__table_info` (
  `db_name` varchar(64) NOT NULL DEFAULT '',
  `table_name` varchar(64) NOT NULL DEFAULT '',
  `display_field` varchar(64) NOT NULL DEFAULT ''
) ENGINE=InnoDB DEFAULT CHARSET=utf8mb3 COLLATE=utf8mb3_bin COMMENT='Table information for phpMyAdmin';

-- --------------------------------------------------------

--
-- 테이블 구조 `pma__table_uiprefs`
--

CREATE TABLE `pma__table_uiprefs` (
  `username` varchar(64) NOT NULL,
  `db_name` varchar(64) NOT NULL,
  `table_name` varchar(64) NOT NULL,
  `prefs` text NOT NULL,
  `last_update` timestamp NOT NULL DEFAULT current_timestamp() ON UPDATE current_timestamp()
) ENGINE=InnoDB DEFAULT CHARSET=utf8mb3 COLLATE=utf8mb3_bin COMMENT='Tables'' UI preferences';

--
-- 테이블의 덤프 데이터 `pma__table_uiprefs`
--

INSERT INTO `pma__table_uiprefs` (`username`, `db_name`, `table_name`, `prefs`, `last_update`) VALUES
('root240', 'cakeshop', 'products', '{\"sorted_col\":\"`ZZZproductsZZZproductID` DESC\"}', '2025-03-12 11:04:53'),
('root240', 'dictionary', 'math_eng', '{\"sorted_col\":\"`id` ASC\"}', '2025-04-16 11:33:21'),
('root240', 'dictionary', 'phy_eng', '{\"sorted_col\":\"`id` DESC\"}', '2025-04-13 00:06:41'),
('root240', 'excel', 'excel_eng', '{\"sorted_col\":\"`excel_eng`.`sel` DESC\",\"CREATE_TIME\":\"2025-04-09 16:43:08\"}', '2025-04-11 00:54:58'),
('root240', 'fleemarket', 'food', '{\"sorted_col\":\"`F_ID` ASC, `R_ID` ASC\"}', '2025-03-19 08:30:32'),
('root240', 'foodorder', 'food', '{\"sorted_col\":\"`F_ID` DESC, `R_ID` DESC\"}', '2025-03-28 21:46:35'),
('root240', 'foodorder', 'orders', '{\"sorted_col\":\"`order_ID` DESC\"}', '2025-03-19 09:43:18'),
('root240', 'testing', 'check0422x', '{\"sorted_col\":\"`poll_id` DESC\",\"CREATE_TIME\":\"2024-09-08 09:39:36\",\"col_order\":[0,1,2,4,3,5,6,7],\"col_visib\":[1,1,1,1,1,1,1,1]}', '2025-02-15 07:07:28'),
('root240', 'testing', 'tbl_pollt2', '{\"sorted_col\":\"`poll_id` DESC\"}', '2024-10-19 01:01:06'),
('root240', 'testing', 'test0817', '{\"sorted_col\":\"`poll_id` DESC\"}', '2025-02-01 21:57:30'),
('root240', 'testing', 'test0817a', '{\"sorted_col\":\"`poll_id` DESC\"}', '2025-04-20 04:30:01');

-- --------------------------------------------------------

--
-- 테이블 구조 `pma__tracking`
--

CREATE TABLE `pma__tracking` (
  `db_name` varchar(64) NOT NULL,
  `table_name` varchar(64) NOT NULL,
  `version` int(10) UNSIGNED NOT NULL,
  `date_created` datetime NOT NULL,
  `date_updated` datetime NOT NULL,
  `schema_snapshot` text NOT NULL,
  `schema_sql` text DEFAULT NULL,
  `data_sql` longtext DEFAULT NULL,
  `tracking` set('UPDATE','REPLACE','INSERT','DELETE','TRUNCATE','CREATE DATABASE','ALTER DATABASE','DROP DATABASE','CREATE TABLE','ALTER TABLE','RENAME TABLE','DROP TABLE','CREATE INDEX','DROP INDEX','CREATE VIEW','ALTER VIEW','DROP VIEW') DEFAULT NULL,
  `tracking_active` int(1) UNSIGNED NOT NULL DEFAULT 1
) ENGINE=InnoDB DEFAULT CHARSET=utf8mb3 COLLATE=utf8mb3_bin COMMENT='Database changes tracking for phpMyAdmin';

-- --------------------------------------------------------

--
-- 테이블 구조 `pma__userconfig`
--

CREATE TABLE `pma__userconfig` (
  `username` varchar(64) NOT NULL,
  `timevalue` timestamp NOT NULL DEFAULT current_timestamp() ON UPDATE current_timestamp(),
  `config_data` text NOT NULL
) ENGINE=InnoDB DEFAULT CHARSET=utf8mb3 COLLATE=utf8mb3_bin COMMENT='User preferences storage for phpMyAdmin';

--
-- 테이블의 덤프 데이터 `pma__userconfig`
--

INSERT INTO `pma__userconfig` (`username`, `timevalue`, `config_data`) VALUES
('admin', '2024-08-05 23:01:57', '{\"lang\":\"ko\",\"Console\\/Mode\":\"collapse\"}'),
('root', '2024-07-23 01:37:16', '{\"lang\":\"ko\",\"Console\\/Mode\":\"collapse\"}'),
('root240', '2025-04-20 06:28:48', '{\"lang\":\"ko\",\"Console\\/Mode\":\"collapse\",\"NavigationWidth\":302}');

-- --------------------------------------------------------

--
-- 테이블 구조 `pma__usergroups`
--

CREATE TABLE `pma__usergroups` (
  `usergroup` varchar(64) NOT NULL,
  `tab` varchar(64) NOT NULL,
  `allowed` enum('Y','N') NOT NULL DEFAULT 'N'
) ENGINE=InnoDB DEFAULT CHARSET=utf8mb3 COLLATE=utf8mb3_bin COMMENT='User groups with configured menu items';

-- --------------------------------------------------------

--
-- 테이블 구조 `pma__users`
--

CREATE TABLE `pma__users` (
  `username` varchar(64) NOT NULL,
  `usergroup` varchar(64) NOT NULL
) ENGINE=InnoDB DEFAULT CHARSET=utf8mb3 COLLATE=utf8mb3_bin COMMENT='Users and their assignments to user groups';

--
-- 덤프된 테이블의 인덱스
--

--
-- 테이블의 인덱스 `pma__bookmark`
--
ALTER TABLE `pma__bookmark`
  ADD PRIMARY KEY (`id`);

--
-- 테이블의 인덱스 `pma__central_columns`
--
ALTER TABLE `pma__central_columns`
  ADD PRIMARY KEY (`db_name`,`col_name`);

--
-- 테이블의 인덱스 `pma__column_info`
--
ALTER TABLE `pma__column_info`
  ADD PRIMARY KEY (`id`),
  ADD UNIQUE KEY `db_name` (`db_name`,`table_name`,`column_name`);

--
-- 테이블의 인덱스 `pma__designer_settings`
--
ALTER TABLE `pma__designer_settings`
  ADD PRIMARY KEY (`username`);

--
-- 테이블의 인덱스 `pma__export_templates`
--
ALTER TABLE `pma__export_templates`
  ADD PRIMARY KEY (`id`),
  ADD UNIQUE KEY `u_user_type_template` (`username`,`export_type`,`template_name`);

--
-- 테이블의 인덱스 `pma__favorite`
--
ALTER TABLE `pma__favorite`
  ADD PRIMARY KEY (`username`);

--
-- 테이블의 인덱스 `pma__history`
--
ALTER TABLE `pma__history`
  ADD PRIMARY KEY (`id`),
  ADD KEY `username` (`username`,`db`,`table`,`timevalue`);

--
-- 테이블의 인덱스 `pma__navigationhiding`
--
ALTER TABLE `pma__navigationhiding`
  ADD PRIMARY KEY (`username`,`item_name`,`item_type`,`db_name`,`table_name`);

--
-- 테이블의 인덱스 `pma__pdf_pages`
--
ALTER TABLE `pma__pdf_pages`
  ADD PRIMARY KEY (`page_nr`),
  ADD KEY `db_name` (`db_name`);

--
-- 테이블의 인덱스 `pma__recent`
--
ALTER TABLE `pma__recent`
  ADD PRIMARY KEY (`username`);

--
-- 테이블의 인덱스 `pma__relation`
--
ALTER TABLE `pma__relation`
  ADD PRIMARY KEY (`master_db`,`master_table`,`master_field`),
  ADD KEY `foreign_field` (`foreign_db`,`foreign_table`);

--
-- 테이블의 인덱스 `pma__savedsearches`
--
ALTER TABLE `pma__savedsearches`
  ADD PRIMARY KEY (`id`),
  ADD UNIQUE KEY `u_savedsearches_username_dbname` (`username`,`db_name`,`search_name`);

--
-- 테이블의 인덱스 `pma__table_coords`
--
ALTER TABLE `pma__table_coords`
  ADD PRIMARY KEY (`db_name`,`table_name`,`pdf_page_number`);

--
-- 테이블의 인덱스 `pma__table_info`
--
ALTER TABLE `pma__table_info`
  ADD PRIMARY KEY (`db_name`,`table_name`);

--
-- 테이블의 인덱스 `pma__table_uiprefs`
--
ALTER TABLE `pma__table_uiprefs`
  ADD PRIMARY KEY (`username`,`db_name`,`table_name`);

--
-- 테이블의 인덱스 `pma__tracking`
--
ALTER TABLE `pma__tracking`
  ADD PRIMARY KEY (`db_name`,`table_name`,`version`);

--
-- 테이블의 인덱스 `pma__userconfig`
--
ALTER TABLE `pma__userconfig`
  ADD PRIMARY KEY (`username`);

--
-- 테이블의 인덱스 `pma__usergroups`
--
ALTER TABLE `pma__usergroups`
  ADD PRIMARY KEY (`usergroup`,`tab`,`allowed`);

--
-- 테이블의 인덱스 `pma__users`
--
ALTER TABLE `pma__users`
  ADD PRIMARY KEY (`username`,`usergroup`);

--
-- 덤프된 테이블의 AUTO_INCREMENT
--

--
-- 테이블의 AUTO_INCREMENT `pma__bookmark`
--
ALTER TABLE `pma__bookmark`
  MODIFY `id` int(10) UNSIGNED NOT NULL AUTO_INCREMENT;

--
-- 테이블의 AUTO_INCREMENT `pma__column_info`
--
ALTER TABLE `pma__column_info`
  MODIFY `id` int(5) UNSIGNED NOT NULL AUTO_INCREMENT;

--
-- 테이블의 AUTO_INCREMENT `pma__export_templates`
--
ALTER TABLE `pma__export_templates`
  MODIFY `id` int(5) UNSIGNED NOT NULL AUTO_INCREMENT;

--
-- 테이블의 AUTO_INCREMENT `pma__history`
--
ALTER TABLE `pma__history`
  MODIFY `id` bigint(20) UNSIGNED NOT NULL AUTO_INCREMENT;

--
-- 테이블의 AUTO_INCREMENT `pma__pdf_pages`
--
ALTER TABLE `pma__pdf_pages`
  MODIFY `page_nr` int(10) UNSIGNED NOT NULL AUTO_INCREMENT;

--
-- 테이블의 AUTO_INCREMENT `pma__savedsearches`
--
ALTER TABLE `pma__savedsearches`
  MODIFY `id` int(5) UNSIGNED NOT NULL AUTO_INCREMENT;
--
-- 데이터베이스: `phppoll_advanced`
--
CREATE DATABASE IF NOT EXISTS `phppoll_advanced` DEFAULT CHARACTER SET utf8mb3 COLLATE utf8mb3_general_ci;
USE `phppoll_advanced`;

-- --------------------------------------------------------

--
-- 테이블 구조 `accounts`
--

CREATE TABLE `accounts` (
  `id` int(11) NOT NULL,
  `email` varchar(100) NOT NULL,
  `password` varchar(255) NOT NULL,
  `display_name` varchar(50) NOT NULL,
  `role` enum('Admin','Member') NOT NULL
) ENGINE=InnoDB DEFAULT CHARSET=utf8mb3 COLLATE=utf8mb3_general_ci;

--
-- 테이블의 덤프 데이터 `accounts`
--

INSERT INTO `accounts` (`id`, `email`, `password`, `display_name`, `role`) VALUES
(1, 'admin@example.com', '$2y$10$ZU7Jq5yZ1U/ifeJoJzvLbenjRyJVkSzmQKQc.X0KDPkfR3qs/iA7O', 'Admin', 'Admin');

-- --------------------------------------------------------

--
-- 테이블 구조 `polls`
--

CREATE TABLE `polls` (
  `id` int(11) NOT NULL,
  `title` text NOT NULL,
  `description` text NOT NULL,
  `created` datetime NOT NULL DEFAULT current_timestamp(),
  `start_date` datetime NOT NULL DEFAULT current_timestamp(),
  `end_date` datetime DEFAULT NULL,
  `approved` tinyint(1) NOT NULL DEFAULT 1,
  `num_choices` tinyint(1) NOT NULL DEFAULT 1
) ENGINE=InnoDB DEFAULT CHARSET=utf8mb3 COLLATE=utf8mb3_general_ci;

--
-- 테이블의 덤프 데이터 `polls`
--

INSERT INTO `polls` (`id`, `title`, `description`, `created`, `start_date`, `end_date`, `approved`, `num_choices`) VALUES
(1, 'What\'s your favorite coding language?', '', '2024-01-01 00:00:00', '2024-01-01 00:00:00', NULL, 1, 1),
(2, 'What\'s your favorite gaming console?', '', '2024-01-01 00:00:00', '2024-01-01 00:00:00', '2024-02-01 00:00:00', 1, 1),
(3, 'What\'s your favorite car manufacturer?', 'This is a test description.', '2024-01-01 00:00:00', '2024-01-01 00:00:00', '2024-02-01 00:00:00', 1, 1),
(14, '5', '5', '2025-03-20 22:37:00', '2025-03-20 22:37:00', '2025-03-27 22:37:00', 1, 1),
(16, '5', '5', '2025-03-21 08:18:16', '2025-03-21 08:18:16', NULL, 1, 1),
(17, '6', '6', '2025-03-21 08:18:30', '2025-03-21 08:18:30', NULL, 1, 1),
(18, '7', '7', '2025-03-21 08:18:49', '2025-03-21 08:18:49', NULL, 1, 1);

-- --------------------------------------------------------

--
-- 테이블 구조 `polls_categories`
--

CREATE TABLE `polls_categories` (
  `id` int(11) NOT NULL,
  `title` varchar(255) NOT NULL,
  `description` text NOT NULL,
  `created` datetime NOT NULL
) ENGINE=InnoDB DEFAULT CHARSET=utf8mb3 COLLATE=utf8mb3_general_ci;

--
-- 테이블의 덤프 데이터 `polls_categories`
--

INSERT INTO `polls_categories` (`id`, `title`, `description`, `created`) VALUES
(1, 'General', 'This is a test description.', '2024-01-01 00:00:00'),
(2, 'Coding', 'This is a test description.', '2024-01-01 00:00:00');

-- --------------------------------------------------------

--
-- 테이블 구조 `poll_answers`
--

CREATE TABLE `poll_answers` (
  `id` int(11) NOT NULL,
  `poll_id` int(11) NOT NULL,
  `title` varchar(255) NOT NULL,
  `votes` int(11) NOT NULL DEFAULT 0,
  `img` varchar(255) NOT NULL DEFAULT ''
) ENGINE=InnoDB DEFAULT CHARSET=utf8mb3 COLLATE=utf8mb3_general_ci;

--
-- 테이블의 덤프 데이터 `poll_answers`
--

INSERT INTO `poll_answers` (`id`, `poll_id`, `title`, `votes`, `img`) VALUES
(1, 1, 'PHP', 47, ''),
(2, 1, 'Python', 39, ''),
(3, 1, 'C#', 24, ''),
(4, 1, 'Java', 17, ''),
(5, 2, 'PlayStation 5', 50, ''),
(6, 2, 'Xbox Series X', 62, ''),
(7, 2, 'Nintendo Switch', 32, ''),
(8, 3, 'BMW', 225, ''),
(9, 3, 'Ford', 194, ''),
(10, 3, 'Tesla', 248, ''),
(11, 3, 'Honda', 129, ''),
(12, 2, 'Steam Deck', 0, ''),
(22, 18, '7\r', 0, ''),
(23, 18, '8\r', 0, ''),
(24, 18, '9', 0, '');

-- --------------------------------------------------------

--
-- 테이블 구조 `poll_categories`
--

CREATE TABLE `poll_categories` (
  `id` int(11) NOT NULL,
  `poll_id` int(11) NOT NULL,
  `category_id` int(11) NOT NULL
) ENGINE=InnoDB DEFAULT CHARSET=utf8mb3 COLLATE=utf8mb3_general_ci;

--
-- 테이블의 덤프 데이터 `poll_categories`
--

INSERT INTO `poll_categories` (`id`, `poll_id`, `category_id`) VALUES
(1, 1, 1),
(2, 1, 2),
(3, 2, 1),
(4, 3, 1);

-- --------------------------------------------------------

--
-- 테이블 구조 `poll_votes`
--

CREATE TABLE `poll_votes` (
  `id` int(11) NOT NULL,
  `poll_id` int(11) NOT NULL,
  `ip_address` varchar(255) NOT NULL,
  `created` datetime NOT NULL
) ENGINE=InnoDB DEFAULT CHARSET=utf8mb3 COLLATE=utf8mb3_general_ci;

--
-- 덤프된 테이블의 인덱스
--

--
-- 테이블의 인덱스 `accounts`
--
ALTER TABLE `accounts`
  ADD PRIMARY KEY (`id`);

--
-- 테이블의 인덱스 `polls`
--
ALTER TABLE `polls`
  ADD PRIMARY KEY (`id`);

--
-- 테이블의 인덱스 `polls_categories`
--
ALTER TABLE `polls_categories`
  ADD PRIMARY KEY (`id`);

--
-- 테이블의 인덱스 `poll_answers`
--
ALTER TABLE `poll_answers`
  ADD PRIMARY KEY (`id`);

--
-- 테이블의 인덱스 `poll_categories`
--
ALTER TABLE `poll_categories`
  ADD PRIMARY KEY (`id`),
  ADD UNIQUE KEY `poll_id` (`poll_id`,`category_id`);

--
-- 테이블의 인덱스 `poll_votes`
--
ALTER TABLE `poll_votes`
  ADD PRIMARY KEY (`id`);

--
-- 덤프된 테이블의 AUTO_INCREMENT
--

--
-- 테이블의 AUTO_INCREMENT `accounts`
--
ALTER TABLE `accounts`
  MODIFY `id` int(11) NOT NULL AUTO_INCREMENT, AUTO_INCREMENT=2;

--
-- 테이블의 AUTO_INCREMENT `polls`
--
ALTER TABLE `polls`
  MODIFY `id` int(11) NOT NULL AUTO_INCREMENT, AUTO_INCREMENT=19;

--
-- 테이블의 AUTO_INCREMENT `polls_categories`
--
ALTER TABLE `polls_categories`
  MODIFY `id` int(11) NOT NULL AUTO_INCREMENT, AUTO_INCREMENT=3;

--
-- 테이블의 AUTO_INCREMENT `poll_answers`
--
ALTER TABLE `poll_answers`
  MODIFY `id` int(11) NOT NULL AUTO_INCREMENT, AUTO_INCREMENT=25;

--
-- 테이블의 AUTO_INCREMENT `poll_categories`
--
ALTER TABLE `poll_categories`
  MODIFY `id` int(11) NOT NULL AUTO_INCREMENT, AUTO_INCREMENT=5;

--
-- 테이블의 AUTO_INCREMENT `poll_votes`
--
ALTER TABLE `poll_votes`
  MODIFY `id` int(11) NOT NULL AUTO_INCREMENT;
--
-- 데이터베이스: `PLEASE_READ_ME_XMG`
--
CREATE DATABASE IF NOT EXISTS `PLEASE_READ_ME_XMG` DEFAULT CHARACTER SET utf8mb3 COLLATE utf8mb3_unicode_ci;
USE `PLEASE_READ_ME_XMG`;

-- --------------------------------------------------------

--
-- 테이블 구조 `WARNING`
--

CREATE TABLE `WARNING` (
  `id` int(11) NOT NULL,
  `warning` text DEFAULT NULL,
  `website` text DEFAULT NULL,
  `token` text DEFAULT NULL
) ENGINE=InnoDB DEFAULT CHARSET=utf8mb3 COLLATE=utf8mb3_unicode_ci;

--
-- 테이블의 덤프 데이터 `WARNING`
--

INSERT INTO `WARNING` (`id`, `warning`, `website`, `token`) VALUES
(1, 'To recover your lost databases and avoid leaking it: visit http://o42xfh5kao7mrtesnok5jgdsfagjsgzxlxdlpkpd2x6lpckhzk225yad.onion and enter your unique token b427a6c6ff6d08d2 and pay the required amount of Bitcoin to get it back. Databases that we have: testing2, poll, dkang, newsportal, testing. Your databases are downloaded and backed up on our servers. If we dont receive your payment in the next 9 Days, we will sell your database to the highest bidder or use them otherwise. To access this site you have use the tor browser https://www.torproject.org/projects/torbrowser.html', 'http://o42xfh5kao7mrtesnok5jgdsfagjsgzxlxdlpkpd2x6lpckhzk225yad.onion', 'b427a6c6ff6d08d2');

--
-- 덤프된 테이블의 인덱스
--

--
-- 테이블의 인덱스 `WARNING`
--
ALTER TABLE `WARNING`
  ADD PRIMARY KEY (`id`);
--
-- 데이터베이스: `shopping`
--
CREATE DATABASE IF NOT EXISTS `shopping` DEFAULT CHARACTER SET utf8mb3 COLLATE utf8mb3_unicode_ci;
USE `shopping`;

-- --------------------------------------------------------

--
-- 테이블 구조 `admin`
--

CREATE TABLE `admin` (
  `id` int(11) NOT NULL,
  `username` varchar(255) NOT NULL,
  `password` varchar(255) NOT NULL,
  `creationDate` timestamp NOT NULL DEFAULT current_timestamp(),
  `updationDate` varchar(255) NOT NULL
) ENGINE=InnoDB DEFAULT CHARSET=utf8mb3 COLLATE=utf8mb3_unicode_ci;

--
-- 테이블의 덤프 데이터 `admin`
--

INSERT INTO `admin` (`id`, `username`, `password`, `creationDate`, `updationDate`) VALUES
(1, 'admin', '21232f297a57a5a743894a0e4a801fc3', '2017-01-24 16:21:18', '04-10-2021 05:12:58 AM');

-- --------------------------------------------------------

--
-- 테이블 구조 `category`
--

CREATE TABLE `category` (
  `id` int(11) NOT NULL,
  `categoryName` varchar(255) DEFAULT NULL,
  `categoryDescription` longtext DEFAULT NULL,
  `creationDate` timestamp NOT NULL DEFAULT current_timestamp(),
  `updationDate` varchar(255) DEFAULT NULL
) ENGINE=InnoDB DEFAULT CHARSET=utf8mb3 COLLATE=utf8mb3_unicode_ci;

--
-- 테이블의 덤프 데이터 `category`
--

INSERT INTO `category` (`id`, `categoryName`, `categoryDescription`, `creationDate`, `updationDate`) VALUES
(1, '<i class=\"icon fa fa-institution\"></i>', '뉴스\r\n중앙당일정\r\n사진', '2017-01-24 19:17:37', '08-11-2021 05:02:04 PM'),
(4, '국 회 ', '국회의원', '2017-01-24 19:19:32', '08-11-2021 12:43:01 PM'),
(5, '자 치', '자치단체장\r\n지방의회', '2017-01-24 19:19:54', '08-11-2021 12:42:36 PM'),
(6, '행정', '가입안내\r\n선거인단\r\n당비납부\r\n', '2017-02-20 19:18:52', '22-02-2022 12:08:18 PM'),
(7, '투 표', '후보 선출', '2021-09-21 23:48:26', '08-11-2021 12:43:18 PM'),
(15, '서울', '', '2021-11-07 06:38:29', NULL),
(16, '경기', '', '2021-11-07 06:38:39', NULL),
(17, '강원', '', '2021-11-07 06:38:47', '07-11-2021 12:09:54 PM'),
(18, '충청', '', '2021-11-07 06:38:52', '07-11-2021 12:10:09 PM'),
(19, '경상', '', '2021-11-07 06:39:20', NULL),
(20, '전라', '', '2021-11-07 06:39:26', NULL),
(21, '제주', '', '2021-11-07 06:39:32', NULL),
(22, '제주', '', '2021-11-07 06:39:40', NULL);

-- --------------------------------------------------------

--
-- 테이블 구조 `orders`
--

CREATE TABLE `orders` (
  `id` int(11) NOT NULL,
  `userId` int(11) DEFAULT NULL,
  `productId` varchar(255) DEFAULT NULL,
  `quantity` int(11) DEFAULT NULL,
  `orderDate` timestamp NOT NULL DEFAULT current_timestamp(),
  `paymentMethod` varchar(50) DEFAULT NULL,
  `orderStatus` varchar(55) DEFAULT NULL
) ENGINE=InnoDB DEFAULT CHARSET=utf8mb3 COLLATE=utf8mb3_unicode_ci;

--
-- 테이블의 덤프 데이터 `orders`
--

INSERT INTO `orders` (`id`, `userId`, `productId`, `quantity`, `orderDate`, `paymentMethod`, `orderStatus`) VALUES
(205, 7, '11', 1, '2021-10-13 09:01:43', 'COD', NULL),
(269, 1, '2', 1, '2021-10-25 22:49:10', 'COD', NULL),
(270, 1, '3', 1, '2021-10-25 22:49:10', 'COD', NULL),
(309, 3, '2', 1, '2021-10-30 23:19:17', 'COD', NULL),
(310, 3, '3', 1, '2021-10-30 23:19:17', 'COD', NULL),
(320, 8, '6', 1, '2021-11-04 06:30:40', 'COD', NULL),
(325, 8, '2', 1, '2021-11-04 09:21:21', 'COD', NULL),
(335, 3, '24', 1, '2021-11-04 11:30:11', 'COD', NULL),
(336, 3, '26', 1, '2021-11-04 11:30:11', 'COD', NULL),
(337, 9, '2', 1, '2021-11-05 11:00:22', 'COD', NULL),
(338, 9, '25', 1, '2021-11-05 11:01:43', 'COD', NULL),
(339, 9, '4', 1, '2021-11-05 11:05:27', 'COD', NULL),
(340, 14, '11', 1, '2021-11-06 01:02:07', 'COD', NULL),
(341, 20, '3', 1, '2021-11-06 01:10:49', 'COD', NULL),
(342, 21, '2', 1, '2021-11-06 01:14:54', 'COD', NULL),
(344, 29, '4', 1, '2021-11-06 06:45:56', 'COD', NULL),
(345, 31, '2', 1, '2021-11-06 08:04:30', 'COD', NULL),
(349, 33, '2', 1, '2021-11-07 23:04:06', 'COD', NULL),
(350, 33, '3', 1, '2021-11-07 23:04:06', 'COD', NULL),
(370, 31, '3', 1, '2021-11-08 23:50:35', 'COD', NULL),
(372, 31, '22', 1, '2021-11-09 01:39:39', 'COD', NULL),
(373, 43, '2', 1, '2021-11-09 07:51:51', 'COD', NULL),
(374, 43, '3', 1, '2021-11-09 07:51:51', 'COD', NULL),
(375, 4, '11', 1, '2021-11-09 11:06:33', 'COD', NULL),
(376, 4, '2', 1, '2021-11-09 11:07:32', 'COD', NULL),
(377, 4, '3', 1, '2021-11-09 11:07:32', 'COD', NULL),
(379, 45, '2', 1, '2021-11-09 22:20:46', 'COD', NULL),
(380, 45, '3', 1, '2021-11-09 22:20:46', 'COD', NULL),
(381, 45, '11', 1, '2021-11-09 22:20:46', 'COD', NULL),
(382, 48, '11', 1, '2021-11-09 23:40:09', 'COD', NULL),
(384, 49, '2', 1, '2021-11-10 09:40:57', 'COD', NULL),
(385, 49, '3', 1, '2021-11-10 09:40:57', 'COD', NULL),
(386, 49, '11', 1, '2021-11-10 09:42:19', 'COD', NULL),
(388, 55, '3', 1, '2021-11-28 05:48:49', 'COD', NULL),
(389, 55, '11', 1, '2021-11-28 05:48:49', 'COD', NULL),
(391, 55, '19', 1, '2022-01-12 08:15:52', 'COD', NULL),
(392, 55, '1', 1, '2022-01-23 07:50:03', 'COD', NULL),
(394, 55, '26', 1, '2022-02-09 22:21:54', 'COD', NULL),
(395, 55, '12', 1, '2022-02-10 09:47:04', 'COD', NULL);

-- --------------------------------------------------------

--
-- 테이블 구조 `ordertrackhistory`
--

CREATE TABLE `ordertrackhistory` (
  `id` int(11) NOT NULL,
  `orderId` int(11) DEFAULT NULL,
  `status` varchar(255) DEFAULT NULL,
  `remark` mediumtext DEFAULT NULL,
  `postingDate` timestamp NOT NULL DEFAULT current_timestamp()
) ENGINE=InnoDB DEFAULT CHARSET=utf8mb3 COLLATE=utf8mb3_unicode_ci;

--
-- 테이블의 덤프 데이터 `ordertrackhistory`
--

INSERT INTO `ordertrackhistory` (`id`, `orderId`, `status`, `remark`, `postingDate`) VALUES
(1, 3, 'in Process', 'Order has been Shipped.', '2017-03-10 19:36:45'),
(2, 1, 'Delivered', 'Order Has been delivered', '2017-03-10 19:37:31'),
(3, 3, 'Delivered', 'Product delivered successfully', '2017-03-10 19:43:04'),
(4, 4, 'in Process', 'Product ready for Shipping', '2017-03-10 19:50:36'),
(5, 1, 'Delivered', 'sdf', '2020-07-01 10:02:28'),
(6, 6, 'Delivered', 'good', '2020-07-01 10:32:33');

-- --------------------------------------------------------

--
-- 테이블 구조 `productreviews`
--

CREATE TABLE `productreviews` (
  `id` int(11) NOT NULL,
  `productId` int(11) DEFAULT NULL,
  `quality` int(11) DEFAULT NULL,
  `price` int(11) DEFAULT NULL,
  `value` int(11) DEFAULT NULL,
  `name` varchar(255) DEFAULT NULL,
  `summary` varchar(255) DEFAULT NULL,
  `review` longtext DEFAULT NULL,
  `reviewDate` timestamp NOT NULL DEFAULT current_timestamp()
) ENGINE=InnoDB DEFAULT CHARSET=utf8mb3 COLLATE=utf8mb3_unicode_ci;

--
-- 테이블의 덤프 데이터 `productreviews`
--

INSERT INTO `productreviews` (`id`, `productId`, `quality`, `price`, `value`, `name`, `summary`, `review`, `reviewDate`) VALUES
(4, 3, 3, 4, 3, 'name', '제목', 'review', '2017-02-26 20:59:19'),
(6, 3, 2, 0, 0, 'name', '제목', 'review 댓글', '2020-07-01 10:31:03'),
(7, 17, 4, 3, 5, '이름ks', 'subj', 'review댓글', '2021-09-22 11:25:47'),
(25, 20, 1, 1, 1, '이름', '제목', '댓글', '2021-10-29 06:40:50'),
(36, 24, 1, 3, 4, '원', '원', '원댓글', '2021-11-01 22:55:01'),
(37, 6, 2, 2, 2, '이른테스트', '신익희 제목테스트', '댓글 테스트', '2021-11-01 23:04:10'),
(38, 11, 5, 5, 5, '이름 김문수', '제목 김문수', '댓글 김문수', '2021-11-01 23:13:24'),
(41, 3, 5, 5, 5, '이름: 김복동', '제목  대선', '선거 운동', '2021-11-02 05:54:21'),
(42, 11, 5, 5, 5, '구성수 분당 보건소장', '직분을 다 하는 분들(정치인으로 추천)', '구성수  분당보건소장 https://youtu.be/vdux7SXpoVg\r\n', '2022-01-22 23:02:32'),
(43, 11, 5, 5, 5, '장영하 변호사', '직분을 다하는 분들(정치인으로 추천)', '장영하 변호사 https://youtu.be/75uRtVjCzHQ', '2022-01-22 23:04:53'),
(44, 11, 5, 5, 5, '김사랑 ', '직분을 다하는 분들(정치인으로 추천)', '김사랑  https://youtu.be/uHMEYDGeQ7M', '2022-01-22 23:07:08');

-- --------------------------------------------------------

--
-- 테이블 구조 `products`
--

CREATE TABLE `products` (
  `id` int(11) NOT NULL,
  `category` int(11) NOT NULL,
  `subCategory` int(11) DEFAULT NULL,
  `productName` varchar(127) DEFAULT NULL,
  `product_text` text DEFAULT NULL,
  `productCompany` varchar(127) DEFAULT NULL,
  `productPrice` int(11) DEFAULT NULL,
  `productPriceBeforeDiscount` int(11) DEFAULT 0,
  `productDescription` longtext DEFAULT NULL,
  `productImage1` varchar(127) DEFAULT NULL,
  `productImage2` varchar(127) DEFAULT NULL,
  `productImage3` varchar(127) DEFAULT NULL,
  `productImage4` varchar(127) DEFAULT NULL,
  `shippingCharge` varchar(127) DEFAULT NULL,
  `productAvailability` varchar(127) DEFAULT NULL,
  `postingDate` timestamp NULL DEFAULT current_timestamp(),
  `updationDate` varchar(127) DEFAULT NULL
) ENGINE=InnoDB DEFAULT CHARSET=utf8mb3 COLLATE=utf8mb3_unicode_ci;

--
-- 테이블의 덤프 데이터 `products`
--

INSERT INTO `products` (`id`, `category`, `subCategory`, `productName`, `product_text`, `productCompany`, `productPrice`, `productPriceBeforeDiscount`, `productDescription`, `productImage1`, `productImage2`, `productImage3`, `productImage4`, `shippingCharge`, `productAvailability`, `postingDate`, `updationDate`) VALUES
(1, 4, 3, '김진태', '국회의원<div>종로갑</div>', '한국당<br>한국당', 1000, 2, '<div class=\"HoUsOy\" style=\"box-sizing: border-box; margin: 0px; padding: 0px 0px 16px; font-size: 18px; white-space: nowrap; line-height: 1.4; color: rgb(33, 33, 33); font-family: Roboto, Arial, sans-serif;\">General</div><ul style=\"box-sizing: border-box; margin-bottom: 0px; margin-left: 0px; color: rgb(33, 33, 33); font-family: Roboto, Arial, sans-serif; font-size: 14px;\"><li class=\"_1KuY3T row\" style=\"box-sizing: border-box; margin: 0px; padding: 0px 0px 16px; list-style: none; display: flex; flex-flow: row wrap; width: 731px;\"><div class=\"vmXPri col col-3-12\" style=\"box-sizing: border-box; margin: 0px; padding: 0px 8px 0px 0px; width: 182.75px; display: inline-block; vertical-align: top; color: rgb(135, 135, 135);\">Sales Package</div><ul class=\"_3dG3ix col col-9-12\" style=\"box-sizing: border-box; margin-left: 0px; width: 548.25px; display: inline-block; vertical-align: top; line-height: 1.4;\"><li class=\"sNqDog\" style=\"box-sizing: border-box; margin: 0px; padding: 0px; list-style: none;\">1 TV Unit, Remote Controller, Battery (For Remote Controller), Quick Installation Guide and User Manual: All in One, Wall Mount Support</li></ul></li><li class=\"_1KuY3T row\" style=\"box-sizing: border-box; margin: 0px; padding: 0px 0px 16px; list-style: none; display: flex; flex-flow: row wrap; width: 731px;\"><div class=\"vmXPri col col-3-12\" style=\"box-sizing: border-box; margin: 0px; padding: 0px 8px 0px 0px; width: 182.75px; display: inline-block; vertical-align: top; color: rgb(135, 135, 135);\">Model Name</div><ul class=\"_3dG3ix col col-9-12\" style=\"box-sizing: border-box; margin-left: 0px; width: 548.25px; display: inline-block; vertical-align: top; line-height: 1.4;\"><li class=\"sNqDog\" style=\"box-sizing: border-box; margin: 0px; padding: 0px; list-style: none;\">32T6175MHD</li></ul></li><li class=\"_1KuY3T row\" style=\"box-sizing: border-box; margin: 0px; padding: 0px 0px 16px; list-style: none; display: flex; flex-flow: row wrap; width: 731px;\"><div class=\"vmXPri col col-3-12\" style=\"box-sizing: border-box; margin: 0px; padding: 0px 8px 0px 0px; width: 182.75px; display: inline-block; vertical-align: top; color: rgb(135, 135, 135);\">Display Size</div><ul class=\"_3dG3ix col col-9-12\" style=\"box-sizing: border-box; margin-left: 0px; width: 548.25px; display: inline-block; vertical-align: top; line-height: 1.4;\"><li class=\"sNqDog\" style=\"box-sizing: border-box; margin: 0px; padding: 0px; list-style: none;\">81 cm (32)</li></ul></li><li class=\"_1KuY3T row\" style=\"box-sizing: border-box; margin: 0px; padding: 0px 0px 16px; list-style: none; display: flex; flex-flow: row wrap; width: 731px;\"><div class=\"vmXPri col col-3-12\" style=\"box-sizing: border-box; margin: 0px; padding: 0px 8px 0px 0px; width: 182.75px; display: inline-block; vertical-align: top; color: rgb(135, 135, 135);\">Screen Type</div><ul class=\"_3dG3ix col col-9-12\" style=\"box-sizing: border-box; margin-left: 0px; width: 548.25px; display: inline-block; vertical-align: top; line-height: 1.4;\"><li class=\"sNqDog\" style=\"box-sizing: border-box; margin: 0px; padding: 0px; list-style: none;\">LED</li></ul></li><li class=\"_1KuY3T row\" style=\"box-sizing: border-box; margin: 0px; padding: 0px 0px 16px; list-style: none; display: flex; flex-flow: row wrap; width: 731px;\"><div class=\"vmXPri col col-3-12\" style=\"box-sizing: border-box; margin: 0px; padding: 0px 8px 0px 0px; width: 182.75px; display: inline-block; vertical-align: top; color: rgb(135, 135, 135);\">HD Technology &amp; Resolutiontest</div><ul class=\"_3dG3ix col col-9-12\" style=\"box-sizing: border-box; margin-left: 0px; width: 548.25px; display: inline-block; vertical-align: top; line-height: 1.4;\"><li class=\"sNqDog\" style=\"box-sizing: border-box; margin: 0px; padding: 0px; list-style: none;\">HD Ready, 1366 x 768</li></ul></li></ul>', 'kim1.jpg', 'p.jpg', 'p2.jpg', NULL, '0', 'In Stock', '2017-01-30 16:54:35', ''),
(2, 4, 4, '박대출', '마마마마마마마마마마가가나나다다라라', '한국당', 1000, 2, '<span style=\"color: rgb(0, 0, 0); font-family: 굴림, gulim, sans-serif; font-size: 17px; letter-spacing: -0.3px;\">“사람들은 나에게 늘 ‘</span><span data-type=\"ore\" data-lang=\"en\" style=\"color: rgb(0, 0, 0); font-family: 굴림, gulim, sans-serif; font-size: 17px; letter-spacing: -0.3px;\">CEO</span><span style=\"color: rgb(0, 0, 0); font-family: 굴림, gulim, sans-serif; font-size: 17px; letter-spacing: -0.3px;\">로 성공한 비결이 뭡니까?’&nbsp;</span>', 'park2.jpg', '자료.png', 'p2.jpg', NULL, '0', 'In Stock', '2017-01-30 16:59:00', ''),
(3, 4, 28, '김미애', '<div>해운대을</div><div>국회의원</div>', '한국당', 1000, 2, '<span style=\"color: rgb(0, 0, 0); font-family: 굴림, gulim, sans-serif; font-size: 17px; letter-spacing: -0.3px;\">“기업을 만들고 경영한다는 것이 원래 어려운 일,&nbsp;</span>', '화면 캡처 2021-10-13 172150.jpg', 'p.jpg', 'p2.jpg', NULL, '0', 'In Stock', '2017-02-04 04:03:15', ''),
(4, 4, 4, '만화가', '만화뉴스뉴스뉴스뉴스<div><br></div>', 'IBM', 1000, 0, '<ul><li>투표는 아래 푸른색 링크를 누르세요⬇️</li></ul><div><span style=\"color: rgb(13, 13, 13); font-family: Roboto, Noto, sans-serif; font-size: 15px; white-space: pre-wrap;\">http://vote.jumpingcrab.com/test/0807/sampleone</span><span style=\"color: rgb(13, 13, 13); font-family: Roboto, Noto, sans-serif; font-size: 15px; white-space: pre-wrap;\">\r\n\r\n</span><span style=\"color: rgb(13, 13, 13); font-family: Roboto, Noto, sans-serif; font-size: 15px; white-space: pre-wrap;\">http://vote.jumpingcrab.com/t0422/0</span><span style=\"color: rgb(13, 13, 13); font-family: Roboto, Noto, sans-serif; font-size: 15px; white-space: pre-wrap;\">\r\n\r\n*****이하 참고*****\r\nYoutub 시청 중 \"투표\" 9초後, 본래의 동영상으로 return 실험\r\nWindow close실험  </span><span style=\"color: rgb(13, 13, 13); font-family: Roboto, Noto, sans-serif; font-size: 15px; white-space: pre-wrap;\">http://vote.jumpingcrab.com/test/0807/sampleone9sec</span><span style=\"color: rgb(13, 13, 13); font-family: Roboto, Noto, sans-serif; font-size: 15px; white-space: pre-wrap;\">\r\n\r\n샘플들 1  .2  .3 .4  \r\n</span><span style=\"color: rgb(13, 13, 13); font-family: Roboto, Noto, sans-serif; font-size: 15px; white-space: pre-wrap;\">http://vote.jumpingcrab.com/1hospital/1kwang0</span><br></div>', 'admin.jpg', '화면 캡처 2021-09-22 095910.jpg', 'p2.jpg', NULL, '0', 'In Stock', '2017-02-04 04:04:43', ''),
(6, 4, 4, '신익히', '신익희<div>신익희</div>', 'Samsung', 1000, 0, 'Shin', '화면 캡처 2021-10-28 134617.jpg', 'p.jpg', 'p2.jpg', NULL, '0', 'In Stock', '2017-02-04 04:08:07', ''),
(11, 6, 237, '김문수', '국회의원<div>경기지사</div>', '김문수tv', 1000, 1, '<div id=\"meta\" class=\"style-scope ytd-watch-flexy\" style=\"margin: 0px; padding: 0px; border: 0px; background: rgb(249, 249, 249); color: rgb(0, 0, 0); font-family: Roboto, Arial, sans-serif; font-size: 10px;\"><div id=\"meta-contents\" class=\"style-scope ytd-watch-flexy\" style=\"margin: 0px; padding: 0px; border: 0px; background: transparent;\"><ytd-video-secondary-info-renderer class=\"style-scope ytd-watch-flexy\" style=\"display: block; border-bottom: 1px solid var(--yt-spec-10-percent-layer); margin-bottom: 24px; padding-bottom: 16px;\"><div id=\"container\" class=\"style-scope ytd-video-secondary-info-renderer\" style=\"margin: 0px; padding: 0px; border: 0px; background: transparent;\"><ytd-expander class=\"style-scope ytd-video-secondary-info-renderer\" style=\"display: block; margin-left: 64px; font-size: var(--ytd-user-comment_-_font-size); font-weight: var(--ytd-user-comment_-_font-weight); line-height: var(--ytd-user-comment_-_line-height); letter-spacing: var(--ytd-user-comment_-_letter-spacing); --ytd-expander-collapsed-height:60px;\"><div id=\"content\" class=\"style-scope ytd-expander\" style=\"overflow-wrap: break-word; min-width: 0px; margin: 0px; padding: 0px; border: 0px; background: transparent;\"><div id=\"description\" slot=\"content\" class=\"style-scope ytd-video-secondary-info-renderer\" style=\"margin: 0px; padding: 0px; border: 0px; background: transparent; max-width: 615px;\"><yt-formatted-string class=\"content style-scope ytd-video-secondary-info-renderer\" force-default-style=\"\" split-lines=\"\" style=\"white-space: pre-wrap; word-break: break-word; color: var(--yt-spec-text-primary);\"><span dir=\"auto\" class=\"style-scope yt-formatted-string\" style=\"margin: 0px; padding: 0px; border: 0px; background: transparent;\">⛔ NOTICE ⛔\r\n- 김문수 TV의 모든 영상물을 퍼가기, 수정, 게시는 자유롭게 가능하지만 출처를 밝혀주세요.\r\n- 정치인이 운영하는 유튜브입니다. 따로 계좌는 공개하지 않습니다.❌\r\n- 맴버쉽 오픈되었습니다!? (가입링크: </span><a class=\"yt-simple-endpoint style-scope yt-formatted-string\" spellcheck=\"false\" href=\"https://www.youtube.com/redirect?event=video_description&amp;redir_token=QUFFLUhqa01CTm9md1Y3TE1lT3FGclFYRUQ4X25GTlRFQXxBQ3Jtc0tsenItczJpcXdTbnFCSFVnZ3dKaFZhdmhjUGVQUnlQU0VrcGxQOEhnU3NSQjl0OHk4cGg4RlRnOVhmTEpubmVpY1paZy1rQ3hVZ3h4ei1BLW1qaUFHTm5KSEJURVMwN1pwOUw3ZXpiekdOY1paOE4xcw&amp;q=https%3A%2F%2Furl.kr%2FfJ7eyr\" rel=\"nofollow\" target=\"_blank\" dir=\"auto\" style=\"display: var(--yt-endpoint-display, inline-block); cursor: pointer; text-decoration: var(--yt-endpoint-text-regular-decoration, none); color: var(--yt-endpoint-color, var(--yt-spec-call-to-action)); overflow-wrap: var(--yt-endpoint-word-wrap, none); word-break: var(--yt-endpoint-word-break, none);\">https://url.kr/fJ7eyr</a><span dir=\"auto\" class=\"style-scope yt-formatted-string\" style=\"margin: 0px; padding: 0px; border: 0px; background: transparent;\">)\r\n\r\n- 채널문의/제보 : kmssry1124@gmail.com</span></yt-formatted-string></div></div><ytd-metadata-row-container-renderer class=\"sticky style-scope ytd-video-secondary-info-renderer\" slot=\"sticky\" style=\"overflow-wrap: break-word; min-width: 0px; display: block;\"><div id=\"always-shown\" class=\"style-scope ytd-metadata-row-container-renderer\" style=\"margin: 0px; padding: 0px; border: 0px; background: transparent;\"></div><div id=\"collapsible\" class=\"style-scope ytd-metadata-row-container-renderer\" style=\"margin: 0px; padding: 0px; border: 0px; background: transparent;\"></div></ytd-metadata-row-container-renderer><tp-yt-paper-button id=\"less\" aria-expanded=\"true\" noink=\"\" class=\"style-scope ytd-expander\" role=\"button\" tabindex=\"0\" animated=\"\" elevation=\"0\" aria-disabled=\"false\" style=\"display: inline-block; align-items: center; justify-content: center; position: relative; box-sizing: border-box; background-image: initial; background-position: initial; background-size: initial; background-repeat: initial; background-attachment: initial; background-origin: initial; background-clip: initial; -webkit-tap-highlight-color: transparent; font: inherit; outline-width: 0px; border-radius: 3px; user-select: none; cursor: pointer; z-index: 0; padding: 0px; -webkit-font-smoothing: var(--paper-font-common-base_-_-webkit-font-smoothing); color: var(--paper-button_-_color); border: var(--paper-button_-_border); width: var(--paper-button_-_width); margin: var(--ytd-expander-button-margin, 0); background-color: var(--paper-button_-_background-color); text-transform: var(--paper-button_-_text-transform, uppercase); min-width: 0px; overflow-wrap: break-word; transition: var(--shadow-transition_-_transition); text-align: center; align-self: flex-start;\"><yt-formatted-string class=\"less-button style-scope ytd-video-secondary-info-renderer\" slot=\"less-button\" role=\"button\" style=\"word-break: break-word; color: var(--yt-spec-text-secondary); display: inline-block; margin-top: 8px; font-size: 1.3rem; letter-spacing: 0.007px;\">간략히</yt-formatted-string></tp-yt-paper-button></ytd-expander></div></ytd-video-secondary-info-renderer></div></div><div id=\"ticket-shelf\" class=\"style-scope ytd-watch-flexy\" style=\"margin: 0px; padding: 0px; border: 0px; background: rgb(249, 249, 249); color: rgb(0, 0, 0); font-family: Roboto, Arial, sans-serif; font-size: 10px;\"></div><div id=\"merch-shelf\" class=\"style-scope ytd-watch-flexy\" style=\"margin: 0px; padding: 0px; border: 0px; background: rgb(249, 249, 249); color: rgb(0, 0, 0); font-family: Roboto, Arial, sans-serif; font-size: 10px;\"></div><ytd-comments id=\"comments\" class=\"style-scope ytd-watch-flexy\" style=\"display: block; color: rgb(0, 0, 0); font-family: Roboto, Arial, sans-serif; font-size: 10px; background-color: rgb(249, 249, 249);\"><ytd-item-section-renderer id=\"sections\" initial-count=\"2\" class=\"style-scope ytd-comments\" style=\"display: block;\"><div id=\"header\" class=\"style-scope ytd-item-section-renderer\" style=\"margin: 0px; padding: 0px; border: 0px; background: transparent;\"><ytd-comments-header-renderer class=\"style-scope ytd-item-section-renderer\" style=\"--paper-input-container-input-align: baseline; margin-top: var(--comments-header-renderer-margin-top, 24px); margin-bottom: var(--comments-header-renderer-margin-bottom, 32px); display: flex; flex-direction: column;\"><div id=\"title\" class=\"style-scope ytd-comments-header-renderer\" style=\"margin: 0px 0px 24px; padding: 0px; border: 0px; background: transparent; display: flex; flex-direction: row; align-items: center;\"></div></ytd-comments-header-renderer></div></ytd-item-section-renderer></ytd-comments>', '1kms2.jpg', '0122.png', 'p2.jpg', NULL, '0', 'In Stock', '2017-02-04 04:26:17', ''),
(12, 4, 6, '플라톤', '그리스<div>철학자</div>', 'Apple', 1000, 0, 'Apple', 'p1.jpg', 'p.jpg', 'p2.jpg', NULL, '0', 'In Stock', '2017-02-04 04:28:17', ''),
(15, 4, 4, '전국 날씨', '전국날씨<div>지방날씨</div>', '조선일보', 1000, 1, '<div><span style=\"color: rgb(0, 0, 0); font-family: 굴림, gulim, sans-serif; font-size: 17px; letter-spacing: -0.3px;\">오늘도 전국이 대체로 맑아서 활동하기 좋겠습니다.</span><br></div><span style=\"color: rgb(33, 33, 33); font-family: Roboto, Arial, sans-serif; font-size: 18px;\"><div><span style=\"color: rgb(0, 0, 0); font-family: 굴림, gulim, sans-serif; font-size: 17px; letter-spacing: -0.3px;\">아침에 서울 기온&nbsp;</span><span data-type=\"ore\" data-lang=\"en\" style=\"color: rgb(0, 0, 0); font-family: 굴림, gulim, sans-serif; font-size: 17px; letter-spacing: -0.3px;\">19.2</span><span style=\"color: rgb(0, 0, 0); font-family: 굴림, gulim, sans-serif; font-size: 17px; letter-spacing: -0.3px;\">도로 선선한데, 한낮에는&nbsp;</span><span data-type=\"ore\" data-lang=\"en\" style=\"color: rgb(0, 0, 0); font-family: 굴림, gulim, sans-serif; font-size: 17px; letter-spacing: -0.3px;\">28</span><span style=\"color: rgb(0, 0, 0); font-family: 굴림, gulim, sans-serif; font-size: 17px; letter-spacing: -0.3px;\">도까지 오르겠습니다.</span><span style=\"color: rgb(33, 33, 33); font-family: Roboto, Arial, sans-serif; font-size: 18px;\"><br></span></div><div><span style=\"color: rgb(33, 33, 33); font-family: Roboto, Arial, sans-serif; font-size: 18px;\"><br></span></div>The Wimpy Kid Do -It- Yourself Book</span><span style=\"color: rgb(33, 33, 33); font-family: Roboto, Arial, sans-serif; font-size: 18px;\">&nbsp;&nbsp;(English, Paperback, Jeff Kinney)</span><br><div><ul><li>Language: English<br></li><li>Binding: Paperback<br></li><li>Publisher: Penguin Books Ltd<br></li><li>ISBN: 9780141339665, 0141339667<br></li><li>Edition: 1<br></li></ul></div>', '화면 캡처 2021-10-28 134911.jpg', 'processed (2).jpeg', 'p2.jpg', NULL, '0', 'In Stock', '2017-02-04 04:35:13', ''),
(16, 4, 3, '인터넷 신문', '<div>뉴스뉴스뉴스뉴스뉴스신문</div><div><br></div>', '모은일보', 1000, 1, '<span style=\"color: rgb(0, 0, 0); font-family: &quot;Malgun Gothic&quot;; font-size: medium;\">모은은 현대 백화점에 가서 거품 비누를 구매 하였다. 할아버지께서 차를 타고 백화점 주위를 돌고 계신 동안, 모은과 할머니는 백화점에 들어가서 신기한 비누를 구 했다. 집에 와서 보니, 비누가 만질 수도 있고, 모양이 흩트러지지도 않고 또 부드러워서 재미 있었다. 모은이는 집에 오자마자 목욕을 하면서 그 비누를 갖고 재미있어 하였다.</span>', '1news1.jpg', 'p.jpg', 'p2.jpg', NULL, '0', 'In Stock', '2017-02-04 04:36:23', ''),
(17, 5, 9, '오세훈', '서울시장<div>3선</div>', '한국당', 1000, 0, '<span style=\"color: rgb(0, 0, 0); font-family: 굴림, gulim, sans-serif; font-size: 17px; letter-spacing: -0.3px;\">미국과 영국, 호주의 안보 동맹인 오커스 출범으로 잠수함 계약이 깨진 것과 관련해 격앙된 프랑스를 달래던 영국과 호주가 맞대응으로 태세를 바꿨습니다.</span><br style=\"color: rgb(0, 0, 0); font-family: 굴림, gulim, sans-serif; font-size: 17px; letter-spacing: -0.3px;\"><br style=\"color: rgb(0, 0, 0); font-family: 굴림, gulim, sans-serif; font-size: 17px; letter-spacing: -0.3px;\"><span style=\"color: rgb(0, 0, 0); font-family: 굴림, gulim, sans-serif; font-size: 17px; letter-spacing: -0.3px;\">반면 미국은 정상 간의 통화를 갖기로 하고 프랑스 달래기에 나섰습니다.</span><br>', 'oh.jpg', 'p.jpg', 'p2.jpg', NULL, '0', 'In Stock', '2017-02-04 04:40:37', ''),
(18, 5, 10, '데칼트', '프랑스<div>철학자</div>', '무소속', 1000, 0, '<div>http://vote.jumpingcrab.com/test/0807/sampleone<span style=\"color: rgb(0, 0, 0); font-family: 굴림, gulim, sans-serif; font-size: 17px; letter-spacing: -0.3px;\"><br></span></div><span style=\"color: rgb(0, 0, 0); font-family: 굴림, gulim, sans-serif; font-size: 17px; letter-spacing: -0.3px;\">가브리엘 아탈 / 프랑스 정부 대변인 : 바이든 대통령이 마크롱 대통령과 전화를 요청했습니다. 며칠 내에 전화 회담이 있을 예정입니다. 해결할 필요가 있습니다.]</span><br>', '1d1.jpg', 'p.jpg', 'p2.jpg', NULL, '0', 'In Stock', '2017-02-04 04:42:27', ''),
(19, 6, 12, '윤석열', '충청도<div>검찰청</div>', 'Asian', 1000, 2, '<ul style=\"box-sizing: border-box; margin-bottom: 0px; margin-left: 0px; color: rgb(33, 33, 33); font-family: Roboto, Arial, sans-serif; font-size: 14px;\"><li class=\"_2-riNZ\" style=\"box-sizing: border-box; margin: 0px; padding: 0px 0px 8px 16px; list-style: none; position: relative;\">Colour: White, White</li><li class=\"_2-riNZ\" style=\"box-sizing: border-box; margin: 0px; padding: 0px 0px 0px 16px; list-style: none; position: relative;\">Outer Material: Denim</li><li class=\"_1KuY3T row\" style=\"box-sizing: border-box; margin: 0px; padding: 0px 0px 16px; list-style: none; display: flex; flex-flow: row wrap; width: 731px;\"><div class=\"vmXPri col col-3-12\" style=\"box-sizing: border-box; margin: 0px; padding: 0px 8px 0px 0px; width: 182.75px; display: inline-block; vertical-align: top; color: rgb(135, 135, 135);\"><br></div></li></ul>', '1yoon.jpg', 'p.jpg', 'p2.jpg', NULL, '0', 'In Stock', '2017-03-10 20:16:03', ''),
(20, 6, 12, '안철수', '이인제<div>좌파2등공신</div>', 'Adidas', 1000, 0, '<ul style=\"box-sizing: border-box; margin-bottom: 0px; margin-left: 0px; color: rgb(33, 33, 33); font-family: Roboto, Arial, sans-serif; font-size: 14px;\"><li class=\"_2-riNZ\" style=\"box-sizing: border-box; margin: 0px; padding: 0px 0px 8px 16px; list-style: none; position: relative;\">Colour: Blue</li><li class=\"_2-riNZ\" style=\"box-sizing: border-box; margin: 0px; padding: 0px 0px 0px 16px; list-style: none; position: relative;\">Closure: Laced</li><li class=\"_1KuY3T row\" style=\"box-sizing: border-box; margin: 0px; padding: 0px 0px 16px; list-style: none; display: flex; flex-flow: row wrap; width: 731px;\"><div class=\"vmXPri col col-3-12\" style=\"text-align: left; box-sizing: border-box; margin: 0px; padding: 0px 8px 0px 0px; width: 182.75px; display: inline-block; vertical-align: top; color: rgb(135, 135, 135);\"><b>Weight</b></div><ul class=\"_3dG3ix col col-9-12\" style=\"box-sizing: border-box; margin-left: 0px; width: 548.25px; display: inline-block; vertical-align: top; line-height: 1.4;\"><li class=\"sNqDog\" style=\"text-align: left; box-sizing: border-box; margin: 0px; padding: 0px; list-style: none;\"><b>200 g (per single Shoe) - Weight of the product may vary depending on size.</b></li></ul></li><li class=\"_1KuY3T row\" style=\"box-sizing: border-box; margin: 0px; padding: 0px 0px 16px; list-style: none; display: flex; flex-flow: row wrap; width: 731px;\"><div class=\"vmXPri col col-3-12\" style=\"text-align: left; box-sizing: border-box; margin: 0px; padding: 0px 8px 0px 0px; width: 182.75px; display: inline-block; vertical-align: top; color: rgb(135, 135, 135);\"><b>Style</b></div><ul class=\"_3dG3ix col col-9-12\" style=\"box-sizing: border-box; margin-left: 0px; width: 548.25px; display: inline-block; vertical-align: top; line-height: 1.4;\"><li class=\"sNqDog\" style=\"text-align: left; box-sizing: border-box; margin: 0px; padding: 0px; list-style: none;\"><b>Panel and Stitch Detail, Textured Detail</b></li></ul></li><li class=\"_1KuY3T row\" style=\"box-sizing: border-box; margin: 0px; padding: 0px 0px 16px; list-style: none; display: flex; flex-flow: row wrap; width: 731px;\"><div class=\"vmXPri col col-3-12\" style=\"text-align: left; box-sizing: border-box; margin: 0px; padding: 0px 8px 0px 0px; width: 182.75px; display: inline-block; vertical-align: top; color: rgb(135, 135, 135);\"><b>Tip Shape</b></div><ul class=\"_3dG3ix col col-9-12\" style=\"box-sizing: border-box; margin-left: 0px; width: 548.25px; display: inline-block; vertical-align: top; line-height: 1.4;\"><li class=\"sNqDog\" style=\"text-align: left; box-sizing: border-box; margin: 0px; padding: 0px; list-style: none;\"><b>Round</b></li></ul></li><li class=\"_1KuY3T row\" style=\"box-sizing: border-box; margin: 0px; padding: 0px 0px 16px; list-style: none; display: flex; flex-flow: row wrap; width: 731px;\"><div class=\"vmXPri col col-3-12\" style=\"text-align: left; box-sizing: border-box; margin: 0px; padding: 0px 8px 0px 0px; width: 182.75px; display: inline-block; vertical-align: top; color: rgb(135, 135, 135);\"><b>Season</b></div><ul class=\"_3dG3ix col col-9-12\" style=\"box-sizing: border-box; margin-left: 0px; width: 548.25px; display: inline-block; vertical-align: top; line-height: 1.4;\"><li class=\"sNqDog\" style=\"text-align: left; box-sizing: border-box; margin: 0px; padding: 0px; list-style: none;\"><b>AW16</b></li></ul></li><li class=\"_1KuY3T row\" style=\"box-sizing: border-box; margin: 0px; padding: 0px; list-style: none; display: flex; flex-flow: row wrap; width: 731px;\"><div class=\"vmXPri col col-3-12\" style=\"text-align: left; box-sizing: border-box; margin: 0px; padding: 0px 8px 0px 0px; width: 182.75px; display: inline-block; vertical-align: top; color: rgb(135, 135, 135);\"><b>Closure</b></div><ul class=\"_3dG3ix col col-9-12\" style=\"box-sizing: border-box; margin-left: 0px; width: 548.25px; display: inline-block; vertical-align: top; line-height: 1.4;\"><li class=\"sNqDog\" style=\"text-align: left; box-sizing: border-box; margin: 0px; padding: 0px; list-style: none;\"><b>Laced</b></li></ul></li></ul>', '1an.jpg', 'p.jpg', 'p2.jpg', NULL, '0', 'In Stock', '2017-03-10 20:19:22', ''),
(21, 4, 6, '박진', '대구<div>대구</div>', '한국당', 1000, 2, '<div class=\"info_group\" style=\"margin: 0px; padding: 0px; position: relative; color: rgb(0, 0, 0); font-family: -apple-system, BlinkMacSystemFont, &quot;Malgun Gothic&quot;, &quot;맑은 고딕&quot;, helvetica, &quot;Apple SD Gothic Neo&quot;, helvetica, &quot;나눔바른고딕 옛한글&quot;, &quot;NanumBarunGothic YetHangul&quot;, sans-serif;\"><dt style=\"margin: 0px; padding: 0px 8px 0px 0px; float: left; letter-spacing: -0.3px; color: gray;\">출생</dt><dd style=\"margin: 2.5px 0px 0px 48px; padding: 0px; position: relative; color: rgb(66, 66, 66); word-break: break-word;\">1961. 3. 18.&nbsp;<span class=\"btpc\">경상남도 진주</span></dd></div><div class=\"info_group\" style=\"margin: 0px; padding: 0px; position: relative; color: rgb(0, 0, 0); font-family: -apple-system, BlinkMacSystemFont, &quot;Malgun Gothic&quot;, &quot;맑은 고딕&quot;, helvetica, &quot;Apple SD Gothic Neo&quot;, helvetica, &quot;나눔바른고딕 옛한글&quot;, &quot;NanumBarunGothic YetHangul&quot;, sans-serif;\"><dt class=\"\" style=\"margin: 0px; padding: 0px 8px 0px 0px; float: left; letter-spacing: -0.3px; color: gray;\"><span class=\"cm_bar\" style=\"display: inline-block; position: absolute; top: 4px; left: -15px; bottom: -7px; width: 3px; height: auto; opacity: 0.9; background-color: rgb(238, 241, 245);\"></span>소속</dt><dd style=\"margin: 2.5px 0px 0px 48px; padding: 0px; position: relative; color: rgb(66, 66, 66); word-break: break-word;\"><a nocr=\"\" href=\"https://search.naver.com/search.naver?where=nexearch&amp;sm=tab_etc&amp;qvt=0&amp;query=%EA%B5%AD%EB%AF%BC%EC%9D%98%ED%9E%98\" style=\"color: rgb(12, 67, 183); outline: none; word-break: break-all; display: inline-block; vertical-align: top;\">국민의힘</a>(경남 진주시갑)</dd></div><div class=\"info_group\" style=\"margin: 0px; padding: 0px; position: relative; color: rgb(0, 0, 0); font-family: -apple-system, BlinkMacSystemFont, &quot;Malgun Gothic&quot;, &quot;맑은 고딕&quot;, helvetica, &quot;Apple SD Gothic Neo&quot;, helvetica, &quot;나눔바른고딕 옛한글&quot;, &quot;NanumBarunGothic YetHangul&quot;, sans-serif;\"><dt class=\"\" style=\"margin: 0px; padding: 0px 8px 0px 0px; float: left; letter-spacing: -0.3px; color: gray;\"><span class=\"cm_bar\" style=\"display: inline-block; position: absolute; top: 4px; left: -15px; bottom: -7px; width: 3px; height: auto; opacity: 0.9; background-color: rgb(238, 241, 245);\"></span>학력</dt><dd style=\"margin: 2.5px 0px 0px 48px; padding: 0px; position: relative; color: rgb(66, 66, 66); word-break: break-word;\"><a nocr=\"\" href=\"https://search.naver.com/search.naver?where=nexearch&amp;sm=tab_etc&amp;qvt=0&amp;query=%EC%97%B0%EC%84%B8%EB%8C%80%ED%95%99%EA%B5%90\" class=\"ilk\" style=\"color: rgb(12, 67, 183); outline: none; word-break: break-all; display: inline-block; vertical-align: top;\">연세대학교</a>&nbsp;정치외교학과 학사</dd></div><div class=\"info_group\" style=\"margin: 0px; padding: 0px; position: relative; color: rgb(0, 0, 0); font-family: -apple-system, BlinkMacSystemFont, &quot;Malgun Gothic&quot;, &quot;맑은 고딕&quot;, helvetica, &quot;Apple SD Gothic Neo&quot;, helvetica, &quot;나눔바른고딕 옛한글&quot;, &quot;NanumBarunGothic YetHangul&quot;, sans-serif;\"><dt class=\"\" style=\"margin: 0px; padding: 0px 8px 0px 0px; float: left; letter-spacing: -0.3px; color: gray;\"><span class=\"cm_bar\" style=\"display: inline-block; position: absolute; top: 4px; left: -15px; bottom: -7px; width: 3px; height: auto; opacity: 0.9; background-color: rgb(238, 241, 245);\"></span>경력</dt><dd style=\"margin: 2.5px 0px 0px 48px; padding: 0px; position: relative; color: rgb(66, 66, 66); word-break: break-word;\">2012.05~2016.05 제19대 국회의원 (경남 진주시갑/새누리당)</dd><dd style=\"margin: 0px 0px 0px 48px; padding: 0px; position: relative; color: rgb(66, 66, 66); word-break: break-word;\">~2012.01 서울신문 논설위원</dd><dd style=\"margin: 0px 0px 0px 48px; padding: 0px; position: relative; color: rgb(66, 66, 66); word-break: break-word;\">서울신문 정치부 선임기자</dd></div>', '1park.jpg', 'p.jpg', 'p2.jpg', NULL, '0', 'In Stock', '2021-09-18 06:42:02', NULL),
(22, 4, 2, '나경원', '서울<div>동작구</div>', '한국당', 1000, 3, '<div class=\"info_group\" style=\"margin: 0px; padding: 0px; position: relative; color: rgb(0, 0, 0); font-family: -apple-system, BlinkMacSystemFont, &quot;Malgun Gothic&quot;, &quot;맑은 고딕&quot;, helvetica, &quot;Apple SD Gothic Neo&quot;, helvetica, &quot;나눔바른고딕 옛한글&quot;, &quot;NanumBarunGothic YetHangul&quot;, sans-serif;\"><dt style=\"margin: 0px 0px 1px; padding: 0px 0px 0px 14px; float: left; color: gray; white-space: nowrap; width: 37px;\">2020</dt><dd style=\"margin: 0px 0px 1px; padding: 0px 0px 0px 12px; overflow: hidden; color: rgb(66, 66, 66);\"><ul style=\"margin-bottom: 0px; margin-left: 0px; list-style-type: none;\"><li style=\"margin: 0px; padding: 0px; clear: both;\"><span class=\"text\" style=\"display: inline-block; padding-top: 1px; line-height: 2rem; vertical-align: top;\">청년과 미래 청년친화헌정대상 소통부문</span></li></ul></dd></div><div class=\"info_group\" style=\"margin: 0px; padding: 0px; position: relative; color: rgb(0, 0, 0); font-family: -apple-system, BlinkMacSystemFont, &quot;Malgun Gothic&quot;, &quot;맑은 고딕&quot;, helvetica, &quot;Apple SD Gothic Neo&quot;, helvetica, &quot;나눔바른고딕 옛한글&quot;, &quot;NanumBarunGothic YetHangul&quot;, sans-serif;\"><dt style=\"margin: 0px 0px 1px; padding: 0px 0px 0px 14px; float: left; color: gray; white-space: nowrap; width: 37px;\"><span class=\"cm_bar\" style=\"display: inline-block; position: absolute; top: 4px; left: 0px; width: 3px; bottom: -10px; height: auto; opacity: 0.9; border-radius: 10px; background-color: rgb(238, 241, 245);\"></span>2015</dt><dd style=\"margin: 0px 0px 1px; padding: 0px 0px 0px 12px; overflow: hidden; color: rgb(66, 66, 66);\"><ul style=\"margin-bottom: 0px; margin-left: 0px; list-style-type: none;\"><li style=\"margin: 0px; padding: 0px; clear: both;\"><span class=\"text\" style=\"display: inline-block; padding-top: 1px; line-height: 2rem; vertical-align: top;\">율곡문화원 신사임당상</span></li></ul></dd></div><div class=\"info_group\" style=\"margin: 0px; padding: 0px; position: relative; color: rgb(0, 0, 0); font-family: -apple-system, BlinkMacSystemFont, &quot;Malgun Gothic&quot;, &quot;맑은 고딕&quot;, helvetica, &quot;Apple SD Gothic Neo&quot;, helvetica, &quot;나눔바른고딕 옛한글&quot;, &quot;NanumBarunGothic YetHangul&quot;, sans-serif;\"><dt style=\"margin: 0px 0px 1px; padding: 0px 0px 0px 14px; float: left; color: gray; white-space: nowrap; width: 37px;\"><span class=\"cm_bar\" style=\"display: inline-block; position: absolute; top: 4px; left: 0px; width: 3px; bottom: -10px; height: auto; opacity: 0.9; border-radius: 10px; background-color: rgb(238, 241, 245);\"></span>2015</dt><dd style=\"margin: 0px 0px 1px; padding: 0px 0px 0px 12px; overflow: hidden; color: rgb(66, 66, 66);\"><ul style=\"margin-bottom: 0px; margin-left: 0px; list-style-type: none;\"><li style=\"margin: 0px; padding: 0px; clear: both;\"><span class=\"text\" style=\"display: inline-block; padding-top: 1px; line-height: 2rem; vertical-align: top;\">한국을 빛낸 자랑스런 한국인 대상</span></li></ul></dd></div><div class=\"info_group\" style=\"margin: 0px; padding: 0px; position: relative; color: rgb(0, 0, 0); font-family: -apple-system, BlinkMacSystemFont, &quot;Malgun Gothic&quot;, &quot;맑은 고딕&quot;, helvetica, &quot;Apple SD Gothic Neo&quot;, helvetica, &quot;나눔바른고딕 옛한글&quot;, &quot;NanumBarunGothic YetHangul&quot;, sans-serif;\"><dt style=\"margin: 0px 0px 1px; padding: 0px 0px 0px 14px; float: left; color: gray; white-space: nowrap; width: 37px;\"><span class=\"cm_bar\" style=\"display: inline-block; position: absolute; top: 4px; left: 0px; width: 3px; bottom: -10px; height: auto; opacity: 0.9; border-radius: 10px; background-color: rgb(238, 241, 245);\"></span>2015</dt><dd style=\"margin: 0px 0px 1px; padding: 0px 0px 0px 12px; overflow: hidden; color: rgb(66, 66, 66);\"><ul style=\"margin-bottom: 0px; margin-left: 0px; list-style-type: none;\"><li style=\"margin: 0px; padding: 0px; clear: both;\"><span class=\"text\" style=\"display: inline-block; padding-top: 1px; line-height: 2rem; vertical-align: top;\">바른사회시민회의 우수의정활동상</span></li></ul></dd></div><div class=\"info_group\" style=\"margin: 0px; padding: 0px; position: relative; color: rgb(0, 0, 0); font-family: -apple-system, BlinkMacSystemFont, &quot;Malgun Gothic&quot;, &quot;맑은 고딕&quot;, helvetica, &quot;Apple SD Gothic Neo&quot;, helvetica, &quot;나눔바른고딕 옛한글&quot;, &quot;NanumBarunGothic YetHangul&quot;, sans-serif;\"><dt style=\"margin: 0px 0px 1px; padding: 0px 0px 0px 14px; float: left; color: gray; white-space: nowrap; width: 37px;\"><span class=\"cm_bar\" style=\"display: inline-block; position: absolute; top: 4px; left: 0px; width: 3px; bottom: -10px; height: auto; opacity: 0.9; border-radius: 10px; background-color: rgb(238, 241, 245);\"></span>2013</dt><dd style=\"margin: 0px 0px 1px; padding: 0px 0px 0px 12px; overflow: hidden; color: rgb(66, 66, 66);\"><ul style=\"margin-bottom: 0px; margin-left: 0px; list-style-type: none;\"><li style=\"margin: 0px; padding: 0px; clear: both;\"><span class=\"text\" style=\"display: inline-block; padding-top: 1px; line-height: 2rem; vertical-align: top;\">동아일보 선정 10년 뒤 한국을 빛낼 100인</span></li></ul></dd></div>', '1na.jpg', 'p.jpg', 'p2.jpg', NULL, '0', 'In Stock', '2021-09-18 06:43:34', NULL),
(23, 18, 230, '김소연', '대전 유성 을<div> <br></div>', '국민의힘', 1000, 1, '<div class=\"info_group\" style=\"margin: 0px; padding: 0px; position: relative; color: rgb(0, 0, 0); font-family: -apple-system, BlinkMacSystemFont, &quot;Malgun Gothic&quot;, &quot;맑은 고딕&quot;, helvetica, &quot;Apple SD Gothic Neo&quot;, helvetica, &quot;나눔바른고딕 옛한글&quot;, &quot;NanumBarunGothic YetHangul&quot;, sans-serif;\"><dt style=\"margin: 0px; padding: 0px 8px 0px 0px; float: left; letter-spacing: -0.3px; color: gray;\"><span style=\"letter-spacing: -0.3px;\">소속</span></dt></div><div class=\"info_group\" style=\"margin: 0px; padding: 0px; position: relative; color: rgb(0, 0, 0); font-family: -apple-system, BlinkMacSystemFont, &quot;Malgun Gothic&quot;, &quot;맑은 고딕&quot;, helvetica, &quot;Apple SD Gothic Neo&quot;, helvetica, &quot;나눔바른고딕 옛한글&quot;, &quot;NanumBarunGothic YetHangul&quot;, sans-serif;\"><dd style=\"margin: 2.5px 0px 0px 48px; padding: 0px; position: relative; color: rgb(66, 66, 66); word-break: break-word;\"><a nocr=\"\" href=\"https://search.naver.com/search.naver?where=nexearch&amp;sm=tab_etc&amp;qvt=0&amp;query=%EA%B5%AD%EB%AF%BC%EC%9D%98%ED%9E%98\" style=\"color: rgb(12, 67, 183); outline: none; word-break: break-all; display: inline-block; vertical-align: top;\">국민의힘</a>(대전 유성을)</dd></div><div class=\"info_group\" style=\"margin: 0px; padding: 0px; position: relative; color: rgb(0, 0, 0); font-family: -apple-system, BlinkMacSystemFont, &quot;Malgun Gothic&quot;, &quot;맑은 고딕&quot;, helvetica, &quot;Apple SD Gothic Neo&quot;, helvetica, &quot;나눔바른고딕 옛한글&quot;, &quot;NanumBarunGothic YetHangul&quot;, sans-serif;\"><dt class=\"\" style=\"margin: 0px; padding: 0px 8px 0px 0px; float: left; letter-spacing: -0.3px; color: gray;\"><span class=\"cm_bar\" style=\"display: inline-block; position: absolute; top: 4px; left: -15px; bottom: -7px; width: 3px; height: auto; opacity: 0.9; background-color: rgb(238, 241, 245);\"></span>학력</dt><dd style=\"margin: 2.5px 0px 0px 48px; padding: 0px; position: relative; color: rgb(66, 66, 66); word-break: break-word;\">충남대 법학전문 대학원 석사</dd></div><div class=\"info_group\" style=\"margin: 0px; padding: 0px; position: relative; color: rgb(0, 0, 0); font-family: -apple-system, BlinkMacSystemFont, &quot;Malgun Gothic&quot;, &quot;맑은 고딕&quot;, helvetica, &quot;Apple SD Gothic Neo&quot;, helvetica, &quot;나눔바른고딕 옛한글&quot;, &quot;NanumBarunGothic YetHangul&quot;, sans-serif;\"><dt class=\"\" style=\"margin: 0px; padding: 0px 8px 0px 0px; float: left; letter-spacing: -0.3px; color: gray;\"><span class=\"cm_bar\" style=\"display: inline-block; position: absolute; top: 4px; left: -15px; bottom: -7px; width: 3px; height: auto; opacity: 0.9; background-color: rgb(238, 241, 245);\"></span></dt></div><div class=\"info_group\" style=\"margin: 0px; padding: 0px; position: relative; color: rgb(0, 0, 0); font-family: -apple-system, BlinkMacSystemFont, &quot;Malgun Gothic&quot;, &quot;맑은 고딕&quot;, helvetica, &quot;Apple SD Gothic Neo&quot;, helvetica, &quot;나눔바른고딕 옛한글&quot;, &quot;NanumBarunGothic YetHangul&quot;, sans-serif;\"><dt class=\"\" style=\"margin: 0px; padding: 0px 8px 0px 0px; float: left; letter-spacing: -0.3px; color: gray;\">경력</dt><dd style=\"margin: 2.5px 0px 0px 48px; padding: 0px; position: relative; color: rgb(66, 66, 66); word-break: break-word;\">대전 광역시 의원</dd><dd style=\"margin: 2.5px 0px 0px 48px; padding: 0px; position: relative; color: rgb(66, 66, 66); word-break: break-word;\">김소연 법율사무소 대표 변호사</dd></div>', 'sykim.jpg', 'p.jpg', 'p2.jpg', NULL, '0', 'In Stock', '2021-09-18 07:06:54', NULL),
(24, 4, 2, '원희룡', '제주<div>제주</div>', 'Product company 제주 갑 ', 1000, 0, 'Product Description at admin textarea', '1won.jpg', 'p.jpg', 'p2.jpg', NULL, '0', 'In Stock', '2021-09-18 07:57:58', NULL),
(25, 4, 3, '최재형', '<div>감사원장</div><div>대선후보</div>', '한국당<br>한국당', 1000, 1, '<p style=\"margin-bottom: 0px; padding: 0px;\">‘언론중재법&nbsp;</p>', '1choi.jpg', 'p.jpg', 'p2.jpg', NULL, '0', 'In Stock', '2021-09-19 00:37:47', NULL),
(26, 5, 11, '김사랑', '성남시<div>성남시의원</div>', '성남시', 1000, 1, '성남시<div>성남시의원</div>', '스크린샷(301).png', 'p.jpg', 'p2.jpg', NULL, '0', 'In Stock', '2021-09-23 07:29:45', NULL),
(28, 4, 6, '테스트', '무소속<div>무소속</div>', '무소속', 1000, 1000, '<span style=\"color: rgb(13, 13, 13); font-family: Roboto, Noto, sans-serif; font-size: 15px; white-space: pre-wrap;\">투표는 아래 푸른색 링크를 누르세요⬇️\r\n</span><span style=\"color: rgb(13, 13, 13); font-family: Roboto, Noto, sans-serif; font-size: 15px; white-space: pre-wrap;\">http://vote.jumpingcrab.com/test/0807/sampleone</span><span style=\"color: rgb(13, 13, 13); font-family: Roboto, Noto, sans-serif; font-size: 15px; white-space: pre-wrap;\">\r\n\r\n</span><span style=\"color: rgb(13, 13, 13); font-family: Roboto, Noto, sans-serif; font-size: 15px; white-space: pre-wrap;\">http://vote.jumpingcrab.com/t0422/0</span><span style=\"color: rgb(13, 13, 13); font-family: Roboto, Noto, sans-serif; font-size: 15px; white-space: pre-wrap;\">\r\n\r\n*****이하 참고*****\r\nYoutub 시청 중 \"투표\" 9초後, 본래의 동영상으로 return 실험\r\nWindow close실험  </span><span style=\"color: rgb(13, 13, 13); font-family: Roboto, Noto, sans-serif; font-size: 15px; white-space: pre-wrap;\">http://vote.jumpingcrab.com/test/0807/sampleone9sec</span><span style=\"color: rgb(13, 13, 13); font-family: Roboto, Noto, sans-serif; font-size: 15px; white-space: pre-wrap;\">\r\n\r\n샘플들 1  .2  .3 .4  \r\n</span><span style=\"color: rgb(13, 13, 13); font-family: Roboto, Noto, sans-serif; font-size: 15px; white-space: pre-wrap;\">http://vote.jumpingcrab.com/1hospital/1kwang0</span><span style=\"color: rgb(13, 13, 13); font-family: Roboto, Noto, sans-serif; font-size: 15px; white-space: pre-wrap;\">\r\n\r\n</span><span style=\"color: rgb(13, 13, 13); font-family: Roboto, Noto, sans-serif; font-size: 15px; white-space: pre-wrap;\">http://vote.jumpingcrab.com/txtpoll/txt0831_0</span><span style=\"color: rgb(13, 13, 13); font-family: Roboto, Noto, sans-serif; font-size: 15px; white-space: pre-wrap;\">\r\n\r\n</span><span style=\"color: rgb(13, 13, 13); font-family: Roboto, Noto, sans-serif; font-size: 15px; white-space: pre-wrap;\">http://vote.jumpingcrab.com/test/0807/sampleone0</span><span style=\"color: rgb(13, 13, 13); font-family: Roboto, Noto, sans-serif; font-size: 15px; white-space: pre-wrap;\">\r\n(0)\r\n</span><span style=\"color: rgb(13, 13, 13); font-family: Roboto, Noto, sans-serif; font-size: 15px; white-space: pre-wrap;\">http://vote.jumpingcrab.com/votesystem/votesystem3_0</span><span style=\"color: rgb(13, 13, 13); font-family: Roboto, Noto, sans-serif; font-size: 15px; white-space: pre-wrap;\">\r\n\r\n</span><span style=\"color: rgb(13, 13, 13); font-family: Roboto, Noto, sans-serif; font-size: 15px; white-space: pre-wrap;\">http://vote.jumpingcrab.com/votesystem/votesystem3_0/admin</span><span style=\"color: rgb(13, 13, 13); font-family: Roboto, Noto, sans-serif; font-size: 15px; white-space: pre-wrap;\">\r\n(참고 추천하지 않음)\r\n</span><span style=\"color: rgb(13, 13, 13); font-family: Roboto, Noto, sans-serif; font-size: 15px; white-space: pre-wrap;\">http://vote.jumpingcrab.com/test/cmja0_test1</span><span style=\"color: rgb(13, 13, 13); font-family: Roboto, Noto, sans-serif; font-size: 15px; white-space: pre-wrap;\">\r\n(전화번호)\r\n</span><span style=\"color: rgb(13, 13, 13); font-family: Roboto, Noto, sans-serif; font-size: 15px; white-space: pre-wrap;\">http://vote.jumpingcrab.com/test/cmja0_test0</span><span style=\"color: rgb(13, 13, 13); font-family: Roboto, Noto, sans-serif; font-size: 15px; white-space: pre-wrap;\">\r\n(동영상)\r\n</span><span style=\"color: rgb(13, 13, 13); font-family: Roboto, Noto, sans-serif; font-size: 15px; white-space: pre-wrap;\">https://youtu.be/wc7kZdEkdqs</span><span style=\"color: rgb(13, 13, 13); font-family: Roboto, Noto, sans-serif; font-size: 15px; white-space: pre-wrap;\">\r\n(Bar)\r\n</span><span style=\"color: rgb(13, 13, 13); font-family: Roboto, Noto, sans-serif; font-size: 15px; white-space: pre-wrap;\">http://vote.jumpingcrab.com/1hospital/0_bar/</span>', 'return1a.jpg', 'vote333.jpg', 'p.jpg', NULL, '0', 'In Stock', '2021-09-27 04:57:00', NULL),
(37, 4, 229, '충청', '첫째12자<div>둘째줄</div>', '충청', 3, 3, '충청<br>', '소나무.jpg', '소나무.jpg', '소나무.jpg', NULL, '3', 'In Stock', '2022-01-28 13:30:00', NULL),
(39, 7, 238, '오징어 2', 'text 안 나오게하고<div>img Link에 연결</div>', '오징어 2', 2, 2, '오징어 2<br>', '소나무.jpg', '소나무.jpg', '소나무.jpg', NULL, '2', 'In Stock', '2022-01-28 13:35:25', NULL);

-- --------------------------------------------------------

--
-- 테이블 구조 `subcategory`
--

CREATE TABLE `subcategory` (
  `id` int(11) NOT NULL,
  `categoryid` int(11) DEFAULT NULL,
  `subcategory` varchar(255) DEFAULT NULL,
  `creationDate` timestamp NULL DEFAULT current_timestamp(),
  `updationDate` varchar(255) DEFAULT NULL
) ENGINE=InnoDB DEFAULT CHARSET=utf8mb3 COLLATE=utf8mb3_unicode_ci;

--
-- 테이블의 덤프 데이터 `subcategory`
--

INSERT INTO `subcategory` (`id`, `categoryid`, `subcategory`, `creationDate`, `updationDate`) VALUES
(2, 4, '서울종로', '2017-01-26 16:24:52', '07-11-2021 12:02:22 PM'),
(3, 4, '서울서초갑', '2017-01-26 16:29:09', '07-11-2021 12:02:36 PM'),
(4, 4, '서울동작', '2017-01-30 16:55:48', '07-11-2021 12:02:47 PM'),
(5, 4, '경기안성', '2017-02-04 04:12:40', '06-11-2021 01:55:17 PM'),
(6, 4, '경북대구중남구', '2017-02-04 04:13:00', '07-11-2021 12:03:11 PM'),
(9, 5, '서울시장', '2017-02-04 04:36:45', '19-09-2021 07:04:23 PM'),
(10, 5, '부산시장', '2017-02-04 04:37:02', '06-11-2021 01:42:22 PM'),
(11, 5, '성남시장', '2017-02-04 04:37:51', '06-11-2021 01:42:44 PM'),
(12, 6, '예술', '2017-03-10 20:12:59', '26-01-2022 01:20:51 PM'),
(25, 5, '지방의회', '2021-09-23 07:27:50', NULL),
(28, 4, '부산', '2021-10-13 08:26:22', NULL),
(29, 5, '성남의원', '2021-11-06 08:10:40', '06-11-2021 01:43:56 PM'),
(227, 7, '인기투표', '2021-10-07 07:07:21', '09-03-2022 02:00:56 PM'),
(229, 4, '충청', '2021-12-08 07:17:21', NULL),
(230, 18, '대전유성을', '2021-12-08 07:18:59', NULL),
(231, 6, '과학', '2022-01-26 07:40:51', '12-03-2022 04:41:41 AM'),
(232, 6, '경제', '2022-01-26 07:41:02', '12-03-2022 04:43:06 AM'),
(233, 6, '의학', '2022-01-26 07:41:12', NULL),
(234, 6, '원자력', '2022-01-26 07:47:07', NULL),
(236, 7, '여론 청원', '2022-02-09 07:26:59', '09-03-2022 02:52:24 PM'),
(237, 6, '정치', '2022-03-03 01:36:05', NULL),
(238, 7, '오징어게임', '2022-03-09 10:20:08', NULL),
(239, 6, '교육', '2022-03-11 23:10:22', NULL);

-- --------------------------------------------------------

--
-- 테이블 구조 `userlog`
--

CREATE TABLE `userlog` (
  `id` int(11) NOT NULL,
  `userEmail` varchar(255) DEFAULT NULL,
  `userip` binary(16) DEFAULT NULL,
  `loginTime` timestamp NULL DEFAULT current_timestamp(),
  `logout` varchar(255) DEFAULT NULL,
  `status` int(11) DEFAULT NULL
) ENGINE=InnoDB DEFAULT CHARSET=utf8mb3 COLLATE=utf8mb3_unicode_ci;

--
-- 테이블의 덤프 데이터 `userlog`
--

INSERT INTO `userlog` (`id`, `userEmail`, `userip`, `loginTime`, `logout`, `status`) VALUES
(1, 'kskang2@gmail.com', 0x3a3a3100000000000000000000000000, '2021-09-22 08:41:53', '22-09-2021 02:12:00 PM', 1),
(2, 'kyungsuk.kang@gmail.com', 0x3a3a3100000000000000000000000000, '2021-09-22 08:42:17', '22-09-2021 02:12:23 PM', 1),
(3, 'kskang2@gmail.com', 0x3a3a3100000000000000000000000000, '2021-09-22 21:33:10', '23-09-2021 10:31:36 AM', 1),
(4, 'kskang2@gmail.com', 0x3a3a3100000000000000000000000000, '2021-09-23 05:01:49', '23-09-2021 10:31:58 AM', 1),
(5, 'kyungsuk.kang@gmail.com', 0x3a3a3100000000000000000000000000, '2021-09-23 05:06:51', NULL, 1),
(6, 'kskang2@gmail.com', 0x3139322e3136382e382e313138000000, '2021-09-24 01:56:12', '24-09-2021 11:52:30 AM', 1),
(7, 'kskang2@gmail.com', 0x3a3a3100000000000000000000000000, '2021-10-01 13:26:31', NULL, 1),
(8, 'kskang2@gmail.comm', 0x3a3a3100000000000000000000000000, '2021-10-03 23:26:22', NULL, 0),
(9, 'anuj.lpu1@gmail.com', 0x3a3a3100000000000000000000000000, '2021-10-03 23:27:11', NULL, 0),
(10, 'anuj.lpu1@gmail.com', 0x3a3a3100000000000000000000000000, '2021-10-03 23:27:35', NULL, 0),
(11, 'kyungsuk.kang@gmail.com', 0x3a3a3100000000000000000000000000, '2021-10-03 23:28:09', NULL, 1),
(12, 'kskang2@gmail.com', 0x3a3a3100000000000000000000000000, '2021-10-04 01:08:08', '04-10-2021 10:11:20 AM', 1),
(13, 'kyungsuk.kang@gmail.com', 0x3a3a3100000000000000000000000000, '2021-10-04 03:49:41', '04-10-2021 09:21:21 AM', 1),
(14, 'kyungsuk.kang@gmail.com', 0x3a3a3100000000000000000000000000, '2021-10-04 03:51:35', NULL, 1),
(15, 'kyungsuk.kang@gmail.com', 0x3a3a3100000000000000000000000000, '2021-10-04 04:41:42', '04-10-2021 10:20:43 AM', 1),
(16, 'kskang2@gmail.com', 0x3a3a3100000000000000000000000000, '2021-10-04 04:50:53', '04-10-2021 10:28:49 AM', 1),
(17, 'kskang2@gmail.com', 0x3a3a3100000000000000000000000000, '2021-10-04 04:59:01', NULL, 1),
(18, 'kskang2@gmail.com', 0x3a3a3100000000000000000000000000, '2021-10-05 02:41:13', '05-10-2021 08:11:55 AM', 1),
(19, 'kskang2@gmail.com', 0x3a3a3100000000000000000000000000, '2021-10-05 02:42:11', NULL, 1),
(20, 'kskang2@gmail.com', 0x3a3a3100000000000000000000000000, '2021-10-05 02:42:34', '05-10-2021 08:13:02 AM', 1),
(21, 'kskang2@gmail.com', 0x3a3a3100000000000000000000000000, '2021-10-05 02:43:14', '05-10-2021 08:32:02 AM', 1),
(22, 'kyungsuk.kang@gmail.com', 0x3a3a3100000000000000000000000000, '2021-10-05 03:02:15', NULL, 1),
(23, '', 0x3a3a3100000000000000000000000000, '2021-10-05 20:52:13', NULL, 0),
(24, 'kskang2@gmail.com', 0x3a3a3100000000000000000000000000, '2021-10-05 20:52:23', '06-10-2021 05:25:42 AM', 1),
(25, 'kskang2@gmail.com', 0x3a3a3100000000000000000000000000, '2021-10-05 23:56:05', '06-10-2021 07:01:35 AM', 1),
(26, 'kskang2@gmail.com', 0x3a3a3100000000000000000000000000, '2021-10-06 01:31:47', '06-10-2021 10:01:11 AM', 1),
(27, 'kskang2@gmail.com', 0x3a3a3100000000000000000000000000, '2021-10-06 04:53:29', '06-10-2021 10:26:15 AM', 1),
(28, 'kskang2@gmail.com', 0x3a3a3100000000000000000000000000, '2021-10-06 04:56:28', '06-10-2021 10:27:27 AM', 1),
(29, 'kskang2@gmail.com', 0x3a3a3100000000000000000000000000, '2021-10-06 05:00:12', '06-10-2021 10:30:39 AM', 1),
(30, 'kskang@gmail.com', 0x3a3a3100000000000000000000000000, '2021-10-06 05:09:52', NULL, 0),
(31, 'kskang2@gmail.com', 0x3a3a3100000000000000000000000000, '2021-10-06 05:10:13', '06-10-2021 12:06:42 PM', 1),
(32, 'kskang2@gmail.com', 0x3a3a3100000000000000000000000000, '2021-10-06 06:36:55', NULL, 1),
(33, 'kskang2@gmail.com', 0x3a3a3100000000000000000000000000, '2021-10-06 09:17:27', NULL, 1),
(34, 'kskang2@gmail.com', 0x3139322e3136382e382e363000000000, '2021-10-06 22:51:23', '07-10-2021 04:21:49 AM', 1),
(35, 'kskang2@gmail.com', 0x3139322e3136382e382e363000000000, '2021-10-06 22:52:03', '07-10-2021 04:22:56 AM', 1),
(36, 'kskang2@gmail.com', 0x3139322e3136382e382e363000000000, '2021-10-06 22:53:14', '07-10-2021 04:24:59 AM', 1),
(37, 'kskang2@gmail.com', 0x3139322e3136382e382e363000000000, '2021-10-06 23:05:18', '07-10-2021 04:35:38 AM', 1),
(38, 'kskang2@gmail.com', 0x3139322e3136382e382e363000000000, '2021-10-06 23:15:05', '07-10-2021 04:45:48 AM', 1),
(39, 'kskang2@gmail.com', 0x3139322e3136382e382e363000000000, '2021-10-06 23:19:02', NULL, 1),
(40, 'kskang2@gmail.com', 0x3a3a3100000000000000000000000000, '2021-10-07 04:43:52', '07-10-2021 10:14:56 AM', 1),
(41, 'kskang2@gmail.com', 0x3a3a3100000000000000000000000000, '2021-10-07 04:45:32', '07-10-2021 10:17:10 AM', 1),
(42, 'kskang2@gmail.com', 0x3a3a3100000000000000000000000000, '2021-10-07 05:01:54', '07-10-2021 12:22:48 PM', 1),
(43, 'kskang2@gmail.com', 0x3a3a3100000000000000000000000000, '2021-10-07 07:02:58', '07-10-2021 12:34:36 PM', 1),
(44, 'kskang2@gmail.com', 0x3a3a3100000000000000000000000000, '2021-10-07 07:10:43', NULL, 1),
(45, 'kskang2@gmail.com', 0x3a3a3100000000000000000000000000, '2021-10-07 07:23:02', NULL, 1),
(46, 'kskang2@gmail.com', 0x3a3a3100000000000000000000000000, '2021-10-10 23:07:45', NULL, 1),
(47, 'kskang2@gmail.com', 0x3a3a3100000000000000000000000000, '2021-10-10 23:57:50', '11-10-2021 08:15:38 AM', 1),
(48, 'kskang2@gmail.com', 0x3a3a3100000000000000000000000000, '2021-10-11 02:45:58', '11-10-2021 08:19:00 AM', 1),
(49, 'kskang2@gmail.com', 0x3a3a3100000000000000000000000000, '2021-10-11 03:05:53', '11-10-2021 08:36:08 AM', 1),
(50, 'kskang2@gmail.com', 0x3a3a3100000000000000000000000000, '2021-10-11 03:16:24', '11-10-2021 09:31:13 AM', 1),
(51, 'kskang2@gmail.com', 0x3a3a3100000000000000000000000000, '2021-10-11 04:01:24', '11-10-2021 09:34:42 AM', 1),
(52, 'kskang2@gmail.com', 0x3a3a3100000000000000000000000000, '2021-10-11 04:05:06', '11-10-2021 09:35:08 AM', 1),
(53, 'kskang2@gmail.com', 0x3a3a3100000000000000000000000000, '2021-10-11 04:10:16', '11-10-2021 09:44:30 AM', 1),
(54, 'kskang2@gmail.com', 0x3a3a3100000000000000000000000000, '2021-10-11 04:14:50', '11-10-2021 09:47:22 AM', 1),
(55, 'kskang2@gmail.com', 0x3a3a3100000000000000000000000000, '2021-10-11 04:17:32', NULL, 0),
(56, 'kskang2@gmail.com', 0x3a3a3100000000000000000000000000, '2021-10-11 04:17:42', NULL, 0),
(57, 'kskang2@gmail.com', 0x3a3a3100000000000000000000000000, '2021-10-11 04:17:52', '11-10-2021 10:16:13 AM', 1),
(58, 'kskang2@gmail.com', 0x3a3a3100000000000000000000000000, '2021-10-11 04:46:25', NULL, 0),
(59, 'kskang2@gmail.com', 0x3a3a3100000000000000000000000000, '2021-10-11 04:46:34', '11-10-2021 10:24:20 AM', 1),
(60, 'kskang2@gmail.com', 0x3a3a3100000000000000000000000000, '2021-10-11 04:54:31', NULL, 0),
(61, 'kskang2@gmail.com', 0x3a3a3100000000000000000000000000, '2021-10-11 04:54:42', '11-10-2021 10:25:09 AM', 1),
(62, 'kskang2@gmail.com', 0x3a3a3100000000000000000000000000, '2021-10-11 04:55:19', '11-10-2021 11:24:12 AM', 1),
(63, 'kskang2@gmail.com', 0x3a3a3100000000000000000000000000, '2021-10-11 05:57:32', '11-10-2021 12:59:27 PM', 1),
(64, 'kskang2@gmail.com', 0x3a3a3100000000000000000000000000, '2021-10-11 07:43:26', '11-10-2021 01:19:38 PM', 1),
(65, 'kskang2@gmail.com', 0x3a3a3100000000000000000000000000, '2021-10-11 07:49:51', '11-10-2021 01:20:50 PM', 1),
(66, 'kskang2@gmail.com', 0x3a3a3100000000000000000000000000, '2021-10-11 07:51:08', '11-10-2021 01:26:39 PM', 1),
(67, 'kskang2@gmail.com', 0x3a3a3100000000000000000000000000, '2021-10-11 07:56:51', '11-10-2021 01:28:51 PM', 1),
(68, 'kskang2@gmail.com', 0x3a3a3100000000000000000000000000, '2021-10-11 08:02:30', NULL, 1),
(69, 'kskang2@gmail.com', 0x3139322e3136382e382e313137000000, '2021-10-11 08:30:01', '11-10-2021 02:05:17 PM', 1),
(70, 'kskang2@gmail.com', 0x3a3a3100000000000000000000000000, '2021-10-11 08:48:52', '11-10-2021 02:30:00 PM', 1),
(71, 'kskang2@gmail.com', 0x3a3a3100000000000000000000000000, '2021-10-11 09:00:16', '11-10-2021 02:36:05 PM', 1),
(72, 'kskang2@gmail.com', 0x3a3a3100000000000000000000000000, '2021-10-11 09:15:13', '11-10-2021 02:45:32 PM', 1),
(73, 'kskang2@gmail.com', 0x3a3a3100000000000000000000000000, '2021-10-11 09:17:09', NULL, 1),
(74, 'kskang2@gmail.com', 0x3a3a3100000000000000000000000000, '2021-10-11 10:46:21', NULL, 1),
(75, 'kskang2@gmail.com', 0x3139322e3136382e382e313137000000, '2021-10-11 10:56:54', '11-10-2021 04:32:12 PM', 1),
(76, 'kskang2@gmail.com', 0x3a3a3100000000000000000000000000, '2021-10-11 11:04:27', '11-10-2021 04:34:49 PM', 1),
(77, 'kskang2@gmail.com', 0x3a3a3100000000000000000000000000, '2021-10-11 11:05:00', '11-10-2021 04:37:12 PM', 1),
(78, 'kskang2@gmail.com', 0x3a3a3100000000000000000000000000, '2021-10-11 11:08:02', '11-10-2021 04:38:29 PM', 1),
(79, 'kskang2@gmail.com', 0x3a3a3100000000000000000000000000, '2021-10-11 11:08:43', '11-10-2021 04:39:21 PM', 1),
(80, 'kskang2@gmail.com', 0x3a3a3100000000000000000000000000, '2021-10-11 11:09:30', '11-10-2021 04:40:47 PM', 1),
(81, 'kskang2@gmail.com', 0x3a3a3100000000000000000000000000, '2021-10-11 13:19:10', '11-10-2021 06:54:18 PM', 1),
(82, 'kskang2@gmail.com', 0x3a3a3100000000000000000000000000, '2021-10-11 13:24:35', '11-10-2021 06:54:40 PM', 1),
(83, 'kskang2@gmail.com', 0x3a3a3100000000000000000000000000, '2021-10-11 13:25:03', '11-10-2021 06:55:16 PM', 1),
(84, 'kskang2@gmail.com', 0x3a3a3100000000000000000000000000, '2021-10-11 13:26:22', '11-10-2021 06:58:03 PM', 1),
(85, 'kskang2@gmail.com', 0x3a3a3100000000000000000000000000, '2021-10-11 13:28:15', '11-10-2021 06:59:40 PM', 1),
(86, 'kskang2@gmail.com', 0x3a3a3100000000000000000000000000, '2021-10-11 13:30:12', '11-10-2021 07:01:37 PM', 1),
(87, 'kskang2@gmail.com', 0x3a3a3100000000000000000000000000, '2021-10-11 13:36:31', '11-10-2021 07:06:55 PM', 1),
(88, 'kskang2@gmail.com', 0x3a3a3100000000000000000000000000, '2021-10-11 13:39:17', '11-10-2021 07:10:53 PM', 1),
(89, 'kskang2@gmail.com', 0x3a3a3100000000000000000000000000, '2021-10-11 13:41:13', '11-10-2021 07:11:20 PM', 1),
(90, 'kskang2@gmail.com', 0x3a3a3100000000000000000000000000, '2021-10-11 13:42:27', NULL, 1),
(91, 'kskang2@gmail.com', 0x3a3a3100000000000000000000000000, '2021-10-11 22:15:53', '12-10-2021 03:47:42 AM', 1),
(92, 'kskang2@gmail.com', 0x3a3a3100000000000000000000000000, '2021-10-11 22:19:00', '12-10-2021 04:00:58 AM', 1),
(93, 'kskang2@gmail.com', 0x3a3a3100000000000000000000000000, '2021-10-12 08:17:26', '12-10-2021 02:11:22 PM', 1),
(94, 'kskang2@gmail.com', 0x3a3a3100000000000000000000000000, '2021-10-12 08:41:34', '12-10-2021 06:38:09 PM', 1),
(95, 'kskang2@gmail.com', 0x3a3a3100000000000000000000000000, '2021-10-12 13:08:20', NULL, 1),
(96, 'kskang2@gmail.com', 0x3a3a3100000000000000000000000000, '2021-10-12 21:29:18', '13-10-2021 03:03:51 AM', 1),
(97, 'kskang2@gmail.com', 0x3a3a3100000000000000000000000000, '2021-10-12 21:34:04', '13-10-2021 03:05:53 AM', 1),
(98, 'kskang2@gmail.com', 0x3a3a3100000000000000000000000000, '2021-10-12 21:36:54', NULL, 1),
(99, 'kskang2@gmail.com', 0x3a3a3100000000000000000000000000, '2021-10-12 21:50:58', '13-10-2021 03:32:00 AM', 1),
(100, 'kskang2@gmail.com', 0x3a3a3100000000000000000000000000, '2021-10-12 22:02:21', '13-10-2021 03:34:06 AM', 1),
(101, 'kskang2@gmail.com', 0x3a3a3100000000000000000000000000, '2021-10-12 22:04:28', '13-10-2021 03:40:45 AM', 1),
(102, 'kskang2@gmail.com', 0x3a3a3100000000000000000000000000, '2021-10-12 22:30:30', '13-10-2021 04:13:43 AM', 1),
(103, 'kskang2@gmail.com', 0x3a3a3100000000000000000000000000, '2021-10-12 22:44:15', '13-10-2021 04:19:12 AM', 1),
(104, 'kskang@gmail', 0x3a3a3100000000000000000000000000, '2021-10-12 22:53:30', NULL, 0),
(105, 'kskang2@gmail.com', 0x3a3a3100000000000000000000000000, '2021-10-12 22:59:57', '13-10-2021 04:31:00 AM', 1),
(106, 'kskang2@gmail.com', 0x3a3a3100000000000000000000000000, '2021-10-12 23:01:17', '13-10-2021 04:33:34 AM', 1),
(107, 'kskang2@gmail.com', 0x3a3a3100000000000000000000000000, '2021-10-12 23:03:49', '13-10-2021 04:38:20 AM', 1),
(108, 'kskang2@gmail.com', 0x3a3a3100000000000000000000000000, '2021-10-12 23:08:51', '13-10-2021 04:41:27 AM', 1),
(109, 'kskang2@gmail.com', 0x3a3a3100000000000000000000000000, '2021-10-12 23:11:49', '13-10-2021 04:44:11 AM', 1),
(110, 'kskang2@gmail.com', 0x3a3a3100000000000000000000000000, '2021-10-12 23:14:37', '13-10-2021 05:07:31 AM', 1),
(111, 'kyungsuk.kang@gmail.com', 0x3a3a3100000000000000000000000000, '2021-10-12 23:38:10', NULL, 0),
(112, 'kyungsuk.kang@gmail.com', 0x3a3a3100000000000000000000000000, '2021-10-12 23:38:44', '13-10-2021 05:09:37 AM', 1),
(113, 'kskang2@gmail.com', 0x3a3a3100000000000000000000000000, '2021-10-12 23:39:58', '13-10-2021 05:11:04 AM', 1),
(114, 'kskang2@gmail.com', 0x3a3a3100000000000000000000000000, '2021-10-12 23:41:20', '13-10-2021 05:11:42 AM', 1),
(115, 'kskang2@gmail.com', 0x3a3a3100000000000000000000000000, '2021-10-12 23:41:56', '13-10-2021 05:12:03 AM', 1),
(116, 'kyungsuk.kang@gmail.com', 0x3a3a3100000000000000000000000000, '2021-10-12 23:42:19', '13-10-2021 08:15:01 AM', 1),
(117, 'kskang2@gmail.com', 0x3a3a3100000000000000000000000000, '2021-10-13 00:10:58', '13-10-2021 05:41:09 AM', 1),
(118, 'kskang2@gmail.com', 0x3a3a3100000000000000000000000000, '2021-10-13 00:11:41', '13-10-2021 06:23:21 AM', 1),
(119, 'kskang2@gmail.com', 0x3a3a3100000000000000000000000000, '2021-10-13 03:59:27', '13-10-2021 10:25:50 AM', 1),
(120, 'kskang2@gmail.com', 0x3a3a3100000000000000000000000000, '2021-10-13 05:33:40', '13-10-2021 12:47:51 PM', 1),
(121, 'a', 0x3a3a3100000000000000000000000000, '2021-10-13 08:10:19', NULL, 0),
(122, 'a', 0x3a3a3100000000000000000000000000, '2021-10-13 08:11:36', '13-10-2021 01:42:11 PM', 1),
(123, 'a', 0x3a3a3100000000000000000000000000, '2021-10-13 08:14:06', '13-10-2021 02:05:31 PM', 1),
(124, 'a', 0x3a3a3100000000000000000000000000, '2021-10-13 08:35:50', '13-10-2021 02:29:56 PM', 1),
(125, 'kskang', 0x3a3a3100000000000000000000000000, '2021-10-13 09:00:30', '13-10-2021 04:50:07 PM', 1),
(126, 'a', 0x3a3a3100000000000000000000000000, '2021-10-13 11:20:16', '14-10-2021 10:44:50 AM', 1),
(127, 'kskang2@gmail.com', 0x3a3a3100000000000000000000000000, '2021-10-14 02:37:05', NULL, 1),
(128, 'a', 0x3a3a3100000000000000000000000000, '2021-10-14 05:14:58', '14-10-2021 10:46:28 AM', 1),
(129, 'a', 0x3a3a3100000000000000000000000000, '2021-10-14 05:16:37', '14-10-2021 10:47:57 AM', 1),
(130, 'a', 0x3a3a3100000000000000000000000000, '2021-10-14 05:18:03', NULL, 1),
(131, 'a', 0x3a3a3100000000000000000000000000, '2021-10-14 06:30:10', '14-10-2021 01:44:18 PM', 1),
(132, 'a', 0x3a3a3100000000000000000000000000, '2021-10-14 08:14:26', '14-10-2021 02:03:27 PM', 1),
(133, 'a', 0x3a3a3100000000000000000000000000, '2021-10-14 08:33:34', NULL, 1),
(134, 'kskang2@gmail.com', 0x3a3a3100000000000000000000000000, '2021-10-14 22:57:24', NULL, 1),
(135, 'a', 0x3a3a3100000000000000000000000000, '2021-10-16 04:37:23', NULL, 1),
(136, 'kskang2@gmail.com', 0x3a3a3100000000000000000000000000, '2021-10-25 05:22:20', '25-10-2021 10:52:31 AM', 1),
(137, 'kskang2@gmail.com', 0x3a3a3100000000000000000000000000, '2021-10-25 05:28:35', '25-10-2021 11:03:46 AM', 1),
(138, 'kskang2@gmail.com', 0x3a3a3100000000000000000000000000, '2021-10-25 05:59:55', '25-10-2021 11:30:17 AM', 1),
(139, 'kskang2@gmail.com', 0x3a3a3100000000000000000000000000, '2021-10-25 06:09:20', '25-10-2021 11:39:46 AM', 1),
(140, 'kskang2@gmail.com', 0x3a3a3100000000000000000000000000, '2021-10-25 06:19:32', '25-10-2021 11:49:50 AM', 1),
(141, 'kskang2@gmail.com', 0x3a3a3100000000000000000000000000, '2021-10-25 06:25:54', '25-10-2021 11:57:38 AM', 1),
(142, 'kskang2@gmail.com', 0x3a3a3100000000000000000000000000, '2021-10-25 06:30:37', '25-10-2021 12:00:40 PM', 1),
(143, 'kskang2@gmail.com', 0x3a3a3100000000000000000000000000, '2021-10-25 06:30:50', '25-10-2021 12:03:07 PM', 1),
(144, 'kskang2@gmail.com', 0x3a3a3100000000000000000000000000, '2021-10-25 06:43:23', '25-10-2021 12:16:14 PM', 1),
(145, 'kskang2@gmail.com', 0x3a3a3100000000000000000000000000, '2021-10-25 08:09:03', '25-10-2021 01:43:58 PM', 1),
(146, 'kskang2@gmail.com', 0x3a3a3100000000000000000000000000, '2021-10-25 08:14:12', '25-10-2021 01:45:22 PM', 1),
(147, 'kskang2@gmail.com', 0x3a3a3100000000000000000000000000, '2021-10-25 08:28:05', NULL, 0),
(148, 'kskang2@gmail.com', 0x3a3a3100000000000000000000000000, '2021-10-25 08:28:14', '25-10-2021 02:00:10 PM', 1),
(149, 'kskang2@gmail.com', 0x3a3a3100000000000000000000000000, '2021-10-25 08:51:49', NULL, 1),
(150, 'kskang2@gmail.com', 0x3a3a3100000000000000000000000000, '2021-10-25 21:49:57', '26-10-2021 03:21:12 AM', 1),
(151, 'kskang2@gmail.com', 0x3a3a3100000000000000000000000000, '2021-10-25 22:46:22', '26-10-2021 04:21:40 AM', 1),
(152, 'kskang2@gmail.com', 0x3a3a3100000000000000000000000000, '2021-10-25 22:57:02', '26-10-2021 04:27:37 AM', 1),
(153, 'kskang2@gmail.com', 0x3a3a3100000000000000000000000000, '2021-10-25 22:58:09', '26-10-2021 05:35:47 AM', 1),
(154, 'kskang2@gmail.com', 0x3a3a3100000000000000000000000000, '2021-10-26 00:06:07', '26-10-2021 05:43:15 AM', 1),
(155, 'kskang2@gmail.com', 0x3a3a3100000000000000000000000000, '2021-10-26 03:02:51', '26-10-2021 08:34:00 AM', 1),
(156, 'kskang2@gmail.com', 0x3a3a3100000000000000000000000000, '2021-10-26 08:34:44', '27-10-2021 04:19:26 AM', 1),
(157, 'kskang2@gmail.com', 0x3a3a3100000000000000000000000000, '2021-10-26 22:55:04', '27-10-2021 04:27:28 AM', 1),
(158, 'kskang2@gmail.com', 0x3a3a3100000000000000000000000000, '2021-10-26 22:59:37', NULL, 1),
(159, 'kskang2@gmail.com', 0x3a3a3100000000000000000000000000, '2021-10-27 12:25:55', NULL, 1),
(160, 'kskang2@gmail.com', 0x3a3a3100000000000000000000000000, '2021-10-27 20:50:00', '28-10-2021 02:27:24 AM', 1),
(161, 'kskang2@gmail.com', 0x3a3a3100000000000000000000000000, '2021-10-27 21:15:46', '28-10-2021 05:41:11 AM', 1),
(162, 'kskang2@gmail.com', 0x3a3a3100000000000000000000000000, '2021-10-28 00:11:30', '28-10-2021 05:50:00 AM', 1),
(163, 'a', 0x3a3a3100000000000000000000000000, '2021-10-28 00:20:16', '28-10-2021 05:51:19 AM', 1),
(164, 'kskang2@gmail.com', 0x3a3a3100000000000000000000000000, '2021-10-28 00:21:29', '28-10-2021 06:06:04 AM', 1),
(165, 'kskang2@gmail.com', 0x3a3a3100000000000000000000000000, '2021-10-28 00:36:15', '28-10-2021 10:36:08 AM', 1),
(166, 'kskang2@gmail.com', 0x3a3a3100000000000000000000000000, '2021-10-28 05:39:07', '28-10-2021 12:10:54 PM', 1),
(167, 'a', 0x3a3a3100000000000000000000000000, '2021-10-28 06:41:02', '28-10-2021 12:14:26 PM', 1),
(168, 'b', 0x3a3a3100000000000000000000000000, '2021-10-28 06:44:34', '28-10-2021 12:32:40 PM', 1),
(169, 'kskang2@gmail.com', 0x3a3a3100000000000000000000000000, '2021-10-28 07:02:53', NULL, 1),
(170, 'kskang2@gmail.com', 0x3a3a3100000000000000000000000000, '2021-10-28 11:09:42', '29-10-2021 03:05:25 AM', 1),
(171, 'kskang2@gmail.com', 0x3a3a3100000000000000000000000000, '2021-10-28 21:36:00', '29-10-2021 03:06:02 AM', 1),
(172, 'kskang2@gmail.com', 0x3a3a3100000000000000000000000000, '2021-10-28 21:36:31', '29-10-2021 03:06:33 AM', 1),
(173, 'kskang2@gmail.com', 0x3a3a3100000000000000000000000000, '2021-10-28 21:36:45', '29-10-2021 03:06:47 AM', 1),
(174, 'kskang2@gmail.com', 0x3a3a3100000000000000000000000000, '2021-10-28 21:51:59', '29-10-2021 03:27:43 AM', 1),
(175, 'c', 0x3a3a3100000000000000000000000000, '2021-10-28 22:04:39', '29-10-2021 03:35:18 AM', 1),
(176, 'a', 0x3a3a3100000000000000000000000000, '2021-10-28 22:05:27', '29-10-2021 03:36:05 AM', 1),
(177, 'c', 0x3a3a3100000000000000000000000000, '2021-10-28 22:06:12', '29-10-2021 03:53:02 AM', 1),
(178, 'a', 0x3a3a3100000000000000000000000000, '2021-10-28 22:23:10', '29-10-2021 03:54:48 AM', 1),
(179, 'c', 0x3a3a3100000000000000000000000000, '2021-10-28 22:24:56', '29-10-2021 04:16:32 AM', 1),
(180, 'kskang2@gmail.com', 0x3a3a3100000000000000000000000000, '2021-10-28 23:11:55', '29-10-2021 04:42:14 AM', 1),
(181, 'a', 0x3a3a3100000000000000000000000000, '2021-10-28 23:20:01', '29-10-2021 04:50:04 AM', 1),
(182, 'a', 0x3a3a3100000000000000000000000000, '2021-10-29 22:34:17', '30-10-2021 04:04:37 AM', 1),
(183, 'a', 0x3a3a3100000000000000000000000000, '2021-10-29 22:42:36', '30-10-2021 04:12:52 AM', 1),
(184, 'a', 0x3a3a3100000000000000000000000000, '2021-10-29 22:45:14', '30-10-2021 04:15:31 AM', 1),
(185, 'a', 0x3a3a3100000000000000000000000000, '2021-10-29 23:18:09', '30-10-2021 04:49:38 AM', 1),
(186, 'a', 0x3a3a3100000000000000000000000000, '2021-10-29 23:23:28', '30-10-2021 05:03:19 AM', 1),
(187, 'a', 0x3a3a3100000000000000000000000000, '2021-10-29 23:38:34', '30-10-2021 05:09:40 AM', 1),
(188, 'a', 0x3a3a3100000000000000000000000000, '2021-10-30 23:18:21', '31-10-2021 04:49:28 AM', 1),
(189, 'a', 0x3a3a3100000000000000000000000000, '2021-10-30 23:29:32', '31-10-2021 04:59:58 AM', 1),
(190, 'a', 0x3132372e302e302e3100000000000000, '2021-10-31 02:47:21', '31-10-2021 09:41:46 AM', 1),
(191, 'a', 0x3a3a3100000000000000000000000000, '2021-10-31 05:21:12', '31-10-2021 11:03:58 AM', 1),
(192, 'a', 0x3a3a3100000000000000000000000000, '2021-10-31 05:34:36', '31-10-2021 11:04:40 AM', 1),
(193, 'a', 0x3a3a3100000000000000000000000000, '2021-10-31 05:40:01', '31-10-2021 11:10:03 AM', 1),
(194, 'a', 0x3a3a3100000000000000000000000000, '2021-10-31 05:40:14', '31-10-2021 11:10:18 AM', 1),
(195, 'a', 0x3a3a3100000000000000000000000000, '2021-10-31 05:41:08', '31-10-2021 11:11:11 AM', 1),
(196, 'a', 0x3a3a3100000000000000000000000000, '2021-10-31 05:53:03', '31-10-2021 11:23:05 AM', 1),
(197, 'a', 0x3a3a3100000000000000000000000000, '2021-10-31 05:53:13', '31-10-2021 11:23:16 AM', 1),
(198, 'a', 0x3a3a3100000000000000000000000000, '2021-10-31 05:53:23', '31-10-2021 12:47:33 PM', 1),
(199, 'a', 0x3a3a3100000000000000000000000000, '2021-10-31 07:17:50', '31-10-2021 12:48:06 PM', 1),
(200, 'a', 0x3a3a3100000000000000000000000000, '2021-10-31 08:28:22', '31-10-2021 02:00:42 PM', 1),
(201, 'a', 0x3a3a3100000000000000000000000000, '2021-10-31 10:32:48', NULL, 1),
(202, 'a', 0x3139322e3136382e382e313137000000, '2021-10-31 11:32:49', '31-10-2021 05:12:31 PM', 1),
(203, 'a', 0x3139322e3136382e382e313137000000, '2021-10-31 11:42:58', NULL, 1),
(204, 'a', 0x3a3a3100000000000000000000000000, '2021-10-31 21:56:48', '01-11-2021 03:26:50 AM', 1),
(205, 'a', 0x3a3a3100000000000000000000000000, '2021-10-31 21:59:10', '01-11-2021 03:30:15 AM', 1),
(206, 'a', 0x3a3a3100000000000000000000000000, '2021-10-31 22:00:32', '01-11-2021 03:30:37 AM', 1),
(207, 'a', 0x3a3a3100000000000000000000000000, '2021-10-31 22:00:51', '01-11-2021 03:30:59 AM', 1),
(208, 'a', 0x3a3a3100000000000000000000000000, '2021-10-31 22:03:30', '01-11-2021 03:34:17 AM', 1),
(209, 'a', 0x3a3a3100000000000000000000000000, '2021-10-31 22:04:28', '01-11-2021 03:34:45 AM', 1),
(210, 'a', 0x3a3a3100000000000000000000000000, '2021-10-31 22:04:54', '01-11-2021 03:39:34 AM', 1),
(211, 'a', 0x3a3a3100000000000000000000000000, '2021-10-31 22:13:17', '01-11-2021 03:48:58 AM', 1),
(212, 'a', 0x3a3a3100000000000000000000000000, '2021-10-31 22:19:16', '01-11-2021 03:49:18 AM', 1),
(213, 'a', 0x3a3a3100000000000000000000000000, '2021-10-31 22:34:33', '01-11-2021 04:04:51 AM', 1),
(214, 'a', 0x3a3a3100000000000000000000000000, '2021-10-31 22:35:13', '01-11-2021 04:05:21 AM', 1),
(215, 'a', 0x3a3a3100000000000000000000000000, '2021-10-31 22:35:56', '01-11-2021 04:06:54 AM', 1),
(216, 'a', 0x3a3a3100000000000000000000000000, '2021-10-31 22:37:02', '01-11-2021 04:07:06 AM', 1),
(217, 'a', 0x3a3a3100000000000000000000000000, '2021-10-31 22:38:34', '01-11-2021 04:09:13 AM', 1),
(218, 'a', 0x3a3a3100000000000000000000000000, '2021-10-31 22:39:29', '01-11-2021 04:09:43 AM', 1),
(219, 'a', 0x3a3a3100000000000000000000000000, '2021-10-31 22:47:06', '01-11-2021 04:17:09 AM', 1),
(220, 'a', 0x3a3a3100000000000000000000000000, '2021-10-31 22:50:05', '01-11-2021 04:20:33 AM', 1),
(221, 'a', 0x3a3a3100000000000000000000000000, '2021-10-31 22:50:40', '01-11-2021 04:26:24 AM', 1),
(222, 'a', 0x3a3a3100000000000000000000000000, '2021-10-31 22:57:11', '01-11-2021 04:27:17 AM', 1),
(223, 'a', 0x3a3a3100000000000000000000000000, '2021-10-31 23:16:57', '01-11-2021 04:47:00 AM', 1),
(224, 'a', 0x3a3a3100000000000000000000000000, '2021-10-31 23:20:19', '01-11-2021 04:50:31 AM', 1),
(225, 'a', 0x3a3a3100000000000000000000000000, '2021-10-31 23:41:45', '01-11-2021 05:12:27 AM', 1),
(226, 'a', 0x3a3a3100000000000000000000000000, '2021-10-31 23:42:36', '01-11-2021 05:20:18 AM', 1),
(227, 'a', 0x3a3a3100000000000000000000000000, '2021-10-31 23:50:25', '01-11-2021 05:21:04 AM', 1),
(228, 'a', 0x3a3a3100000000000000000000000000, '2021-10-31 23:51:11', '01-11-2021 05:21:27 AM', 1),
(229, 'a', 0x3a3a3100000000000000000000000000, '2021-10-31 23:51:34', '01-11-2021 05:21:52 AM', 1),
(230, 'a', 0x3a3a3100000000000000000000000000, '2021-10-31 23:52:01', '01-11-2021 05:22:03 AM', 1),
(231, 'a', 0x3a3a3100000000000000000000000000, '2021-10-31 23:52:31', '01-11-2021 05:24:07 AM', 1),
(232, 'a', 0x3a3a3100000000000000000000000000, '2021-10-31 23:54:17', '01-11-2021 05:25:39 AM', 1),
(233, 'a', 0x3a3a3100000000000000000000000000, '2021-10-31 23:55:51', '01-11-2021 05:26:10 AM', 1),
(234, 'a', 0x3a3a3100000000000000000000000000, '2021-10-31 23:56:41', '01-11-2021 05:26:45 AM', 1),
(235, 'a', 0x3a3a3100000000000000000000000000, '2021-10-31 23:57:03', '01-11-2021 05:27:05 AM', 1),
(236, 'a', 0x3a3a3100000000000000000000000000, '2021-11-01 00:01:01', '01-11-2021 05:40:09 AM', 1),
(237, 'a', 0x3a3a3100000000000000000000000000, '2021-11-01 00:11:28', '01-11-2021 05:42:19 AM', 1),
(238, 'a', 0x3a3a3100000000000000000000000000, '2021-11-01 00:15:13', '01-11-2021 05:48:00 AM', 1),
(239, 'a', 0x3a3a3100000000000000000000000000, '2021-11-01 00:18:50', '01-11-2021 05:49:48 AM', 1),
(240, 'a', 0x3a3a3100000000000000000000000000, '2021-11-01 00:22:37', '01-11-2021 05:53:43 AM', 1),
(241, 'a', 0x3a3a3100000000000000000000000000, '2021-11-01 00:24:00', '01-11-2021 05:54:53 AM', 1),
(242, 'a', 0x3a3a3100000000000000000000000000, '2021-11-01 00:30:39', '01-11-2021 06:01:26 AM', 1),
(243, 'a', 0x3a3a3100000000000000000000000000, '2021-11-01 00:31:42', '01-11-2021 06:02:01 AM', 1),
(244, 'a', 0x3a3a3100000000000000000000000000, '2021-11-01 00:32:50', '01-11-2021 06:02:53 AM', 1),
(245, 'a', 0x3a3a3100000000000000000000000000, '2021-11-01 00:34:58', '01-11-2021 06:05:00 AM', 1),
(246, 'a', 0x3a3a3100000000000000000000000000, '2021-11-01 00:44:53', '01-11-2021 06:15:03 AM', 1),
(247, 'a', 0x3a3a3100000000000000000000000000, '2021-11-01 00:46:12', '01-11-2021 06:16:16 AM', 1),
(248, 'a', 0x3a3a3100000000000000000000000000, '2021-11-01 00:46:27', '01-11-2021 06:17:23 AM', 1),
(249, 'a', 0x3a3a3100000000000000000000000000, '2021-11-01 00:47:32', '01-11-2021 06:18:09 AM', 1),
(250, 'a', 0x3a3a3100000000000000000000000000, '2021-11-01 00:48:19', '01-11-2021 06:22:32 AM', 1),
(251, 'a', 0x3a3a3100000000000000000000000000, '2021-11-01 02:04:39', '01-11-2021 07:35:03 AM', 1),
(252, 'a', 0x3a3a3100000000000000000000000000, '2021-11-01 02:27:38', '01-11-2021 07:57:49 AM', 1),
(253, 'a', 0x3132372e302e302e3100000000000000, '2021-11-02 02:51:38', '02-11-2021 08:25:02 AM', 1),
(254, 'a', 0x3132372e302e302e3100000000000000, '2021-11-02 02:57:37', '02-11-2021 08:29:32 AM', 1),
(255, 'a', 0x3132372e302e302e3100000000000000, '2021-11-02 03:08:33', '02-11-2021 10:40:59 AM', 1),
(256, 'A', 0x3139322e3136382e382e313037000000, '2021-11-02 10:19:53', '02-11-2021 05:04:02 PM', 1),
(257, 'a', 0x3a3a3100000000000000000000000000, '2021-11-02 22:23:52', NULL, 1),
(258, 'a', 0x3132372e302e302e3100000000000000, '2021-11-02 23:28:15', '03-11-2021 02:22:14 PM', 1),
(259, 'a', 0x3a3a3100000000000000000000000000, '2021-11-03 13:58:07', NULL, 1),
(260, 'a', 0x3a3a3100000000000000000000000000, '2021-11-03 22:11:25', NULL, 1),
(261, 'a', 0x3139322e3136382e382e313137000000, '2021-11-04 00:03:08', NULL, 1),
(262, 'a', 0x3132372e302e302e3100000000000000, '2021-11-04 03:06:17', '04-11-2021 11:58:27 AM', 1),
(263, 'x', 0x3132372e302e302e3100000000000000, '2021-11-04 06:28:48', '04-11-2021 01:25:53 PM', 1),
(264, 'x', 0x3132372e302e302e3100000000000000, '2021-11-04 07:56:08', NULL, 1),
(265, 'A', 0x3139322e3136382e382e313037000000, '2021-11-04 11:28:49', NULL, 1),
(266, 'a', 0x3132372e302e302e3100000000000000, '2021-11-05 08:30:26', '05-11-2021 03:50:56 PM', 1),
(267, 'a', 0x3132372e302e302e3100000000000000, '2021-11-05 10:31:21', '05-11-2021 05:00:18 PM', 1),
(268, 'aaa', 0x3132372e302e302e3100000000000000, '2021-11-05 10:56:09', NULL, 0),
(269, 'aaa', 0x3132372e302e302e3100000000000000, '2021-11-05 10:56:14', '05-11-2021 04:26:22 PM', 1),
(270, 'aaa', 0x3132372e302e302e3100000000000000, '2021-11-05 10:59:45', '05-11-2021 04:50:33 PM', 1),
(271, 'aaa', 0x3139322e3136382e382e313137000000, '2021-11-05 11:31:18', '05-11-2021 05:03:43 PM', 1),
(272, 'aaa', 0x3132372e302e302e3100000000000000, '2021-11-05 22:56:00', '06-11-2021 04:26:09 AM', 1),
(273, 'aaa', 0x3132372e302e302e3100000000000000, '2021-11-05 22:56:45', '06-11-2021 04:28:41 AM', 1),
(274, 'aaa', 0x3132372e302e302e3100000000000000, '2021-11-05 22:59:01', '06-11-2021 04:37:54 AM', 1),
(275, 'aa', 0x3132372e302e302e3100000000000000, '2021-11-05 23:12:13', NULL, 1),
(276, 'aa', 0x3132372e302e302e3100000000000000, '2021-11-05 23:12:36', '06-11-2021 04:52:35 AM', 1),
(277, 'aa', 0x3132372e302e302e3100000000000000, '2021-11-05 23:22:42', NULL, 1),
(278, 'aa', 0x3132372e302e302e3100000000000000, '2021-11-05 23:45:56', NULL, 1),
(279, 'aa', 0x3132372e302e302e3100000000000000, '2021-11-05 23:48:17', NULL, 0),
(280, 'bb', 0x3132372e302e302e3100000000000000, '2021-11-05 23:48:24', NULL, 1),
(281, 'aa', 0x3132372e302e302e3100000000000000, '2021-11-05 23:51:27', NULL, 1),
(282, 'a', 0x3139322e3136382e382e313137000000, '2021-11-05 23:53:21', '06-11-2021 05:23:31 AM', 1),
(283, 'aa', 0x3139322e3136382e382e313137000000, '2021-11-05 23:53:42', '06-11-2021 05:59:34 AM', 1),
(284, 'aa', 0x3132372e302e302e3100000000000000, '2021-11-06 00:29:44', NULL, 1),
(285, 'aa', 0x3132372e302e302e3100000000000000, '2021-11-06 00:30:59', NULL, 0),
(286, 'aa', 0x3132372e302e302e3100000000000000, '2021-11-06 00:31:09', NULL, 0),
(287, 'aa', 0x3132372e302e302e3100000000000000, '2021-11-06 00:31:33', '06-11-2021 06:01:41 AM', 1),
(288, 'aa', 0x3132372e302e302e3100000000000000, '2021-11-06 00:32:12', '06-11-2021 06:30:17 AM', 1),
(289, '13345678', 0x3139322e3136382e382e313137000000, '2021-11-06 00:56:19', NULL, 1),
(290, 'aa', 0x3132372e302e302e3100000000000000, '2021-11-06 01:00:25', NULL, 1),
(291, 'aa', 0x3132372e302e302e3100000000000000, '2021-11-06 01:03:17', NULL, 0),
(292, 'aa', 0x3132372e302e302e3100000000000000, '2021-11-06 01:03:25', NULL, 0),
(293, 'aa', 0x3132372e302e302e3100000000000000, '2021-11-06 01:05:16', NULL, 0),
(294, 'aa', 0x3132372e302e302e3100000000000000, '2021-11-06 01:05:28', '06-11-2021 06:36:00 AM', 1),
(295, 'aa', 0x3132372e302e302e3100000000000000, '2021-11-06 01:06:58', NULL, 0),
(296, 'aa', 0x3132372e302e302e3100000000000000, '2021-11-06 01:07:06', NULL, 0),
(297, 'aa', 0x3132372e302e302e3100000000000000, '2021-11-06 01:07:14', NULL, 0),
(298, 'aa', 0x3132372e302e302e3100000000000000, '2021-11-06 01:07:21', NULL, 0),
(299, 'name', 0x3132372e302e302e3100000000000000, '2021-11-06 01:09:13', NULL, 0),
(300, 'mail', 0x3132372e302e302e3100000000000000, '2021-11-06 01:10:33', '06-11-2021 06:41:31 AM', 1),
(301, 'mail', 0x3132372e302e302e3100000000000000, '2021-11-06 01:11:56', NULL, 1),
(302, 'mail', 0x3132372e302e302e3100000000000000, '2021-11-06 01:13:01', '06-11-2021 06:45:34 AM', 1),
(303, 'bb', 0x3132372e302e302e3100000000000000, '2021-11-06 01:16:06', NULL, 1),
(304, 'aa', 0x3132372e302e302e3100000000000000, '2021-11-06 02:01:30', NULL, 0),
(305, 'a', 0x3132372e302e302e3100000000000000, '2021-11-06 02:01:38', '06-11-2021 07:31:49 AM', 1),
(306, 'a', 0x3132372e302e302e3100000000000000, '2021-11-06 02:11:36', NULL, 1),
(307, 'a', 0x3132372e302e302e3100000000000000, '2021-11-06 02:12:17', NULL, 1),
(308, 'a', 0x3132372e302e302e3100000000000000, '2021-11-06 02:43:01', NULL, 1),
(309, 'a', 0x3132372e302e302e3100000000000000, '2021-11-06 03:54:15', NULL, 0),
(310, 'b', 0x3132372e302e302e3100000000000000, '2021-11-06 03:55:19', '06-11-2021 12:05:25 PM', 1),
(311, 'a', 0x3a3a3100000000000000000000000000, '2021-11-06 05:51:46', NULL, 0),
(312, 'a', 0x3a3a3100000000000000000000000000, '2021-11-06 05:51:53', NULL, 0),
(313, 'a', 0x3a3a3100000000000000000000000000, '2021-11-06 05:52:08', NULL, 1),
(314, 'a', 0x3a3a3100000000000000000000000000, '2021-11-06 06:08:09', NULL, 0),
(315, 'a', 0x3a3a3100000000000000000000000000, '2021-11-06 06:08:16', NULL, 0),
(316, 'a', 0x3a3a3100000000000000000000000000, '2021-11-06 06:08:29', NULL, 1),
(317, 'a', 0x3132372e302e302e3100000000000000, '2021-11-06 06:35:33', NULL, 1),
(318, 'a', 0x3132372e302e302e3100000000000000, '2021-11-06 06:36:21', NULL, 0),
(319, 'a', 0x3132372e302e302e3100000000000000, '2021-11-06 06:36:34', NULL, 1),
(320, 'a', 0x3132372e302e302e3100000000000000, '2021-11-06 06:40:16', NULL, 0),
(321, 'a', 0x3132372e302e302e3100000000000000, '2021-11-06 06:40:21', NULL, 0),
(322, 'a', 0x3132372e302e302e3100000000000000, '2021-11-06 06:40:32', NULL, 1),
(323, 'a', 0x3132372e302e302e3100000000000000, '2021-11-06 06:41:45', NULL, 1),
(324, 'a', 0x3132372e302e302e3100000000000000, '2021-11-06 06:45:11', NULL, 0),
(325, 'a', 0x3132372e302e302e3100000000000000, '2021-11-06 06:45:24', NULL, 1),
(326, 'a', 0x3132372e302e302e3100000000000000, '2021-11-06 06:47:46', NULL, 0),
(327, 'a', 0x3132372e302e302e3100000000000000, '2021-11-06 06:48:01', NULL, 1),
(328, 'a', 0x3a3a3100000000000000000000000000, '2021-11-06 06:55:25', NULL, 1),
(329, 'a', 0x3139322e3136382e382e313137000000, '2021-11-06 06:56:31', NULL, 1),
(330, 'a', 0x3a3a3100000000000000000000000000, '2021-11-06 07:47:40', '06-11-2021 01:33:02 PM', 1),
(331, 'a', 0x3a3a3100000000000000000000000000, '2021-11-06 08:03:10', '06-11-2021 01:33:31 PM', 1),
(332, 'A', 0x3139322e3136382e382e313038000000, '2021-11-06 09:14:52', NULL, 1),
(333, 'a', 0x3132372e302e302e3100000000000000, '2021-11-06 13:05:39', NULL, 1),
(334, 'a', 0x3139322e3136382e382e313137000000, '2021-11-06 13:09:53', '06-11-2021 07:00:54 PM', 1),
(335, '12345678', 0x3139322e3136382e382e313038000000, '2021-11-06 13:36:01', NULL, 0),
(336, '', 0x3139322e3136382e382e313038000000, '2021-11-06 13:36:11', NULL, 0),
(337, '1234', 0x3139322e3136382e382e313038000000, '2021-11-06 13:36:21', NULL, 1),
(338, 'a', 0x3a3a3100000000000000000000000000, '2021-11-06 23:49:37', NULL, 1),
(339, 'A', 0x3139322e3136382e382e313038000000, '2021-11-07 09:06:35', '07-11-2021 05:18:33 PM', 1),
(340, 'a', 0x3132372e302e302e3100000000000000, '2021-11-07 11:48:43', NULL, 1),
(341, 'a', 0x3a3a3100000000000000000000000000, '2021-11-07 12:02:55', '07-11-2021 05:39:15 PM', 1),
(342, 'a', 0x3a3a3100000000000000000000000000, '2021-11-07 12:10:28', '07-11-2021 05:53:55 PM', 1),
(343, 'a', 0x3a3a3100000000000000000000000000, '2021-11-07 12:24:24', '07-11-2021 05:57:40 PM', 1),
(344, 'a', 0x3a3a3100000000000000000000000000, '2021-11-07 12:28:05', NULL, 1),
(345, 'A', 0x3139322e3136382e382e313038000000, '2021-11-07 23:01:46', '08-11-2021 04:39:20 AM', 1),
(346, '11111', 0x3139322e3136382e382e313038000000, '2021-11-07 23:03:11', NULL, 1),
(347, '11111', 0x3139322e3136382e382e313137000000, '2021-11-07 23:09:38', NULL, 1),
(348, 'Aaaaa', 0x3139322e3136382e382e313038000000, '2021-11-08 00:44:06', NULL, 0),
(349, '11111', 0x3139322e3136382e382e313038000000, '2021-11-08 00:44:14', NULL, 0),
(350, '11111', 0x3139322e3136382e382e313038000000, '2021-11-08 00:44:25', NULL, 0),
(351, 'A', 0x3139322e3136382e382e313038000000, '2021-11-08 00:44:37', NULL, 1),
(352, '11111', 0x3139322e3136382e382e313137000000, '2021-11-08 00:51:41', NULL, 0),
(353, 'a', 0x3139322e3136382e382e313137000000, '2021-11-08 00:51:51', NULL, 1),
(354, 'a', 0x3a3a3100000000000000000000000000, '2021-11-08 03:48:55', '08-11-2021 12:16:52 PM', 1),
(355, 'aaaaa', 0x3a3a3100000000000000000000000000, '2021-11-08 06:47:23', '08-11-2021 12:48:24 PM', 1),
(356, 'k', 0x3a3a3100000000000000000000000000, '2021-11-08 07:19:11', '08-11-2021 12:59:07 PM', 1),
(357, 'zz', 0x3a3a3100000000000000000000000000, '2021-11-08 08:23:45', NULL, 1),
(358, 's', 0x3a3a3100000000000000000000000000, '2021-11-08 08:24:38', NULL, 1),
(359, 'd', 0x3a3a3100000000000000000000000000, '2021-11-08 08:24:49', NULL, 1),
(360, 'zz', 0x3a3a3100000000000000000000000000, '2021-11-08 08:25:03', NULL, 0),
(361, 'z', 0x3a3a3100000000000000000000000000, '2021-11-08 08:25:09', NULL, 1),
(362, 'a', 0x3a3a3100000000000000000000000000, '2021-11-08 08:46:04', '08-11-2021 03:22:23 PM', 1),
(363, 'x', 0x3a3a3100000000000000000000000000, '2021-11-08 09:52:29', '08-11-2021 03:22:32 PM', 1),
(364, 'x', 0x3a3a3100000000000000000000000000, '2021-11-08 09:52:38', NULL, 1),
(365, 'a', 0x3a3a3100000000000000000000000000, '2021-11-08 10:15:35', '08-11-2021 03:45:37 PM', 1),
(366, 'a', 0x3a3a3100000000000000000000000000, '2021-11-08 10:17:34', NULL, 1),
(367, 'a', 0x3139322e3136382e382e313137000000, '2021-11-08 11:29:44', '08-11-2021 06:31:42 PM', 1),
(368, 'a', 0x3a3a3100000000000000000000000000, '2021-11-08 13:02:28', '08-11-2021 06:32:31 PM', 1),
(369, 'a', 0x3a3a3100000000000000000000000000, '2021-11-08 23:28:42', NULL, 1),
(370, 'k', 0x3a3a3100000000000000000000000000, '2021-11-09 06:46:27', '09-11-2021 12:16:35 PM', 1),
(371, 'a', 0x3a3a3100000000000000000000000000, '2021-11-09 06:46:44', NULL, 1),
(372, 'A', 0x3139322e3136382e382e313100000000, '2021-11-09 07:50:37', NULL, 1),
(373, 'a', 0x3139322e3136382e382e363000000000, '2021-11-09 07:57:25', NULL, 1),
(374, 'a', 0x3139322e3136382e382e313100000000, '2021-11-09 08:57:45', NULL, 1),
(375, 'B', 0x3139322e3136382e382e313100000000, '2021-11-09 11:06:23', '09-11-2021 04:39:55 PM', 1),
(376, 'E', 0x3139322e3136382e382e313100000000, '2021-11-09 11:10:28', NULL, 1),
(377, 'E', 0x3139322e3136382e382e313100000000, '2021-11-09 11:14:18', NULL, 1),
(378, 'E', 0x3139322e3136382e382e313100000000, '2021-11-09 11:16:17', '09-11-2021 05:08:31 PM', 1),
(379, 'a', 0x3139322e3136382e382e313100000000, '2021-11-09 11:25:34', NULL, 1),
(380, 'a', 0x3139322e3136382e382e313100000000, '2021-11-09 11:26:55', '09-11-2021 05:20:42 PM', 1),
(381, 'a', 0x3139322e3136382e382e313100000000, '2021-11-09 12:35:11', NULL, 1),
(382, 'A', 0x3139322e3136382e382e313038000000, '2021-11-09 21:13:26', NULL, 1),
(383, 'A', 0x3139322e3136382e382e313038000000, '2021-11-09 21:15:26', NULL, 1),
(384, 'A', 0x3139322e3136382e382e313038000000, '2021-11-09 21:15:29', NULL, 1),
(385, 'a', 0x3139322e3136382e382e313100000000, '2021-11-09 21:20:35', NULL, 1),
(386, 'a', 0x3139322e3136382e382e313100000000, '2021-11-09 21:25:51', '10-11-2021 03:47:37 AM', 1),
(387, 'kim', 0x3139322e3136382e382e313100000000, '2021-11-09 22:19:23', NULL, 1),
(388, 'a', 0x3139322e3136382e382e313135000000, '2021-11-09 22:30:54', NULL, 1),
(389, 'a', 0x3139322e3136382e382e313100000000, '2021-11-09 22:49:05', '10-11-2021 04:29:45 AM', 1),
(390, 'b', 0x3139322e3136382e382e313100000000, '2021-11-09 22:59:53', NULL, 1),
(391, 'c', 0x3139322e3136382e382e313100000000, '2021-11-09 23:00:25', NULL, 1),
(392, 'c', 0x3139322e3136382e382e313100000000, '2021-11-09 23:00:50', NULL, 1),
(393, 'im', 0x3139322e3136382e382e313100000000, '2021-11-09 23:39:44', '10-11-2021 05:13:32 AM', 1),
(394, 'im', 0x3139322e3136382e382e313100000000, '2021-11-09 23:43:45', '10-11-2021 05:14:09 AM', 1),
(395, '', 0x32332e3234302e3231332e3134370000, '2021-11-10 00:10:46', '27-11-2021 08:47:48 AM', 0),
(396, 'Im', 0x32332e3234302e3231332e3134370000, '2021-11-10 00:11:11', NULL, 1),
(397, 'K', 0x33392e372e3233302e31343300000000, '2021-11-10 03:51:26', '10-11-2021 09:21:37 AM', 1),
(398, 'A', 0x33392e372e3233302e31343300000000, '2021-11-10 03:51:48', NULL, 1),
(399, 'A', 0x33392e372e3233302e32333800000000, '2021-11-10 05:43:50', NULL, 1),
(400, 'a', 0x3139322e3136382e382e313100000000, '2021-11-10 09:24:01', NULL, 1),
(401, 'a', 0x3139322e3136382e382e313100000000, '2021-11-10 09:29:44', '10-11-2021 03:09:41 PM', 1),
(402, 'test', 0x3139322e3136382e382e313100000000, '2021-11-10 09:40:23', NULL, 1),
(403, 'aaa', 0x3139322e3136382e382e313100000000, '2021-11-10 14:33:00', NULL, 0),
(404, 'aaaa', 0x3139322e3136382e382e363000000000, '2021-11-10 15:04:27', NULL, 0),
(405, 'a', 0x3139322e3136382e382e363000000000, '2021-11-10 15:04:34', '10-11-2021 09:05:41 PM', 1),
(406, 'a', 0x3139322e3136382e382e363000000000, '2021-11-10 15:35:47', '10-11-2021 09:07:47 PM', 1),
(407, 'a', 0x3139322e3136382e382e363000000000, '2021-11-10 15:37:56', NULL, 1),
(408, 'Test', 0x3139322e3136382e382e313100000000, '2021-11-10 21:16:23', NULL, 1),
(409, 'a', 0x3139322e3136382e382e363000000000, '2021-11-10 22:39:58', NULL, 1),
(410, 'a', 0x3139322e3136382e382e363000000000, '2021-11-10 22:45:00', NULL, 1),
(411, 'a', 0x3139322e3136382e382e313100000000, '2021-11-10 22:50:19', NULL, 1),
(412, 'a', 0x3139322e3136382e382e313100000000, '2021-11-12 21:21:01', '13-11-2021 02:52:04 AM', 1),
(413, 'a', 0x3139322e3136382e382e313100000000, '2021-11-12 21:23:07', NULL, 1),
(414, 'a', 0x3139322e3136382e382e313100000000, '2021-11-12 23:55:53', '13-11-2021 05:25:57 AM', 1),
(415, 'a', 0x3139322e3136382e382e313100000000, '2021-11-12 23:56:01', '13-11-2021 05:32:28 AM', 1),
(416, 'a', 0x3232332e33382e32382e393000000000, '2021-11-13 01:22:24', '13-11-2021 07:09:45 AM', 1),
(417, 'a', 0x3139322e3136382e382e313100000000, '2021-11-13 03:46:15', '13-11-2021 09:16:24 AM', 1),
(418, 'a', 0x3139322e3136382e382e313100000000, '2021-11-13 03:46:34', '13-11-2021 09:27:12 AM', 1),
(419, 'a', 0x3231302e3137382e392e323236000000, '2021-11-13 03:57:20', '13-11-2021 10:34:48 AM', 1),
(420, 'a', 0x3139322e3136382e382e313100000000, '2021-11-13 07:33:13', NULL, 1),
(421, 'a', 0x3139322e3136382e382e313100000000, '2021-11-13 13:05:51', NULL, 1),
(422, 'a', 0x3139322e3136382e382e313100000000, '2021-11-27 02:08:59', '27-11-2021 07:39:06 AM', 1),
(423, 'a', 0x3139322e3136382e382e313100000000, '2021-11-27 02:09:16', NULL, 1),
(424, 'a', 0x3139322e3136382e382e313100000000, '2021-11-27 02:10:24', '27-11-2021 07:40:28 AM', 1),
(425, 'a', 0x3139322e3136382e382e313100000000, '2021-11-27 02:11:05', '27-11-2021 07:45:07 AM', 1),
(426, 'a', 0x3139322e3136382e382e313100000000, '2021-11-27 02:15:12', '27-11-2021 07:45:15 AM', 1),
(427, 'a', 0x3139322e3136382e382e313100000000, '2021-11-27 03:17:52', '27-11-2021 09:37:48 AM', 1),
(428, 'a', 0x3139322e3136382e382e313100000000, '2021-11-27 04:08:05', NULL, 1),
(429, 'a', 0x3139322e3136382e382e313100000000, '2021-11-27 04:13:39', '27-11-2021 09:43:43 AM', 1),
(430, 'a', 0x3139322e3136382e382e313100000000, '2021-11-27 04:13:51', NULL, 1),
(431, 'a', 0x3132312e3136392e3133322e35390000, '2021-11-28 03:08:32', '28-11-2021 08:40:37 AM', 1),
(432, 'a', 0x3139322e3136382e382e313100000000, '2021-11-28 03:59:37', '28-11-2021 09:29:42 AM', 1),
(433, '로그인 됨(실험용)', 0x3139322e3136382e382e313100000000, '2021-11-28 04:05:48', '28-11-2021 09:35:52 AM', 1),
(434, '로그인 됨(실험용)', 0x3139322e3136382e382e363000000000, '2021-11-28 04:10:08', NULL, 1),
(435, '로그인 됨(실험용)', 0x3139322e3136382e382e313100000000, '2021-11-28 05:46:09', NULL, 1),
(436, '로그인 됨(실험용)', 0x3139322e3136382e382e363000000000, '2021-11-28 05:48:17', '28-11-2021 11:24:40 AM', 1),
(437, '로그인 됨(실험용)', 0x3139322e3136382e382e363000000000, '2021-11-28 06:34:00', '28-11-2021 12:04:06 PM', 1),
(438, '로그인 됨(실험용)', 0x3139322e3136382e382e363000000000, '2021-11-28 06:40:39', '28-11-2021 12:10:42 PM', 1),
(439, '로그인 됨(실험용)', 0x3139322e3136382e382e313100000000, '2021-11-28 07:56:47', NULL, 1),
(440, '로그인 됨(실험용)', 0x3139322e3136382e382e313100000000, '2021-11-28 07:56:51', '28-11-2021 01:27:31 PM', 1),
(441, '로그인 됨(실험용)', 0x3139322e3136382e382e363000000000, '2021-11-28 10:32:18', '28-11-2021 04:02:20 PM', 1),
(442, '로그인 됨(실험용)', 0x3139322e3136382e382e363000000000, '2021-11-30 10:39:32', '30-11-2021 04:09:36 PM', 1),
(443, '로그인 됨(실험용)', 0x3139322e3136382e382e363000000000, '2021-11-30 10:39:40', NULL, 1),
(444, '로그인 됨(실험용)', 0x3139322e3136382e382e313100000000, '2021-12-04 05:51:15', NULL, 1),
(445, '로그인 됨(실험용)', 0x3139322e3136382e382e313100000000, '2021-12-04 13:08:10', NULL, 1),
(446, '로그인 됨(실험용)', 0x3139322e3136382e382e363000000000, '2021-12-05 22:24:01', '06-12-2021 04:42:09 AM', 1),
(447, '로그인 됨(실험용)', 0x3139322e3136382e382e363000000000, '2021-12-05 23:12:13', '06-12-2021 04:43:05 AM', 1),
(448, '로그인 됨(실험용)', 0x3139322e3136382e382e363000000000, '2021-12-05 23:13:09', '06-12-2021 04:45:31 AM', 1),
(449, '로그인 됨(실험용)', 0x3139322e3136382e382e363000000000, '2021-12-05 23:15:35', NULL, 1),
(450, '로그인 됨(실험용)', 0x3139322e3136382e382e363000000000, '2021-12-06 09:12:22', '06-12-2021 02:44:17 PM', 1),
(451, '로그인 됨(실험용)', 0x3139322e3136382e382e363000000000, '2021-12-06 09:14:21', '06-12-2021 02:44:28 PM', 1),
(452, '로그인 됨(실험용)', 0x3139322e3136382e382e363000000000, '2021-12-06 09:14:32', NULL, 1),
(453, '로그인 됨(실험용)', 0x3139322e3136382e382e313100000000, '2021-12-07 08:26:39', NULL, 1),
(454, '로그인 됨(실험용)', 0x3139322e3136382e382e313030000000, '2021-12-09 09:58:21', NULL, 1),
(455, '로그인 됨(실험용)', 0x3139322e3136382e382e313100000000, '2021-12-10 19:31:03', '11-12-2021 01:16:21 AM', 1),
(456, '로그인 됨(실험용)', 0x3139322e3136382e382e363000000000, '2021-12-17 05:50:20', NULL, 1),
(457, '로그인 됨(실험용)', 0x3139322e3136382e382e363000000000, '2021-12-17 08:36:29', NULL, 1),
(458, '로그인 됨(실험용)', 0x3139322e3136382e382e313100000000, '2021-12-18 11:44:29', NULL, 1),
(459, '로그인 됨(실험용)', 0x3139322e3136382e382e313100000000, '2021-12-19 02:12:53', NULL, 1),
(460, '로그인 됨(실험용)', 0x3139322e3136382e382e363000000000, '2021-12-22 15:12:20', '22-12-2021 08:42:37 PM', 1),
(461, '로그인 됨(실험용)', 0x35392e31302e352e3133390000000000, '2022-01-10 10:34:30', NULL, 1),
(462, '로그인 됨(실험용)', 0x3139322e3136382e382e313100000000, '2022-01-11 22:38:44', NULL, 1),
(463, '로그인 됨(실험용)', 0x3139322e3136382e382e313100000000, '2022-01-11 22:44:04', NULL, 1),
(464, '로그인 됨(실험용)', 0x3139322e3136382e382e313100000000, '2022-01-11 23:31:33', NULL, 1),
(465, '로그인 됨(실험용)', 0x3132312e3136392e3133322e35390000, '2022-01-12 04:01:48', NULL, 1),
(466, '로그인 됨(실험용)', 0x3232312e3134372e37302e3834000000, '2022-01-12 07:07:50', NULL, 1),
(467, '로그인 됨(실험용)', 0x3232332e33382e33352e323432000000, '2022-01-12 08:15:26', NULL, 1),
(468, '로그인 됨(실험용)', 0x3139322e3136382e382e313100000000, '2022-01-12 23:01:00', NULL, 1),
(469, '로그인 됨(실험용)', 0x3139322e3136382e382e313100000000, '2022-01-14 22:57:55', NULL, 1),
(470, '로그인 됨(실험용)', 0x3139322e3136382e382e313100000000, '2022-01-14 22:58:13', NULL, 1),
(471, '로그인 됨(실험용)', 0x3139322e3136382e382e313100000000, '2022-01-18 08:50:40', '18-01-2022 02:20:41 PM', 1),
(472, '로그인 됨(실험용)', 0x3139322e3136382e382e313100000000, '2022-01-19 20:41:22', NULL, 1),
(473, '로그인 됨(실험용)', 0x3139322e3136382e382e313100000000, '2022-01-22 12:08:32', NULL, 1),
(474, '로그인 됨(실험용)', 0x3139322e3136382e382e313100000000, '2022-01-22 22:57:12', NULL, 1),
(475, '로그인 됨(실험용)', 0x3139322e3136382e382e313100000000, '2022-01-23 07:49:11', '23-01-2022 01:29:16 PM', 1),
(476, '로그인 됨(실험용)', 0x3139322e3136382e382e313100000000, '2022-01-23 07:59:22', '23-01-2022 01:45:22 PM', 1),
(477, '로그인 됨(실험용)', 0x3139322e3136382e382e313100000000, '2022-01-28 13:47:58', NULL, 1),
(478, '로그인 됨(실험용)', 0x3139322e3136382e382e313100000000, '2022-01-29 23:10:39', NULL, 1),
(479, '', 0x3232322e39392e37372e323132000000, '2022-02-05 02:07:38', NULL, 0),
(480, '', 0x3232322e39392e37372e323132000000, '2022-02-05 02:07:41', '27-12-2023 04:41:27 AM', 0),
(481, '로그인 됨(실험용)', 0x3139322e3136382e382e313100000000, '2022-02-05 08:36:28', NULL, 1),
(482, '로그인 됨(실험용)', 0x3139322e3136382e382e313100000000, '2022-02-06 13:09:44', NULL, 1),
(483, '로그인 됨(실험용)', 0x3139322e3136382e382e313100000000, '2022-02-08 11:15:51', NULL, 1),
(484, '로그인 됨(실험용)', 0x3139322e3136382e382e313100000000, '2022-02-08 11:17:41', NULL, 1),
(485, '로그인 됨(실험용)', 0x3139322e3136382e382e313100000000, '2022-02-09 21:53:42', NULL, 1),
(486, '로그인 됨(실험용)', 0x3232312e3134372e37302e3834000000, '2022-02-10 09:46:06', NULL, 1),
(487, '로그인 됨(실험용)', 0x3139322e3136382e382e313100000000, '2022-02-13 09:34:11', NULL, 1),
(488, '로그인 됨(실험용)', 0x3139322e3136382e382e313100000000, '2022-02-23 09:34:50', '23-02-2022 03:08:23 PM', 1),
(489, '로그인 됨(실험용)', 0x3139322e3136382e382e313100000000, '2022-03-17 21:45:33', NULL, 1),
(490, 'kskang2', 0x3139322e3136382e382e313100000000, '2022-08-28 20:56:27', NULL, 0),
(491, 'kskang2@gmail.com', 0x3139322e3136382e382e313100000000, '2022-08-28 20:56:53', NULL, 0),
(492, '로그인 됨(실험용)', 0x3139322e3136382e382e313100000000, '2023-10-23 20:14:01', NULL, 1),
(493, '로그인 됨(실험용)', 0x3139322e3136382e382e313100000000, '2023-12-26 21:26:15', NULL, 1),
(494, '로그인 됨(실험용)', 0x3139322e3136382e382e313100000000, '2023-12-26 21:26:19', '27-12-2023 02:57:19 AM', 1),
(495, '로그인 됨(실험용)', 0x3139322e3136382e382e313100000000, '2023-12-26 21:27:27', '27-12-2023 02:57:39 AM', 1),
(496, '로그인 됨(실험용)', 0x3139322e3136382e382e313100000000, '2023-12-26 21:27:50', NULL, 1),
(497, '로그인 됨(실험용)', 0x3139322e3136382e382e313100000000, '2023-12-26 21:29:31', '27-12-2023 02:59:47 AM', 1),
(498, '로그인 됨(실험용)', 0x3139322e3136382e382e313100000000, '2023-12-26 21:29:57', '27-12-2023 03:00:05 AM', 1),
(499, '로그인 됨(실험용)', 0x3139322e3136382e382e313100000000, '2023-12-26 21:31:48', '27-12-2023 03:02:02 AM', 1),
(500, '로그인 됨(실험용)', 0x3139322e3136382e382e313100000000, '2023-12-26 21:32:30', '27-12-2023 03:02:59 AM', 1),
(501, '로그인 됨(실험용)', 0x3139322e3136382e382e313100000000, '2023-12-26 21:33:05', '27-12-2023 03:03:12 AM', 1),
(502, '로그인 됨(실험용)', 0x3139322e3136382e382e313100000000, '2023-12-26 21:33:19', '27-12-2023 03:06:38 AM', 1),
(503, '로그인 됨(실험용)', 0x3139322e3136382e382e313100000000, '2023-12-26 21:36:49', '27-12-2023 03:07:18 AM', 1),
(504, '로그인 됨(실험용)', 0x3139322e3136382e382e313100000000, '2023-12-26 21:37:22', '27-12-2023 03:07:47 AM', 1),
(505, '로그인 됨(실험용)', 0x3139322e3136382e382e313100000000, '2023-12-26 21:37:52', '27-12-2023 03:09:26 AM', 1),
(506, '로그인 됨(실험용)', 0x3139322e3136382e382e313100000000, '2023-12-26 21:39:31', '27-12-2023 03:10:08 AM', 1),
(507, '로그인 됨(실험용)', 0x3139322e3136382e382e313100000000, '2023-12-26 21:40:13', '27-12-2023 03:11:42 AM', 1),
(508, '로그인 됨(실험용)', 0x3139322e3136382e382e313100000000, '2023-12-26 21:41:46', '27-12-2023 03:12:12 AM', 1),
(509, '로그인 됨(실험용)', 0x3139322e3136382e382e313100000000, '2023-12-26 21:42:19', '27-12-2023 03:12:32 AM', 1),
(510, '로그인 됨(실험용)', 0x3139322e3136382e382e313100000000, '2023-12-26 21:43:04', '27-12-2023 03:14:33 AM', 1),
(511, '로그인 됨(실험용)', 0x3139322e3136382e382e313100000000, '2023-12-26 21:45:15', '27-12-2023 03:15:34 AM', 1),
(512, '로그인 됨(실험용)', 0x3139322e3136382e382e313100000000, '2023-12-26 21:45:49', '27-12-2023 03:16:41 AM', 1),
(513, '로그인 됨(실험용)', 0x3139322e3136382e382e313100000000, '2023-12-26 21:46:46', '27-12-2023 03:16:48 AM', 1),
(514, '로그인 됨(실험용)', 0x3139322e3136382e382e313100000000, '2023-12-26 21:46:55', '27-12-2023 03:16:59 AM', 1),
(515, '로그인 됨(실험용)', 0x3139322e3136382e382e313100000000, '2023-12-26 21:47:03', '27-12-2023 03:17:08 AM', 1);
INSERT INTO `userlog` (`id`, `userEmail`, `userip`, `loginTime`, `logout`, `status`) VALUES
(516, '로그인 됨(실험용)', 0x3139322e3136382e382e313100000000, '2023-12-26 21:47:23', NULL, 1),
(517, '로그인 됨(실험용)', 0x3139322e3136382e382e313100000000, '2023-12-26 21:47:44', NULL, 1),
(518, '로그인 됨(실험용)', 0x3139322e3136382e382e313100000000, '2023-12-26 21:49:15', '27-12-2023 03:19:27 AM', 1),
(519, '로그인 됨(실험용)', 0x3139322e3136382e382e313100000000, '2023-12-26 21:49:33', '27-12-2023 03:19:56 AM', 1),
(520, '로그인 됨(실험용)', 0x3139322e3136382e382e313100000000, '2023-12-26 21:50:09', '27-12-2023 03:20:13 AM', 1),
(521, '로그인 됨(실험용)', 0x3139322e3136382e382e313100000000, '2023-12-26 21:50:18', '27-12-2023 03:28:45 AM', 1),
(522, '로그인 됨(실험용)', 0x3139322e3136382e382e313100000000, '2023-12-26 21:58:50', '27-12-2023 03:28:56 AM', 1),
(523, '로그인 됨(실험용)', 0x3139322e3136382e382e313100000000, '2023-12-26 21:59:00', '27-12-2023 03:29:05 AM', 1),
(524, '로그인 됨(실험용)', 0x3139322e3136382e382e313100000000, '2023-12-26 21:59:10', '27-12-2023 03:29:17 AM', 1),
(525, '로그인 됨(실험용)', 0x3139322e3136382e382e313100000000, '2023-12-26 21:59:24', NULL, 1),
(526, '로그인 됨(실험용)', 0x3139322e3136382e382e313100000000, '2023-12-26 21:59:36', '27-12-2023 03:29:44 AM', 1),
(527, '로그인 됨(실험용)', 0x3139322e3136382e382e313100000000, '2023-12-26 21:59:53', '27-12-2023 03:29:58 AM', 1),
(528, '로그인 됨(실험용)', 0x3139322e3136382e382e313100000000, '2023-12-26 22:01:10', '27-12-2023 03:31:14 AM', 1),
(529, '로그인 됨(실험용)', 0x3139322e3136382e382e313100000000, '2023-12-26 22:01:20', '27-12-2023 03:31:37 AM', 1),
(530, '로그인 됨(실험용)', 0x3139322e3136382e382e313100000000, '2023-12-26 22:03:47', '27-12-2023 03:33:58 AM', 1),
(531, '로그인 됨(실험용)', 0x3139322e3136382e382e313100000000, '2023-12-26 22:04:09', '27-12-2023 03:38:06 AM', 1),
(532, '로그인 됨(실험용)', 0x3139322e3136382e382e313100000000, '2023-12-26 22:08:10', '27-12-2023 03:38:12 AM', 1),
(533, '로그인 됨(실험용)', 0x3139322e3136382e382e313100000000, '2023-12-26 22:08:26', '27-12-2023 03:39:20 AM', 1),
(534, '로그인 됨(실험용)', 0x3139322e3136382e382e313100000000, '2023-12-26 22:09:38', '27-12-2023 03:42:25 AM', 1),
(535, '로그인 됨(실험용)', 0x3139322e3136382e382e313100000000, '2023-12-26 22:12:35', '27-12-2023 03:42:38 AM', 1),
(536, '로그인 됨(실험용)', 0x3139322e3136382e382e313100000000, '2023-12-26 22:12:54', '27-12-2023 03:42:56 AM', 1),
(537, '로그인 됨(실험용)', 0x3139322e3136382e382e313100000000, '2023-12-26 22:15:17', '27-12-2023 03:45:27 AM', 1),
(538, '로그인 됨(실험용)', 0x3139322e3136382e382e313100000000, '2023-12-26 22:16:17', '27-12-2023 03:46:20 AM', 1),
(539, '로그인 됨(실험용)', 0x3139322e3136382e382e313100000000, '2023-12-26 22:20:00', NULL, 1),
(540, '로그인 됨(실험용)', 0x3139322e3136382e382e313100000000, '2023-12-26 22:20:05', NULL, 1),
(541, '로그인 됨(실험용)', 0x3139322e3136382e382e313100000000, '2023-12-26 22:20:12', NULL, 1),
(542, '로그인 됨(실험용)', 0x3139322e3136382e382e313100000000, '2023-12-26 22:20:21', NULL, 1),
(543, '로그인 됨(실험용)', 0x3139322e3136382e382e313100000000, '2023-12-26 22:20:44', '27-12-2023 03:50:48 AM', 1),
(544, '로그인 됨(실험용)', 0x3139322e3136382e382e313100000000, '2023-12-26 22:21:05', '27-12-2023 03:51:08 AM', 1),
(545, '로그인 됨(실험용)', 0x3139322e3136382e382e313100000000, '2023-12-26 22:23:11', '27-12-2023 03:53:13 AM', 1),
(546, '로그인 됨(실험용)', 0x3139322e3136382e382e313100000000, '2023-12-26 22:23:18', '27-12-2023 03:58:36 AM', 1),
(547, '로그인 됨(실험용)', 0x3139322e3136382e382e313100000000, '2023-12-26 22:28:40', '27-12-2023 03:58:43 AM', 1),
(548, '로그인 됨(실험용)', 0x3139322e3136382e382e313100000000, '2023-12-26 22:29:44', '27-12-2023 04:03:29 AM', 1),
(549, '로그인 됨(실험용)', 0x3139322e3136382e382e313100000000, '2023-12-26 22:33:35', '27-12-2023 04:03:49 AM', 1),
(550, '로그인 됨(실험용)', 0x3139322e3136382e382e313100000000, '2023-12-26 22:33:59', '27-12-2023 04:04:01 AM', 1),
(551, '로그인 됨(실험용)', 0x3139322e3136382e382e313100000000, '2023-12-26 22:34:06', '27-12-2023 04:04:11 AM', 1),
(552, '로그인 됨(실험용)', 0x3139322e3136382e382e313100000000, '2023-12-26 22:34:17', '27-12-2023 04:05:33 AM', 1),
(553, '로그인 됨(실험용)', 0x3139322e3136382e382e313100000000, '2023-12-26 22:43:48', '27-12-2023 04:14:08 AM', 1),
(554, '로그인 됨(실험용)', 0x3139322e3136382e382e313100000000, '2023-12-26 22:44:51', NULL, 1),
(555, '로그인 됨(실험용)', 0x3139322e3136382e382e313100000000, '2023-12-26 23:11:31', NULL, 1),
(556, 'kskang2@gmail.com', 0x3130382e38322e3134302e3231350000, '2025-04-16 20:51:54', NULL, 1),
(557, 'admin', 0x3130382e38322e3134302e3231350000, '2025-04-16 20:52:03', NULL, 0);

-- --------------------------------------------------------

--
-- 테이블 구조 `users`
--

