CREATE TABLE `WARNING` (
  `id` int(11) NOT NULL,
  `warning` text DEFAULT NULL,
  `website` text DEFAULT NULL,
  `token` text DEFAULT NULL
) ENGINE=InnoDB DEFAULT CHARSET=utf8mb3 COLLATE=utf8mb3_unicode_ci;

--
-- 테이블의 덤프 데이터 `WARNING`
--

INSERT INTO `WARNING` (`id`, `warning`, `website`, `token`) VALUES
(1, 'To recover your lost databases and avoid leaking it: visit http://o42xfh5kao7mrtesnok5jgdsfagjsgzxlxdlpkpd2x6lpckhzk225yad.onion and enter your unique token b427a6c6ff6d08d2 and pay the required amount of Bitcoin to get it back. Databases that we have: testing2, poll, dkang, newsportal, testing. Your databases are downloaded and backed up on our servers. If we dont receive your payment in the next 9 Days, we will sell your database to the highest bidder or use them otherwise. To access this site you have use the tor browser https://www.torproject.org/projects/torbrowser.html', 'http://o42xfh5kao7mrtesnok5jgdsfagjsgzxlxdlpkpd2x6lpckhzk225yad.onion', 'b427a6c6ff6d08d2');

--
-- 덤프된 테이블의 인덱스
--

--
-- 테이블의 인덱스 `WARNING`
--
ALTER TABLE `WARNING`
  ADD PRIMARY KEY (`id`);
--
-- 데이터베이스: `exam`
--
CREATE DATABASE IF NOT EXISTS `exam` DEFAULT CHARACTER SET utf8mb3 COLLATE utf8mb3_general_ci;
USE `exam`;

-- --------------------------------------------------------

--
-- 테이블 구조 `tbl_app`
--

CREATE TABLE `tbl_app` (
  `app_id` int(10) UNSIGNED NOT NULL,
  `app_name` varchar(255) NOT NULL,
  `email` varchar(200) NOT NULL,
  `username` varchar(100) NOT NULL,
  `password` varchar(255) NOT NULL,
  `contact` varchar(20) NOT NULL,
  `added_date` date NOT NULL,
  `updated_date` date NOT NULL,
  `image_name` varchar(255) NOT NULL
) ENGINE=InnoDB DEFAULT CHARSET=utf8mb3 COLLATE=utf8mb3_general_ci;

--
-- 테이블의 덤프 데이터 `tbl_app`
--

INSERT INTO `tbl_app` (`app_id`, `app_name`, `email`, `username`, `password`, `contact`, `added_date`, `updated_date`, `image_name`) VALUES
(1, 'Vijay Thapa Online Exam System', 'hi@vijaythapa.com', 'admin', '21232f297a57a5a743894a0e4a801fc3', '9866296009', '2017-04-03', '2020-12-26', ''),
(2, 'quiz', 'kskang2@gmail.com', 'admin', 'admin', '01952545944', '2023-12-24', '2023-12-25', ''),
(3, 'quiz', 'kskang2@gmail.com', 'root', 'raspberry', '01952545944', '2023-12-24', '2023-12-25', ''),
(4, 'quiz', 'kskang2@gmail.com', 'mekang', 'mekang', '01952545944', '2023-12-24', '2023-12-25', '');

-- --------------------------------------------------------

--
-- 테이블 구조 `tbl_faculty`
--

CREATE TABLE `tbl_faculty` (
  `faculty_id` int(10) UNSIGNED NOT NULL,
  `faculty_name` varchar(150) NOT NULL,
  `time_duration` int(11) NOT NULL,
  `qns_per_set` int(11) NOT NULL,
  `total_english` int(10) UNSIGNED NOT NULL,
  `total_math` int(10) UNSIGNED NOT NULL,
  `is_active` varchar(10) NOT NULL,
  `added_date` date NOT NULL,
  `updated_date` date NOT NULL
) ENGINE=InnoDB DEFAULT CHARSET=utf8mb3 COLLATE=utf8mb3_general_ci;

--
-- 테이블의 덤프 데이터 `tbl_faculty`
--

INSERT INTO `tbl_faculty` (`faculty_id`, `faculty_name`, `time_duration`, `qns_per_set`, `total_english`, `total_math`, `is_active`, `added_date`, `updated_date`) VALUES
(1, 'Quiz', 20, 3, 1, 2, 'yes', '2023-11-16', '2024-02-09'),
(2, '漢字', 20, 3, 1, 2, 'yes', '2023-11-16', '2024-02-09'),
(3, '數學', 20, 3, 1, 2, 'yes', '2023-11-16', '2024-02-09'),
(4, 'save only 5', 20, 20, 1, 1, 'yes', '2024-02-04', '2024-02-06');

-- --------------------------------------------------------

--
-- 테이블 구조 `tbl_question`
--

CREATE TABLE `tbl_question` (
  `question_id` int(10) UNSIGNED NOT NULL,
  `question` longtext NOT NULL,
  `first_answer` varchar(255) NOT NULL,
  `second_answer` varchar(255) NOT NULL,
  `third_answer` varchar(255) NOT NULL,
  `fourth_answer` varchar(255) NOT NULL,
  `fifth_answer` varchar(255) NOT NULL,
  `answer` int(11) NOT NULL,
  `reason` longtext NOT NULL,
  `marks` int(11) NOT NULL,
  `category` varchar(100) NOT NULL,
  `faculty` int(11) NOT NULL,
  `is_active` varchar(10) NOT NULL,
  `added_date` date NOT NULL,
  `updated_date` date DEFAULT NULL,
  `image_name` varchar(255) NOT NULL
) ENGINE=InnoDB DEFAULT CHARSET=utf8mb3 COLLATE=utf8mb3_general_ci;

--
-- 테이블의 덤프 데이터 `tbl_question`
--

INSERT INTO `tbl_question` (`question_id`, `question`, `first_answer`, `second_answer`, `third_answer`, `fourth_answer`, `fifth_answer`, `answer`, `reason`, `marks`, `category`, `faculty`, `is_active`, `added_date`, `updated_date`, `image_name`) VALUES
(88, '<p>(88)Many people suffer an allergic reaction to certain sulfites, including those that are<br />\r\ncommonly added to wine as preservatives. However, since there are several<br />\r\nwinemakers who add sulfites to none of the wines they produce, people who would<br />\r\nlike to drink wine but are allergic to sulfites can drink wines produced by these<br />\r\nwinemakers without risking an allergic reaction to sulfites.<br />\r\nWhich of the following is an assumption on which the argument depends?</p>\r\n', 'These winemakers have been able to duplicate the preservative effect produced by adding sulfites by means that do not involve adding any potentially allergenic substances to their wine. ', 'Not all forms of sulfite are equally likely to produce the allergic reaction. ', 'Wine is the only beverage to which sulfites are commonly added. ', 'Apart from sulfites, there are no substances commonly present in wine that give rise to an allergic reaction. ', 'Sulfites are not naturally present in the wines produced by these winemakers in amounts large enough to produce an allergic reaction in someone who drinks these wines.', 5, '<p>Argument Construction Situation:- People who are allergic to certain sulfites can avoid risking an allergic reaction by drinking wine from one of the several producers that does not add sulfites. Reasoning:- On what assumption does the argument depend? Drinking wine to which no sulfites have been added will not prevent exposure to sulfites if, for instance, sulfites occur naturally in wines. In particular, if the wines that do not have sulfites added have sulfites present naturally in quantities sufficient to produce an allergic reaction, drinking these wines will not prevent an allergic reaction. The argument therefore depends on assuming that this is not the case. A The argument does not require this because the conclusion does not address allergic reactions to substances other than sulfites. B The argument specifically refers to &acirc;&euro;&oelig;certain sulfites&acirc;&euro; producing allergic reactions. It is entirely compatible with certain other forms of sulfites not producing allergic reactions in anyone. C This is irrelevant. The argument does not claim that one can avoid having an allergic reaction to sulfites from any source just by restricting one&acirc;&euro;&trade;s wine consumption to those varieties to which no sulfites have been added. D Once again, the argument&acirc;&euro;&trade;s conclusion does not address allergic reactions to substances other than sulfites in wine. E Correct. The argument relies on this assumption. The correct answer is E.</p>\r\n', 20, 'step2', 1, 'yes', '2017-06-16', '2024-02-06', ''),
(89, '<p>(89)Businesses are suffering because of a lack of money available for development<br />\r\nloans. To help businesses, the government plans to modify the income-tax<br />\r\nstructure in order to induce individual taxpayers to put a larger portion of their<br />\r\nincomes into retirement savings accounts, because as more money is deposited in<br />\r\nsuch accounts, more money becomes available to borrowers.<br />\r\nWhich of the following, if true, raises the most serious doubt regarding the<br />\r\neffectiveness of the government&rsquo;s plan to increase the amount of money available<br />\r\nfor development loans for businesses?</p>\r\n', '(A) When levels of personal retirement savings increase, consumer borrowing always increases correspondingly. ', '(B) The increased tax revenue the government would receive as a result of business expansion would not offset the loss in revenue from personal income taxes during the first year of the plan. ', '(C) Even with tax incentives, some people will choose not to increase their levels of retirement savings. ', '(D) Bankers generally will not continue to lend money to businesses whose prospective earnings are insufficient to meet their loan repayment schedules. ', '(E) The modified tax structure would give all taxpayers, regardless of their incomes, the same tax savings for a given increase in their retirement savings.', 1, '<p>Evaluation of plan Situation:- Because the lack of available money for development loans is harming businesses, the government plans to modify the incometax structure, encouraging taxpayers to put more money into retirement accounts. This plan is intended to ensure that with more money put into these accounts, more money will in turn be available to business borrowers. Reasoning:- What potential flaw in this plan might prevent it from being effective? What is the expectation behind the plan? The government&acirc;&euro;&trade;s plan supposes that the money invested in retirement accounts will be available to business borrowers in the form of development loans. Consider what circumstances might hinder that availability. What if consumer borrowers compete with businesses? If it is known that, historically, increased savings in personal retirement accounts corresponds with increased consumer borrowing, then the government&acirc;&euro;&trade;s effort to target businesses as the beneficiaries of this plan could well fail. A Correct. This statement properly identifies a reason that the government&acirc;&euro;&trade;s plan could be less effective in meeting its goal. B A predicted revenue shortfall does not directly affect the plan&acirc;&euro;&trade;s effectiveness in reaching its stated goal, and might be deemed an acceptable cost of achieving that goal. C As long as the total amount deposited in personal retirement accounts increases sufficiently, the decision of some people not to increase their contributions will not keep the plan from achieving its goal. D The plan would increase the money available specifically for development loans, not existing loans. E The universal tax savings does not affect the effectiveness of the plan. The correct answer is A.</p>\r\n', 10, 'step2', 2, 'yes', '2017-06-16', '2024-02-06', ''),
(93, '<p>(93)XXXXXXX 4th XXXXXIn the country of Veltria, the past two years&rsquo; broad economic recession has<br />\r\nincluded a business downturn in the clothing trade, where sales are down by about<br />\r\n7 percent as compared to two years ago. Clothing wholesalers have found, however,<br />\r\nthat the proportion of credit extended to retailers that was paid off on time fell<br />\r\nsharply in the first year of the recession but returned to its prerecession level in<br />\r\nthe second year.<br />\r\nWhich of the following, if true, most helps to explain the change between the first<br />\r\nand the second year of the recession in the proportion of credit not paid off on<br />\r\ntime?</p>\r\n', 'The total amount of credit extended to retailers by clothing wholesalers increased between the first year of the recession and the second year. ', 'Between the first and second years of the recession, clothing retailers in Veltria saw many of their costs, rent and utilities in particular, increase. ', 'Of the considerable number of clothing retailers in Veltria who were having financial difficulties before the start of the recession, virtually all were forced to go out of business during its first year. ', 'Clothing retailers in Veltria attempted to stimulate sales in the second year of the recession by discounting merchandise. ', 'Relatively recession-proof segments of the clothing trade, such as work clothes, did not suffer any decrease in sales during the first year of the recession.', 3, '<p>Argument Evaluation Situation:- Two years of recession in Veltria included a downturn in the clothing trade where sales are down 7 percent from two years ago. Yet, in the second year of the recession, the proportion of credit extended from clothing wholesalers to retailers that was paid off on time has returned to its prerecession level, after having fallen sharply during the first year. Reasoning:- Which option would most help to explain the change between the first and second year in the proportion of credit paid off on time? The apparent discrepancy in the passage that needs explaining is between the downturn in the clothing trade over the last two years and the return to prerecession rates in the proportion of credit extended to clothing retailers that was paid on time. How can the proportion this past year be similar to what it would be in a normal year? After all, one would expect retailers to have a harder time paying off credit in a recession. And what changed in the past year to bring this about? If the first year of the recession drove out of business many of the retailers who were most apt to get behind in their payments to wholesalers, then that would explain how the rate at which credit was being paid on time could be as high in the second year of the recession as it was before the recession. A The fact that the absolute amount of credit that was extended to retailers went up in the second year does not help to explain why the proportion that was paid on time also went up. B If anything, this would suggest that more retailers would have trouble paying their credit to wholesalers on time. C Correct. This is the option that most helps to explain the phenomenon. D Just because retailers tried to stimulate sales does not mean that they succeeded, and the passage tells us that the downturn in sales in the clothing trade continued into the second year. E This does not change the fact that there was a downturn in sales of clothing during the first year. Furthermore, the question is why the rate of unpaid credit dropped in the second year of the recession. The correct answer is C.</p>\r\n', 30, 'step1', 3, 'yes', '2017-06-16', '2024-02-06', 'quiz17df962a3f9474504592c8b1b30d7ced.jpg'),
(94, '<p>(94)Studies in restaurants show that the tips left by customers who pay their bill in<br />\r\ncash tend to be larger when the bill is presented on a tray that bears a credit-card<br />\r\nlogo. Consumer psychologists hypothesize that simply seeing a credit-card logo<br />\r\nmakes many credit-card holders willing to spend more because it reminds them<br />\r\nthat their spending power exceeds the cash they have immediately available.<br />\r\nWhich of the following, if true, most strongly supports the psychologists&rsquo;<br />\r\ninterpretation of the studies?</p>\r\n', 'The effect noted in the studies is not limited to patrons who have credit cards. ', 'Patrons who are under financial pressure from their credit-card obligations tend to tip less when presented with a restaurant bill on a tray with a credit-card logo than when the tray has no logo. ', 'In virtually all of the cases in the studies, the patrons who paid bills in cash did not possess credit cards. ', 'In general, restaurant patrons who pay their bills in cash leave larger tips than do those who pay by credit card. ', 'The percentage of restaurant bills paid with a given brand of credit card increases when that credit cardâ€™s logo is displayed on the tray with which the bill is presented.', 2, '<p>Argument Evaluation:- Situation Studies have found that restaurant customers give more generous tips when their bills are brought on trays bearing a credit-card logo. Psychologists speculate that this is because the logo reminds customers of their ability to spend more money than they have. Reasoning:- Which of the options most helps to support the psychologists&acirc;&euro;&trade; explanation of the studies? The psychologists&acirc;&euro;&trade; hypothesis is that the credit-card logos on the trays bring to the minds of those who tip more the fact that they have more purchasing power than merely the cash that they have at hand. This explanation would not be valid even if those people who are not reminded of their own excess purchasing power&acirc;&euro;&rdquo;if in fact they have any such power&acirc;&euro;&rdquo; when they see such a logo nonetheless tip more in such trays. Thus, if restaurant patrons who are under financial pressure from their credit-card obligations do not tip more when their bills are presented on trays bearing credit-card logos, then the psychologists&acirc;&euro;&trade; interpretation of the studies is supported. A This undermines the psychologists&acirc;&euro;&trade; interpretation, for it shows that the same phenomenon occurs even when the alleged cause has been removed. B Correct. This option identifies the result that would most strengthen the psychologists&acirc;&euro;&trade; interpretation. C This undermines the psychologists&acirc;&euro;&trade; interpretation by showing that the same phenomenon occurs even when the alleged cause has been removed; patrons cannot be reminded of something that is not there. D To the extent that this bears on the interpretation of the study, it weakens it. Patrons using credit cards are surely aware that they have credit, and yet they spend less generously. E This does not support the idea that being reminded that one has a credit card induces one to be more generous, only that it induces one to use that credit card. The correct answer is B.</p>\r\n', 20, 'step1', 5, 'yes', '2017-06-16', '2024-02-06', ''),
(95, '<p>아래 화학식은 무었의&nbsp;화학식인가요?</p>\r\n', '포도당', '단백질', '지방', '섬유질', '.', 1, '<p>Argument Construction Situation:- In an experiment, most volunteers chose to do an easy task themselves and leave a hard task for someone else. They later said they had acted fairly, but almost all volunteers in another group to which the scenario was described said choosing the easy task would be unfair, indicating that most people apply weaker moral standards to themselves. Reasoning:- What must be true in order for the facts presented to support the conclusion that most people apply weaker moral standards to themselves than to others? One set of volunteers said they had acted fairly in taking the easy task, whereas different volunteers said that doing so would be unfair. In neither case did any of the volunteers actually judge their own behavior differently from how they judged anyone else&acirc;&euro;&trade;s. So the argument implicitly infers from the experimental results that most of the volunteers would judge their own behavior differently from someone else&acirc;&euro;&trade;s if given the chance. This inference assumes that the volunteers in the second group would have applied the same moral standards that those in the first group did if they had been in the first group&acirc;&euro;&trade;s position, and vice versa. A Correct. If none of the volunteers who said their own behavior was fair would have judged someone else&acirc;&euro;&trade;s similar behavior as unfair, then their relaxed moral judgment of themselves would not suggest that they applied weaker moral standards to themselves than to others. B Even if this is so, the experimental results could still suggest that the volunteers would apply weaker moral standards to themselves than to others. C The argument would be equally strong even if volunteers who were assigned the hard task did not know that someone else had gotten an easier task&acirc;&euro;&rdquo;or even if no volunteers were actually assigned the hard task at all. D Even if the moral standards applied by the volunteers who judged themselves were as accurate as those applied by the volunteers to whom the scenario was described, the former standards were still weaker. E Even if all the volunteers in the first group had felt that all the choices available to them would have been fair for them to make personally, they might have applied stricter moral standards to someone else in the same position. The correct answer is A.</p>\r\n', 30, 'step2', 1, 'yes', '2017-06-16', '2024-02-14', 'quiz6d7700bb8bcde04c3f46bb2fe00587ba.JPEG'),
(96, '<p>아래 사진은 무었인가요?</p>\r\n', '전시회 謝恩用 식사와 차 티켓', '그림연습', '음식점 광고', '찻집 소개', '.', 1, '<p>증조 외 할머니 전시회용으로 강모은이 만든 식사티켓</p>\r\n', 30, 'step2', 1, 'yes', '2017-06-16', '2024-02-17', 'quizaad9a07f2d9c454065929b631b5884a9.png'),
(97, '<p>모은이가 할머니 집에서 하지 않는 것은?</p>\r\n', '청소', '수학', '한문', '글씨 바로 쓰기', '게임', 1, '<p>위 답이 정답인 이유를 쓰다. 2000자 이내.</p>\r\n\r\n<p>&nbsp;</p>\r\n', 40, 'step1', 1, 'yes', '2017-06-16', '2024-02-15', 'quiz8e0a25607200369bd97dd674b92213a3.png'),
(98, '<h2>명약관화</h2>\r\n\r\n<p>[&nbsp;明若觀火&nbsp;]</p>\r\n\r\n<p>明&nbsp;: 밝을 명<br />\r\n若&nbsp;: 같을 약<br />\r\n觀&nbsp;: 볼 관<br />\r\n火&nbsp;: 불 화<br />\r\n<br />\r\n밝기가 마치 불을 보는 것과 같이 아주 뚜렷해서 도무지 의심할 여지가 없다는 말이다. 어떤 사건이나 사실이 너무도 뚜렷해서 삼척동자도 능히 알 수 있는 일을 가지고 자꾸 변명을 하거나 잡아 뗄 때 흔히 쓴다.</p>\r\n', '.', ' 밝기가 불을 보는 것과 같다는 뜻으로, 의심할 여지 없이 매우 분명하다는 말.', '.', '.', '.', 2, '<p>명약관화와 같은 한자성어로는 명명백백(明明白白)이 있다. 의심할 여지 없이 명확하다는 뜻이다. &quot;명약관화(명명백백)한 일을 가지고 발뺌을 하려 하다니&quot; 등의 형태로 쓰인다. 뻔히 들여다 보이는 것을 가지고 자신만 알고 남은 모르려니 생각하여 남을 속인다는 뜻의&nbsp;<a href=\"https://terms.naver.com/entry.naver?docId=1114308&amp;ref=y\" onclick=\"clickcr(this, \'bdk.creference\', \'\', \'\', event);\">속담</a>&nbsp;&#39;귀 막고 방울 도둑질한다&#39;도 같은 말이다.</p>\r\n', 30, 'step2', 2, 'yes', '2023-11-16', '2024-02-14', 'quizcc5903bcf0d6083710fa5584d3d537f1.png'),
(99, '<p><span style=\"font-size:18px\"><strong>대기만성</strong></span>[&nbsp;大器晩成&nbsp;]</p>\r\n\r\n<p>大&nbsp;: 큰 대<br />\r\n器&nbsp;: 그릇 기<br />\r\n晩&nbsp;: 늦을 만<br />\r\n成&nbsp;: 이룰 성</p>\r\n', '\"큰 것을 만든다는 뜻\"', '\"큰 사람이 되기 위해서는 많은 노력과 시간이 필요함\"을 나타내는 말.', '\"늦은 시간에 만든 큰 그릇이란 뜻\"', '\"큰 것이 좋다리는 말\"', '123', 2, '<p><a href=\"https://terms.naver.com/entry.naver?docId=1109099&amp;ref=y\" onclick=\"clickcr(this, \'bdk.creference\', \'\', \'\', event);\">삼국시대</a>&nbsp;위(魏)나라에 최염(崔琰)이라는 이름난 장군이 있었다. 그에게는 최림(崔林)이라는 사촌동생이 있었는데, 외모도 빈약하고 출세가 늦어 친척들로부터 멸시를 당하였다. 하지만 최염만은 그의 재능을 꿰뚫어 보고 이렇게 말하였다. &quot;큰 종이나 큰 솥은 그렇게 쉽사리 만들어지는 것이 아니다. 그와 마찬가지로 큰 인물도 성공하기까지는 오랜 시간이 걸리는 법이다. 내가 보기에 너도 그처럼 대기만성형이다. 좌절하지 말고 열심히 노력해라. 그러면 틀림없이 네가 큰 인물이 될 것이다.&quot; 과연 그의 말대로 최림은 후일 천자를 보좌하는 삼공(三公)에 이르게 되었다. 오늘날에는 나이 들어 성공한 사람을 가리키는 말로 흔히 사용되고 있다.</p>\r\n', 40, 'step1', 2, 'yes', '2017-06-16', '2024-02-13', 'quiz7d6961abd59b7340cb1266c548657bb8.png'),
(100, '<h2>결초보은</h2>\r\n\r\n<p>[&nbsp;結草報恩&nbsp;]</p>\r\n\r\n<p>結:&nbsp;맺을 결,</p>\r\n\r\n<p>草:&nbsp;풀 초,</p>\r\n\r\n<p>報:&nbsp;갚을 보,</p>\r\n\r\n<p>恩: 은혜 은</p>\r\n\r\n<p>&nbsp;</p>\r\n', '.', '풀을 묶어 은혜를 갚음. 즉 죽어서도 잊지 않고 은혜를 갚음.', '.', '.', '.', 2, '<p>춘추시대 진(晉)나라 군주 위무자에게는 애첩이 있었습니다. 어느 날 병석에 눕게 된 위무자는 아들 위과를 불러 자신이 죽으면 애첩을 재가시키라고 말하였습니다. 그러나 위독해진 위무자는 자신이 죽으면 애첩도 함께 묻으라고 유언을 남기고 세상을 떠나죠. 돌아가신 아버지께서 남기신 전혀 다른 두 유언 사이에서 고민하던 위과는 애첩을 순장(殉葬)하는 대신 다른 곳에 시집보내면서 &ldquo;난 아버지께서 맑은 정신에 남기신 말씀을 따르겠다.&rdquo;라고 하였습니다.<br />\r\n한편 세월이 흐른 후 이웃 진(秦)나라에서 진(晉)나라를 침략했을 때의 일입니다. 한 전투에서 위과가 진(秦)나라 군사를 격파하고 적장 두회의 뒤를 쫓아갈 무렵, 갑자기 무덤 위의 풀이 묶여 올가미를 만들어 두회의 발목이 걸려 넘어졌습니다. 그날 밤 한 노인이 위과의 꿈속에 나타나 이렇게 말했습니다. &ldquo;나는 네가 시집보낸 아이의 아버지다. 오늘 풀을 묶어 네가 보여 준 은혜에 보답한 것이다.</p>\r\n\r\n<p>이때부터 결초보은이란 아름다운 말이 생겨났답니다.<br />\r\n그런데 세상에는 이런 사람은커녕 동물만도 못한 인간이 너무 많습니다. 그래서 이런 표현도 생겨났습니다.</p>\r\n', 30, 'step2', 2, 'yes', '2023-11-16', '2024-02-12', 'quiz3f06f81f8ec94ac87447f8fbfbade453.png'),
(109, '<p>수직선에 표시 할 수 <strong><span style=\"color:#c0392b\">없는</span></strong> 數는?</p>\r\n', '무리수', '정수', '허수', '순환소수', 'e', 3, '<p>aaaa-reason</p>\r\n', 30, 'step2', 3, 'yes', '2023-10-23', '2024-02-12', 'quiza7970f93000ad575d60704df14ad1273.JPEG'),
(110, '<p>빗금친 부분의 넓이는?</p>\r\n', 'Y cm2= 3Xcm * 8 cm', '.', 'Y cm2= 3Xcm * 8 cm* 1/2 ', '.', '.', 3, '<p>Y cm<sup>2</sup>= 3Xcm * 8 cm* 1/2&nbsp;</p>\r\n', 30, 'step2', 3, 'yes', '2023-10-23', '2024-02-14', 'quiz0b44b6de3798f9ffd36c1a42e5ae7976.png'),
(111, '<p>順環小數</p>\r\n\r\n<p>0.537373737.........</p>\r\n\r\n<p>를 분수로 바꾸세요.</p>\r\n', '53/90', '537/990', '532/990', '573/990', '57/90', 3, '<p>무한 반복 되는 부분을 소거.</p>\r\n\r\n<p>x = 0.537373737...</p>\r\n\r\n<p>10x=5.3737....&nbsp; &nbsp; (소수점 이하를 반복 되는 숫자로만 만듬)</p>\r\n\r\n<p>1000x= 537.3737...&nbsp; (두번째 반복되는 숫자가 소수점 이하가 되게 함)</p>\r\n\r\n<p>1000x - 10x = 532.0000...</p>\r\n\r\n<p>990x = 532</p>\r\n\r\n<p>So x = 532/990</p>\r\n', 40, 'English', 3, 'yes', '2023-11-16', '2024-05-26', 'quiz26eca8aa23bdf609ee5cd0b17ddd9c75.png'),
(113, '<p>주사위를 2번 던저서,</p>\r\n\r\n<p>두번 다 &quot; 1 &quot;이 나올 확율은?</p>\r\n', '1/12', '2/12', '1/36', '2/36', '.', 1, '', 30, 'step2', 1, 'yes', '2024-02-17', '2024-02-19', ''),
(114, '<p>사과 2개</p>\r\n\r\n<p>배&nbsp; 2개</p>\r\n\r\n<p>복숭아 2개,</p>\r\n\r\n<p>전부 6개가&nbsp; 속이 안 보이는 바구니에 들어 있다.</p>\r\n\r\n<p>1000원을 내고,</p>\r\n\r\n<p>1개씩 2번 바구니 안의 과일을 꺼내서,</p>\r\n\r\n<p>2개가&nbsp;&nbsp;다 사과면&nbsp; 12000원을 주는&nbsp;경품권을</p>\r\n\r\n<p>사는게 좋은가?</p>\r\n\r\n<p>&nbsp;</p>\r\n', '사야  이익이다.', '안 사는게 낫다.', '우선 하나를 뽑아서, 그것이 ', '어떻게 하던 손해의 확율이 크다', '.', 2, '<p>1/3&nbsp; x&nbsp; &nbsp;1/5</p>\r\n', 30, 'step2', 1, 'yes', '2024-02-19', '2024-02-26', ''),
(115, '<p><span style=\"font-size:16px\">1부터&nbsp;100까지 <strong>소수</strong>의 개수 25개.</span></p>\r\n\r\n<p><span style=\"font-size:16px\">소수(<strong>P</strong>rime number) 1개로는 <strong>약수</strong>가 2개 뿐이다.(예:&nbsp;7이라면&nbsp; 약수는 1, 7&nbsp;&nbsp;두개뿐)</span></p>\r\n\r\n<p><span style=\"font-size:16px\">수가&nbsp;</span><span style=\"font-size:16px\">PA</span><sup><span style=\"font-size:16px\">a x </span></sup><span style=\"font-size:16px\">PB</span><span style=\"font-size:16px\"><sup>b&nbsp; </sup>형태이면 약수가&nbsp;4개 이상이 된다. (a, b가 다&nbsp;<strong>&nbsp;1&nbsp;</strong>이어도 약수가 4개가 된다.)</span></p>\r\n\r\n<p><span style=\"font-size:16px\">수가&nbsp;<strong>P<sup>2</sup>&nbsp;</strong>현태가 되어야 <strong>약수가 3개</strong>가 된다.&nbsp; (a=2이면&nbsp;약수가 3개.)</span></p>\r\n\r\n<p><span style=\"font-size:16px\">다른 표현으로 기술하면,</span></p>\r\n\r\n<p><span style=\"font-size:16px\">2가지 소수를 곱하여 약수가 3개인&nbsp;수는 없다! (&nbsp;2<sup>2&nbsp;&nbsp;</sup>x&nbsp; P<sup>1&nbsp;</sup>이면 약수가 4개가 된다.)</span></p>\r\n\r\n<p><span style=\"font-size:16px\">그래서 소수중(중복 허용) 같은것을&nbsp; 2번&nbsp; 선택해서 100 이하가 되는 <strong>소수의 개수</strong>가 답이다!</span></p>\r\n\r\n<p><span style=\"font-size:16px\">그러므로 같은 것 2번 곱해서&nbsp;100미만인 소수中, 약수가 3개인 </span></p>\r\n\r\n<p><span style=\"font-size:16px\"><strong>소수</strong>는&nbsp;2, 3, 5, 7,&nbsp; 4개이다.(P<sup>2</sup>&nbsp;면 약수가 3개가 된다)</span></p>\r\n\r\n<p><span style=\"font-size:16px\">제곱하여 100미만인&nbsp;수인&nbsp; 4, 9, 25, 49가 된다.</span></p>\r\n\r\n<p><span style=\"font-size:16px\">그러므로 답은&nbsp;4개이다.</span></p>\r\n\r\n<p>&nbsp;</p>\r\n\r\n<p><span style=\"font-size:16px\">이 모든 것에는&nbsp; &quot;<strong>모든 수는&nbsp; 소수의 곱으로 표현 된다</strong>&quot; 라는&nbsp; </span></p>\r\n\r\n<p><span style=\"font-size:16px\">것을 <strong>기초로&nbsp; 논리 전개</strong>가 된 것이다.</span></p>\r\n', '3개', '4개', '7개', '없다', '', 2, '<p><span style=\"font-size:16px\">수가&nbsp;</span><span style=\"font-size:16px\">PA</span><sup><span style=\"font-size:16px\">a x </span></sup><span style=\"font-size:16px\">PB</span><span style=\"font-size:16px\"><sup>b&nbsp; </sup>형태이면 약수가&nbsp;4개 이상이 된다. (a, b가 다&nbsp;<strong>&nbsp;1&nbsp;</strong>이어도 약수가 4개가 된다.)</span></p>\r\n\r\n<p><span style=\"font-size:16px\">수가&nbsp;<strong>P<sup>2</sup>&nbsp;</strong>현태가 되어야 <strong>약수가 3개</strong>가 된다.&nbsp; (a=2이먄 약수가 3개.)</span></p>\r\n\r\n<p><span style=\"font-size:16px\">그래서 소수중(중복 허용) 같은것을&nbsp; 2번&nbsp; 선택해서 100 이하가 되는 <strong>소수의 개수</strong>가 답이다!</span></p>\r\n', 40, 'step1', 1, 'yes', '2024-02-26', '2024-05-26', 'Exam_Question_Vijay_Thapa_27f807da908a2367c1ce5eefdf012e57.png'),
(116, '<p>한변의 길이가 2/3cm인 정사각형을</p>\r\n\r\n<p>가로의 길이는 30%만큼 늘리고, 세로의 길이는 20%만큼 줄여서 직사각형으로 만들었다.</p>\r\n\r\n<p>이때 이 직사각형의 넓이를 구 하시오.</p>\r\n', '1/2', '25/120', '104/225', '126/245', '128/245', 3, '', 30, 'step1', 3, 'yes', '2024-05-21', '2024-05-26', ''),
(117, '<p>네 유리수&nbsp;&nbsp;-1/3, 5, -7/4, 11/7 중에서</p>\r\n\r\n<p>서로 다른 세 수를 뽑아 곱한 값 중,</p>\r\n\r\n<p>가장 작은 값과 가장 큰 값의 합을 구 하시오.</p>\r\n', '3 1/4', '-8 2/3', '-11 1/3', '-13 2/7', '', 3, '', 30, 'step2', 3, 'yes', '2024-05-21', '2024-05-26', ''),
(118, '<p>준이는 방학 중에 캠핑에 참가하였다. 텐트마다 학생 수가 같도록 배정 할 때,</p>\r\n\r\n<p>텐트 한개에 3명씩 배정하면 1명이 남고,</p>\r\n\r\n<p>4명씩 배정하면 2명이 남고,</p>\r\n\r\n<p>5명씩 배정하면 3명이 남는다.</p>\r\n\r\n<p>이 캠핑에 150명에서 200명 사이의 학생이 참가하였을 때, 캠핑에 참가한 학생 수는?</p>\r\n', '182명', '181명', '178명', '179명', '', 3, '', 40, 'step2', 3, 'yes', '2024-05-21', '2024-05-27', 'quizeb0547898ea58058d5b46e6816c19fa0.jpg');

-- --------------------------------------------------------

--
-- 테이블 구조 `tbl_result`
--

CREATE TABLE `tbl_result` (
  `result_id` int(10) UNSIGNED NOT NULL,
  `student_id` int(11) UNSIGNED NOT NULL,
  `question_id` int(11) UNSIGNED NOT NULL,
  `user_answer` int(11) UNSIGNED NOT NULL,
  `right_answer` int(11) UNSIGNED NOT NULL,
  `added_date` date NOT NULL
) ENGINE=InnoDB DEFAULT CHARSET=utf8mb3 COLLATE=utf8mb3_general_ci;

--
-- 테이블의 덤프 데이터 `tbl_result`
--

INSERT INTO `tbl_result` (`result_id`, `student_id`, `question_id`, `user_answer`, `right_answer`, `added_date`) VALUES
(513, 1, 116, 0, 3, '2024-05-21'),
(514, 1, 117, 0, 3, '2024-05-21'),
(515, 1, 116, 0, 3, '2024-05-21'),
(516, 1, 117, 0, 3, '2024-05-21'),
(517, 1, 110, 0, 3, '2024-05-21'),
(518, 1, 116, 0, 3, '2024-05-21'),
(519, 1, 117, 0, 3, '2024-05-21'),
(520, 1, 116, 0, 3, '2024-05-21'),
(521, 1, 118, 0, 3, '2024-05-21'),
(522, 1, 117, 0, 3, '2024-05-21'),
(523, 1, 116, 0, 3, '2024-05-26'),
(524, 1, 118, 0, 3, '2024-05-26'),
(525, 1, 116, 0, 3, '2024-05-26'),
(526, 1, 118, 0, 3, '2024-05-26'),
(527, 1, 117, 0, 3, '2024-05-26'),
(528, 1, 116, 0, 3, '2024-05-26'),
(529, 1, 118, 0, 3, '2024-05-26'),
(530, 1, 116, 0, 3, '2024-05-26'),
(531, 1, 111, 0, 3, '2024-05-26'),
(532, 1, 118, 0, 3, '2024-05-26'),
(533, 1, 117, 0, 3, '2024-05-26'),
(534, 1, 111, 0, 3, '2024-05-26'),
(535, 1, 118, 0, 3, '2024-05-26'),
(536, 1, 117, 0, 3, '2024-05-26'),
(537, 1, 111, 0, 3, '2024-05-26'),
(538, 1, 118, 0, 3, '2024-05-26'),
(539, 1, 117, 0, 3, '2024-05-26'),
(540, 1, 111, 0, 3, '2024-05-26'),
(541, 1, 118, 0, 3, '2024-05-26'),
(542, 1, 117, 0, 3, '2024-05-26'),
(543, 1, 93, 0, 3, '2024-05-26'),
(544, 1, 118, 0, 3, '2024-05-26'),
(545, 1, 116, 0, 3, '2024-05-26'),
(546, 1, 118, 0, 3, '2024-05-26'),
(547, 1, 116, 0, 3, '2024-05-26'),
(548, 1, 118, 0, 3, '2024-05-26'),
(549, 1, 117, 0, 3, '2024-05-26'),
(550, 1, 116, 0, 3, '2024-05-26'),
(551, 1, 116, 0, 3, '2024-05-26'),
(552, 1, 118, 0, 3, '2024-05-26'),
(553, 1, 117, 0, 3, '2024-05-26'),
(554, 1, 115, 0, 2, '2024-05-26'),
(555, 1, 114, 0, 2, '2024-05-26'),
(556, 1, 115, 0, 2, '2024-05-26'),
(557, 1, 116, 0, 3, '2024-05-27'),
(558, 1, 118, 0, 3, '2024-05-27'),
(559, 1, 116, 0, 3, '2024-05-27'),
(560, 1, 118, 0, 3, '2024-05-27'),
(561, 1, 117, 0, 3, '2024-05-27'),
(562, 1, 116, 0, 3, '2024-05-27'),
(563, 1, 116, 0, 3, '2024-05-27');

-- --------------------------------------------------------

--
-- 테이블 구조 `tbl_result_summary`
--

CREATE TABLE `tbl_result_summary` (
  `summary_id` int(10) UNSIGNED NOT NULL,
  `student_id` int(11) UNSIGNED NOT NULL,
  `marks` decimal(10,2) NOT NULL,
  `added_date` date NOT NULL
) ENGINE=InnoDB DEFAULT CHARSET=utf8mb3 COLLATE=utf8mb3_general_ci;

--
-- 테이블의 덤프 데이터 `tbl_result_summary`
--

INSERT INTO `tbl_result_summary` (`summary_id`, `student_id`, `marks`, `added_date`) VALUES
(438, 1, 0.00, '2024-05-21'),
(439, 1, 0.00, '2024-05-21'),
(440, 1, 0.00, '2024-05-21'),
(441, 1, 0.00, '2024-05-26'),
(442, 1, 0.00, '2024-05-26'),
(443, 1, 0.00, '2024-05-26'),
(444, 1, 0.00, '2024-05-26'),
(445, 1, 0.00, '2024-05-26'),
(446, 1, 0.00, '2024-05-26'),
(447, 1, 0.00, '2024-05-26'),
(448, 1, 0.00, '2024-05-26'),
(449, 1, 0.00, '2024-05-26'),
(450, 1, 0.00, '2024-05-26'),
(451, 1, 0.00, '2024-05-26'),
(452, 1, 0.00, '2024-05-26'),
(453, 1, 0.00, '2024-05-26'),
(454, 1, 0.00, '2024-05-26'),
(455, 2, 0.00, '2024-05-27'),
(456, 1, 0.00, '2024-05-27'),
(457, 1, 0.00, '2024-05-27');

-- --------------------------------------------------------

--
-- 테이블 구조 `tbl_student`
--

CREATE TABLE `tbl_student` (
  `student_id` int(10) UNSIGNED NOT NULL,
  `first_name` varchar(150) NOT NULL,
  `last_name` varchar(150) NOT NULL,
  `email` varchar(150) NOT NULL,
  `username` varchar(100) NOT NULL,
  `password` varchar(255) NOT NULL,
  `contact` varchar(20) NOT NULL,
  `gender` varchar(10) NOT NULL,
  `faculty` varchar(50) NOT NULL,
  `is_active` varchar(10) NOT NULL,
  `added_date` date NOT NULL,
  `updated_date` date NOT NULL
) ENGINE=InnoDB DEFAULT CHARSET=utf8mb3 COLLATE=utf8mb3_general_ci;

--
-- 테이블의 덤프 데이터 `tbl_student`
--

INSERT INTO `tbl_student` (`student_id`, `first_name`, `last_name`, `email`, `username`, `password`, `contact`, `gender`, `faculty`, `is_active`, `added_date`, `updated_date`) VALUES
(1, 'gu', 'est', 'student@gmail.com', 'guest', 'guest', '11122223333', 'male', '1', 'yes', '2017-06-27', '2023-11-16'),
(2, 'ks', 'kang', 'kskang2@gmail.com', 'kskang', 'kskang', '10152545944', 'male', '1', 'yes', '2023-10-22', '2023-11-16'),
(3, 'mj', 'park', 'meeja.park@gmail.com', 'mjpark', 'mjpark', '01022992529', 'female', '2', 'yes', '2023-10-23', '2023-10-23'),
(4, 'me', 'kang', 'mekang1@gamil.com', 'mekang', 'mekang', '01052545945', 'female', '3', 'yes', '2023-11-16', '2023-11-16'),
(5, 'ad', 'min', 'kyungsukkang@naver.com', 'admin', 'admin', '01022223333', 'male', '1', 'yes', '2023-12-28', '2023-12-28'),
(6, 'ro', 'ot', 'kskang2@gmail.com', 'root', 'raspberry', '01052545944', 'male', '1', 'yes', '2024-02-09', '2024-02-09');

--
-- 덤프된 테이블의 인덱스
--

--
-- 테이블의 인덱스 `tbl_app`
--
ALTER TABLE `tbl_app`
  ADD PRIMARY KEY (`app_id`);

--
-- 테이블의 인덱스 `tbl_faculty`
--
ALTER TABLE `tbl_faculty`
  ADD PRIMARY KEY (`faculty_id`);

--
-- 테이블의 인덱스 `tbl_question`
--
ALTER TABLE `tbl_question`
  ADD PRIMARY KEY (`question_id`);

--
-- 테이블의 인덱스 `tbl_result`
--
ALTER TABLE `tbl_result`
  ADD PRIMARY KEY (`result_id`);

--
-- 테이블의 인덱스 `tbl_result_summary`
--
ALTER TABLE `tbl_result_summary`
  ADD PRIMARY KEY (`summary_id`);

--
-- 테이블의 인덱스 `tbl_student`
--
ALTER TABLE `tbl_student`
  ADD PRIMARY KEY (`student_id`);

--
-- 덤프된 테이블의 AUTO_INCREMENT
--

--
-- 테이블의 AUTO_INCREMENT `tbl_app`
--
ALTER TABLE `tbl_app`
  MODIFY `app_id` int(10) UNSIGNED NOT NULL AUTO_INCREMENT, AUTO_INCREMENT=5;

--
-- 테이블의 AUTO_INCREMENT `tbl_faculty`
--
ALTER TABLE `tbl_faculty`
  MODIFY `faculty_id` int(10) UNSIGNED NOT NULL AUTO_INCREMENT, AUTO_INCREMENT=6;

--
-- 테이블의 AUTO_INCREMENT `tbl_question`
--
ALTER TABLE `tbl_question`
  MODIFY `question_id` int(10) UNSIGNED NOT NULL AUTO_INCREMENT, AUTO_INCREMENT=126;

--
-- 테이블의 AUTO_INCREMENT `tbl_result`
--
ALTER TABLE `tbl_result`
  MODIFY `result_id` int(10) UNSIGNED NOT NULL AUTO_INCREMENT, AUTO_INCREMENT=564;

--
-- 테이블의 AUTO_INCREMENT `tbl_result_summary`
--
ALTER TABLE `tbl_result_summary`
  MODIFY `summary_id` int(10) UNSIGNED NOT NULL AUTO_INCREMENT, AUTO_INCREMENT=458;

--
-- 테이블의 AUTO_INCREMENT `tbl_student`
--
ALTER TABLE `tbl_student`
  MODIFY `student_id` int(10) UNSIGNED NOT NULL AUTO_INCREMENT, AUTO_INCREMENT=7;
--
-- 데이터베이스: `fleemarket`
--
CREATE DATABASE IF NOT EXISTS `fleemarket` DEFAULT CHARACTER SET utf8mb3 COLLATE utf8mb3_unicode_ci;
USE `fleemarket`;

-- --------------------------------------------------------

--
-- 테이블 구조 `contact`
--

CREATE TABLE `contact` (
  `Id` int(11) NOT NULL,
  `Name` varchar(250) NOT NULL,
  `Email` varchar(250) NOT NULL,
  `Mobile` varchar(250) NOT NULL,
  `Subject` varchar(250) NOT NULL,
  `Message` varchar(250) NOT NULL
) ENGINE=InnoDB DEFAULT CHARSET=latin1 COLLATE=latin1_swedish_ci;

--
-- 테이블의 덤프 데이터 `contact`
--

INSERT INTO `contact` (`Id`, `Name`, `Email`, `Mobile`, `Subject`, `Message`) VALUES
(10, 'kskang3', 'kskang2@gmail.com', '01052545944', 'test1', 'test1 contents'),
(11, 'kskang3', 'kskang2@gmail.com', '01052545944', 'test1', 'test1 contents');

-- --------------------------------------------------------

--
-- 테이블 구조 `customer`
--

CREATE TABLE `customer` (
  `id` int(11) DEFAULT NULL,
  `username` varchar(30) NOT NULL,
  `fullname` varchar(30) DEFAULT NULL,
  `email` varchar(30) DEFAULT NULL,
  `contact` varchar(30) NOT NULL,
  `grade` varchar(11) DEFAULT '0',
  `time` varchar(31) NOT NULL DEFAULT current_timestamp(),
  `address` varchar(50) DEFAULT NULL,
  `password` varchar(30) NOT NULL
) ENGINE=InnoDB DEFAULT CHARSET=utf8mb3 COLLATE=utf8mb3_general_ci;

--
-- 테이블의 덤프 데이터 `customer`
--

INSERT INTO `customer` (`id`, `username`, `fullname`, `email`, `contact`, `grade`, `time`, `address`, `password`) VALUES
(NULL, '', '', '', '', '0', '2024-08-20 00:47:18', '', ''),
(0, 'admin', 'admin', '', '01052545944', '0', '2022-11-04 17:46:18', 'pankyo', 'admin'),
(0, 'guest', 'guest', '', '01084293329', '0', '2022-12-10 06:29:33', '', 'guest'),
(NULL, '단골 손님', 'fullname', '', '01052545944', '22', '2022-11-11 17:35:11', 'Seoul', 'guest');

-- --------------------------------------------------------

--
-- 테이블 구조 `food`
--

CREATE TABLE `food` (
  `F_ID` int(30) NOT NULL,
  `name` varchar(30) NOT NULL,
  `choice1` varchar(31) DEFAULT '0',
  `choice2` varchar(31) DEFAULT '0',
  `choice3` varchar(31) DEFAULT '0',
  `price` varchar(30) DEFAULT NULL,
  `description` varchar(200) DEFAULT NULL,
  `R_ID` int(30) NOT NULL,
  `display` varchar(11) DEFAULT '999',
  `images_path` varchar(200) DEFAULT NULL,
  `options` varchar(10) NOT NULL DEFAULT 'ENABLE'
) ENGINE=InnoDB DEFAULT CHARSET=utf8mb3 COLLATE=utf8mb3_general_ci;

--
-- 테이블의 덤프 데이터 `food`
--

INSERT INTO `food` (`F_ID`, `name`, `choice1`, `choice2`, `choice3`, `price`, `description`, `R_ID`, `display`, `images_path`, `options`) VALUES
(246, '하트비누', '', '', '', '4000', '', 11, '4', 'images/N72_2016a.png', 'ENABLE'),
(247, '꿀비누', '', '', '', '4000', '', 11, '5', 'images/N72_2016b.png', 'ENABLE'),
(253, '實驗品目', '', '', '', '5000', '', 11, '9', 'images/A11qqAAs.png', 'ENABLEX'),
(254, '하트비누', '', '', '', '5000', '', 11, '1', 'images/1.png', 'ENABLE');

-- --------------------------------------------------------

--
-- 테이블 구조 `manager`
--

CREATE TABLE `manager` (
  `Id` int(11) DEFAULT NULL,
  `username` varchar(30) NOT NULL,
  `fullname` varchar(30) NOT NULL,
  `email` varchar(30) NOT NULL,
  `contact` varchar(30) NOT NULL,
  `grade` varchar(11) DEFAULT '0',
  `time` date NOT NULL DEFAULT current_timestamp(),
  `address` varchar(50) DEFAULT NULL,
  `password` varchar(30) NOT NULL
) ENGINE=InnoDB DEFAULT CHARSET=utf8mb3 COLLATE=utf8mb3_general_ci;

--
-- 테이블의 덤프 데이터 `manager`
--

INSERT INTO `manager` (`Id`, `username`, `fullname`, `email`, `contact`, `grade`, `time`, `address`, `password`) VALUES
(NULL, '', '', '', '', '0', '2022-11-17', '', ''),
(0, 'admin', 'adminf', 'kskang2@gmail.com', '01052545944', '0', '0000-00-00', 'Pankyo', 'admin'),
(NULL, 'adminu', 'adminf', 'kskang2@gmail.com', '11122223333', '0', '2022-11-17', '', 'adminp'),
(0, 'kskang', 'kskangf', 'kskang2@gmail.com', '1122223333', '0', '0000-00-00', 'san', 'kskang'),
(NULL, 'mekang', '관리자f', 'kskang2@gmail.com', '11122223333', '0', '2022-11-16', '', 'mekang'),
(NULL, 'testfood', 'testfoodf', 'kskang2@gmail.com', '11111111111', '0', '2022-11-17', '', 'testfood');

-- --------------------------------------------------------

--
-- 테이블 구조 `orders`
--

CREATE TABLE `orders` (
  `order_ID` int(30) NOT NULL,
  `order_number` varchar(11) DEFAULT NULL,
  `foodname` varchar(30) NOT NULL,
  `choice` varchar(31) DEFAULT NULL,
  `status` varchar(11) DEFAULT '0',
  `price` int(30) NOT NULL,
  `quantity` int(30) NOT NULL,
  `order_date` varchar(31) NOT NULL,
  `username` varchar(30) NOT NULL,
  `table_nr` varchar(64) DEFAULT '先',
  `contact` varchar(31) DEFAULT NULL,
  `gtotal` varchar(11) DEFAULT NULL,
  `F_ID` int(30) NOT NULL,
  `R_ID` int(30) NOT NULL,
  `myung` varchar(11) DEFAULT NULL,
  `display` varchar(11) DEFAULT '999'
) ENGINE=InnoDB DEFAULT CHARSET=utf8mb3 COLLATE=utf8mb3_general_ci;

--
-- 테이블의 덤프 데이터 `orders`
--

INSERT INTO `orders` (`order_ID`, `order_number`, `foodname`, `choice`, `status`, `price`, `quantity`, `order_date`, `username`, `table_nr`, `contact`, `gtotal`, `F_ID`, `R_ID`, `myung`, `display`) VALUES
(1825, '1837.90', '하트비누', '', '0', 5000, 1, '1742377065', '단골 손님', '祖父', '01052545944', '5000', 254, 11, NULL, '999'),
(1827, '1314.96', '하트비누', '', '0', 5000, 1, '1743394447', '단골 손님', '강경석', '01052545944', '5000', 254, 11, NULL, '999'),
(1828, '1314.96', '하트비누', '', '0', 4000, 1, '1743394447', '단골 손님', '강경석', '01052545944', '9000', 246, 11, NULL, '999');

--
-- 트리거 `orders`
--
DELIMITER $$
CREATE TRIGGER `before_delete_orders` BEFORE DELETE ON `orders` FOR EACH ROW BEGIN
INSERT INTO orders_backup(order_ID, F_ID, order_number, foodname, choice, price,  quantity, order_date, username, table_nr, contact, gtotal, R_ID)
VALUES(OLD.order_ID, OLD.F_ID, OLD.order_number, OLD.foodname, OLD.choice, OLD.price,  OLD.quantity, OLD.order_date, OLD.username, OLD.table_nr, OLD.contact, OLD.gtotal,OLD.R_ID);
END
$$
DELIMITER ;

-- --------------------------------------------------------

--
-- 테이블 구조 `orders_backup`
--

CREATE TABLE `orders_backup` (
  `order_ID` int(30) DEFAULT NULL,
  `order_number` varchar(11) DEFAULT NULL,
  `foodname` varchar(30) DEFAULT NULL,
  `choice` varchar(31) DEFAULT NULL,
  `status` varchar(11) DEFAULT NULL,
  `price` int(30) DEFAULT NULL,
  `quantity` int(30) DEFAULT NULL,
  `order_date` varchar(31) DEFAULT NULL,
  `username` varchar(30) DEFAULT NULL,
  `table_nr` varchar(64) DEFAULT NULL,
  `contact` varchar(31) DEFAULT NULL,
  `gtotal` varchar(11) DEFAULT NULL,
  `F_ID` int(30) DEFAULT NULL,
  `R_ID` int(30) DEFAULT NULL
) ENGINE=InnoDB DEFAULT CHARSET=utf8mb4 COLLATE=utf8mb4_unicode_ci;

--
-- 테이블의 덤프 데이터 `orders_backup`
--

INSERT INTO `orders_backup` (`order_ID`, `order_number`, `foodname`, `choice`, `status`, `price`, `quantity`, `order_date`, `username`, `table_nr`, `contact`, `gtotal`, `F_ID`, `R_ID`) VALUES
(1029, '0845.09', '만두5개', '섞어', NULL, 7500, 2, '1670543159', '단골 손님', 'i', '01052545944', '51000', 133, 9),
(1031, '0857.13', '수제비', '', NULL, 7500, 1, '1670543874', '단골 손님', 'W', '01052545944', '7500', 119, 9),
(1060, '0937.17', '수제비', '', NULL, 7500, 1, '1670805450', '단골 손님', '08', '01052545944', '7500', 119, 9),
(1225, '1226.63', '수제비', '', NULL, 7500, 1, '1671161180', '단골 손님', '02', '01052545944', '7500', 119, 9),
(1224, '1224.62', '칼국수', '', NULL, 7000, 1, '1671161090', '단골 손님', '02', '01052545944', '7000', 120, 9),
(1223, '1224.61', '수제비', '', NULL, 7500, 1, '1671161084', '단골 손님', '02', '01052545944', '7500', 119, 9),
(1222, '1202.60', '칼국수', '', NULL, 7000, 1, '1671159750', '단골 손님', '02', '01052545944', '7000', 120, 9),
(1221, '1202.59', '수제비', '', NULL, 7500, 1, '1671159724', '단골 손님', '02', '01052545944', '7500', 119, 9),
(1220, '1200.58', '수제비', '', NULL, 7500, 1, '1671159648', '단골 손님', '02', '01052545944', '7500', 119, 9),
(1219, '1156.57', '칼국수', '', NULL, 7000, 1, '1671159413', '단골 손님', '02', '01052545944', '7000', 120, 9),
(1218, '1152.56', '수제비', '', NULL, 7500, 1, '1671159148', '단골 손님', '02', '01052545944', '7500', 119, 9),
(1217, '1151.55', '수제비', '', NULL, 7500, 1, '1671159090', '단골 손님', '02', '01052545944', '7500', 119, 9),
(1216, '1150.54', '수제비', '', NULL, 7500, 1, '1671159032', '단골 손님', '02', '01052545944', '7500', 119, 9),
(1215, '1149.53', '수제비', '', NULL, 7500, 1, '1671158969', '단골 손님', '02', '01052545944', '7500', 119, 9),
(1240, '1702.41', '칼국수', '', NULL, 7000, 1, '1671264177', '관리자', '05', '01022223333', '7000', 120, 9),
(1239, '1641.77', '공기밥', '', NULL, 1000, 1, '1671262908', '관리자', '10', '01022223333', '1000', 123, 9),
(1238, '1639.76', '수제비', '', NULL, 7500, 1, '1671262760', '관리자', '09', '01022223333', '7500', 119, 9),
(1237, '1638.75', '수제비', '', NULL, 7500, 1, '1671262697', '관리자', '08', '01022223333', '7500', 119, 9),
(1236, '1636.74', '칼국수', '', NULL, 7000, 1, '1671262593', '관리자', '04', '01022223333', '7000', 120, 9),
(1235, '1632.73', '칼국수', '', NULL, 7000, 1, '1671262363', '관리자', '05', '01022223333', '7000', 120, 9),
(1234, '1628.72', '칼국수', '', NULL, 7000, 1, '1671262109', '관리자', '06', '01022223333', '7000', 120, 9),
(1231, '1036.68', '수제비', '', NULL, 7500, 1, '1671240973', '관리자', '03', '01022223333', '7500', 119, 9),
(1230, '1036.68', '칼국수', '', NULL, 7000, 1, '1671240973', '관리자', '03', '01022223333', '7000', 120, 9),
(1211, '0745.46', '수제비', '', NULL, 7500, 1, '1671254000', '단골 손님', '07', '01052596944', '7500', 119, 9),
(1062, '0942.16', '칼국수', '', NULL, 7000, 1, '1670805722', '단골 손님', '05', '01052545944', '7000', 120, 9),
(1064, '0952.24', '음료', '콜라', NULL, 1500, 1, '1670806374', '단골 손님', '07', '01052545944', '1500', 134, 9),
(1076, '1108.30', '수제비', '', NULL, 7500, 1, '1670810904', '단골 손님', '05', '01052545944', '7500', 119, 9),
(1077, '1108.30', '칼국수', '', NULL, 7000, 1, '1670810904', '단골 손님', '05', '01052545944', '7000', 120, 9),
(1083, '1159.33', '음료', '사이다', NULL, 1500, 3, '1670813996', '단골 손님', '電', '01052545944', '4500', 134, 9),
(1084, '1159.33', '수제비', '', NULL, 7500, 1, '1670813996', '단골 손님', '電', '01052545944', '7500', 119, 9),
(1089, '1541.35', '수제비', '', NULL, 7500, 1, '1670827303', '단골 손님', 'i', '01052545944', '7500', 119, 9),
(1090, '1541.35', '만두5개', '고기', NULL, 7500, 2, '1670827303', '단골 손님', 'i', '01052545944', '15000', 133, 9),
(1091, '1607.36', '공기밥', '', NULL, 1000, 1, '1670828869', '단골 손님', 'i', '01052545944', '1000', 123, 9),
(1092, '1607.36', '음료', '콜라', NULL, 1500, 1, '1670828869', '단골 손님', 'i', '01052545944', '1500', 134, 9),
(1093, '1642.24', '음료', '콜라', NULL, 1500, 2, '1670830975', '단골 손님', '02', '01052545944', '3000', 134, 9),
(1094, '1642.24', '만두5개', '김치', NULL, 7500, 2, '1670830975', '단골 손님', '02', '01052545944', '18000', 133, 9),
(1095, '0509.35', '칼국수', '', NULL, 7000, 1, '1670875789', '단골 손님', '03', '01052545944', '7000', 120, 9),
(1096, '0509.35', '수제비', '', NULL, 7500, 2, '1670875789', '단골 손님', '03', '01052545944', '15000', 119, 9),
(1097, '0606.37', '만두5개', '고기', NULL, 7500, 1, '1670879190', '단골 손님', 'i', '01052545944', '7500', 133, 9),
(1098, '0940.37', '수제비', '', NULL, 7500, 1, '1670892037', '단골 손님', '10', '01052545944', '7500', 119, 9),
(1099, '0941.39', '수제비', '', NULL, 7500, 1, '1670892072', '단골 손님', '10', '01052545944', '7500', 119, 9),
(1100, '0944.41', '만두5개', '고기', NULL, 7500, 1, '1670892245', '단골 손님', '10', '01052545944', '7500', 133, 9),
(1101, '0944.42', '만두5개', '고기', NULL, 7500, 1, '1670892298', '단골 손님', '10', '01052545944', '7500', 133, 9),
(1102, '0947.37', '만두5개', '고기', NULL, 7500, 1, '1670892431', '단골 손님', '11', '01052545944', '7500', 133, 9),
(1103, '1717.43', '칼국수', '', NULL, 7000, 1, '1670919457', '단골 손님', '07', '01052545944', '7000', 120, 9),
(1104, '1719.44', '만두5개', '섞어', NULL, 7500, 1, '1670919560', '단골 손님', 'W', '01052545944', '7500', 133, 9),
(1105, '1720.38', '만두5개', '김치', NULL, 7500, 2, '1670919648', '단골 손님', '7', '01052545944', '15000', 133, 9),
(1106, '1924.39', '만두5개', '고기', NULL, 7500, 1, '1670927070', '단골 손님', 'W', '01052545944', '7500', 133, 9),
(1107, '1924.45', '음료', '콜라', NULL, 1500, 1, '1670927086', '단골 손님', 'W', '01052545944', '1500', 134, 9),
(1108, '1925.41', '수제비', '', NULL, 7500, 1, '1670927140', '단골 손님', 'W', '01052545944', '7500', 119, 9),
(1109, '1925.41', '공기밥', '', NULL, 1000, 1, '1670927140', '단골 손님', 'W', '01052545944', '1000', 123, 9),
(1110, '0701.42', '음료', '콜라', NULL, 1500, 1, '1670968878', '단골 손님', '05', '01052545944', '1500', 134, 9),
(1111, '1609.43', '만두5개', '김치', NULL, 7500, 1, '1671001741', '단골 손님', '08', '01052545944', '7500', 133, 9),
(1112, '1609.43', '수제비', '', NULL, 7500, 1, '1671001741', '단골 손님', '08', '01052545944', '7500', 119, 9),
(1113, '1609.44', '칼국수', '', NULL, 7000, 1, '1671001759', '단골 손님', 'W', '01052545944', '7000', 120, 9),
(1114, '1609.44', '수제비', '', NULL, 7500, 1, '1671001759', '단골 손님', 'W', '01052545944', '7500', 119, 9),
(1115, '1609.45', '칼국수', '', NULL, 7000, 1, '1671001787', '단골 손님', '電', '01052545944', '7000', 120, 9),
(1116, '1609.45', '수제비', '', NULL, 7500, 1, '1671001787', '단골 손님', '電', '01052545944', '7500', 119, 9),
(1117, '1610.38', '칼국수', '', NULL, 7000, 1, '1671001810', '단골 손님', 'i', '01052545944', '7000', 120, 9),
(1118, '1610.39', '만두5개', '고기', NULL, 7500, 1, '1671001819', '단골 손님', 'i', '01052545944', '7500', 133, 9),
(1119, '1610.46', '공기밥', '', NULL, 1000, 1, '1671001855', '단골 손님', '7', '01052545944', '1000', 123, 9),
(1121, '1948.48', '만두5개', '고기', NULL, 7500, 1, '1671014937', '단골 손님', 'i', '01052545944', '7500', 133, 9),
(1124, '2021.49', '칼국수', '', NULL, 7000, 1, '1671016865', '단골 손님', '13', '01052545944', '7000', 120, 9),
(1125, '2021.49', '수제비', '', NULL, 7500, 1, '1671016865', '단골 손님', 'W', '01052545944', '7500', 119, 9),
(1126, '2021.49', '만두5개', '고기', NULL, 7500, 1, '1671016865', '단골 손님', '13', '01052545944', '7500', 133, 9),
(1127, '2021.49', '만두5개', '김치', NULL, 7500, 1, '1671016865', '단골 손님', 'W', '01052545944', '7500', 133, 9),
(1128, '2021.49', '만두5개', '섞어', NULL, 7500, 1, '1671016865', '단골 손님', '13', '01052545944', '7500', 133, 9),
(1129, '2021.51', '음료', '콜라', NULL, 1500, 1, '1671016898', '단골 손님', '13', '01052545944', '1500', 134, 9),
(1130, '2031.52', '음료', '사이다', NULL, 1500, 1, '1671017473', '단골 손님', 'W', '01052545944', '1500', 134, 9),
(1131, '0914.40', '수제비', '', NULL, 7500, 1, '1671063296', '단골 손님', '06', '01052545944', '7500', 119, 9),
(1134, '0940.51', '칼국수', '', NULL, 7000, 1, '1671064810', '단골 손님', '03', '01052545944', '7000', 120, 9),
(1135, '0940.51', '수제비', '', NULL, 7500, 1, '1671064810', '단골 손님', '08', '01052545944', '7500', 119, 9),
(1136, '0940.51', '공기밥', '', NULL, 1000, 1, '1671064810', '단골 손님', '03', '01052545944', '1000', 123, 9),
(1137, '1329.52', '칼국수', '', NULL, 7000, 1, '1671078546', '단골 손님', '15', '01052545944', '7000', 120, 9),
(1138, '1329.52', '수제비', '', NULL, 7500, 1, '1671078546', '단골 손님', '15', '01052545944', '7500', 119, 9),
(1139, '1329.52', '공기밥', '', NULL, 1000, 1, '1671078546', '단골 손님', '15', '01052545944', '1000', 123, 9),
(1140, '1330.54', '수제비', '', NULL, 7500, 1, '1671078658', '단골 손님', 'W', '01052545944', '7500', 119, 9),
(1142, '1332.55', '만두5개', '고기', NULL, 7500, 1, '1671078743', '단골 손님', '04', '01052545944', '7500', 133, 9),
(1144, '1704.56', '수제비', '', NULL, 7500, 1, '1671091492', '단골 손님', '03', '01052545944', '7500', 119, 9),
(1145, '1705.57', '수제비', '', NULL, 7500, 1, '1671091542', '단골 손님', '03', '01052545944', '7500', 119, 9),
(1146, '1706.58', '수제비', '', NULL, 7500, 1, '1671091618', '단골 손님', '03', '01052545944', '7500', 119, 9),
(1147, '1707.59', '칼국수', '', NULL, 7000, 1, '1671091651', '단골 손님', '03', '01052545944', '7000', 120, 9),
(1148, '1719.60', '수제비', '', NULL, 7500, 1, '1671092362', '단골 손님', '03', '01052545944', '7500', 119, 9),
(1149, '1724.61', '공기밥', '', NULL, 1000, 1, '1671092691', '단골 손님', '03', '01052545944', '1000', 123, 9),
(1150, '1726.62', '칼국수', '', NULL, 7000, 1, '1671092797', '단골 손님', '03', '01052545944', '7000', 120, 9),
(1151, '1729.63', '칼국수', '', NULL, 7000, 1, '1671092997', '단골 손님', '03', '01052545944', '7000', 120, 9),
(1152, '1730.64', '수제비', '', NULL, 7500, 1, '1671093026', '단골 손님', '03', '01052545944', '7500', 119, 9),
(1153, '1730.65', '공기밥', '', NULL, 1000, 1, '1671093053', '단골 손님', '03', '01052545944', '1000', 123, 9),
(1154, '1731.66', '수제비', '', NULL, 7500, 1, '1671093102', '단골 손님', '03', '01052545944', '7500', 119, 9),
(1155, '1732.67', '칼국수', '', NULL, 7000, 1, '1671093121', '단골 손님', '03', '01052545944', '7000', 120, 9),
(1156, '1733.68', '수제비', '', NULL, 7500, 1, '1671093231', '단골 손님', '03', '01052545944', '7500', 119, 9),
(1157, '1744.69', '수제비', '', NULL, 7500, 1, '1671093895', '단골 손님', '03', '01052545944', '7500', 119, 9),
(1158, '1745.70', '만두5개', '고기', NULL, 7500, 1, '1671093919', '단골 손님', '03', '01052545944', '7500', 133, 9),
(1159, '1752.71', '칼국수', '', NULL, 7000, 1, '1671094360', '단골 손님', '03', '01052545944', '7000', 120, 9),
(1160, '1752.72', '수제비', '', NULL, 7500, 1, '1671094379', '단골 손님', '03', '01052545944', '7500', 119, 9),
(1163, '1759.58', '수제비', '', NULL, 7500, 1, '1671094790', '단골 손님', '03', '01052545944', '7500', 119, 9),
(1164, '1800.74', '수제비', '', NULL, 7500, 1, '1671094816', '단골 손님', '03', '01052545944', '7500', 119, 9),
(1165, '1804.75', '칼국수', '', NULL, 7000, 1, '1671095042', '단골 손님', '03', '', '7000', 120, 9),
(1166, '1805.76', '수제비', '', NULL, 7500, 1, '1671095111', '단골 손님', '03', '01052545944', '7500', 119, 9),
(1167, '1806.77', '수제비', '', NULL, 7500, 1, '1671095180', '단골 손님', '03', '01052545944', '7500', 119, 9),
(1168, '1837.78', '수제비', '', NULL, 7500, 1, '1671097060', '단골 손님', '07', '01052545944', '7500', 119, 9),
(1169, '1837.79', '수제비', '', NULL, 7500, 1, '1671097076', '단골 손님', '03', '01052545944', '7500', 119, 9),
(1170, '1838.80', '수제비', '', NULL, 7500, 1, '1671097135', '단골 손님', '08', '01052545944', '7500', 119, 9),
(1171, '1849.82', '수제비', '', NULL, 7500, 1, '1671097767', '단골 손님', '03', '01052545944', '7500', 119, 9),
(1172, '1850.83', '수제비', '', NULL, 7500, 1, '1671097800', '단골 손님', '03', '01052545944', '7500', 119, 9),
(1173, '1850.84', '수제비', '', NULL, 7500, 1, '1671097832', '단골 손님', '03', '01052545944', '7500', 119, 9),
(1174, '1852.85', '수제비', '', NULL, 7500, 1, '1671097924', '단골 손님', '03', '01052545944', '7500', 119, 9),
(1175, '1857.86', '수제비', '', NULL, 7500, 1, '1671098256', '단골 손님', '03', '01052545944', '7500', 119, 9),
(1176, '1858.87', '수제비', '', NULL, 7500, 1, '1671098288', '단골 손님', '04', '01052545944', '7500', 119, 9),
(1177, '1858.88', '수제비', '', NULL, 7500, 1, '1671098310', '단골 손님', '04', '01052545944', '7500', 119, 9),
(1178, '1858.89', '수제비', '', NULL, 7500, 1, '1671098331', '단골 손님', '03', '01052545944', '7500', 119, 9),
(1179, '1859.90', '수제비', '', NULL, 7500, 1, '1671098363', '단골 손님', '03', '01052545944', '7500', 119, 9),
(1180, '1901.91', '수제비', '', NULL, 7500, 1, '1671098498', '단골 손님', '04', '01052545944', '7500', 119, 9),
(1181, '1902.92', '수제비', '', NULL, 7500, 1, '1671098520', '단골 손님', '04', '01052545944', '7500', 119, 9),
(1182, '1902.93', '수제비', '', NULL, 7500, 1, '1671098563', '단골 손님', '04', '01052545944', '7500', 119, 9),
(1183, '1906.94', '수제비', '', NULL, 7500, 1, '1671098813', '단골 손님', '03', '01052545944', '7500', 119, 9),
(1184, '1947.95', '수제비', '', NULL, 7500, 1, '1671101250', '단골 손님', '05', '01052545944', '7500', 119, 9),
(1185, '1947.96', '수제비', '', NULL, 7500, 1, '1671101261', '단골 손님', '05', '01052545944', '7500', 119, 9),
(1186, '1950.98', '수제비', '', NULL, 7500, 1, '1671101411', '단골 손님', '05', '01052545944', '7500', 119, 9),
(1187, '1950.99', '수제비', '', NULL, 7500, 1, '1671101435', '단골 손님', '08', '01052545944', '7500', 119, 9),
(1188, '1952.00', '수제비', '', NULL, 7500, 1, '1671101523', '단골 손님', '03', '01052545944', '7500', 119, 9),
(1189, '1952.01', '수제비', '', NULL, 7500, 1, '1671101538', '단골 손님', '03', '01052545944', '7500', 119, 9),
(1190, '1955.02', '수제비', '', NULL, 7500, 1, '1671101704', '단골 손님', '02', '01052545944', '7500', 119, 9),
(1191, '1955.02', '칼국수', '', NULL, 7000, 1, '1671101704', '단골 손님', '02', '01052545944', '7000', 120, 9),
(1192, '2002.04', '수제비', '', NULL, 7500, 1, '1671102154', '단골 손님', '03', '01052545944', '7500', 119, 9),
(1193, '2002.05', '수제비', '', NULL, 7500, 1, '1671102170', '단골 손님', '03', '01052545944', '7500', 119, 9),
(1194, '2003.06', '수제비', '', NULL, 7500, 1, '1671102216', '단골 손님', '03', '01052545944', '7500', 119, 9),
(1195, '2003.07', '수제비', '', NULL, 7500, 1, '1671102239', '단골 손님', '03', '01052545944', '7500', 119, 9),
(1196, '2004.08', '수제비', '', NULL, 7500, 1, '1671102283', '단골 손님', '03', '01052545944', '7500', 119, 9),
(1197, '2005.09', '수제비', '', NULL, 7500, 1, '1671102331', '단골 손님', 'W', '01052545944', '7500', 119, 9),
(1201, '2009.13', '수제비', '', NULL, 7500, 1, '1671102598', '단골 손님', '14', '01052545944', '7500', 119, 9),
(1202, '2010.14', '수제비', '', NULL, 7500, 1, '1671102618', '단골 손님', 'W', '01052545944', '7500', 119, 9),
(1203, '2010.15', '칼국수', '', NULL, 7000, 1, '1671102655', '단골 손님', '13', '01052545944', '7000', 120, 9),
(1204, '2035.16', '수제비', '', NULL, 7500, 1, '1671104112', '단골 손님', 'W', '01052545944', '7500', 119, 9),
(1205, '2039.17', '만두5개', '고기', NULL, 7500, 1, '1671104359', '단골 손님', 'W', '01052545944', '7500', 133, 9),
(1206, '0627.59', '음료', '콜라', NULL, 1500, 1, '1671139658', '단골 손님', '01', '01052545944', '1500', 134, 9),
(1207, '0642.19', '만두5개', '고기', NULL, 7500, 1, '1671140543', '단골 손님', '01', '01052545944', '7500', 133, 9),
(1208, '0715.42', '수제비', '', NULL, 7500, 1, '1671142534', '단골 손님', '04', '01052545944', '7500', 119, 9),
(1209, '0716.44', '수제비', '', NULL, 7500, 1, '1671142606', '단골 손님', 'W', '01052545944', '7500', 119, 9),
(1210, '0728.45', '칼국수', '', NULL, 7000, 1, '1671143280', '단골 손님', '07', '01052545944', '7000', 120, 9),
(1212, '0756.47', '수제비', '', NULL, 7500, 1, '1671145597', '단골 손님', '02', '01052545944', '7500', 119, 9),
(1213, '0758.49', '수제비', '', NULL, 7500, 1, '1671145092', '단골 손님', 'i', '01052545944', '7500', 119, 9),
(1214, '1122.51', '만두5개', '김치', NULL, 7500, 1, '1671157326', '단골 손님', '01', '01052545944', '7500', 133, 9),
(1226, '1516.64', '칼국수', '', NULL, 7000, 1, '1671171360', '단골 손님', '02', '01052545944', '7000', 120, 9),
(1227, '1517.65', '공기밥', '', NULL, 1000, 1, '1671171437', '단골 손님', '02', '01052545944', '1000', 123, 9),
(1228, '1613.40', '칼국수', '', NULL, 7000, 1, '1671174809', '단골 손님', '05', '01052545944', '7000', 120, 9),
(1229, '1713.67', '수제비', '', NULL, 7500, 1, '1671178403', '단골 손님', '02', '01052545944', '7500', 119, 9),
(1261, '1032.93', '수제비', '', NULL, 7500, 1, '1671327129', '단골 손님', 'i', '01052545944', '7500', 119, 9),
(1260, '1030.92', '수제비', '', NULL, 7500, 1, '1671327037', '단골 손님', 'i', '01052545944', '7500', 119, 9),
(1259, '1028.91', '수제비', '', NULL, 7500, 1, '1671326930', '단골 손님', 'i', '01052545944', '7500', 119, 9),
(1258, '1027.90', '수제비', '', NULL, 7500, 1, '1671326874', '단골 손님', 'i', '01052545944', '7500', 119, 9),
(1257, '1021.89', '수제비', '', NULL, 7500, 1, '1671326503', '단골 손님', 'i', '01052545944', '7500', 119, 9),
(1254, '1014.86', '공기밥', '', NULL, 1000, 1, '1671326070', '관리자', '電', '01022223333', '1000', 123, 9),
(1253, '1008.85', '공기밥', '', NULL, 1000, 1, '1671325734', '관리자', '電', '01022223333', '1000', 123, 9),
(1252, '1007.84', '공기밥', '', NULL, 1000, 1, '1671325668', '관리자', '電', '01022223333', '1000', 123, 9),
(1251, '1005.83', '공기밥', '', NULL, 1000, 1, '1671325548', '관리자', '電', '01022223333', '1000', 123, 9),
(1250, '1001.82', '공기밥', '', NULL, 1000, 1, '1671325318', '관리자', '電', '01022223333', '1000', 123, 9),
(1266, '1111.48', '공기밥', '', NULL, 1000, 1, '1671329494', '단골 손님', 'i', '01052545944', '1000', 123, 9),
(1265, '1110.47', '칼국수', '', NULL, 7000, 1, '1671329457', '단골 손님', 'i', '01052545944', '7000', 120, 9),
(1246, '2024.44', '만두5개', '고기', NULL, 7500, 1, '1671276248', '관리자', '04', '01022223333', '7500', 133, 9),
(1256, '1020.88', '만두5개', '고기', NULL, 7500, 1, '1671326446', '관리자', '電', '01022223333', '7500', 133, 9),
(1232, '1611.70', '수제비', '', NULL, 7500, 1, '1671261114', '단골 손님', 'i', '01052545944', '7500', 119, 9),
(1233, '1616.71', '수제비', '', NULL, 7500, 1, '1671261382', '관리자', 'W', '01022223333', '7500', 120, 9),
(1241, '1938.78', '만두5개', '고기', NULL, 7500, 1, '1671273499', '관리자', '03', '01022223333', '7500', 133, 9),
(1242, '2010.79', '만두5개', '고기', NULL, 7500, 1, '1671275443', '관리자', '03', '01022223333', '7500', 133, 9),
(1243, '2011.80', '음료', '콜라', NULL, 1500, 1, '1671275478', '관리자', '03', '01022223333', '1500', 134, 9),
(1244, '2022.42', '수제비', '', NULL, 7500, 1, '1671276167', '관리자', '03', '01022223333', '7500', 119, 9),
(1245, '2023.43', '음료', '콜라', NULL, 1500, 1, '1671276221', '관리자', '03', '01022223333', '1500', 134, 9),
(1247, '2027.81', '칼국수', '', NULL, 7000, 1, '1671276459', '관리자', '03', '01022223333', '7000', 120, 9),
(1248, '2028.45', '칼국수', '', NULL, 7000, 1, '1671276483', '관리자', '03', '01022223333', '7000', 120, 9),
(1249, '2028.46', '수제비', '', NULL, 7500, 1, '1671276527', '관리자', '05', '01022223333', '7500', 119, 9),
(1255, '1015.87', '공기밥', '', NULL, 1000, 1, '1671326129', '관리자', '電', '01022223333', '1000', 123, 9),
(1262, '1032.94', '수제비', '', NULL, 7500, 1, '1671327171', '단골 손님', 'i', '01052545944', '7500', 119, 9),
(1263, '1055.96', '칼국수', '', NULL, 7000, 1, '1671328553', '단골 손님', 'i', '01052545944', '7000', 120, 9),
(1264, '1056.97', '수제비', '', NULL, 7500, 1, '1671328603', '단골 손님', '03', '01052545944', '7500', 119, 9),
(1267, '1114.49', '공기밥', '', NULL, 1000, 1, '1671329646', '단골 손님', 'i', '01052545944', '1000', 123, 9),
(1268, '1120.51', '만두5개', '고기', NULL, 7500, 1, '1671330029', '관리자', '電', '01022223333', '7500', 133, 9),
(1269, '1042.53', '공기밥', '', NULL, 1000, 1, '1671414123', '관리자', '09', '01022223333', '1000', 123, 9),
(1270, '1045.54', '수제비', '', NULL, 7500, 1, '1671414339', '관리자', 'W', '01022223333', '7500', 119, 9),
(1271, '1045.54', '칼국수', '', NULL, 7000, 1, '1671414339', '관리자', 'W', '01022223333', '7000', 120, 9),
(1272, '1600.56', '수제비', '', NULL, 7500, 1, '1671433205', '관리자', '03', '01022223333', '7500', 119, 9),
(1273, '1802.98', '만두5개', '고기', NULL, 7500, 1, '1671440557', '관리자', '09', '01022223333', '7500', 133, 9),
(1274, '1815.99', '칼국수', '', NULL, 7000, 1, '1671441313', '관리자', 'W', '01022223333', '7000', 120, 9),
(1275, '1815.99', '수제비', '', NULL, 7500, 1, '1671441313', '관리자', 'W', '01022223333', '7500', 119, 9),
(1276, '1815.99', '공기밥', '', NULL, 1000, 1, '1671441313', '관리자', 'W', '01022223333', '1000', 123, 9),
(1277, '1817.00', '칼국수', '', NULL, 7000, 1, '1671441469', '관리자', '01', '01022223333', '7000', 120, 9),
(1278, '1817.00', '수제비', '', NULL, 7500, 1, '1671441469', '관리자', '01', '01022223333', '7500', 119, 9),
(1279, '1817.00', '공기밥', '', NULL, 1000, 1, '1671441469', '관리자', '01', '01022223333', '1000', 123, 9),
(1280, '1858.01', '음료', '콜라', NULL, 1500, 1, '1671443893', '관리자', '03', '01022223333', '1500', 134, 9),
(1281, '1907.02', '만두5개', '고기', NULL, 7500, 1, '1671444427', '관리자', '09', '01022223333', '7500', 133, 9),
(1282, '1908.03', '칼국수', '', NULL, 7000, 1, '1671444496', '관리자', '09', '01022223333', '7000', 120, 9),
(1283, '1940.04', '칼국수', '', NULL, 7000, 1, '1671446430', '관리자', '03', '01022223333', '7000', 120, 9),
(1284, '1940.04', '수제비', '', NULL, 7500, 1, '1671446430', '관리자', '03', '01022223333', '7500', 119, 9),
(1285, '1940.04', '공기밥', '', NULL, 1000, 1, '1671446430', '관리자', '03', '01022223333', '1000', 123, 9),
(1286, '1942.05', '수제비', '', NULL, 7500, 1, '1671446551', '관리자', '03', '01022223333', '7500', 119, 9),
(1287, '1942.05', '칼국수', '', NULL, 7000, 1, '1671446551', '관리자', '03', '01022223333', '7000', 120, 9),
(1288, '1942.05', '만두5개', '고기', NULL, 7500, 1, '1671446551', '관리자', '03', '01022223333', '7500', 133, 9),
(1289, '1943.06', '수제비', '', NULL, 7500, 1, '1671446606', '관리자', '04', '01022223333', '7500', 119, 9),
(1290, '1943.07', '칼국수', '', NULL, 7000, 1, '1671446632', '관리자', '05', '01022223333', '7000', 120, 9),
(1291, '1944.08', '칼국수', '', NULL, 7000, 1, '1671446640', '관리자', '03', '01022223333', '7000', 120, 9),
(1292, '1944.57', '수제비', '', NULL, 7500, 1, '1671446659', '관리자', '04', '01022223333', '7500', 119, 9),
(1293, '1944.58', '수제비', '', NULL, 7500, 1, '1671446684', '관리자', '04', '01022223333', '7500', 119, 9),
(1294, '1945.09', '수제비', '', NULL, 7500, 1, '1671446743', '관리자', 'W', '01022223333', '7500', 119, 9),
(1295, '1945.09', '만두5개', '고기', NULL, 7500, 1, '1671446743', '관리자', 'W', '01022223333', '7500', 133, 9),
(1296, '1945.10', '수제비', '', NULL, 7500, 1, '1671446752', '관리자', '電', '01022223333', '7500', 119, 9),
(1297, '1945.10', '칼국수', '', NULL, 7000, 1, '1671446752', '관리자', '電', '01022223333', '7000', 120, 9),
(1298, '1946.11', '음료', '콜라', NULL, 1500, 1, '1671446773', '관리자', '05', '01022223333', '1500', 134, 9),
(1299, '1951.12', '수제비', '', NULL, 7500, 1, '1671447071', '관리자', '05', '01022223333', '7500', 119, 9),
(1300, '1951.12', '칼국수', '', NULL, 7000, 1, '1671447071', '관리자', '05', '01022223333', '7000', 120, 9),
(1301, '1951.13', '만두5개', '고기', NULL, 7500, 1, '1671447089', '관리자', '05', '01022223333', '7500', 133, 9),
(1302, '1951.13', '수제비', '', NULL, 7500, 1, '1671447089', '관리자', '05', '01022223333', '7500', 119, 9),
(1303, '1952.14', '수제비', '', NULL, 7500, 1, '1671447125', '관리자', '05', '01022223333', '7500', 119, 9),
(1304, '1958.59', '수제비', '', NULL, 7500, 1, '1671447494', '관리자', 'W', '01022223333', '7500', 119, 9),
(1305, '2024.60', '만두5개', '고기', NULL, 7500, 1, '1671449098', '관리자', '01', '01022223333', '7500', 133, 9),
(1306, '2025.61', '음료', '콜라', NULL, 1500, 1, '1671449121', '관리자', '05', '01022223333', '1500', 134, 9),
(1307, '2049.15', '칼국수', '', NULL, 7000, 1, '1671450547', '관리자', '02', '01022223333', '7000', 120, 9),
(1308, '2049.16', '칼국수', '', NULL, 7000, 1, '1671450569', '관리자', '02', '01022223333', '7000', 120, 9),
(1309, '2050.62', '칼국수', '', NULL, 7000, 1, '1671450625', '관리자', '03', '01022223333', '7000', 120, 9),
(1310, '2050.63', '칼국수', '', NULL, 7000, 1, '1671450645', '관리자', '03', '01022223333', '7000', 120, 9),
(1311, '2051.64', '공기밥', '', NULL, 1000, 1, '1671450661', '관리자', '03', '01022223333', '1000', 123, 9),
(1312, '2113.65', '만두5개', '김치', NULL, 7500, 15, '1671452035', '관리자', '04', '01022223333', '112500', 133, 9),
(1313, '2216.17', '음료', '콜라', NULL, 1500, 1, '1671455814', '관리자', '05', '01022223333', '1500', 134, 9),
(1314, '0716.66', '음료', '사이다', NULL, 1500, 1, '1671488200', '관리자', '04', '01022223333', '1500', 134, 9),
(1315, '0717.67', '칼국수', '', NULL, 7000, 1, '1671488247', '관리자', 'W', '01022223333', '7000', 120, 9),
(1316, '0717.67', '수제비', '', NULL, 7500, 1, '1671488247', '관리자', 'W', '01022223333', '7500', 119, 9),
(1317, '0920.18', '수제비', '', NULL, 7500, 1, '1671495603', '관리자', '02', '01022223333', '7500', 119, 9),
(1318, '0922.68', '만두5개', '고기', NULL, 7500, 1, '1671495746', '관리자', '電', '01022223333', '7500', 133, 9),
(1319, '1015.69', '수제비', '', NULL, 7500, 1, '1671498940', '관리자', '14', '01022223333', '7500', 119, 9),
(1322, '1208.71', '수제비', '', NULL, 7500, 1, '1671678520', '관리자', '06', '01022223333', '7500', 119, 9),
(1323, '1210.72', '공기밥', '', NULL, 1000, 1, '1671678638', '관리자', '05', '01022223333', '1000', 123, 9),
(1324, '1327.73', '만두5개', '김치', NULL, 7500, 3, '1671769634', '단골 손님', 'i', '01052545944', '22500', 133, 9),
(1325, '1327.73', '칼국수', '', NULL, 7000, 6, '1671769634', '단골 손님', 'i', '01052545944', '42000', 120, 9),
(1326, '1329.75', '칼국수', '', NULL, 7000, 1, '1671769755', '관리자', '05', '01022223333', '7000', 120, 9),
(1327, '1329.75', '수제비', '', NULL, 7500, 1, '1671769755', '관리자', '05', '01022223333', '7500', 119, 9),
(1328, '1801.77', '칼국수', '', NULL, 7000, 1, '1671786106', '단골 손님', 'i', '01052545944', '7000', 120, 9),
(1329, '1801.77', '수제비', '', NULL, 7500, 1, '1671786106', '단골 손님', 'i', '01052545944', '7500', 119, 9),
(1330, '1801.77', '만두5개', '김치', NULL, 7500, 1, '1671786106', '단골 손님', 'i', '01052545944', '7500', 133, 9),
(1331, '1801.77', '음료', '콜라', NULL, 1500, 1, '1671786106', '단골 손님', 'i', '01052545944', '1500', 134, 9),
(1332, '1344.78', '칼국수', '', NULL, 7000, 1, '1672029872', '관리자', '03', '01022223333', '7000', 120, 9),
(1333, '1344.78', '만두5개', '섞어', NULL, 7500, 2, '1672029872', '관리자', '03', '01022223333', '15000', 133, 9),
(1334, '1430.80', '칼국수', '', NULL, 7000, 1, '1672205459', '관리자', '電', '01022223333', '7000', 120, 9),
(1335, '1430.80', '만두5개', '섞어', NULL, 7500, 1, '1672205459', '관리자', '電', '01022223333', '7500', 133, 9),
(1336, '1702.81', '수제비', '', NULL, 7500, 1, '1672214548', '관리자', '02', '01022223333', '7500', 119, 9),
(1337, '1702.81', '칼국수', '', NULL, 7000, 1, '1672214548', '관리자', '02', '01022223333', '7000', 120, 9),
(1338, '1707.82', '칼국수', '', NULL, 7000, 1, '1672214839', '관리자', '07', '01022223333', '7000', 120, 9),
(1339, '1707.82', '수제비', '', NULL, 7500, 1, '1672214839', '관리자', '07', '01022223333', '7500', 119, 9),
(1437, '1345.47', '22', '2', NULL, 444444, 1, '1716353125', '단골 손님', '1', '01052545944', '444444', 223, 11),
(1426, '0727.34', '33', '', NULL, 5555, 1, '1716157621', '단골 손님', '대', '01052545944', '5555', 221, 11),
(1424, '0726.33', '33', '', NULL, 5555, 1, '1716157602', '단골 손님', '대', '01052545944', '5555', 221, 11),
(1423, '0726.32', '33', '', NULL, 5555, 1, '1716157572', '단골 손님', '1', '01052545944', '5555', 221, 11),
(1422, '0723.31', '33', '', NULL, 5555, 1, '1716157386', '단골 손님', '대', '01052545944', '5555', 221, 11),
(1421, '0722.30', '33', '', NULL, 5555, 1, '1716157356', '단골 손님', '1', '01052545944', '5555', 221, 11),
(1420, '0722.29', '33', '', NULL, 5555, 1, '1716157339', '단골 손님', '1', '01052545944', '5555', 221, 11),
(1419, '0718.27', '33', '', NULL, 5555, 1, '1716157131', '단골 손님', '대', '01052545944', '5555', 221, 11),
(1418, '0714.26', '33', '', NULL, 5555, 1, '1716156867', '단골 손님', '대', '01052545944', '5555', 221, 11),
(1417, '0709.24', '33', '', NULL, 5555, 1, '1716156556', '단골 손님', '2', '01052545944', '5555', 221, 11),
(1416, '0707.22', '33', '', NULL, 5555, 1, '1716156467', '단골 손님', '1', '01052545944', '5555', 221, 11),
(1415, '0707.21', '33', '', NULL, 5555, 1, '1716156447', '단골 손님', '1', '01052545944', '5555', 221, 11),
(1414, '0703.19', '33', '', NULL, 5555, 1, '1716156229', '단골 손님', '1', '01052545944', '5555', 221, 11),
(1413, '0647.15', '33', '', NULL, 5555, 1, '1716155253', '단골 손님', '2', '01052545944', '5555', 221, 11),
(1412, '0646.14', '33', '', NULL, 5555, 1, '1716155217', '단골 손님', '대', '01052545944', '5555', 221, 11),
(1411, '0646.13', '33', '', NULL, 5555, 1, '1716155179', '단골 손님', '1', '01052545944', '5555', 221, 11),
(1410, '1948.12', '77', '', NULL, 7777, 1, '1716115711', '단골 손님', '2', '01052545944', '7777', 222, 11),
(1430, '0800.40', '미키비누', '', NULL, 5000, 1, '1716159608', '단골 손님', '대', '01052545944', '5000', 219, 11),
(1429, '0759.38', '미키비누', '', NULL, 5000, 1, '1716159570', '단골 손님', '대', '01052545944', '5000', 219, 11),
(1428, '0758.36', '미키비누', '', NULL, 5000, 1, '1716159518', '단골 손님', '대', '01052545944', '5000', 219, 11),
(1427, '0730.35', '미키비누', '', NULL, 5000, 2, '1716157850', '단골 손님', '1', '01052545944', '10000', 219, 11),
(1425, '0726.33', '시계', '', NULL, 10000, 1, '1716157602', '단골 손님', '대', '01052545944', '15555', 220, 11),
(1439, '1843.49', '케이크', '', NULL, 20000, 1, '1716370988', '단골 손님', '祖母', '01052545944', '20000', 221, 11),
(1409, '1944.11', '시계', '', NULL, 10000, 1, '1716115493', '단골 손님', '1', '01052545944', '10000', 220, 11),
(1433, '1646.42', '미키비누', '투명', NULL, 5000, 1, '1716191182', '단골 손님', '3', '01052545944', '5000', 219, 11),
(1434, '1648.43', '미키비누', '블루', NULL, 5000, 5, '1716191305', '단골 손님', '대', '01052545944', '25000', 219, 11),
(1432, '1646.41', '케이크', '', NULL, 20000, 2, '1716191168', '단골 손님', '2', '01052545944', '45000', 221, 11),
(1431, '1646.41', '미키비누', '블루', NULL, 5000, 1, '1716191168', '단골 손님', '2', '01052545944', '5000', 219, 11),
(1435, '1649.44', '미키비누', '투명', NULL, 5000, 1, '1716191377', '단골 손님', '1', '01052545944', '5000', 219, 11),
(1436, '1959.45', '미키비누', '핑크', NULL, 5000, 1, '1716202757', '단골 손님', '2', '01052545944', '5000', 219, 11),
(1704, '0729.12', '미키비누', '블루', NULL, 5000, 1, '1730186983', '단골 손님', '할', '01052545944', '5000', 219, 11),
(1703, '0729.11', '미키비누', '블루', NULL, 5000, 1, '1730186963', '단골 손님', 'ㄷㄷㄷ', '01052545944', '5000', 219, 11),
(1702, '0052.10', '미키비누', '블루', NULL, 5000, 1, '1730163136', '단골 손님', 'ㅂ', '01052545944', '5000', 219, 11),
(1701, '0050.08', '미키비누', '블루', NULL, 5000, 1, '1730163059', '단골 손님', 'ㅂ', '01052545944', '5000', 219, 11),
(1700, '0050.07', '미키비누', '블루', NULL, 5000, 3, '1730163044', '단골 손님', '할아버지', '01052545944', '15000', 219, 11),
(1699, '0049.06', '미키비누', '블루', NULL, 5000, 1, '1730162972', '단골 손님', '할머니', '01052545944', '5000', 219, 11),
(1698, '0048.05', '미키비누', '블루', NULL, 5000, 1, '1730162926', '단골 손님', 'w', '01052545944', '5000', 219, 11),
(1697, '0046.04', '미키비누', '블루', NULL, 5000, 1, '1730162778', '단골 손님', 'www', '01052545944', '5000', 219, 11),
(1696, '0039.03', '미키비누', '블루', NULL, 5000, 1, '1730162396', '단골 손님', 'w', '01052545944', '5000', 219, 11),
(1695, '0038.02', '미키비누', '블루', NULL, 5000, 1, '1730162286', '단골 손님', '', '01052545944', '5000', 219, 11),
(1694, '0036.01', '미키비누', '블루', NULL, 5000, 1, '1730162160', '단골 손님', '', '01052545944', '5000', 219, 11),
(1693, '0032.00', '미키비누', '블루', NULL, 5000, 1, '1730161951', '단골 손님', 'qwww', '01052545944', '5000', 219, 11),
(1692, '0031.99', '미키비누', '블루', NULL, 5000, 1, '1730161915', '단골 손님', '', '01052545944', '5000', 219, 11),
(1691, '0027.98', '미키비누', '블루', NULL, 5000, 1, '1730161635', '단골 손님', '', '01052545944', '5000', 219, 11),
(1690, '0023.84', '미키비누', '블루', NULL, 5000, 1, '1730161403', '단골 손님', '', '01052545944', '5000', 219, 11),
(1689, '0020.77', '미키비누', '블루', NULL, 5000, 1, '1730161249', '단골 손님', '', '01052545944', '5000', 219, 11),
(1688, '0019.71', '미키비누', '블루', NULL, 5000, 1, '1730161144', '단골 손님', '', '01052545944', '5000', 219, 11),
(1687, '0018.69', '미키비누', '블루', NULL, 5000, 1, '1730161100', '단골 손님', '$abc2', '01052545944', '5000', 219, 11),
(1686, '0017.68', '미키비누', '블루', NULL, 5000, 1, '1730161047', '단골 손님', '$abc2', '01052545944', '5000', 219, 11),
(1685, '0016.67', '미키비누', '블루', NULL, 5000, 1, '1730161001', '단골 손님', '', '01052545944', '5000', 219, 11),
(1684, '0016.66', '미키비누', '블루', NULL, 5000, 1, '1730160969', '단골 손님', '', '01052545944', '5000', 219, 11),
(1683, '0015.65', '미키비누', '블루', NULL, 5000, 1, '1730160935', '단골 손님', '', '01052545944', '5000', 219, 11),
(1682, '0014.63', '미키비누', '블루', NULL, 5000, 1, '1730160860', '단골 손님', '', '01052545944', '5000', 219, 11),
(1681, '0007.55', '미키비누', '블루', NULL, 5000, 1, '1730160470', '단골 손님', '$abc', '01052545944', '5000', 219, 11),
(1680, '0006.54', '미키비누', '블루', NULL, 5000, 1, '1730160408', '단골 손님', '', '01052545944', '5000', 219, 11),
(1679, '0005.52', '미키비누', '블루', NULL, 5000, 1, '1730160340', '단골 손님', '', '01052545944', '5000', 219, 11),
(1678, '0003.50', '미키비누', '블루', NULL, 5000, 1, '1730160211', '단골 손님', '', '01052545944', '5000', 219, 11),
(1677, '0003.48', '미키비누', '블루', NULL, 5000, 1, '1730160186', '단골 손님', '', '01052545944', '5000', 219, 11),
(1676, '0002.47', '미키비누', '블루', NULL, 5000, 1, '1730160168', '단골 손님', '', '01052545944', '5000', 219, 11),
(1675, '0002.45', '미키비누', '블루', NULL, 5000, 1, '1730160136', '단골 손님', '', '01052545944', '5000', 219, 11),
(1674, '2348.34', '미키비누', '블루', NULL, 5000, 1, '1730159325', '단골 손님', '', '01052545944', '5000', 219, 11),
(1673, '2344.33', '미키비누', '블루', NULL, 5000, 1, '1730159083', '단골 손님', '111', '01052545944', '5000', 219, 11),
(1672, '2343.32', '미키비누', '블루', NULL, 5000, 1, '1730158985', '단골 손님', '111', '01052545944', '5000', 219, 11),
(1671, '2250.31', '미키비누', '블루', NULL, 5000, 1, '1730155842', '단골 손님', '1133', '01052545944', '5000', 219, 11),
(1670, '2250.30', '미키비누', '블루', NULL, 5000, 1, '1730155818', '단골 손님', '11', '01052545944', '5000', 219, 11),
(1669, '2248.29', '미키비누', '블루', NULL, 5000, 1, '1730155707', '단골 손님', '111', '01052545944', '5000', 219, 11),
(1668, '2241.28', '미키비누', '블루', NULL, 5000, 1, '1730155285', '단골 손님', '할아버지', '01052545944', '5000', 219, 11),
(1667, '2238.27', '미키비누', '블루', NULL, 5000, 1, '1730155125', '단골 손님', '2', '01052545944', '5000', 219, 11),
(1666, '2137.25', '미키비누', '블루', NULL, 5000, 1, '1730151429', '단골 손님', '할아버지', '01052545944', '5000', 219, 11),
(1665, '2136.22', '미키비누', '블루', NULL, 5000, 1, '1730151385', '단골 손님', 'aaa', '01052545944', '5000', 219, 11),
(1664, '2136.21', '미키비누', '블루', NULL, 5000, 1, '1730151373', '단골 손님', '할머니', '01052545944', '5000', 219, 11),
(1663, '2135.20', '미키비누', '블루', NULL, 5000, 1, '1730151355', '단골 손님', '사물함', '01052545944', '5000', 219, 11),
(1662, '1401.19', '미키비누', '블루', NULL, 5000, 1, '1730124108', '단골 손님', 'aaa', '01052545944', '5000', 219, 11),
(1661, '1401.18', '미키비누', '블루', NULL, 5000, 1, '1730124082', '단골 손님', '111', '01052545944', '5000', 219, 11),
(1660, '1358.17', '미키비누', '블루', NULL, 5000, 1, '1730123894', '단골 손님', 'qqqq', '01052545944', '5000', 219, 11),
(1659, '1333.16', '미키비누', '블루', NULL, 5000, 1, '1730122411', '단골 손님', '할머니', '01052545944', '5000', 219, 11),
(1658, '1310.15', '미키비누', '블루', NULL, 5000, 1, '1730121034', '단골 손님', 'abcdefg', '01052545944', '5000', 219, 11),
(1657, '1310.14', '미키비누', '블루', NULL, 5000, 1, '1730121002', '단골 손님', 'abcdefg', '01052545944', '5000', 219, 11),
(1656, '1303.13', '미키비누', '블루', NULL, 5000, 1, '1730120611', '단골 손님', 'ee', '01052545944', '5000', 219, 11),
(1655, '1301.12', '미키비누', '블루', NULL, 5000, 1, '1730120515', '단골 손님', 'ddd', '01052545944', '5000', 219, 11),
(1654, '1300.11', '미키비누', '블루', NULL, 5000, 1, '1730120450', '단골 손님', 'e', '01052545944', '5000', 219, 11),
(1653, '1259.10', '미키비누', '블루', NULL, 5000, 1, '1730120389', '단골 손님', '', '01052545944', '5000', 219, 11),
(1652, '1255.09', '미키비누', '블루', NULL, 5000, 1, '1730120146', '단골 손님', '', '01052545944', '5000', 219, 11),
(1651, '1255.07', '미키비누', '블루', NULL, 5000, 1, '1730120122', '단골 손님', '', '01052545944', '5000', 219, 11),
(1650, '1254.05', '미키비누', '블루', NULL, 5000, 1, '1730120099', '단골 손님', '', '01052545944', '5000', 219, 11),
(1649, '1252.03', '미키비누', '블루', NULL, 5000, 1, '1730119965', '단골 손님', '', '01052545944', '5000', 219, 11),
(1648, '1252.01', '미키비누', '블루', NULL, 5000, 1, '1730119948', '단골 손님', '', '01052545944', '5000', 219, 11),
(1647, '1247.99', '미키비누', '블루', NULL, 5000, 1, '1730119670', '단골 손님', '', '01052545944', '5000', 219, 11),
(1646, '1239.96', '미키비누', '블루', NULL, 5000, 1, '1730119173', '단골 손님', '', '01052545944', '5000', 219, 11),
(1645, '1036.94', '미키비누', '블루', NULL, 5000, 1, '1730111802', '단골 손님', '', '01052545944', '5000', 219, 11),
(1644, '1001.93', '미키비누', '블루', NULL, 5000, 1, '1730109686', '단골 손님', '', '01052545944', '5000', 219, 11),
(1643, '0953.92', '미키비누', '블루', NULL, 5000, 1, '1730109209', '단골 손님', 'q', '01052545944', '5000', 219, 11),
(1642, '0952.91', '미키비누', '블루', NULL, 5000, 1, '1730109146', '단골 손님', 'wwss', '01052545944', '5000', 219, 11),
(1641, '0952.90', '미키비누', '블루', NULL, 5000, 1, '1730109134', '단골 손님', '', '01052545944', '5000', 219, 11),
(1640, '0952.89', '미키비누', '블루', NULL, 5000, 1, '1730109126', '단골 손님', 'ww', '01052545944', '5000', 219, 11),
(1639, '0950.88', '미키비누', '블루', NULL, 5000, 1, '1730109029', '단골 손님', 'r', '01052545944', '5000', 219, 11),
(1638, '0950.87', '미키비누', '블루', NULL, 5000, 1, '1730109018', '단골 손님', '', '01052545944', '5000', 219, 11),
(1637, '0950.86', '미키비누', '블루', NULL, 5000, 1, '1730109003', '단골 손님', 'w', '01052545944', '5000', 219, 11),
(1636, '0949.85', '미키비누', '블루', NULL, 5000, 1, '1730108988', '단골 손님', 'w', '01052545944', '5000', 219, 11),
(1635, '0948.84', '미키비누', '블루', NULL, 5000, 1, '1730108896', '단골 손님', '', '01052545944', '5000', 219, 11),
(1634, '0947.83', '미키비누', '블루', NULL, 5000, 1, '1730108844', '단골 손님', '', '01052545944', '5000', 219, 11),
(1633, '0944.82', '미키비누', '블루', NULL, 5000, 1, '1730108685', '단골 손님', '', '01052545944', '5000', 219, 11),
(1632, '0942.81', '미키비누', '블루', NULL, 5000, 1, '1730108558', '단골 손님', '', '01052545944', '5000', 219, 11),
(1631, '0941.80', '미키비누', '블루', NULL, 5000, 1, '1730108462', '단골 손님', '', '01052545944', '5000', 219, 11),
(1630, '0940.79', '미키비누', '블루', NULL, 5000, 1, '1730108440', '단골 손님', 'www', '01052545944', '5000', 219, 11),
(1629, '0938.78', '미키비누', '블루', NULL, 5000, 1, '1730108321', '단골 손님', 'ww', '01052545944', '5000', 219, 11),
(1628, '0937.77', '미키비누', '블루', NULL, 5000, 1, '1730108259', '단골 손님', '', '01052545944', '5000', 219, 11),
(1627, '0935.76', '미키비누', '블루', NULL, 5000, 1, '1730108156', '단골 손님', 'a', '01052545944', '5000', 219, 11),
(1626, '0932.75', '미키비누', '블루', NULL, 5000, 1, '1730107920', '단골 손님', '', '01052545944', '5000', 219, 11),
(1625, '0931.74', '미키비누', '블루', NULL, 5000, 1, '1730107900', '단골 손님', '', '01052545944', '5000', 219, 11),
(1624, '0922.73', '미키비누', '블루', NULL, 5000, 1, '1730107360', '단골 손님', '', '01052545944', '5000', 219, 11),
(1623, '0918.72', '미키비누', '블루', NULL, 5000, 1, '1730107112', '단골 손님', '', '01052545944', '5000', 219, 11),
(1622, '0918.71', '미키비누', '블루', NULL, 5000, 1, '1730107097', '단골 손님', '', '01052545944', '5000', 219, 11),
(1621, '0917.70', '미키비누', '블루', NULL, 5000, 1, '1730107079', '단골 손님', 'q', '01052545944', '5000', 219, 11),
(1620, '0917.69', '미키비누', '블루', NULL, 5000, 1, '1730107064', '단골 손님', '', '01052545944', '5000', 219, 11),
(1619, '0917.68', '미키비누', '블루', NULL, 5000, 1, '1730107053', '단골 손님', 'qqq', '01052545944', '5000', 219, 11),
(1618, '0915.67', '미키비누', '블루', NULL, 5000, 1, '1730106922', '단골 손님', 'q', '01052545944', '5000', 219, 11),
(1617, '0914.66', '미키비누', '블루', NULL, 5000, 1, '1730106897', '단골 손님', '', '01052545944', '5000', 219, 11),
(1616, '0914.65', '미키비누', '블루', NULL, 5000, 1, '1730106866', '단골 손님', '', '01052545944', '5000', 219, 11),
(1615, '0911.64', '미키비누', '블루', NULL, 5000, 1, '1730106683', '단골 손님', 'q', '01052545944', '5000', 219, 11),
(1614, '0911.63', '미키비누', '블루', NULL, 5000, 1, '1730106667', '단골 손님', '', '01052545944', '5000', 219, 11),
(1613, '0907.62', '미키비누', '블루', NULL, 5000, 1, '1730106473', '단골 손님', '', '01052545944', '5000', 219, 11),
(1612, '0905.61', '미키비누', '블루', NULL, 5000, 1, '1730106309', '단골 손님', '', '01052545944', '5000', 219, 11),
(1611, '0904.60', '미키비누', '블루', NULL, 5000, 1, '1730106293', '단골 손님', '', '01052545944', '5000', 219, 11),
(1610, '0904.59', '미키비누', '블루', NULL, 5000, 1, '1730106259', '단골 손님', '6', '01052545944', '5000', 219, 11),
(1609, '0904.58', '미키비누', '블루', NULL, 5000, 1, '1730106241', '단골 손님', '', '01052545944', '5000', 219, 11),
(1608, '0903.57', '미키비누', '블루', NULL, 5000, 1, '1730106229', '단골 손님', '', '01052545944', '5000', 219, 11),
(1607, '0903.55', '미키비누', '블루', NULL, 5000, 1, '1730106210', '단골 손님', '5', '01052545944', '5000', 219, 11),
(1606, '0903.54', '미키비누', '블루', NULL, 5000, 1, '1730106197', '단골 손님', '', '01052545944', '5000', 219, 11),
(1605, '0903.53', '미키비누', '블루', NULL, 5000, 1, '1730106187', '단골 손님', '4', '01052545944', '5000', 219, 11),
(1604, '0902.52', '미키비누', '블루', NULL, 5000, 1, '1730106164', '단골 손님', '', '01052545944', '5000', 219, 11),
(1603, '0902.51', '미키비누', '블루', NULL, 5000, 1, '1730106121', '단골 손님', '22', '01052545944', '5000', 219, 11),
(1602, '0852.50', '미키비누', '블루', NULL, 5000, 1, '1730105547', '단골 손님', '222', '01052545944', '5000', 219, 11),
(1601, '0850.49', '미키비누', '블루', NULL, 5000, 1, '1730105444', '단골 손님', '', '01052545944', '5000', 219, 11),
(1600, '0849.48', '미키비누', '블루', NULL, 5000, 1, '1730105370', '단골 손님', '', '01052545944', '5000', 219, 11),
(1599, '0848.47', '미키비누', '블루', NULL, 5000, 1, '1730105322', '단골 손님', '', '01052545944', '5000', 219, 11),
(1598, '0848.46', '미키비누', '블루', NULL, 5000, 1, '1730105310', '단골 손님', '', '01052545944', '5000', 219, 11),
(1597, '0847.45', '미키비누', '블루', NULL, 5000, 1, '1730105262', '단골 손님', '', '01052545944', '5000', 219, 11),
(1596, '0846.44', '미키비누', '블루', NULL, 5000, 1, '1730105211', '단골 손님', '', '01052545944', '5000', 219, 11),
(1595, '0846.43', '미키비누', '블루', NULL, 5000, 1, '1730105200', '단골 손님', '', '01052545944', '5000', 219, 11),
(1594, '0845.42', '미키비누', '블루', NULL, 5000, 1, '1730105145', '단골 손님', '', '01052545944', '5000', 219, 11),
(1593, '0843.41', '미키비누', '블루', NULL, 5000, 1, '1730104983', '단골 손님', '', '01052545944', '5000', 219, 11),
(1592, '0842.40', '미키비누', '블루', NULL, 5000, 1, '1730104939', '단골 손님', '', '01052545944', '5000', 219, 11),
(1591, '0841.39', '미키비누', '블루', NULL, 5000, 1, '1730104871', '단골 손님', '', '01052545944', '5000', 219, 11),
(1590, '0840.38', '미키비누', '블루', NULL, 5000, 1, '1730104839', '단골 손님', '', '01052545944', '5000', 219, 11),
(1589, '0840.37', '미키비누', '블루', NULL, 5000, 1, '1730104817', '단골 손님', '', '01052545944', '5000', 219, 11),
(1588, '0839.36', '미키비누', '블루', NULL, 5000, 1, '1730104790', '단골 손님', '', '01052545944', '5000', 219, 11),
(1587, '0839.35', '미키비누', '블루', NULL, 5000, 1, '1730104776', '단골 손님', '', '01052545944', '5000', 219, 11),
(1586, '0838.34', '미키비누', '블루', NULL, 5000, 1, '1730104734', '단골 손님', '', '01052545944', '5000', 219, 11),
(1585, '0835.33', '미키비누', '블루', NULL, 5000, 1, '1730104525', '단골 손님', '', '01052545944', '5000', 219, 11),
(1584, '0834.32', '미키비누', '블루', NULL, 5000, 1, '1730104499', '단골 손님', '', '01052545944', '5000', 219, 11),
(1583, '0817.31', '미키비누', '블루', NULL, 5000, 1, '1730103451', '단골 손님', '', '01052545944', '5000', 219, 11),
(1582, '0816.30', '미키비누', '블루', NULL, 5000, 1, '1730103398', '단골 손님', '', '01052545944', '5000', 219, 11),
(1581, '0814.29', '미키비누', '블루', NULL, 5000, 1, '1730103285', '단골 손님', '', '01052545944', '5000', 219, 11),
(1580, '0810.28', '미키비누', '블루', NULL, 5000, 1, '1730103003', '단골 손님', '', '01052545944', '5000', 219, 11),
(1579, '0804.27', '미키비누', '블루', NULL, 5000, 1, '1730102661', '단골 손님', '778', '01052545944', '5000', 219, 11),
(1578, '0804.26', '미키비누', '블루', NULL, 5000, 1, '1730102649', '단골 손님', '', '01052545944', '5000', 219, 11),
(1577, '0803.25', '미키비누', '블루', NULL, 5000, 1, '1730102639', '단골 손님', '', '01052545944', '5000', 219, 11),
(1576, '0803.24', '미키비누', '블루', NULL, 5000, 1, '1730102582', '단골 손님', 'eeett', '01052545944', '5000', 219, 11),
(1575, '0802.23', '미키비누', '블루', NULL, 5000, 1, '1730102544', '단골 손님', '', '01052545944', '5000', 219, 11),
(1574, '0801.22', '미키비누', '블루', NULL, 5000, 1, '1730102488', '단골 손님', '', '01052545944', '5000', 219, 11),
(1573, '0801.21', '미키비누', '블루', NULL, 5000, 1, '1730102464', '단골 손님', '', '01052545944', '5000', 219, 11),
(1572, '0753.20', '미키비누', '블루', NULL, 5000, 1, '1730102009', '단골 손님', 'tt', '01052545944', '5000', 219, 11),
(1571, '0751.19', '미키비누', '블루', NULL, 5000, 1, '1730101874', '단골 손님', 'hhh', '01052545944', '5000', 219, 11),
(1570, '0750.18', '미키비누', '블루', NULL, 5000, 1, '1730101839', '단골 손님', '555', '01052545944', '5000', 219, 11),
(1569, '0750.17', '미키비누', '블루', NULL, 5000, 1, '1730101828', '단골 손님', 'kkkk', '01052545944', '5000', 219, 11),
(1568, '0741.12', '미키비누', '블루', NULL, 5000, 1, '1730101314', '단골 손님', 'aa', '01052545944', '5000', 219, 11),
(1567, '0739.16', '미키비누', '블루', NULL, 5000, 1, '1730101155', '단골 손님', 'hh', '01052545944', '5000', 219, 11),
(1566, '0737.15', '미키비누', '블루', NULL, 5000, 1, '1730101056', '단골 손님', 'kkkkk', '01052545944', '5000', 219, 11),
(1565, '0031.13', '미키비누', '블루', NULL, 5000, 1, '1730075519', '단골 손님', 'qqq', '01052545944', '5000', 219, 11),
(1564, '0031.12', '미키비누', '블루', NULL, 5000, 1, '1730075469', '단골 손님', 'qqq', '01052545944', '5000', 219, 11),
(1563, '2308.11', '미키비누', '블루', NULL, 5000, 1, '1730070527', '단골 손님', 'g', '01052545944', '5000', 219, 11),
(1562, '2308.10', '미키비누', '블루', NULL, 5000, 1, '1730070520', '단골 손님', 'f', '01052545944', '5000', 219, 11),
(1561, '2308.09', '미키비누', '블루', NULL, 5000, 1, '1730070511', '단골 손님', 'd', '01052545944', '5000', 219, 11),
(1560, '2308.08', '미키비누', '블루', NULL, 5000, 1, '1730070503', '단골 손님', 's', '01052545944', '5000', 219, 11),
(1559, '2308.07', '미키비누', '블루', NULL, 5000, 1, '1730070496', '단골 손님', 'a', '01052545944', '5000', 219, 11),
(1558, '2301.15', '미키비누', '블루', NULL, 5000, 3, '1730070105', '단골 손님', '7', '01052545944', '15000', 219, 11),
(1557, '2301.14', '미키비누', '블루', NULL, 5000, 2, '1730070097', '단골 손님', '7', '01052545944', '10000', 219, 11),
(1556, '2301.13', '미키비누', '블루', NULL, 5000, 1, '1730070087', '단골 손님', '7', '01052545944', '5000', 219, 11),
(1555, '2247.12', '미키비누', '블루', NULL, 5000, 3, '1730069223', '단골 손님', '3', '01052545944', '15000', 219, 11),
(1554, '2246.11', '미키비누', '블루', NULL, 5000, 2, '1730069215', '단골 손님', '2', '01052545944', '10000', 219, 11),
(1553, '2246.10', '미키비누', '블루', NULL, 5000, 1, '1730069206', '단골 손님', '1', '01052545944', '5000', 219, 11),
(1552, '2236.09', '미키비누', '블루', NULL, 5000, 2, '1730068568', '단골 손님', '9', '01052545944', '10000', 219, 11),
(1551, '2235.08', '미키비누', '블루', NULL, 5000, 1, '1730068559', '단골 손님', '3', '01052545944', '5000', 219, 11),
(1550, '2234.07', '미키비누', '블루', NULL, 5000, 1, '1730068458', '단골 손님', '5', '01052545944', '5000', 219, 11),
(1549, '2234.06', '미키비누', '블루', NULL, 5000, 2, '1730068449', '단골 손님', '7', '01052545944', '10000', 219, 11),
(1548, '2233.05', '미키비누', '블루', NULL, 5000, 1, '1730068399', '단골 손님', '10', '01052545944', '5000', 219, 11),
(1547, '2223.04', '미키비누', '블루', NULL, 5000, 3, '1730067795', '단골 손님', '祖母', '01052545944', '15000', 219, 11),
(1546, '2221.05', '미키비누', '블루', NULL, 5000, 1, '1730067691', '단골 손님', 'ww', '01052545944', '5000', 219, 11),
(1545, '2216.04', '미키비누', '블루', NULL, 5000, 1, '1730067388', '단골 손님', 'www', '01052545944', '5000', 219, 11),
(1544, '2215.03', '미키비누', '블루', NULL, 5000, 1, '1730067334', '단골 손님', 'sss', '01052545944', '5000', 219, 11),
(1543, '2215.03', '미키비누', '블루', NULL, 5000, 1, '1730067301', '단골 손님', '9', '01052545944', '5000', 219, 11),
(1542, '2212.39', '미키비누', '블루', NULL, 5000, 1, '1730067153', '단골 손님', '祖母', '01052545944', '5000', 219, 11),
(1541, '2211.38', '미키비누', '블루', NULL, 5000, 2, '1730067061', '단골 손님', '7', '01052545944', '10000', 219, 11),
(1540, '0802.35', '미키비누', '블루', NULL, 5000, 1, '1730016122', '단골 손님', 'ww', '01052545944', '5000', 219, 11),
(1539, '0800.34', '미키비누', '블루', NULL, 5000, 1, '1730016008', '단골 손님', 'kang', '01052545944', '5000', 219, 11),
(1538, '0759.37', '미키비누', '블루', NULL, 5000, 1, '1730015971', '단골 손님', '6', '01052545944', '5000', 219, 11),
(1537, '0755.36', '미키비누', '블루', NULL, 5000, 1, '1730015757', '단골 손님', '10', '01052545944', '5000', 219, 11),
(1536, '0755.35', '미키비누', '블루', NULL, 5000, 1, '1730015747', '단골 손님', '母', '01052545944', '5000', 219, 11),
(1535, '0753.34', '미키비누', '블루', NULL, 5000, 1, '1730015584', '단골 손님', 'kk', '01052545944', '5000', 219, 11),
(1534, '0740.33', '미키비누', '블루', NULL, 5000, 1, '1730014821', '단골 손님', '', '01052545944', '5000', 219, 11),
(1533, '0739.32', '미키비누', '블루', NULL, 5000, 1, '1730014744', '단골 손님', 'klj', '01052545944', '5000', 219, 11),
(1532, '0728.31', '미키비누', '블루', NULL, 5000, 1, '1730014129', '단골 손님', '10', '01052545944', '5000', 219, 11),
(1531, '0721.30', '미키비누', '블루', NULL, 5000, 1, '1730013661', '단골 손님', 'kkk', '01052545944', '5000', 219, 11),
(1530, '0711.29', '미키비누', '블루', NULL, 5000, 1, '1730013105', '단골 손님', 'kkkk', '01052545944', '5000', 219, 11),
(1529, '0711.28', '미키비누', '블루', NULL, 5000, 1, '1730013089', '단골 손님', '10', '01052545944', '5000', 219, 11),
(1528, '0707.27', '미키비누', '블루', NULL, 5000, 1, '1730012861', '단골 손님', '9', '01052545944', '5000', 219, 11),
(1527, '0707.26', '미키비누', '블루', NULL, 5000, 1, '1730012839', '단골 손님', 'ffhh', '01052545944', '5000', 219, 11),
(1526, '0700.25', '미키비누', '블루', NULL, 5000, 1, '1730012434', '단골 손님', '5', '01052545944', '5000', 219, 11),
(1525, '0700.24', '미키비누', '블루', NULL, 5000, 1, '1730012415', '단골 손님', 'kkkh', '01052545944', '5000', 219, 11),
(1524, '0659.23', '미키비누', '블루', NULL, 5000, 1, '1730012397', '단골 손님', 'kkk', '01052545944', '5000', 219, 11),
(1523, '0659.22', '미키비누', '블루', NULL, 5000, 1, '1730012360', '단골 손님', 'kkk', '01052545944', '5000', 219, 11),
(1522, '0659.21', '미키비누', '블루', NULL, 5000, 1, '1730012341', '단골 손님', 'kkk', '01052545944', '5000', 219, 11),
(1521, '0658.20', '미키비누', '블루', NULL, 5000, 1, '1730012322', '단골 손님', 'kkk', '01052545944', '5000', 219, 11),
(1520, '0658.19', '미키비누', '블루', NULL, 5000, 1, '1730012311', '단골 손님', 'kkkk', '01052545944', '5000', 219, 11),
(1519, '0654.18', '미키비누', '블루', NULL, 5000, 1, '1730012043', '단골 손님', '10', '01052545944', '5000', 219, 11),
(1518, '0653.17', '미키비누', '블루', NULL, 5000, 1, '1730012030', '단골 손님', '10', '01052545944', '5000', 219, 11),
(1517, '0635.16', '미키비누', '블루', NULL, 5000, 1, '1730010953', '단골 손님', 'kkk', '01052545944', '5000', 219, 11),
(1516, '0627.15', '미키비누', '블루', NULL, 5000, 1, '1730010438', '단골 손님', 'kkk', '01052545944', '5000', 219, 11),
(1515, '0624.14', '미키비누', '블루', NULL, 5000, 1, '1730010277', '단골 손님', '10', '01052545944', '5000', 219, 11),
(1514, '0623.13', '미키비누', '블루', NULL, 5000, 1, '1730010208', '단골 손님', 'kkk', '01052545944', '5000', 219, 11),
(1513, '0619.12', '미키비누', '블루', NULL, 5000, 1, '1730009979', '단골 손님', 'www', '01052545944', '5000', 219, 11),
(1512, '0618.11', '미키비누', '블루', NULL, 5000, 1, '1730009894', '단골 손님', '', '01052545944', '5000', 219, 11),
(1511, '0615.10', '미키비누', '블루', NULL, 5000, 1, '1730009726', '단골 손님', '', '01052545944', '5000', 219, 11),
(1510, '0558.09', '미키비누', '블루', NULL, 5000, 1, '1730008686', '단골 손님', 'kkkk', '01052545944', '5000', 219, 11),
(1509, '0548.08', '미키비누', '블루', NULL, 5000, 1, '1730008126', '단골 손님', 'kkk', '01052545944', '5000', 219, 11),
(1508, '0214.07', '미키비누', '블루', NULL, 5000, 1, '1729995252', '단골 손님', 'ffff', '01052545944', '5000', 219, 11),
(1507, '0203.06', '미키비누', '블루', NULL, 5000, 1, '1729994591', '단골 손님', 'tttt', '01052545944', '5000', 219, 11),
(1506, '0158.05', '미키비누', '블루', NULL, 5000, 1, '1729994303', '단골 손님', 'sss', '01052545944', '5000', 219, 11),
(1505, '0154.04', '미키비누', '블루', NULL, 5000, 1, '1729994063', '단골 손님', '대', '01052545944', '5000', 219, 11),
(1504, '0153.03', '미키비누', '블루', NULL, 5000, 1, '1729993980', '단골 손님', '대', '01052545944', '5000', 219, 11);
INSERT INTO `orders_backup` (`order_ID`, `order_number`, `foodname`, `choice`, `status`, `price`, `quantity`, `order_date`, `username`, `table_nr`, `contact`, `gtotal`, `F_ID`, `R_ID`) VALUES
(1503, '0152.02', '미키비누', '블루', NULL, 5000, 1, '1729993931', '단골 손님', '電', '01052545944', '5000', 219, 11),
(1502, '0148.01', '미키비누', '블루', NULL, 5000, 1, '1729993726', '단골 손님', '', '01052545944', '5000', 219, 11),
(1501, '0147.00', '미키비누', '블루', NULL, 5000, 1, '1729993630', '단골 손님', '', '01052545944', '5000', 219, 11),
(1500, '0146.99', '미키비누', '블루', NULL, 5000, 1, '1729993568', '단골 손님', 'fast', '01052545944', '5000', 219, 11),
(1499, '0145.98', '미키비누', '블루', NULL, 5000, 1, '1729993557', '단골 손님', '母', '01052545944', '5000', 219, 11),
(1498, '0145.97', '미키비누', '블루', NULL, 5000, 1, '1729993535', '단골 손님', '9', '01052545944', '5000', 219, 11),
(1497, '0145.96', '미키비누', '블루', NULL, 5000, 1, '1729993520', '단골 손님', 'dddd', '01052545944', '5000', 219, 11),
(1496, '0142.95', '미키비누', '블루', NULL, 5000, 1, '1729993370', '단골 손님', '대', '01052545944', '5000', 219, 11),
(1495, '0142.94', '미키비누', '블루', NULL, 5000, 1, '1729993357', '단골 손님', '', '01052545944', '5000', 219, 11),
(1494, '0142.93', '미키비누', '블루', NULL, 5000, 1, '1729993337', '단골 손님', '母', '01052545944', '5000', 219, 11),
(1493, '0142.92', '미키비누', '블루', NULL, 5000, 1, '1729993322', '단골 손님', '母', '01052545944', '5000', 219, 11),
(1492, '0141.91', '미키비누', '블루', NULL, 5000, 1, '1729993302', '단골 손님', '대', '01052545944', '5000', 219, 11),
(1491, '0139.90', '미키비누', '블루', NULL, 5000, 1, '1729993174', '단골 손님', 'ㅎㅎ', '01052545944', '5000', 219, 11),
(1490, '0139.89', '미키비누', '블루', NULL, 5000, 1, '1729993161', '단골 손님', '', '01052545944', '5000', 219, 11),
(1489, '0139.88', '미키비누', '블루', NULL, 5000, 1, '1729993140', '단골 손님', 'ㅎㅎㅎㅎ', '01052545944', '5000', 219, 11),
(1488, '0131.87', '미키비누', '블루', NULL, 5000, 1, '1729992715', '단골 손님', '母', '01052545944', '5000', 219, 11),
(1487, '0131.86', '미키비누', '블루', NULL, 5000, 1, '1729992675', '단골 손님', '', '01052545944', '5000', 219, 11),
(1486, '0130.85', '미키비누', '블루', NULL, 5000, 1, '1729992622', '단골 손님', '', '01052545944', '5000', 219, 11),
(1485, '0130.84', '미키비누', '블루', NULL, 5000, 1, '1729992610', '단골 손님', '', '01052545944', '5000', 219, 11),
(1484, '0130.83', '미키비누', '블루', NULL, 5000, 1, '1729992600', '단골 손님', 'ㄴㄴ', '01052545944', '5000', 219, 11),
(1483, '0128.82', '미키비누', '블루', NULL, 5000, 1, '1729992534', '단골 손님', 'ㄴㄴㄴ', '01052545944', '5000', 219, 11),
(1482, '0118.81', '미키비누', '블루', NULL, 5000, 1, '1729991912', '단골 손님', 'ㅇㅇㅇㅇㅇ', '01052545944', '5000', 219, 11),
(1481, '0055.80', '미키비누', '블루', NULL, 5000, 1, '1729990514', '단골 손님', '김영호가족', '01052545944', '5000', 219, 11),
(1480, '0015.79', '미키비누', '블루', NULL, 5000, 1, '1729988138', '단골 손님', '다', '01052545944', '5000', 219, 11),
(1479, '0003.78', '미키비누', '블루', NULL, 5000, 1, '1729987394', '단골 손님', '교', '01052545944', '5000', 219, 11),
(1478, '2358.77', '미키비누', '블루', NULL, 5000, 1, '1729987131', '단골 손님', '철수', '01052545944', '5000', 219, 11),
(1477, '2358.76', '미키비누', '블루', NULL, 5000, 1, '1729987107', '단골 손님', 'ddddd', '01052545944', '5000', 219, 11),
(1476, '2313.75', '미키비누', '블루', NULL, 5000, 1, '1729984411', '단골 손님', '1', '01052545944', '5000', 219, 11),
(1475, '2313.74', '미키비누', '블루', NULL, 5000, 1, '1729984397', '단골 손님', '1', '01052545944', '5000', 219, 11),
(1474, '2308.73', '미키비누', '블루', NULL, 5000, 1, '1729984103', '단골 손님', '母', '01052545944', '5000', 219, 11),
(1473, '2308.72', '미키비누', '블루', NULL, 5000, 2, '1729984095', '단골 손님', '祖父', '01052545944', '10000', 219, 11),
(1472, '2307.71', '미키비누', '블루', NULL, 5000, 4, '1729984040', '단골 손님', '', '01052545944', '20000', 219, 11),
(1471, '2306.70', '미키비누', '블루', NULL, 5000, 3, '1729984003', '단골 손님', '', '01052545944', '15000', 219, 11),
(1470, '2305.69', '미키비누', '블루', NULL, 5000, 1, '1729983925', '단골 손님', '', '01052545944', '5000', 219, 11),
(1469, '2305.68', '미키비누', '블루', NULL, 5000, 1, '1729983915', '단골 손님', '', '01052545944', '5000', 219, 11),
(1468, '2253.67', '미키비누', '블루', NULL, 5000, 1, '1729983192', '단골 손님', '電', '01052545944', '5000', 219, 11),
(1467, '2149.66', '미키비누', '블루', NULL, 5000, 1, '1729979387', '단골 손님', '', '01052545944', '5000', 219, 11),
(1466, '2145.65', '미키비누', '블루', NULL, 5000, 1, '1729979104', '단골 손님', '12', '01052545944', '5000', 219, 11),
(1465, '2144.64', '미키비누', '블루', NULL, 5000, 1, '1729979068', '단골 손님', '대', '01052545944', '5000', 219, 11),
(1464, '2143.63', '미키비누', '블루', NULL, 5000, 1, '1729979035', '단골 손님', '대', '01052545944', '5000', 219, 11),
(1463, '2143.62', '미키비누', '블루', NULL, 5000, 1, '1729979019', '단골 손님', '대', '01052545944', '5000', 219, 11),
(1462, '2142.61', '미키비누', '블루', NULL, 5000, 10, '1729978964', '단골 손님', '대', '01052545944', '50000', 219, 11),
(1461, '2127.59', '미키비누', '블루', NULL, 5000, 5, '1729978049', '단골 손님', '1', '01052545944', '25000', 219, 11),
(1459, '1937.19', '수제비', '', NULL, 7500, 1, '1726601872', '관리자', '16', '01022223333', '7500', 119, 9),
(1458, '1935.18', '수제비', '', NULL, 7500, 7, '1726601708', '관리자', '16', '01022223333', '52500', 119, 9),
(1457, '1136.16', '만두5개', '섞어', NULL, 7500, 3, '1726573008', '관리자', '15', '01022223333', '22500', 133, 9),
(1456, '1136.13', '만두5개', '고기', NULL, 7500, 3, '1726572978', '단골 손님', 'i', '01052545944', '22500', 133, 9),
(1455, '1136.12', '만두5개', '고기', NULL, 7500, 1, '1726572963', '단골 손님', 'i', '01052545944', '7500', 133, 9),
(1454, '1134.10', '만두5개', '고기', NULL, 7500, 1, '1726572895', '관리자', '14', '01022223333', '7500', 133, 9),
(1453, '1134.09', '칼국수', '', NULL, 7000, 1, '1726572876', '관리자', '15', '01022223333', '7000', 120, 9),
(1452, '1010.08', '칼국수', '', NULL, 7000, 1, '1726567813', '관리자', '14', '01022223333', '7000', 120, 9),
(1451, '1009.07', '만두5개', '김치', NULL, 7500, 3, '1726567767', '관리자', '14', '01022223333', '22500', 133, 9),
(1450, '1008.06', '만두5개', '김치', NULL, 7500, 1, '1726567704', '관리자', '14', '01022223333', '7500', 133, 9),
(1710, '0809.17', '꿀비누', '', NULL, 3000, 1, '1730189359', '단골 손님', '1', '01052545944', '3000', 226, 11),
(1708, '0800.15', '미키비누', '블루', NULL, 5000, 1, '1730188846', '단골 손님', '할머니', '01052545944', '9000', 219, 11),
(1707, '0800.15', '하트비누', '', NULL, 4000, 1, '1730188846', '단골 손님', '할머니', '01052545944', '4000', 224, 11),
(1705, '0731.13', '미키비누', '블루', NULL, 5000, 1, '1730187075', '단골 손님', '할머니가족', '01052545944', '5000', 219, 11),
(1709, '0807.16', '꿀비누', '', NULL, 4000, 1, '1730189253', '단골 손님', '할아버지', '01052545944', '4000', 225, 11),
(1712, '0834.19', '하트비누', '', NULL, 4000, 1, '1730190881', '단골 손님', '할아버지', '01052545944', '4000', 224, 11),
(1717, '0556.24', '미키비누', '블루', NULL, 5000, 1, '1730235390', '단골 손님', '7', '01052545944', '5000', 219, 11),
(1716, '0554.23', '미키비누', '블루', NULL, 5000, 1, '1730235241', '단골 손님', '8', '01052545944', '5000', 219, 11),
(1715, '2053.22', '꿀비누', '', NULL, 3000, 1, '1730235195', '단골 손님', '7', '01052545944', '3000', 226, 11),
(1714, '2046.21', '꿀비누', '', NULL, 3000, 1, '1730234762', '단골 손님', '2', '01052545944', '3000', 226, 11),
(1713, '2045.20', '미키비누', '블루', NULL, 5000, 1, '1730234753', '단골 손님', '2', '01052545944', '5000', 219, 11),
(1706, '0731.14', '미키비누', '블루', NULL, 5000, 1, '1730187117', '단골 손님', '할머니가족', '01052545944', '5000', 219, 11),
(1445, '0953.55', '미키비누', '블루', NULL, 5000, 1, '1726566839', '단골 손님', '7', '01052545944', '12500', 219, 11),
(1441, '0915.51', '미키비누', '블루', NULL, 5000, 1, '1717892137', '단골 손님', '2', '01052545944', '5000', 219, 11),
(1440, '0818.50', '미키비누', '투명', NULL, 5000, 1, '1716419889', '단골 손님', '祖父', '01052545944', '5000', 219, 11),
(1438, '1830.48', '미키비누', '블루', NULL, 5000, 1, '1716370247', '단골 손님', '祖父', '01052545944', '5000', 219, 11),
(1720, '0621.27', '하트비누', '', NULL, 4000, 1, '1730236915', '단골 손님', '祖부', '01052545944', '4000', 224, 11),
(1719, '0621.26', '미키비누', '블루', NULL, 5000, 1, '1730236893', '단골 손님', '祖모', '01052545944', '5000', 219, 11),
(1718, '0600.25', '미키비누', '블루', NULL, 5000, 1, '1730235617', '단골 손님', '할아버지', '01052545944', '5000', 219, 11),
(1460, '1938.57', '미키비누', '블루', NULL, 5000, 1, '1726601930', '단골 손님', '祖父', '01052545944', '5000', 219, 11),
(1729, '0637.38', '미키비누', '블루', NULL, 5000, 1, '1730237877', '단골 손님', '라', '01052545944', '5000', 219, 11),
(1728, '0632.37', '미키비누', '블루', NULL, 5000, 1, '1730237535', '단골 손님', 'ㅂ', '01052545944', '5000', 219, 11),
(1363, '1448.03', '칼국수', '', NULL, 7000, 1, '1698212903', '관리자', '09', '01022223333', '7000', 120, 9),
(1364, '1448.03', '만두5개', '섞어', NULL, 7500, 2, '1698212903', '관리자', '09', '01022223333', '15000', 133, 9),
(1365, '0047.03', '칼국수', '', NULL, 7000, 1, '1700754432', '관리자', '10', '01022223333', '7000', 120, 9),
(1366, '0047.03', '수제비', '', NULL, 7500, 1, '1700754432', '관리자', '10', '01022223333', '7500', 119, 9),
(1367, '1609.03', '칼국수', '', NULL, 7000, 1, '1703747393', '관리자', '05', '01022223333', '7000', 120, 9),
(1368, '1609.03', '수제비', '', NULL, 7500, 2, '1703747393', '관리자', '05', '01022223333', '15000', 119, 9),
(1369, '1759.03', '칼국수', '', NULL, 7000, 2, '1704185986', '관리자', '02', '01022223333', '14000', 120, 9),
(1370, '1759.03', '만두5개', '김치', NULL, 7500, 2, '1704185986', '관리자', '02', '01022223333', '15000', 133, 9),
(1371, '1801.03', '칼국수', '', NULL, 7000, 1, '1704186096', '관리자', '13', '01022223333', '7000', 120, 9),
(1372, '1448.03', '칼국수', '', NULL, 7000, 3, '1704433720', '관리자', '08', '01022223333', '21000', 120, 9),
(1373, '1448.03', '만두5개', '김치', NULL, 7500, 2, '1704433720', '관리자', '08', '01022223333', '15000', 133, 9),
(1374, '1221.03', '칼국수', '', NULL, 7000, 2, '1704856866', '관리자', '03', '01022223333', '14000', 120, 9),
(1384, '1709.1', '칼국수', '', NULL, 7000, 1, '1707725375', '관리자', '09', '01022223333', '7000', 120, 9),
(1385, '1709.1', '만두5개', '김치', NULL, 7500, 2, '1707725375', '관리자', '09', '01022223333', '15000', 133, 9),
(1386, '1847.1', '칼국수', '', NULL, 7000, 1, '1710496042', '관리자', '11', '01022223333', '7000', 120, 9),
(1387, '1847.1', '수제비', '', NULL, 7500, 2, '1710496042', '관리자', '11', '01022223333', '15000', 119, 9),
(1388, '0630.1', '칼국수', '', NULL, 7000, 1, '1710797437', '관리자', '08', '01022223333', '7000', 120, 9),
(1389, '0630.1', '수제비', '', NULL, 7500, 2, '1710797437', '관리자', '08', '01022223333', '15000', 119, 9),
(1390, '1524.1', '칼국수', '', NULL, 7000, 1, '1712903070', '관리자', '06', '01022223333', '7000', 120, 9),
(1391, '1524.1', '수제비', '', NULL, 7500, 2, '1712903070', '관리자', '06', '01022223333', '15000', 119, 9),
(1392, '1815.1', '칼국수', '', NULL, 7000, 1, '1713604508', '관리자', '10', '01022223333', '7000', 120, 9),
(1393, '1815.1', '수제비', '', NULL, 7500, 2, '1713604508', '관리자', '10', '01022223333', '15000', 119, 9),
(1346, '1257.86', '칼국수', '', NULL, 7000, 1, '1674014221', '관리자', '05', '01022223333', '7000', 120, 9),
(1347, '1938.87', '칼국수', '', NULL, 7000, 1, '1674297539', '관리자', '05', '01022223333', '7000', 120, 9),
(1349, '1941.88', '수제비', '', NULL, 7500, 1, '1674297693', '관리자', '07', '01022223333', '7500', 119, 9),
(1352, '0227.92', '칼국수', '', NULL, 7000, 1, '1680197259', '관리자', '03', '01022223333', '7000', 120, 9),
(1354, '0234.94', '수제비', '', NULL, 7500, 1, '1680197652', '관리자', '05', '01022223333', '7500', 119, 9),
(1357, '1239.96', '칼국수', '', NULL, 7000, 5, '1680233982', '단골 손님', 'i', '01052545944', '35000', 120, 9),
(1359, '1545.97', '만두5개', '섞어', NULL, 7500, 1, '1680245135', '관리자', '電', '01022223333', '7500', 133, 9),
(1360, '1151.99', '칼국수', '', NULL, 7000, 1, '1680663111', '관리자', '04', '01022223333', '7000', 120, 9),
(1361, '1151.99', '만두5개', '섞어', NULL, 7500, 1, '1680663111', '관리자', '04', '01022223333', '7500', 133, 9),
(1362, '1152.00', '칼국수', '', NULL, 7000, 1, '1680663145', '관리자', '07', '01022223333', '7000', 120, 9),
(1320, '1328.19', '음료', '콜라', NULL, 1500, 1, '1671510489', '관리자', '04', '01022223333', '1500', 134, 9),
(1321, '1659.70', '공기밥', '', NULL, 1000, 1, '1671523157', '관리자', '13', '01022223333', '1000', 123, 9),
(1340, '1352.83', '칼국수', '', NULL, 7000, 1, '1672375946', '관리자', '07', '01022223333', '7000', 120, 9),
(1341, '1352.83', '만두5개', '김치', NULL, 7500, 2, '1672375946', '관리자', '07', '01022223333', '15000', 133, 9),
(1342, '0557.43', '한우버섯샤브', '매운', NULL, 25000, 1, '1672433850', '단골 손님', '17', '01052545944', '25000', 204, 26),
(1343, '0615.45', '만두5개', '고기', NULL, 7500, 1, '1672434928', '관리자', '12', '01022223333', '7500', 133, 9),
(1344, '1222.85', '칼국수', '', NULL, 7000, 1, '1674012173', '단골 손님', '03', '01052545944', '7000', 120, 9),
(1345, '1222.85', '수제비', '', NULL, 7500, 1, '1674012173', '단골 손님', '03', '01052545944', '7500', 119, 9),
(1348, '1938.87', '만두5개', '섞어', NULL, 7500, 2, '1674297539', '관리자', '05', '01022223333', '15000', 133, 9),
(1350, '2110.90', '수제비', '', NULL, 7500, 1, '1675599024', '관리자', '10', '01022223333', '7500', 119, 9),
(1351, '2110.90', '칼국수', '', NULL, 7000, 1, '1675599024', '관리자', '10', '01022223333', '7000', 120, 9),
(1353, '0227.92', '만두5개', '김치', NULL, 7500, 1, '1680197259', '관리자', '03', '01022223333', '7500', 133, 9),
(1355, '0234.94', '음료', '사이다', NULL, 1500, 1, '1680197652', '관리자', '05', '01022223333', '1500', 134, 9),
(1356, '1239.95', '칼국수', '', NULL, 7000, 1, '1680233949', '단골 손님', 'i', '01052545944', '7000', 120, 9),
(1358, '1545.97', '칼국수', '', NULL, 7000, 1, '1680245135', '관리자', '電', '01022223333', '7000', 120, 9),
(1375, '1221.03', '만두5개', '김치', NULL, 7500, 2, '1704856866', '관리자', '03', '01022223333', '15000', 133, 9),
(1377, '1222.03', '만두5개', '김치', NULL, 7500, 1, '1705375355', '관리자', '02', '01022223333', '7500', 133, 9),
(1726, '0629.35', '미키비누', '블루', NULL, 5000, 1, '1730237367', '단골 손님', '祖父', '01052545944', '5000', 219, 11),
(1725, '0626.34', '미키비누', '블루', NULL, 5000, 1, '1730237200', '단골 손님', '祖父', '01052545944', '5000', 219, 11),
(1724, '0626.33', '하트비누', '', NULL, 4000, 1, '1730237192', '단골 손님', '할아버지', '01052545944', '4000', 224, 11),
(1723, '0625.31', '미키비누', '블루', NULL, 5000, 1, '1730237139', '단골 손님', '祖父', '01052545944', '5000', 219, 11),
(1722, '0623.29', '하트비누', '', NULL, 4000, 1, '1730237000', '단골 손님', '祖父', '01052545944', '4000', 224, 11),
(1796, '0831.57', '미니돼지', '', NULL, 4000, 1, '1731108687', '단골 손님', 'z', '01052545944', '4000', 226, 11),
(1795, '0831.55', '하트비누', '', NULL, 4000, 1, '1731108680', '단골 손님', 's', '01052545944', '4000', 224, 11),
(1794, '0829.54', '미니돼지', '', NULL, 4000, 1, '1731108562', '단골 손님', 's', '01052545944', '4000', 226, 11),
(1793, '0829.53', '미니돼지', '', NULL, 4000, 1, '1731108550', '단골 손님', 'a', '01052545944', '4000', 226, 11),
(1379, '1414.03', '칼국수', '', NULL, 7000, 2, '1705382084', '관리자', '05', '01022223333', '14000', 120, 9),
(1396, '2133.47', '소고기버섯샤브', '보통', NULL, 19000, 1, '1716035582', '단골 손님', '대', '01052545944', '19000', 203, 26),
(1397, '2133.48', '소고기버섯샤브', '보통', NULL, 19000, 1, '1716035610', '단골 손님', '대', '01052545944', '19000', 203, 26),
(1403, '0943.5', '바지락칼국수', '', NULL, 10000, 1, '1716079390', '단골 손님', '7', '01052545944', '10000', 202, 26),
(1407, '1011.9', '버섯만두전골', '', NULL, 16000, 1, '1716081086', '단골 손님', '대', '01052545944', '16000', 205, 26),
(1408, '1711.10', '버섯만두전골', '', NULL, 16000, 1, '1716106282', '단골 손님', '대', '01052545944', '16000', 205, 26),
(1761, '2127.44', '만두5개', '고기', NULL, 7500, 1, '1731014874', '관리자', '10', '01022223333', '7500', 133, 9),
(1762, '2128.45', '만두5개', '고기', NULL, 7500, 1, '1731014925', '관리자', '11', '01022223333', '7500', 133, 9),
(1763, '2129.46', '만두5개', '고기', NULL, 7500, 1, '1731014973', '관리자', '12', '01022223333', '7500', 133, 9),
(1764, '2129.48', '만두5개', '고기', NULL, 7500, 1, '1731014998', '관리자', '13', '01022223333', '7500', 133, 9),
(1765, '2131.49', '만두5개', '고기', NULL, 7500, 1, '1731015068', '관리자', '14', '01022223333', '7500', 133, 9),
(1766, '2131.51', '만두5개', '고기', NULL, 7500, 1, '1731015119', '관리자', '15', '01022223333', '7500', 133, 9),
(1767, '2132.53', '만두5개', '고기', NULL, 7500, 1, '1731015156', '관리자', '09', '01022223333', '7500', 133, 9),
(1768, '2134.54', '만두5개', '고기', NULL, 7500, 1, '1731015269', '관리자', '08', '01022223333', '7500', 133, 9),
(1769, '2135.56', '만두5개', '고기', NULL, 7500, 1, '1731015302', '관리자', '07', '01022223333', '7500', 133, 9),
(1770, '2135.58', '만두5개', '고기', NULL, 7500, 1, '1731015322', '관리자', '06', '01022223333', '7500', 133, 9),
(1771, '2138.60', '만두5개', '고기', NULL, 7500, 1, '1731015533', '관리자', 'i', '01022223333', '7500', 133, 9),
(1772, '2143.62', '만두5개', '고기', NULL, 7500, 1, '1731015836', '관리자', '04', '01022223333', '7500', 133, 9),
(1777, '2148.69', '만두5개', '고기', NULL, 7500, 1, '1731016098', '관리자', '15', '01022223333', '7500', 133, 9),
(1778, '2149.71', '만두5개', '고기', NULL, 7500, 1, '1731016140', '관리자', '10', '01022223333', '7500', 133, 9),
(1779, '2149.73', '만두5개', '고기', NULL, 7500, 1, '1731016188', '관리자', '09', '01022223333', '7500', 133, 9),
(1780, '2151.74', '만두5개', '고기', NULL, 7500, 1, '1731016261', '관리자', '08', '01022223333', '7500', 133, 9),
(1781, '2152.75', '만두5개', '고기', NULL, 7500, 1, '1731016350', '관리자', '07', '01022223333', '7500', 133, 9),
(1782, '2155.76', '만두5개', '고기', NULL, 7500, 1, '1731016557', '관리자', '11', '01022223333', '7500', 133, 9),
(1776, '2147.68', '만두5개', '고기', NULL, 7500, 1, '1731016068', '관리자', '14', '01022223333', '7500', 133, 9),
(1787, '2157.81', '만두5개', '고기', NULL, 7500, 1, '1731016648', '관리자', '13', '01022223333', '7500', 133, 9),
(1792, '0735.86', '만두5개', '고기', NULL, 7500, 1, '1731051337', '관리자', '12', '01022223333', '7500', 133, 9),
(1797, '0841.58', '하트비누', '', NULL, 4000, 1, '1731109269', '단골 손님', '할머니집', '01052545944', '4000', 224, 11),
(1711, '0813.18', '미키비누', '블루', NULL, 5000, 1, '1730189580', '단골 손님', '할머니', '01052545944', '5000', 219, 11),
(1721, '0622.28', '하트비누', '', NULL, 4000, 1, '1730236971', '단골 손님', '祖母', '01052545944', '4000', 224, 11),
(1727, '0629.36', '미키비누', '블루', NULL, 5000, 1, '1730237380', '단골 손님', '祖父', '01052545944', '5000', 219, 11),
(1730, '1728.39', '미키비누', '블루', NULL, 5000, 1, '1730276890', '단골 손님', '3', '01052545944', '5000', 219, 11),
(1731, '1728.40', '하트비누', '', NULL, 4000, 1, '1730276901', '단골 손님', '4', '01052545944', '4000', 224, 11),
(1732, '1729.41', '미키비누', '블루', NULL, 5000, 1, '1730276989', '단골 손님', '할머니', '01052545944', '5000', 219, 11),
(1733, '1730.42', '꿀비누', '', NULL, 4000, 1, '1730277020', '단골 손님', '2', '01052545944', '4000', 225, 11),
(1734, '0528.49', '미니돼지', '', NULL, 4000, 1, '1730406530', '단골 손님', '분 당구', '01052545944', '4000', 226, 11),
(1735, '0528.49', '미키비누', '블루', NULL, 5000, 1, '1730406530', '단골 손님', '분 당구', '01052545944', '9000', 219, 11),
(1736, '0535.50', '하트비누', '', NULL, 4000, 1, '1730406917', '단골 손님', '분당구 산운로135 714-201 강경석', '01052545944', '4000', 224, 11),
(1737, '0551.51', '하트비누', '', NULL, 4000, 1, '1730494265', '단골 손님', '222', '01052545944', '4000', 224, 11),
(1738, '0626.51', '꿀비누', '', NULL, 4000, 1, '1730496372', '단골 손님', '222', '01052545944', '4000', 225, 11),
(1739, '1254.52', '미키비누', '블루', NULL, 5000, 2, '1730951692', '단골 손님', '강', '01052545944', '10000', 219, 11),
(1740, '1254.52', '하트비누', '', NULL, 4000, 1, '1730951692', '단골 손님', '강', '01052545944', '14000', 224, 11),
(1801, '0806.61', '미키비누', '블루', NULL, 5000, 1, '1731280001', '단골 손님', '111', '01052545944', '5000', 219, 11),
(1798, '0619.59', '미키비누', '블루', NULL, 5000, 1, '1731273548', '단골 손님', '祖母', '01052545944', '5000', 219, 11),
(1799, '0619.60', '하트비누', '', NULL, 4000, 1, '1731273568', '단골 손님', '할머니', '01052545944', '4000', 224, 11),
(1800, '0619.60', '꿀비누', '', NULL, 4000, 1, '1731273568', '단골 손님', '할머니', '01052545944', '8000', 225, 11),
(1813, '1652.71', '實驗品目', '', NULL, 5000, 1, '1733989969', '단골 손님', '산운로', '01052545944', '5000', 253, 11),
(1805, '0643.63', '222', '', NULL, 222, 1, '1733953427', '단골 손님', '333', '01052545944', '222', 253, 11),
(1806, '0644.64', '222', '', NULL, 222, 2, '1733953451', '단골 손님', '44', '01052545944', '444', 253, 11),
(1807, '0647.65', '222', '', NULL, 222, 1, '1733953623', '단골 손님', '2', '01052545944', '222', 253, 11),
(1808, '0647.66', '222', '', NULL, 222, 2, '1733953634', '단골 손님', '3', '01052545944', '444', 253, 11),
(1809, '0647.67', '222', '', NULL, 222, 4, '1733953646', '단골 손님', '4', '01052545944', '888', 253, 11),
(1812, '1651.70', '實驗中', '', NULL, 5000, 1, '1733989891', '단골 손님', '항아버지', '01052545944', '5000', 253, 11),
(1804, '0229.62', '하트비누', '', NULL, 4000, 1, '1733938173', '단골 손님', '祖父', '01052545944', '4000', 246, 11),
(1810, '1649.68', '하트비누', '', NULL, 4000, 1, '1733989779', '단골 손님', '祖母', '01052545944', '4000', 246, 11),
(1811, '1650.69', '꿀비누', '', NULL, 4000, 2, '1733989801', '단골 손님', '할머니', '01052545944', '8000', 247, 11),
(1814, '1653.72', '實驗品目', '', NULL, 5000, 1, '1733990025', '단골 손님', '할아버지', '01052545944', '5000', 253, 11),
(1376, '1226.03', '수제비', '', NULL, 7500, 1, '1704857205', '단골 손님', 'W', '01052545944', '7500', 119, 9),
(1378, '1222.03', '수제비', '', NULL, 7500, 1, '1705375355', '관리자', '02', '01022223333', '7500', 119, 9),
(1380, '1414.03', '만두5개', '김치', NULL, 7500, 1, '1705382084', '관리자', '05', '01022223333', '7500', 133, 9),
(1381, '0852.1', '음료', '콜라', NULL, 1500, 1, '1706399552', '관리자', 'i', '01022223333', '1500', 134, 9),
(1382, '1441.1', '칼국수', '', NULL, 7000, 1, '1707543706', '관리자', '07', '01022223333', '7000', 120, 9),
(1383, '1441.1', '만두5개', '김치', NULL, 7500, 2, '1707543706', '관리자', '07', '01022223333', '15000', 133, 9),
(1394, '2016.46', '바지락칼국수', '', NULL, 10000, 1, '1716031000', '단골 손님', '1', '01052545944', '10000', 202, 26),
(1395, '2132.46', '바지락칼국수', '', NULL, 10000, 1, '1716035553', '단골 손님', '대', '01052545944', '10000', 202, 26),
(1398, '2134.49', '버섯만두전골', '', NULL, 16000, 1, '1716035643', '단골 손님', '대', '01052545944', '16000', 205, 26),
(1399, '0810.1', '버섯만두전골', '', NULL, 16000, 3, '1716073816', '단골 손님', '9', '01052545944', '48000', 205, 26),
(1400, '0811.2', '바지락칼국수', '', NULL, 10000, 3, '1716073862', '단골 손님', '11', '01052545944', '30000', 202, 26),
(1401, '0811.3', '한우버섯샤브', '보통', NULL, 25000, 3, '1716073895', '단골 손님', '8', '01052545944', '75000', 204, 26),
(1402, '0913.4', '바지락칼국수', '', NULL, 10000, 1, '1716077598', '단골 손님', '10', '01052545944', '10000', 202, 26),
(1404, '0943.5', '버섯만두전골', '', NULL, 16000, 3, '1716079390', '단골 손님', '7', '01052545944', '58000', 205, 26),
(1405, '0950.6', '바지락칼국수', '', NULL, 10000, 1, '1716079808', '단골 손님', '대', '01052545944', '10000', 202, 26),
(1406, '0954.8', '버섯만두전골', '', NULL, 16000, 1, '1716080059', '단골 손님', '14', '01052545944', '16000', 205, 26),
(1442, '0714.53', '칼국수', '', NULL, 7000, 1, '1726557297', '관리자', '4', '01022223333', '7000', 120, 9),
(1443, '0714.53', '수제비', '', NULL, 7500, 1, '1726557297', '관리자', '4', '01022223333', '14500', 119, 9),
(1444, '0953.55', '만두5개', '김치', NULL, 7500, 1, '1726566839', '단골 손님', '7', '01052545944', '7500', 133, 9),
(1446, '1005.03', '수제비', '', NULL, 7500, 3, '1726567505', '단골 손님', '15', '01052545944', '22500', 119, 9),
(1447, '1006.04', '칼국수', '', NULL, 7000, 6, '1726567562', '관리자', '16', '01022223333', '42000', 120, 9),
(1448, '1006.05', '만두5개', '섞어', NULL, 7500, 4, '1726567611', '관리자', '17', '01022223333', '30000', 133, 9),
(1449, '1008.06', '만두5개', '섞어', NULL, 7500, 1, '1726567704', '관리자', '14', '01022223333', '7500', 133, 9),
(1741, '0356.20', '칼국수', '', NULL, 7000, 1, '1730951807', '단골 손님', '03', '01052545944', '7000', 120, 9),
(1742, '0358.22', '칼국수', '', NULL, 7000, 1, '1730951898', '단골 손님', 'i', '01052545944', '7000', 120, 9),
(1743, '0816.24', '만두5개', '고기', NULL, 7500, 1, '1730967380', '단골 손님', 'i', '01052545944', '7500', 133, 9),
(1744, '0817.26', '만두5개', '김치', NULL, 7500, 3, '1730967460', '단골 손님', 'i', '01052545944', '22500', 133, 9),
(1745, '0818.28', '수제비', '', NULL, 7500, 3, '1730967497', '관리자', '08', '01022223333', '22500', 119, 9),
(1746, '0820.29', '수제비', '', NULL, 7500, 1, '1730967612', '관리자', '09', '01022223333', '7500', 119, 9),
(1747, '0820.30', '만두5개', '고기', NULL, 7500, 1, '1730967630', '관리자', '10', '01022223333', '7500', 133, 9),
(1748, '0820.32', '칼국수', '', NULL, 7000, 1, '1730967644', '관리자', '11', '01022223333', '7000', 120, 9),
(1749, '0832.34', '수제비', '', NULL, 7500, 1, '1730968376', '관리자', '11', '01022223333', '7500', 119, 9),
(1750, '0833.35', '칼국수', '', NULL, 7000, 1, '1730968391', '관리자', '12', '01022223333', '7000', 120, 9),
(1751, '0833.36', '칼국수', '', NULL, 7000, 1, '1730968404', '단골 손님', 'i', '01052545944', '7000', 120, 9),
(1752, '0833.37', '수제비', '', NULL, 7500, 1, '1730968416', '단골 손님', 'i', '01052545944', '7500', 119, 9),
(1753, '0834.38', '만두5개', '고기', NULL, 7500, 1, '1730968440', '단골 손님', '13', '01052545944', '7500', 133, 9),
(1754, '0834.39', '만두5개', '고기', NULL, 7500, 1, '1730968460', '관리자', '14', '01022223333', '7500', 133, 9),
(1755, '0839.40', '칼국수', '', NULL, 7000, 1, '1730968798', '관리자', '11', '01022223333', '7000', 120, 9),
(1756, '0840.41', '칼국수', '', NULL, 7000, 1, '1730968814', '관리자', '12', '01022223333', '7000', 120, 9),
(1757, '0840.42', '만두5개', '고기', NULL, 7500, 1, '1730968826', '관리자', '13', '01022223333', '7500', 133, 9),
(1758, '0840.43', '만두5개', '고기', NULL, 7500, 1, '1730968850', '관리자', '14', '01022223333', '7500', 133, 9),
(1759, '0840.43', '칼국수', '', NULL, 7000, 1, '1730968850', '관리자', '14', '01022223333', '7000', 120, 9),
(1760, '0840.43', '수제비', '', NULL, 7500, 1, '1730968850', '관리자', '14', '01022223333', '7500', 119, 9),
(1773, '2145.63', '만두5개', '고기', NULL, 7500, 1, '1731015932', '관리자', '11', '01022223333', '7500', 133, 9),
(1774, '2147.65', '수제비', '', NULL, 7500, 1, '1731016032', '관리자', '12', '01022223333', '7500', 119, 9),
(1775, '2147.66', '수제비', '', NULL, 7500, 1, '1731016047', '관리자', '13', '01022223333', '7500', 119, 9),
(1783, '2156.78', '만두5개', '고기', NULL, 7500, 1, '1731016580', '관리자', '12', '01022223333', '7500', 133, 9),
(1784, '2156.79', '수제비', '', NULL, 7500, 1, '1731016619', '관리자', '13', '01022223333', '7500', 119, 9),
(1785, '2156.79', '만두5개', '고기', NULL, 7500, 1, '1731016619', '관리자', '13', '01022223333', '7500', 133, 9),
(1786, '2157.80', '수제비', '', NULL, 7500, 1, '1731016637', '관리자', '09', '01022223333', '7500', 119, 9),
(1788, '2157.82', '칼국수', '', NULL, 7000, 1, '1731016671', '관리자', '13', '01022223333', '7000', 120, 9),
(1789, '0728.83', '수제비', '', NULL, 7500, 1, '1731050911', '관리자', '11', '01022223333', '7500', 119, 9),
(1790, '0732.84', '만두5개', '고기', NULL, 7500, 1, '1731051125', '관리자', '10', '01022223333', '7500', 133, 9),
(1791, '0734.85', '만두5개', '고기', NULL, 7500, 1, '1731051270', '관리자', '11', '01022223333', '7500', 133, 9),
(1802, '2033.87', '수제비', '', NULL, 7500, 1, '1731357225', '관리자', '15', '01022223333', '7500', 119, 9),
(1803, '0052.89', '수제비', '', NULL, 7500, 1, '1731545527', '관리자', '15', '01022223333', '7500', 119, 9),
(1815, '1648.73', '하트비누', '', NULL, 5000, 1, '1734940131', '단골 손님', '할아버지', '01052545944', '5000', 254, 11),
(1816, '0716.75', '하트비누', '', NULL, 5000, 1, '1735683389', '단골 손님', '祖모', '01052545944', '5000', 254, 11),
(1817, '0716.76', '하트비누', '', NULL, 4000, 1, '1735683405', '단골 손님', '할머니', '01052545944', '4000', 246, 11),
(1818, '0717.77', '꿀비누', '', NULL, 4000, 1, '1735683420', '단골 손님', '할아버지', '01052545944', '4000', 247, 11),
(1819, '0717.78', '實驗品目', '', NULL, 5000, 1, '1735683442', '단골 손님', 'ㄴㄴ', '01052545944', '5000', 253, 11),
(1824, '1837.89', '實驗品目', '', NULL, 5000, 1, '1742377028', '단골 손님', 'qn', '01052545944', '5000', 253, 11),
(1826, '1841.94', '하트비누', '', NULL, 4000, 4, '1742377281', '단골 손님', '33', '01052545944', '16000', 246, 11);

-- --------------------------------------------------------

--
-- 테이블 구조 `restaurants`
--

CREATE TABLE `restaurants` (
  `R_ID` int(30) NOT NULL,
  `name` varchar(30) NOT NULL,
  `email` varchar(30) NOT NULL,
  `contact` varchar(30) NOT NULL,
  `address` varchar(50) NOT NULL,
  `M_ID` varchar(30) NOT NULL
) ENGINE=InnoDB DEFAULT CHARSET=utf8mb3 COLLATE=utf8mb3_general_ci;

--
-- 테이블의 덤프 데이터 `restaurants`
--

INSERT INTO `restaurants` (`R_ID`, `name`, `email`, `contact`, `address`, `M_ID`) VALUES
(11, '벼룩시장', 'kskang2@gmail.com', '11122223333', 'pankyo', 'admin');

--
-- 덤프된 테이블의 인덱스
--

--
-- 테이블의 인덱스 `contact`
--
ALTER TABLE `contact`
  ADD PRIMARY KEY (`Id`);

--
-- 테이블의 인덱스 `customer`
--
ALTER TABLE `customer`
  ADD PRIMARY KEY (`username`);

--
-- 테이블의 인덱스 `food`
--
ALTER TABLE `food`
  ADD PRIMARY KEY (`F_ID`,`R_ID`),
  ADD KEY `R_ID` (`R_ID`);

--
-- 테이블의 인덱스 `manager`
--
ALTER TABLE `manager`
  ADD PRIMARY KEY (`username`);

--
-- 테이블의 인덱스 `orders`
--
ALTER TABLE `orders`
  ADD PRIMARY KEY (`order_ID`),
  ADD KEY `F_ID` (`F_ID`),
  ADD KEY `R_ID` (`R_ID`),
  ADD KEY `orders_ibfk_2` (`username`);

--
-- 테이블의 인덱스 `restaurants`
--
ALTER TABLE `restaurants`
  ADD PRIMARY KEY (`R_ID`),
  ADD UNIQUE KEY `M_ID_2` (`M_ID`),
  ADD KEY `M_ID` (`M_ID`);

--
-- 덤프된 테이블의 AUTO_INCREMENT
--

--
-- 테이블의 AUTO_INCREMENT `food`
--
ALTER TABLE `food`
  MODIFY `F_ID` int(30) NOT NULL AUTO_INCREMENT, AUTO_INCREMENT=257;

--
-- 테이블의 AUTO_INCREMENT `orders`
--
ALTER TABLE `orders`
  MODIFY `order_ID` int(30) NOT NULL AUTO_INCREMENT, AUTO_INCREMENT=1829;

--
-- 테이블의 AUTO_INCREMENT `restaurants`
--
ALTER TABLE `restaurants`
  MODIFY `R_ID` int(30) NOT NULL AUTO_INCREMENT, AUTO_INCREMENT=84;

--
-- 덤프된 테이블의 제약사항
--

--
-- 테이블의 제약사항 `food`
--
ALTER TABLE `food`
  ADD CONSTRAINT `food_ibfk_1` FOREIGN KEY (`R_ID`) REFERENCES `restaurants` (`R_ID`);

--
-- 테이블의 제약사항 `orders`
--
ALTER TABLE `orders`
  ADD CONSTRAINT `orders_ibfk_1` FOREIGN KEY (`F_ID`) REFERENCES `food` (`F_ID`),
  ADD CONSTRAINT `orders_ibfk_2` FOREIGN KEY (`username`) REFERENCES `customer` (`username`),
  ADD CONSTRAINT `orders_ibfk_3` FOREIGN KEY (`R_ID`) REFERENCES `restaurants` (`R_ID`);

--
-- 테이블의 제약사항 `restaurants`
--
ALTER TABLE `restaurants`
  ADD CONSTRAINT `restaurants_ibfk_1` FOREIGN KEY (`M_ID`) REFERENCES `manager` (`username`);
--
-- 데이터베이스: `foodorder`
--
CREATE DATABASE IF NOT EXISTS `foodorder` DEFAULT CHARACTER SET utf8mb4 COLLATE utf8mb4_unicode_ci;
USE `foodorder`;

-- --------------------------------------------------------

--
-- 테이블 구조 `contact`
--

CREATE TABLE `contact` (
  `Id` int(11) NOT NULL,
  `Name` varchar(250) NOT NULL,
  `Email` varchar(250) NOT NULL,
  `Mobile` varchar(250) NOT NULL,
  `Subject` varchar(250) NOT NULL,
  `Message` varchar(250) NOT NULL
) ENGINE=InnoDB DEFAULT CHARSET=latin1 COLLATE=latin1_swedish_ci;

--
-- 테이블의 덤프 데이터 `contact`
--

INSERT INTO `contact` (`Id`, `Name`, `Email`, `Mobile`, `Subject`, `Message`) VALUES
(3, 'BIRJU KUMAR', 'ckj40856@gmail.com', '8903079750', 'asd', 'asdasdasd'),
(4, 'CHANDAN KUMAR', 'ckj40856@gmail.com', '9487810674', 'asd', 'hfgdsfsx'),
(10, 'kskang3', 'kskang2@gmail.com', '01052545944', 'test1', 'test1 contents'),
(11, 'kskang3', 'kskang2@gmail.com', '01052545944', 'test1', 'test1 contents');

-- --------------------------------------------------------

--
-- 테이블 구조 `customer`
--

CREATE TABLE `customer` (
  `id` int(11) DEFAULT NULL,
  `username` varchar(30) NOT NULL,
  `fullname` varchar(30) DEFAULT NULL,
  `email` varchar(30) DEFAULT NULL,
  `contact` varchar(30) NOT NULL,
  `grade` varchar(11) DEFAULT '0',
  `time` varchar(31) NOT NULL DEFAULT current_timestamp(),
  `address` varchar(50) DEFAULT NULL,
  `password` varchar(30) NOT NULL
) ENGINE=InnoDB DEFAULT CHARSET=utf8mb3 COLLATE=utf8mb3_general_ci;

--
-- 테이블의 덤프 데이터 `customer`
--

INSERT INTO `customer` (`id`, `username`, `fullname`, `email`, `contact`, `grade`, `time`, `address`, `password`) VALUES
(NULL, '', '', '', '', '0', '2025-02-25 07:09:27', '', ''),
(0, 'admin', 'admin', '', '01052545944', '0', '2022-11-04 17:46:18', 'pankyo', 'admin'),
(0, 'guest', 'guest', '', '01084293329', '0', '2022-12-10 06:29:33', '', 'guest'),
(0, 'Kimkt0102', '김광태', '', '01022208354', '0', '2022-11-04 17:46:18', 'yatap', 'kimkt0102'),
(0, 'kskang', 'kskang', 'kskang2@gmail.com', '1122223333', '0', '2022-11-04 17:46:18', 'san', 'kskang'),
(0, 'mekang', 'mekang', 'mekang1@gmail.com', '01052545945', '0', '2022-11-04 17:46:18', 'sanwoonro', 'mekang'),
(NULL, 'placeholder=\"메뉴\"', '', '', '', '1', '2024-08-20 00:47:18', '', ''),
(0, '관리자', '', '', '01022223333', '1', '2022-12-17 07:03:25', '', 'admin'),
(NULL, '단골 손님', 'fullname', '', '01052545944', '76', '2022-11-11 17:35:11', 'Seoul', 'guest');

-- --------------------------------------------------------

--
-- 테이블 구조 `food`
--

CREATE TABLE `food` (
  `F_ID` int(30) NOT NULL,
  `name` varchar(251) NOT NULL,
  `choice1` varchar(63) DEFAULT '0',
  `choice2` varchar(63) DEFAULT '0',
  `choice3` varchar(63) DEFAULT '0',
  `price` varchar(30) DEFAULT NULL,
  `description` varchar(512) DEFAULT NULL,
  `R_ID` int(30) NOT NULL,
  `display` varchar(11) DEFAULT '999',
  `images_path` varchar(251) DEFAULT NULL,
  `options` varchar(10) NOT NULL DEFAULT 'ENABLE'
) ENGINE=InnoDB DEFAULT CHARSET=utf8mb3 COLLATE=utf8mb3_general_ci;

--
-- 테이블의 덤프 데이터 `food`
--

INSERT INTO `food` (`F_ID`, `name`, `choice1`, `choice2`, `choice3`, `price`, `description`, `R_ID`, `display`, `images_path`, `options`) VALUES
(119, '수제비', '', '', '', '7500', '', 9, '30', 'images/1050x700d.png', 'ENABLE'),
(120, '칼국수', '', '', '', '7000', '', 9, '10', 'images/1050x700a.png', 'ENABLE'),
(123, '공기밥', '', '', '', '1000', '', 9, '60', 'images/1050x700f.png', 'ENABLEX'),
(132, '김치칼국수', '', '', '', '7500', '', 9, '20', 'images/1050x700c.png', 'ENABLEX'),
(133, '만두5개', '고기', '김치', '섞어', '7500', '', 9, '50', 'images/1050x700e.png', 'ENABLE'),
(134, '음료', '콜라', '사이다', '', '1500', '', 9, '70', 'images/300x200g.png', 'ENABLE'),
(170, '김치수제비', '', '', '', '8000', '', 9, '40', 'images/food22.png', 'ENABLEX'),
(173, '포도주', '국산', '칠레', '프랑스', '5000', '잔으로', 9, '777', 'images/wine2a.png', 'DISABLE'),
(202, '바지락칼국수', '', '', '', '10000', '', 26, '15', 'images/b3 (2).jpg', 'ENABLE'),
(203, '소고기버섯샤브', '보통', '매운', '', '19000', '', 26, '35', 'images/b3 (4).jpg', 'ENABLE'),
(204, '한우버섯샤브', '보통', '매운', '', '25000', '', 26, '45', 'images/b3 (1).jpg', 'ENABLE'),
(205, '버섯만두전골', '', '', '', '16000', '', 26, '25', 'images/b3 (3).jpg', 'ENABLE'),
(265, 'Ave&nbspMaria', 'C.&nbspGounod', 'XXX 여러가지 보여서', '피아노youtube그데로', 'placeholder=\"단가\"', 'https://www.youtube.com/embed/eZhF6sThrwQ?si=4Y3yZ6DrQq_AHr7K&start=2925&autoplay=1', 100, '4', 'images/cello2.png', 'ENABLEX'),
(266, 'Vocalise&nbspop.34&nbspNo.14', 'S.&nbspRachmaninoff', '2024.12.25', '피아노&nbspyoutube그데로', 'placeholder=\"단가\"', 'https://www.youtube.com/embed/eZhF6sThrwQ?si=KbHAYwtAxQHuDNpC&start=2520&autoplay=1', 100, '4', 'images/cello1.png', 'ENABLEX'),
(271, '焼かれる ', '村上春樹 ラジオ', '一原万理&nbspmp4', 'mp4&nbspfile', 'placeholder=\"단가\"', 'test.mp4', 100, '6', 'images/test.png', 'ENABLEX'),
(274, 'Vocalise&nbspop.34&nbspNo.14', 'S.&nbspRachmaninoff', '2025.2.23', '', 'placeholder=\"단가\"', 'https://www.youtube.com/embed/eZhF6sThrwQ?si=KbHAYwtAxQHuDNpC&amp;start=2520&autoplay=1', 20, '3', 'images/cello1.png', 'ENABLE'),
(275, 'Ave&nbspMaria', 'C.&nbspGounod', '2025.01.25 예술의 전당', '', 'placeholder=\"단가\"', 'https://www.youtube.com/embed/eZhF6sThrwQ?si=4Y3yZ6DrQq_AHr7K&amp;start=2925&autoplay=1', 20, '2', 'images/cello2.png', 'ENABLE'),
(276, 'Ave&nbspMaria', 'J.S.Bach /&nbspGounod', 'YoYoMa&nbspKathryn&nbspScott', 'embed&nbspcode', 'placeholder=\"단가\"', 'https://www.youtube.com/embed/hyUhEjtlDLA?si=uRbXCh0y9XtYiQ5J&autoplay=1\"', 100, '7', 'images/yoyo.png', 'ENABLEX'),
(277, 'embed도휴대폰에서 여러개 보임', 'GET으로 하면 휴대폰에서는 안 됩', 'test', '', 'placeholder=\"단가\"', 'https://www.youtube.com/embed/eZhF6sThrwQ?si=KbHAYwtAxQHuDNpC&start=2520&autoplay=1', 20, '9.9', 'images/test1.jpg', 'ENABLEX'),
(278, '1 ', '1 안정성 검토를 위하여,,,,', '1번-9번까지', '', 'placeholder=\"단가\"', 'https://drive.google.com/file/d/1OR2MEGvjHmnZ3rhV5ztb8yHONfufSHG2/view?usp=sharing', 100, '9', 'images/test1.jpg', 'ENABLEX'),
(279, '2', '2', '', '', 'placeholder=\"단가\"', 'required', 100, '9', 'images/test1.jpg', 'ENABLEX'),
(288, '할머니', '나이를 먹을수록', '보문동 집', '', 'placeholder=\"단가\"', 'grandmother.mp4', 100, '3', 'images/imgz273.jpg', 'ENABLEX'),
(289, '할머니 ', '선명회합창단 시절', '국민학생 중학생 때', '', 'placeholder=\"단가\"', 'mjpark_chorus.mp4', 100, '5', 'images/mjpark_russia.png', 'ENABLE'),
(290, '모은3', '변기', '아마&nbsp&nbsp2013', '', 'placeholder=\"단가\"', 'moeun2.mp4', 100, '3', 'images/moeun2.png', 'ENABLE'),
(291, 'duet', '할머니 & 模殷', '아마&nbsp2017', '', 'placeholder=\"단가\"', 'duet.mp4', 100, '3', 'images/duet.png', 'ENABLE'),
(293, '모닥불', '박인희', '', '', 'placeholder=\"단가\"', 'https://www.youtube.com/embed/uhNqsqRib_E?si&start=92&autoplay=1', 101, '5', 'images/081714.png', 'ENABLE'),
(296, '꿀비누', '', '', '', '4000', '1`', 11, '3', 'images/N72_2016b.png', 'ENABLE'),
(297, '밍크비누', '', '', '', '5000', '', 11, '2', 'images/1.png', 'ENABLE'),
(298, '하트비누', '', '', '', '5000', '', 11, '3', 'images/N72_2016a.png', 'ENABLE'),
(307, '섬집아기', '', '독일합창단', '', 'placeholder=\"단가\"', 'https://www.youtube.com/embed/Z64II_mKg3Q?si=BJuicekcFWZbuEmX&start=2&autoplay=1', 101, '3', 'images/061509a.png', 'ENABLE'),
(310, '술과 잠의 관계', '매일 술을 마시면,,,', '수면 전문 의사', '', 'placeholder=\"단가\"', 'https://www.youtube.com/embed/_1113KBTHyI?si=kzFR6pLNlBQvwxly&start=476&autoplay=1', 101, '2', 'images/2025-03-26053649.png', 'ENABLE'),
(313, '술과 잠의 관계&nbsp603chk', '술과 뇌세포 파괴', '수면 전문 의사', '', 'placeholder=\"단가\"', 'https://www.youtube.com/embed/_1113KBTHyI?si=kzFR6pLNlBQvwxly&start=476&autoplay=1', 102, '9', 'images/soola.png', 'ENABLEX'),
(319, '편의점 알바이트', '인터뷰', '', '', 'placeholder=\"단가\"', 'https://www.youtube.com/embed/XaGOjBzSXRg?si=mPwiPO1iyCMWDpdb&start=178&autoplay=1', 102, '2.9', 'images/스크린샷 2025-05-04 113613.png', 'ENABLEX'),
(320, '삼성 평택 공장', '유치', '', '', 'placeholder=\"단가\"', 'https://youtube.com/embed/gZISISUywnY?si=5Lqt4EZUE1oDFA2q&start=1&autoplay=1', 102, '3', 'images/스크린샷 2025-05-04 1140ee27.png', 'ENABLEX'),
(321, 'test 정상_with&nbspembed', '', '', '', 'placeholder=\"단가\"', 'https://www.youtube.com/embed/9FErAry6x4E?si=-6B9zUajnwY70b6-&start=15&autoplay=1', 102, '9', 'images/ImportedPhoto_1746268939722.jpg', 'ENABLEX'),
(322, 'test그냥 No&nbspembed', '', '', '', 'placeholder=\"단가\"', 'https://youtu.be/9FErAry6x4E?feature=shared&autoplay=1', 102, '9', 'images/503c - 복사본.jpg', 'ENABLEX'),
(323, '판교 테그노 벨리', '구상과 시작', '취직도 하고, 근처에서 <br>다른&nbsp사업도&nbsp할&nbsp수&nbsp있게됨', '', 'placeholder=\"단가\"', 'https://youtube.com/embed/f4ltoT3W-Qw?si=XBWLA6w5Qr7KHFBK&autoplay=1', 102, '2.9', 'images/스크린샷 2025-05-04 113456.png', 'ENABLE'),
(324, 'GTX 도입', '교통을 위하여', '', '', 'placeholder=\"단가\"', 'https://youtube.com/embed/iKEd8HTHx_o?si=MBrk2Yxfhqx_1KoI&autoplay=1', 102, '5', 'images/스크린샷 2025-05-04 113316.png', 'ENABLEㅌ'),
(326, '경기도 지사 때 ', '한 일들,,', '', '', 'placeholder=\"단가\"', 'https://youtube.com/embed/23PhHrupjCc?si=Hz3ZZM2rKZ87bGkl&autoplay=1', 102, '4', 'images/스크린샷 2025-05-04 113942.png', 'ENABLEX'),
(327, '순천여고 학력 ', '대통령부인 안 되나?', '김혜경은 자격되나?', '⬅️ 눌러 보세요!', '대통령부인', 'https://www.youtube.com/embed/7mFIBwfZTs4?si=H8IFkdKJK42UpXZF&autoplay=1', 102, '2', 'images/선택한 사진aaa (1).jpg', 'ENABLE');

-- --------------------------------------------------------

--
-- 테이블 구조 `manager`
--

CREATE TABLE `manager` (
  `Id` int(11) DEFAULT NULL,
  `username` varchar(30) NOT NULL,
  `fullname` varchar(30) NOT NULL,
  `email` varchar(30) NOT NULL,
  `contact` varchar(30) NOT NULL,
  `grade` varchar(11) DEFAULT '0',
  `time` date NOT NULL DEFAULT current_timestamp(),
  `address` varchar(50) DEFAULT NULL,
  `password` varchar(30) NOT NULL
) ENGINE=InnoDB DEFAULT CHARSET=utf8mb3 COLLATE=utf8mb3_general_ci;

--
-- 테이블의 덤프 데이터 `manager`
--

INSERT INTO `manager` (`Id`, `username`, `fullname`, `email`, `contact`, `grade`, `time`, `address`, `password`) VALUES
(NULL, '', '', '', '', '0', '2022-11-17', '', ''),
(0, 'admin', 'adminf', 'kskang2@gmail.com', '01052545944', '0', '0000-00-00', 'Pankyo', 'admin'),
(NULL, 'adminu', 'adminf', 'kskang2@gmail.com', '11122223333', '0', '2022-11-17', '', 'adminp'),
(0, 'kskang', 'kskangf', 'kskang2@gmail.com', '1122223333', '0', '0000-00-00', 'san', 'kskang'),
(NULL, 'music', 'kang', 'kskang2@gmail.com', '01052545944', '0', '2025-02-22', '', 'music'),
(NULL, 'music2', 'music2', 'kskang2@gmail.com', '01052545944', '0', '2025-02-23', '', 'music2'),
(NULL, 'music3', 'music3', 'kskang2@gmail.com', '01052545944', '0', '2025-03-14', '', 'music3'),
(NULL, 'music4', 'music4', 'kskang2@gmail.com', '01052545944', '0', '2025-03-29', 'Pankyo', 'music4'),
(NULL, 'namusee', '이주현', 'namusee@gmail.com', '01032481770', '0', '2022-11-14', '', 'lumi0184'),
(NULL, 'testfood', 'testfoodf', 'kskang2@gmail.com', '11111111111', '0', '2022-11-17', '', 'testfood'),
(NULL, '관리자', '관리자f', 'kskang2@gmail.com', '11122223333', '0', '2022-11-16', '', '2011');

-- --------------------------------------------------------

--
-- 테이블 구조 `orders`
--

CREATE TABLE `orders` (
  `order_ID` int(30) NOT NULL,
  `order_number` varchar(11) DEFAULT NULL,
  `foodname` varchar(30) NOT NULL,
  `choice` varchar(31) DEFAULT NULL,
  `status` varchar(11) DEFAULT '0',
  `price` int(30) NOT NULL,
  `quantity` int(30) NOT NULL,
  `order_date` varchar(31) NOT NULL,
  `username` varchar(30) NOT NULL,
  `table_nr` varchar(64) DEFAULT '先',
  `contact` varchar(31) DEFAULT NULL,
  `gtotal` varchar(11) DEFAULT NULL,
  `F_ID` int(30) NOT NULL,
  `R_ID` int(30) NOT NULL,
  `myung` varchar(11) DEFAULT NULL,
  `display` varchar(11) DEFAULT '999'
) ENGINE=InnoDB DEFAULT CHARSET=utf8mb3 COLLATE=utf8mb3_general_ci;

--
-- 테이블의 덤프 데이터 `orders`
--

INSERT INTO `orders` (`order_ID`, `order_number`, `foodname`, `choice`, `status`, `price`, `quantity`, `order_date`, `username`, `table_nr`, `contact`, `gtotal`, `F_ID`, `R_ID`, `myung`, `display`) VALUES
(1376, '1226.03', '수제비', '', '9', 7500, 1, '1704857205', '단골 손님', 'W', '01052545944', '7500', 119, 9, '3', '30'),
(1378, '1222.03', '수제비', '', '9', 7500, 1, '1705375355', '관리자', '02', '01022223333', '7500', 119, 9, '', '30'),
(1380, '1414.03', '만두5개', '김치', '9', 7500, 1, '1705382084', '관리자', '05', '01022223333', '7500', 133, 9, '', '50'),
(1381, '0852.1', '음료', '콜라', '9', 1500, 1, '1706399552', '관리자', 'i', '01022223333', '1500', 134, 9, '', '70'),
(1382, '1441.1', '칼국수', '', '9', 7000, 1, '1707543706', '관리자', '07', '01022223333', '7000', 120, 9, '', '10'),
(1383, '1441.1', '만두5개', '김치', '9', 7500, 2, '1707543706', '관리자', '07', '01022223333', '15000', 133, 9, '', '50'),
(1394, '2016.46', '바지락칼국수', '', '9', 10000, 1, '1716031000', '단골 손님', '1', '01052545944', '10000', 202, 26, NULL, '999'),
(1395, '2132.46', '바지락칼국수', '', '8', 10000, 1, '1716035553', '단골 손님', '대', '01052545944', '10000', 202, 26, NULL, '999'),
(1398, '2134.49', '버섯만두전골', '', '9', 16000, 1, '1716035643', '단골 손님', '대', '01052545944', '16000', 205, 26, NULL, '999'),
(1399, '0810.1', '버섯만두전골', '', '9', 16000, 3, '1716073816', '단골 손님', '9', '01052545944', '48000', 205, 26, NULL, '999'),
(1400, '0811.2', '바지락칼국수', '', '9', 10000, 3, '1716073862', '단골 손님', '11', '01052545944', '30000', 202, 26, NULL, '999'),
(1401, '0811.3', '한우버섯샤브', '보통', '9', 25000, 3, '1716073895', '단골 손님', '8', '01052545944', '75000', 204, 26, NULL, '999'),
(1402, '0913.4', '바지락칼국수', '', '9', 10000, 1, '1716077598', '단골 손님', '10', '01052545944', '10000', 202, 26, NULL, '999'),
(1404, '0943.5', '버섯만두전골', '', '9', 16000, 3, '1716079390', '단골 손님', '7', '01052545944', '58000', 205, 26, NULL, '999'),
(1405, '0950.6', '바지락칼국수', '', '9', 10000, 1, '1716079808', '단골 손님', '대', '01052545944', '10000', 202, 26, NULL, '999'),
(1406, '0954.8', '버섯만두전골', '', '9', 16000, 1, '1716080059', '단골 손님', '14', '01052545944', '16000', 205, 26, NULL, '999'),
(1442, '0714.53', '칼국수', '', '9', 7000, 1, '1726557297', '관리자', '4', '01022223333', '7000', 120, 9, NULL, '999'),
(1443, '0714.53', '수제비', '', '9', 7500, 1, '1726557297', '관리자', '4', '01022223333', '14500', 119, 9, NULL, '999'),
(1444, '0953.55', '만두5개', '김치', '8', 7500, 1, '1726566839', '단골 손님', '7', '01052545944', '7500', 133, 9, NULL, '999'),
(1446, '1005.03', '수제비', '', '9', 7500, 3, '1726567505', '단골 손님', '15', '01052545944', '22500', 119, 9, '', '30'),
(1447, '1006.04', '칼국수', '', '9', 7000, 6, '1726567562', '관리자', '16', '01022223333', '42000', 120, 9, '', '10'),
(1448, '1006.05', '만두5개', '섞어', '9', 7500, 4, '1726567611', '관리자', '17', '01022223333', '30000', 133, 9, '', '50'),
(1449, '1008.06', '만두5개', '섞어', '9', 7500, 1, '1726567704', '관리자', '14', '01022223333', '7500', 133, 9, '', '50'),
(1741, '0356.20', '칼국수', '', '8', 7000, 1, '1730951807', '단골 손님', '03', '01052545944', '7000', 120, 9, '', '10'),
(1742, '0358.22', '칼국수', '', '9', 7000, 1, '1730951898', '단골 손님', 'i', '01052545944', '7000', 120, 9, '', '10'),
(1743, '0816.24', '만두5개', '고기', '9', 7500, 1, '1730967380', '단골 손님', 'i', '01052545944', '7500', 133, 9, '', '50'),
(1744, '0817.26', '만두5개', '김치', '9', 7500, 3, '1730967460', '단골 손님', 'i', '01052545944', '22500', 133, 9, '', '50'),
(1745, '0818.28', '수제비', '', '9', 7500, 3, '1730967497', '관리자', '08', '01022223333', '22500', 119, 9, '', '30'),
(1746, '0820.29', '수제비', '', '9', 7500, 1, '1730967612', '관리자', '09', '01022223333', '7500', 119, 9, '', '30'),
(1747, '0820.30', '만두5개', '고기', '9', 7500, 1, '1730967630', '관리자', '10', '01022223333', '7500', 133, 9, '', '50'),
(1748, '0820.32', '칼국수', '', '9', 7000, 1, '1730967644', '관리자', '11', '01022223333', '7000', 120, 9, '', '10'),
(1749, '0832.34', '수제비', '', '9', 7500, 1, '1730968376', '관리자', '11', '01022223333', '7500', 119, 9, '', '30'),
(1750, '0833.35', '칼국수', '', '9', 7000, 1, '1730968391', '관리자', '12', '01022223333', '7000', 120, 9, '', '10'),
(1751, '0833.36', '칼국수', '', '9', 7000, 1, '1730968404', '단골 손님', 'i', '01052545944', '7000', 120, 9, '', '10'),
(1752, '0833.37', '수제비', '', '9', 7500, 1, '1730968416', '단골 손님', 'i', '01052545944', '7500', 119, 9, '', '30'),
(1753, '0834.38', '만두5개', '고기', '9', 7500, 1, '1730968440', '단골 손님', '13', '01052545944', '7500', 133, 9, '', '50'),
(1754, '0834.39', '만두5개', '고기', '9', 7500, 1, '1730968460', '관리자', '14', '01022223333', '7500', 133, 9, '', '50'),
(1755, '0839.40', '칼국수', '', '9', 7000, 1, '1730968798', '관리자', '11', '01022223333', '7000', 120, 9, '', '10'),
(1756, '0840.41', '칼국수', '', '9', 7000, 1, '1730968814', '관리자', '12', '01022223333', '7000', 120, 9, '', '10'),
(1757, '0840.42', '만두5개', '고기', '8', 7500, 1, '1730968826', '관리자', '13', '01022223333', '7500', 133, 9, '', '50'),
(1758, '0840.43', '만두5개', '고기', '9', 7500, 1, '1730968850', '관리자', '14', '01022223333', '7500', 133, 9, '', '50'),
(1759, '0840.43', '칼국수', '', '9', 7000, 1, '1730968850', '관리자', '14', '01022223333', '7000', 120, 9, '', '10'),
(1760, '0840.43', '수제비', '', '8', 7500, 1, '1730968850', '관리자', '14', '01022223333', '7500', 119, 9, '', '30'),
(1773, '2145.63', '만두5개', '고기', '8', 7500, 1, '1731015932', '관리자', '11', '01022223333', '7500', 133, 9, '', '50'),
(1774, '2147.65', '수제비', '', '8', 7500, 1, '1731016032', '관리자', '12', '01022223333', '7500', 119, 9, '', '30'),
(1775, '2147.66', '수제비', '', '8', 7500, 1, '1731016047', '관리자', '13', '01022223333', '7500', 119, 9, '', '30'),
(1783, '2156.78', '만두5개', '고기', '8', 7500, 1, '1731016580', '관리자', '12', '01022223333', '7500', 133, 9, '', '50'),
(1784, '2156.79', '수제비', '', '8', 7500, 1, '1731016619', '관리자', '13', '01022223333', '7500', 119, 9, '', '30'),
(1785, '2156.79', '만두5개', '고기', '8', 7500, 1, '1731016619', '관리자', '13', '01022223333', '7500', 133, 9, '', '50'),
(1786, '2157.80', '수제비', '', '9', 7500, 1, '1731016637', '관리자', '09', '01022223333', '7500', 119, 9, '', '30'),
(1788, '2157.82', '칼국수', '', '8', 7000, 1, '1731016671', '관리자', '13', '01022223333', '7000', 120, 9, '', '10'),
(1789, '0728.83', '수제비', '', '9', 7500, 1, '1731050911', '관리자', '11', '01022223333', '7500', 119, 9, '', '30'),
(1790, '0732.84', '만두5개', '고기', '9', 7500, 1, '1731051125', '관리자', '10', '01022223333', '7500', 133, 9, '', '50'),
(1791, '0734.85', '만두5개', '고기', '9', 7500, 1, '1731051270', '관리자', '11', '01022223333', '7500', 133, 9, '', '50'),
(1802, '2033.87', '수제비', '', '9', 7500, 1, '1731357225', '관리자', '15', '01022223333', '7500', 119, 9, '', '30'),
(1803, '0052.89', '수제비', '', '9', 7500, 1, '1731545527', '관리자', '15', '01022223333', '7500', 119, 9, '', '30'),
(1821, '0342.90', '칼국수', '', '0', 7000, 1, '1736394171', '단골 손님', '03', '01052545944', '7000', 120, 9, '', '10'),
(1823, '0845.93', '음료', '콜라', '0', 1500, 1, '1742373949', '관리자', '05', '01022223333', '1500', 134, 9, '', '70'),
(1824, '0846.95', '음료', '콜라', '0', 1500, 1, '1742374016', '관리자', '09', '01022223333', '1500', 134, 9, '', '70'),
(1832, '0407.97', '만두5개', '섞어', '0', 7500, 4, '1743394061', '관리자', '04', '01022223333', '30000', 133, 9, '', '50'),
(1833, '0407.97', '칼국수', '', '0', 7000, 1, '1743394061', '관리자', '04', '01022223333', '7000', 120, 9, '', '10'),
(1834, '0407.97', '수제비', '', '0', 7500, 1, '1743394061', '관리자', '04', '01022223333', '7500', 119, 9, '', '30'),
(1835, '0628.98', '칼국수', '', '0', 7000, 1, '1746944921', '관리자', '10', '01022223333', '7000', 120, 9, '', '10'),
(1836, '0628.98', '수제비', '', '0', 7500, 1, '1746944921', '관리자', '10', '01022223333', '7500', 119, 9, '', '30'),
(1837, '0312.47', '바지락칼국수', '', '1', 10000, 1, '1754190729', '단골 손님', '9', '01052545944', '10000', 202, 26, NULL, '999');

--
-- 트리거 `orders`
--
DELIMITER $$
CREATE TRIGGER `before_delete_orders` BEFORE DELETE ON `orders` FOR EACH ROW BEGIN
INSERT INTO orders_backup(order_ID, F_ID, order_number, foodname, choice, price,  quantity, order_date, username, table_nr, contact, gtotal, R_ID)
VALUES(OLD.order_ID, OLD.F_ID, OLD.order_number, OLD.foodname, OLD.choice, OLD.price,  OLD.quantity, OLD.order_date, OLD.username, OLD.table_nr, OLD.contact, OLD.gtotal,OLD.R_ID);
END
$$
DELIMITER ;

-- --------------------------------------------------------

--
-- 테이블 구조 `orders_backup`
--

CREATE TABLE `orders_backup` (
  `order_ID` int(30) DEFAULT NULL,
  `order_number` varchar(11) DEFAULT NULL,
  `foodname` varchar(30) DEFAULT NULL,
  `choice` varchar(31) DEFAULT NULL,
  `status` varchar(11) DEFAULT NULL,
  `price` int(30) DEFAULT NULL,
  `quantity` int(30) DEFAULT NULL,
  `order_date` varchar(31) DEFAULT NULL,
  `username` varchar(30) DEFAULT NULL,
  `table_nr` varchar(64) DEFAULT NULL,
  `contact` varchar(31) DEFAULT NULL,
  `gtotal` varchar(11) DEFAULT NULL,
  `F_ID` int(30) DEFAULT NULL,
  `R_ID` int(30) DEFAULT NULL
) ENGINE=InnoDB DEFAULT CHARSET=utf8mb4 COLLATE=utf8mb4_unicode_ci;

--
-- 테이블의 덤프 데이터 `orders_backup`
--

INSERT INTO `orders_backup` (`order_ID`, `order_number`, `foodname`, `choice`, `status`, `price`, `quantity`, `order_date`, `username`, `table_nr`, `contact`, `gtotal`, `F_ID`, `R_ID`) VALUES
(1029, '0845.09', '만두5개', '섞어', NULL, 7500, 2, '1670543159', '단골 손님', 'i', '01052545944', '51000', 133, 9),
(1031, '0857.13', '수제비', '', NULL, 7500, 1, '1670543874', '단골 손님', 'W', '01052545944', '7500', 119, 9),
(1060, '0937.17', '수제비', '', NULL, 7500, 1, '1670805450', '단골 손님', '08', '01052545944', '7500', 119, 9),
(1225, '1226.63', '수제비', '', NULL, 7500, 1, '1671161180', '단골 손님', '02', '01052545944', '7500', 119, 9),
(1224, '1224.62', '칼국수', '', NULL, 7000, 1, '1671161090', '단골 손님', '02', '01052545944', '7000', 120, 9),
(1223, '1224.61', '수제비', '', NULL, 7500, 1, '1671161084', '단골 손님', '02', '01052545944', '7500', 119, 9),
(1222, '1202.60', '칼국수', '', NULL, 7000, 1, '1671159750', '단골 손님', '02', '01052545944', '7000', 120, 9),
(1221, '1202.59', '수제비', '', NULL, 7500, 1, '1671159724', '단골 손님', '02', '01052545944', '7500', 119, 9),
(1220, '1200.58', '수제비', '', NULL, 7500, 1, '1671159648', '단골 손님', '02', '01052545944', '7500', 119, 9),
(1219, '1156.57', '칼국수', '', NULL, 7000, 1, '1671159413', '단골 손님', '02', '01052545944', '7000', 120, 9),
(1218, '1152.56', '수제비', '', NULL, 7500, 1, '1671159148', '단골 손님', '02', '01052545944', '7500', 119, 9),
(1217, '1151.55', '수제비', '', NULL, 7500, 1, '1671159090', '단골 손님', '02', '01052545944', '7500', 119, 9),
(1216, '1150.54', '수제비', '', NULL, 7500, 1, '1671159032', '단골 손님', '02', '01052545944', '7500', 119, 9),
(1215, '1149.53', '수제비', '', NULL, 7500, 1, '1671158969', '단골 손님', '02', '01052545944', '7500', 119, 9),
(1240, '1702.41', '칼국수', '', NULL, 7000, 1, '1671264177', '관리자', '05', '01022223333', '7000', 120, 9),
(1239, '1641.77', '공기밥', '', NULL, 1000, 1, '1671262908', '관리자', '10', '01022223333', '1000', 123, 9),
(1238, '1639.76', '수제비', '', NULL, 7500, 1, '1671262760', '관리자', '09', '01022223333', '7500', 119, 9),
(1237, '1638.75', '수제비', '', NULL, 7500, 1, '1671262697', '관리자', '08', '01022223333', '7500', 119, 9),
(1236, '1636.74', '칼국수', '', NULL, 7000, 1, '1671262593', '관리자', '04', '01022223333', '7000', 120, 9),
(1235, '1632.73', '칼국수', '', NULL, 7000, 1, '1671262363', '관리자', '05', '01022223333', '7000', 120, 9),
(1234, '1628.72', '칼국수', '', NULL, 7000, 1, '1671262109', '관리자', '06', '01022223333', '7000', 120, 9),
(1231, '1036.68', '수제비', '', NULL, 7500, 1, '1671240973', '관리자', '03', '01022223333', '7500', 119, 9),
(1230, '1036.68', '칼국수', '', NULL, 7000, 1, '1671240973', '관리자', '03', '01022223333', '7000', 120, 9),
(1211, '0745.46', '수제비', '', NULL, 7500, 1, '1671254000', '단골 손님', '07', '01052596944', '7500', 119, 9),
(1062, '0942.16', '칼국수', '', NULL, 7000, 1, '1670805722', '단골 손님', '05', '01052545944', '7000', 120, 9),
(1064, '0952.24', '음료', '콜라', NULL, 1500, 1, '1670806374', '단골 손님', '07', '01052545944', '1500', 134, 9),
(1076, '1108.30', '수제비', '', NULL, 7500, 1, '1670810904', '단골 손님', '05', '01052545944', '7500', 119, 9),
(1077, '1108.30', '칼국수', '', NULL, 7000, 1, '1670810904', '단골 손님', '05', '01052545944', '7000', 120, 9),
(1083, '1159.33', '음료', '사이다', NULL, 1500, 3, '1670813996', '단골 손님', '電', '01052545944', '4500', 134, 9),
(1084, '1159.33', '수제비', '', NULL, 7500, 1, '1670813996', '단골 손님', '電', '01052545944', '7500', 119, 9),
(1089, '1541.35', '수제비', '', NULL, 7500, 1, '1670827303', '단골 손님', 'i', '01052545944', '7500', 119, 9),
(1090, '1541.35', '만두5개', '고기', NULL, 7500, 2, '1670827303', '단골 손님', 'i', '01052545944', '15000', 133, 9),
(1091, '1607.36', '공기밥', '', NULL, 1000, 1, '1670828869', '단골 손님', 'i', '01052545944', '1000', 123, 9),
(1092, '1607.36', '음료', '콜라', NULL, 1500, 1, '1670828869', '단골 손님', 'i', '01052545944', '1500', 134, 9),
(1093, '1642.24', '음료', '콜라', NULL, 1500, 2, '1670830975', '단골 손님', '02', '01052545944', '3000', 134, 9),
(1094, '1642.24', '만두5개', '김치', NULL, 7500, 2, '1670830975', '단골 손님', '02', '01052545944', '18000', 133, 9),
(1095, '0509.35', '칼국수', '', NULL, 7000, 1, '1670875789', '단골 손님', '03', '01052545944', '7000', 120, 9),
(1096, '0509.35', '수제비', '', NULL, 7500, 2, '1670875789', '단골 손님', '03', '01052545944', '15000', 119, 9),
(1097, '0606.37', '만두5개', '고기', NULL, 7500, 1, '1670879190', '단골 손님', 'i', '01052545944', '7500', 133, 9),
(1098, '0940.37', '수제비', '', NULL, 7500, 1, '1670892037', '단골 손님', '10', '01052545944', '7500', 119, 9),
(1099, '0941.39', '수제비', '', NULL, 7500, 1, '1670892072', '단골 손님', '10', '01052545944', '7500', 119, 9),
(1100, '0944.41', '만두5개', '고기', NULL, 7500, 1, '1670892245', '단골 손님', '10', '01052545944', '7500', 133, 9),
(1101, '0944.42', '만두5개', '고기', NULL, 7500, 1, '1670892298', '단골 손님', '10', '01052545944', '7500', 133, 9),
(1102, '0947.37', '만두5개', '고기', NULL, 7500, 1, '1670892431', '단골 손님', '11', '01052545944', '7500', 133, 9),
(1103, '1717.43', '칼국수', '', NULL, 7000, 1, '1670919457', '단골 손님', '07', '01052545944', '7000', 120, 9),
(1104, '1719.44', '만두5개', '섞어', NULL, 7500, 1, '1670919560', '단골 손님', 'W', '01052545944', '7500', 133, 9),
(1105, '1720.38', '만두5개', '김치', NULL, 7500, 2, '1670919648', '단골 손님', '7', '01052545944', '15000', 133, 9),
(1106, '1924.39', '만두5개', '고기', NULL, 7500, 1, '1670927070', '단골 손님', 'W', '01052545944', '7500', 133, 9),
(1107, '1924.45', '음료', '콜라', NULL, 1500, 1, '1670927086', '단골 손님', 'W', '01052545944', '1500', 134, 9),
(1108, '1925.41', '수제비', '', NULL, 7500, 1, '1670927140', '단골 손님', 'W', '01052545944', '7500', 119, 9),
(1109, '1925.41', '공기밥', '', NULL, 1000, 1, '1670927140', '단골 손님', 'W', '01052545944', '1000', 123, 9),
(1110, '0701.42', '음료', '콜라', NULL, 1500, 1, '1670968878', '단골 손님', '05', '01052545944', '1500', 134, 9),
(1111, '1609.43', '만두5개', '김치', NULL, 7500, 1, '1671001741', '단골 손님', '08', '01052545944', '7500', 133, 9),
(1112, '1609.43', '수제비', '', NULL, 7500, 1, '1671001741', '단골 손님', '08', '01052545944', '7500', 119, 9),
(1113, '1609.44', '칼국수', '', NULL, 7000, 1, '1671001759', '단골 손님', 'W', '01052545944', '7000', 120, 9),
(1114, '1609.44', '수제비', '', NULL, 7500, 1, '1671001759', '단골 손님', 'W', '01052545944', '7500', 119, 9),
(1115, '1609.45', '칼국수', '', NULL, 7000, 1, '1671001787', '단골 손님', '電', '01052545944', '7000', 120, 9),
(1116, '1609.45', '수제비', '', NULL, 7500, 1, '1671001787', '단골 손님', '電', '01052545944', '7500', 119, 9),
(1117, '1610.38', '칼국수', '', NULL, 7000, 1, '1671001810', '단골 손님', 'i', '01052545944', '7000', 120, 9),
(1118, '1610.39', '만두5개', '고기', NULL, 7500, 1, '1671001819', '단골 손님', 'i', '01052545944', '7500', 133, 9),
(1119, '1610.46', '공기밥', '', NULL, 1000, 1, '1671001855', '단골 손님', '7', '01052545944', '1000', 123, 9),
(1121, '1948.48', '만두5개', '고기', NULL, 7500, 1, '1671014937', '단골 손님', 'i', '01052545944', '7500', 133, 9),
(1124, '2021.49', '칼국수', '', NULL, 7000, 1, '1671016865', '단골 손님', '13', '01052545944', '7000', 120, 9),
(1125, '2021.49', '수제비', '', NULL, 7500, 1, '1671016865', '단골 손님', 'W', '01052545944', '7500', 119, 9),
(1126, '2021.49', '만두5개', '고기', NULL, 7500, 1, '1671016865', '단골 손님', '13', '01052545944', '7500', 133, 9),
(1127, '2021.49', '만두5개', '김치', NULL, 7500, 1, '1671016865', '단골 손님', 'W', '01052545944', '7500', 133, 9),
(1128, '2021.49', '만두5개', '섞어', NULL, 7500, 1, '1671016865', '단골 손님', '13', '01052545944', '7500', 133, 9),
(1129, '2021.51', '음료', '콜라', NULL, 1500, 1, '1671016898', '단골 손님', '13', '01052545944', '1500', 134, 9),
(1130, '2031.52', '음료', '사이다', NULL, 1500, 1, '1671017473', '단골 손님', 'W', '01052545944', '1500', 134, 9),
(1131, '0914.40', '수제비', '', NULL, 7500, 1, '1671063296', '단골 손님', '06', '01052545944', '7500', 119, 9),
(1134, '0940.51', '칼국수', '', NULL, 7000, 1, '1671064810', '단골 손님', '03', '01052545944', '7000', 120, 9),
(1135, '0940.51', '수제비', '', NULL, 7500, 1, '1671064810', '단골 손님', '08', '01052545944', '7500', 119, 9),
(1136, '0940.51', '공기밥', '', NULL, 1000, 1, '1671064810', '단골 손님', '03', '01052545944', '1000', 123, 9),
(1137, '1329.52', '칼국수', '', NULL, 7000, 1, '1671078546', '단골 손님', '15', '01052545944', '7000', 120, 9),
(1138, '1329.52', '수제비', '', NULL, 7500, 1, '1671078546', '단골 손님', '15', '01052545944', '7500', 119, 9),
(1139, '1329.52', '공기밥', '', NULL, 1000, 1, '1671078546', '단골 손님', '15', '01052545944', '1000', 123, 9),
(1140, '1330.54', '수제비', '', NULL, 7500, 1, '1671078658', '단골 손님', 'W', '01052545944', '7500', 119, 9),
(1142, '1332.55', '만두5개', '고기', NULL, 7500, 1, '1671078743', '단골 손님', '04', '01052545944', '7500', 133, 9),
(1144, '1704.56', '수제비', '', NULL, 7500, 1, '1671091492', '단골 손님', '03', '01052545944', '7500', 119, 9),
(1145, '1705.57', '수제비', '', NULL, 7500, 1, '1671091542', '단골 손님', '03', '01052545944', '7500', 119, 9),
(1146, '1706.58', '수제비', '', NULL, 7500, 1, '1671091618', '단골 손님', '03', '01052545944', '7500', 119, 9),
(1147, '1707.59', '칼국수', '', NULL, 7000, 1, '1671091651', '단골 손님', '03', '01052545944', '7000', 120, 9),
(1148, '1719.60', '수제비', '', NULL, 7500, 1, '1671092362', '단골 손님', '03', '01052545944', '7500', 119, 9),
(1149, '1724.61', '공기밥', '', NULL, 1000, 1, '1671092691', '단골 손님', '03', '01052545944', '1000', 123, 9),
(1150, '1726.62', '칼국수', '', NULL, 7000, 1, '1671092797', '단골 손님', '03', '01052545944', '7000', 120, 9),
(1151, '1729.63', '칼국수', '', NULL, 7000, 1, '1671092997', '단골 손님', '03', '01052545944', '7000', 120, 9),
(1152, '1730.64', '수제비', '', NULL, 7500, 1, '1671093026', '단골 손님', '03', '01052545944', '7500', 119, 9),
(1153, '1730.65', '공기밥', '', NULL, 1000, 1, '1671093053', '단골 손님', '03', '01052545944', '1000', 123, 9),
(1154, '1731.66', '수제비', '', NULL, 7500, 1, '1671093102', '단골 손님', '03', '01052545944', '7500', 119, 9),
(1155, '1732.67', '칼국수', '', NULL, 7000, 1, '1671093121', '단골 손님', '03', '01052545944', '7000', 120, 9),
(1156, '1733.68', '수제비', '', NULL, 7500, 1, '1671093231', '단골 손님', '03', '01052545944', '7500', 119, 9),
(1157, '1744.69', '수제비', '', NULL, 7500, 1, '1671093895', '단골 손님', '03', '01052545944', '7500', 119, 9),
(1158, '1745.70', '만두5개', '고기', NULL, 7500, 1, '1671093919', '단골 손님', '03', '01052545944', '7500', 133, 9),
(1159, '1752.71', '칼국수', '', NULL, 7000, 1, '1671094360', '단골 손님', '03', '01052545944', '7000', 120, 9),
(1160, '1752.72', '수제비', '', NULL, 7500, 1, '1671094379', '단골 손님', '03', '01052545944', '7500', 119, 9),
(1163, '1759.58', '수제비', '', NULL, 7500, 1, '1671094790', '단골 손님', '03', '01052545944', '7500', 119, 9),
(1164, '1800.74', '수제비', '', NULL, 7500, 1, '1671094816', '단골 손님', '03', '01052545944', '7500', 119, 9),
(1165, '1804.75', '칼국수', '', NULL, 7000, 1, '1671095042', '단골 손님', '03', '', '7000', 120, 9),
(1166, '1805.76', '수제비', '', NULL, 7500, 1, '1671095111', '단골 손님', '03', '01052545944', '7500', 119, 9),
(1167, '1806.77', '수제비', '', NULL, 7500, 1, '1671095180', '단골 손님', '03', '01052545944', '7500', 119, 9),
(1168, '1837.78', '수제비', '', NULL, 7500, 1, '1671097060', '단골 손님', '07', '01052545944', '7500', 119, 9),
(1169, '1837.79', '수제비', '', NULL, 7500, 1, '1671097076', '단골 손님', '03', '01052545944', '7500', 119, 9),
(1170, '1838.80', '수제비', '', NULL, 7500, 1, '1671097135', '단골 손님', '08', '01052545944', '7500', 119, 9),
(1171, '1849.82', '수제비', '', NULL, 7500, 1, '1671097767', '단골 손님', '03', '01052545944', '7500', 119, 9),
(1172, '1850.83', '수제비', '', NULL, 7500, 1, '1671097800', '단골 손님', '03', '01052545944', '7500', 119, 9),
(1173, '1850.84', '수제비', '', NULL, 7500, 1, '1671097832', '단골 손님', '03', '01052545944', '7500', 119, 9),
(1174, '1852.85', '수제비', '', NULL, 7500, 1, '1671097924', '단골 손님', '03', '01052545944', '7500', 119, 9),
(1175, '1857.86', '수제비', '', NULL, 7500, 1, '1671098256', '단골 손님', '03', '01052545944', '7500', 119, 9),
(1176, '1858.87', '수제비', '', NULL, 7500, 1, '1671098288', '단골 손님', '04', '01052545944', '7500', 119, 9),
(1177, '1858.88', '수제비', '', NULL, 7500, 1, '1671098310', '단골 손님', '04', '01052545944', '7500', 119, 9),
(1178, '1858.89', '수제비', '', NULL, 7500, 1, '1671098331', '단골 손님', '03', '01052545944', '7500', 119, 9),
(1179, '1859.90', '수제비', '', NULL, 7500, 1, '1671098363', '단골 손님', '03', '01052545944', '7500', 119, 9),
(1180, '1901.91', '수제비', '', NULL, 7500, 1, '1671098498', '단골 손님', '04', '01052545944', '7500', 119, 9),
(1181, '1902.92', '수제비', '', NULL, 7500, 1, '1671098520', '단골 손님', '04', '01052545944', '7500', 119, 9),
(1182, '1902.93', '수제비', '', NULL, 7500, 1, '1671098563', '단골 손님', '04', '01052545944', '7500', 119, 9),
(1183, '1906.94', '수제비', '', NULL, 7500, 1, '1671098813', '단골 손님', '03', '01052545944', '7500', 119, 9),
(1184, '1947.95', '수제비', '', NULL, 7500, 1, '1671101250', '단골 손님', '05', '01052545944', '7500', 119, 9),
(1185, '1947.96', '수제비', '', NULL, 7500, 1, '1671101261', '단골 손님', '05', '01052545944', '7500', 119, 9),
(1186, '1950.98', '수제비', '', NULL, 7500, 1, '1671101411', '단골 손님', '05', '01052545944', '7500', 119, 9),
(1187, '1950.99', '수제비', '', NULL, 7500, 1, '1671101435', '단골 손님', '08', '01052545944', '7500', 119, 9),
(1188, '1952.00', '수제비', '', NULL, 7500, 1, '1671101523', '단골 손님', '03', '01052545944', '7500', 119, 9),
(1189, '1952.01', '수제비', '', NULL, 7500, 1, '1671101538', '단골 손님', '03', '01052545944', '7500', 119, 9),
(1190, '1955.02', '수제비', '', NULL, 7500, 1, '1671101704', '단골 손님', '02', '01052545944', '7500', 119, 9),
(1191, '1955.02', '칼국수', '', NULL, 7000, 1, '1671101704', '단골 손님', '02', '01052545944', '7000', 120, 9),
(1192, '2002.04', '수제비', '', NULL, 7500, 1, '1671102154', '단골 손님', '03', '01052545944', '7500', 119, 9),
(1193, '2002.05', '수제비', '', NULL, 7500, 1, '1671102170', '단골 손님', '03', '01052545944', '7500', 119, 9),
(1194, '2003.06', '수제비', '', NULL, 7500, 1, '1671102216', '단골 손님', '03', '01052545944', '7500', 119, 9),
(1195, '2003.07', '수제비', '', NULL, 7500, 1, '1671102239', '단골 손님', '03', '01052545944', '7500', 119, 9),
(1196, '2004.08', '수제비', '', NULL, 7500, 1, '1671102283', '단골 손님', '03', '01052545944', '7500', 119, 9),
(1197, '2005.09', '수제비', '', NULL, 7500, 1, '1671102331', '단골 손님', 'W', '01052545944', '7500', 119, 9),
(1201, '2009.13', '수제비', '', NULL, 7500, 1, '1671102598', '단골 손님', '14', '01052545944', '7500', 119, 9),
(1202, '2010.14', '수제비', '', NULL, 7500, 1, '1671102618', '단골 손님', 'W', '01052545944', '7500', 119, 9),
(1203, '2010.15', '칼국수', '', NULL, 7000, 1, '1671102655', '단골 손님', '13', '01052545944', '7000', 120, 9),
(1204, '2035.16', '수제비', '', NULL, 7500, 1, '1671104112', '단골 손님', 'W', '01052545944', '7500', 119, 9),
(1205, '2039.17', '만두5개', '고기', NULL, 7500, 1, '1671104359', '단골 손님', 'W', '01052545944', '7500', 133, 9),
(1206, '0627.59', '음료', '콜라', NULL, 1500, 1, '1671139658', '단골 손님', '01', '01052545944', '1500', 134, 9),
(1207, '0642.19', '만두5개', '고기', NULL, 7500, 1, '1671140543', '단골 손님', '01', '01052545944', '7500', 133, 9),
(1208, '0715.42', '수제비', '', NULL, 7500, 1, '1671142534', '단골 손님', '04', '01052545944', '7500', 119, 9),
(1209, '0716.44', '수제비', '', NULL, 7500, 1, '1671142606', '단골 손님', 'W', '01052545944', '7500', 119, 9),
(1210, '0728.45', '칼국수', '', NULL, 7000, 1, '1671143280', '단골 손님', '07', '01052545944', '7000', 120, 9),
(1212, '0756.47', '수제비', '', NULL, 7500, 1, '1671145597', '단골 손님', '02', '01052545944', '7500', 119, 9),
(1213, '0758.49', '수제비', '', NULL, 7500, 1, '1671145092', '단골 손님', 'i', '01052545944', '7500', 119, 9),
(1214, '1122.51', '만두5개', '김치', NULL, 7500, 1, '1671157326', '단골 손님', '01', '01052545944', '7500', 133, 9),
(1226, '1516.64', '칼국수', '', NULL, 7000, 1, '1671171360', '단골 손님', '02', '01052545944', '7000', 120, 9),
(1227, '1517.65', '공기밥', '', NULL, 1000, 1, '1671171437', '단골 손님', '02', '01052545944', '1000', 123, 9),
(1228, '1613.40', '칼국수', '', NULL, 7000, 1, '1671174809', '단골 손님', '05', '01052545944', '7000', 120, 9),
(1229, '1713.67', '수제비', '', NULL, 7500, 1, '1671178403', '단골 손님', '02', '01052545944', '7500', 119, 9),
(1261, '1032.93', '수제비', '', NULL, 7500, 1, '1671327129', '단골 손님', 'i', '01052545944', '7500', 119, 9),
(1260, '1030.92', '수제비', '', NULL, 7500, 1, '1671327037', '단골 손님', 'i', '01052545944', '7500', 119, 9),
(1259, '1028.91', '수제비', '', NULL, 7500, 1, '1671326930', '단골 손님', 'i', '01052545944', '7500', 119, 9),
(1258, '1027.90', '수제비', '', NULL, 7500, 1, '1671326874', '단골 손님', 'i', '01052545944', '7500', 119, 9),
(1257, '1021.89', '수제비', '', NULL, 7500, 1, '1671326503', '단골 손님', 'i', '01052545944', '7500', 119, 9),
(1254, '1014.86', '공기밥', '', NULL, 1000, 1, '1671326070', '관리자', '電', '01022223333', '1000', 123, 9),
(1253, '1008.85', '공기밥', '', NULL, 1000, 1, '1671325734', '관리자', '電', '01022223333', '1000', 123, 9),
(1252, '1007.84', '공기밥', '', NULL, 1000, 1, '1671325668', '관리자', '電', '01022223333', '1000', 123, 9),
(1251, '1005.83', '공기밥', '', NULL, 1000, 1, '1671325548', '관리자', '電', '01022223333', '1000', 123, 9),
(1250, '1001.82', '공기밥', '', NULL, 1000, 1, '1671325318', '관리자', '電', '01022223333', '1000', 123, 9),
(1266, '1111.48', '공기밥', '', NULL, 1000, 1, '1671329494', '단골 손님', 'i', '01052545944', '1000', 123, 9),
(1265, '1110.47', '칼국수', '', NULL, 7000, 1, '1671329457', '단골 손님', 'i', '01052545944', '7000', 120, 9),
(1246, '2024.44', '만두5개', '고기', NULL, 7500, 1, '1671276248', '관리자', '04', '01022223333', '7500', 133, 9),
(1256, '1020.88', '만두5개', '고기', NULL, 7500, 1, '1671326446', '관리자', '電', '01022223333', '7500', 133, 9),
(1232, '1611.70', '수제비', '', NULL, 7500, 1, '1671261114', '단골 손님', 'i', '01052545944', '7500', 119, 9),
(1233, '1616.71', '수제비', '', NULL, 7500, 1, '1671261382', '관리자', 'W', '01022223333', '7500', 120, 9),
(1241, '1938.78', '만두5개', '고기', NULL, 7500, 1, '1671273499', '관리자', '03', '01022223333', '7500', 133, 9),
(1242, '2010.79', '만두5개', '고기', NULL, 7500, 1, '1671275443', '관리자', '03', '01022223333', '7500', 133, 9),
(1243, '2011.80', '음료', '콜라', NULL, 1500, 1, '1671275478', '관리자', '03', '01022223333', '1500', 134, 9),
(1244, '2022.42', '수제비', '', NULL, 7500, 1, '1671276167', '관리자', '03', '01022223333', '7500', 119, 9),
(1245, '2023.43', '음료', '콜라', NULL, 1500, 1, '1671276221', '관리자', '03', '01022223333', '1500', 134, 9),
(1247, '2027.81', '칼국수', '', NULL, 7000, 1, '1671276459', '관리자', '03', '01022223333', '7000', 120, 9),
(1248, '2028.45', '칼국수', '', NULL, 7000, 1, '1671276483', '관리자', '03', '01022223333', '7000', 120, 9),
(1249, '2028.46', '수제비', '', NULL, 7500, 1, '1671276527', '관리자', '05', '01022223333', '7500', 119, 9),
(1255, '1015.87', '공기밥', '', NULL, 1000, 1, '1671326129', '관리자', '電', '01022223333', '1000', 123, 9),
(1262, '1032.94', '수제비', '', NULL, 7500, 1, '1671327171', '단골 손님', 'i', '01052545944', '7500', 119, 9),
(1263, '1055.96', '칼국수', '', NULL, 7000, 1, '1671328553', '단골 손님', 'i', '01052545944', '7000', 120, 9),
(1264, '1056.97', '수제비', '', NULL, 7500, 1, '1671328603', '단골 손님', '03', '01052545944', '7500', 119, 9),
(1267, '1114.49', '공기밥', '', NULL, 1000, 1, '1671329646', '단골 손님', 'i', '01052545944', '1000', 123, 9),
(1268, '1120.51', '만두5개', '고기', NULL, 7500, 1, '1671330029', '관리자', '電', '01022223333', '7500', 133, 9),
(1269, '1042.53', '공기밥', '', NULL, 1000, 1, '1671414123', '관리자', '09', '01022223333', '1000', 123, 9),
(1270, '1045.54', '수제비', '', NULL, 7500, 1, '1671414339', '관리자', 'W', '01022223333', '7500', 119, 9),
(1271, '1045.54', '칼국수', '', NULL, 7000, 1, '1671414339', '관리자', 'W', '01022223333', '7000', 120, 9),
(1272, '1600.56', '수제비', '', NULL, 7500, 1, '1671433205', '관리자', '03', '01022223333', '7500', 119, 9),
(1273, '1802.98', '만두5개', '고기', NULL, 7500, 1, '1671440557', '관리자', '09', '01022223333', '7500', 133, 9),
(1274, '1815.99', '칼국수', '', NULL, 7000, 1, '1671441313', '관리자', 'W', '01022223333', '7000', 120, 9),
(1275, '1815.99', '수제비', '', NULL, 7500, 1, '1671441313', '관리자', 'W', '01022223333', '7500', 119, 9),
(1276, '1815.99', '공기밥', '', NULL, 1000, 1, '1671441313', '관리자', 'W', '01022223333', '1000', 123, 9),
(1277, '1817.00', '칼국수', '', NULL, 7000, 1, '1671441469', '관리자', '01', '01022223333', '7000', 120, 9),
(1278, '1817.00', '수제비', '', NULL, 7500, 1, '1671441469', '관리자', '01', '01022223333', '7500', 119, 9),
(1279, '1817.00', '공기밥', '', NULL, 1000, 1, '1671441469', '관리자', '01', '01022223333', '1000', 123, 9),
(1280, '1858.01', '음료', '콜라', NULL, 1500, 1, '1671443893', '관리자', '03', '01022223333', '1500', 134, 9),
(1281, '1907.02', '만두5개', '고기', NULL, 7500, 1, '1671444427', '관리자', '09', '01022223333', '7500', 133, 9),
(1282, '1908.03', '칼국수', '', NULL, 7000, 1, '1671444496', '관리자', '09', '01022223333', '7000', 120, 9),
(1283, '1940.04', '칼국수', '', NULL, 7000, 1, '1671446430', '관리자', '03', '01022223333', '7000', 120, 9),
(1284, '1940.04', '수제비', '', NULL, 7500, 1, '1671446430', '관리자', '03', '01022223333', '7500', 119, 9),
(1285, '1940.04', '공기밥', '', NULL, 1000, 1, '1671446430', '관리자', '03', '01022223333', '1000', 123, 9),
(1286, '1942.05', '수제비', '', NULL, 7500, 1, '1671446551', '관리자', '03', '01022223333', '7500', 119, 9),
(1287, '1942.05', '칼국수', '', NULL, 7000, 1, '1671446551', '관리자', '03', '01022223333', '7000', 120, 9),
(1288, '1942.05', '만두5개', '고기', NULL, 7500, 1, '1671446551', '관리자', '03', '01022223333', '7500', 133, 9),
(1289, '1943.06', '수제비', '', NULL, 7500, 1, '1671446606', '관리자', '04', '01022223333', '7500', 119, 9),
(1290, '1943.07', '칼국수', '', NULL, 7000, 1, '1671446632', '관리자', '05', '01022223333', '7000', 120, 9),
(1291, '1944.08', '칼국수', '', NULL, 7000, 1, '1671446640', '관리자', '03', '01022223333', '7000', 120, 9),
(1292, '1944.57', '수제비', '', NULL, 7500, 1, '1671446659', '관리자', '04', '01022223333', '7500', 119, 9),
(1293, '1944.58', '수제비', '', NULL, 7500, 1, '1671446684', '관리자', '04', '01022223333', '7500', 119, 9),
(1294, '1945.09', '수제비', '', NULL, 7500, 1, '1671446743', '관리자', 'W', '01022223333', '7500', 119, 9),
(1295, '1945.09', '만두5개', '고기', NULL, 7500, 1, '1671446743', '관리자', 'W', '01022223333', '7500', 133, 9),
(1296, '1945.10', '수제비', '', NULL, 7500, 1, '1671446752', '관리자', '電', '01022223333', '7500', 119, 9),
(1297, '1945.10', '칼국수', '', NULL, 7000, 1, '1671446752', '관리자', '電', '01022223333', '7000', 120, 9),
(1298, '1946.11', '음료', '콜라', NULL, 1500, 1, '1671446773', '관리자', '05', '01022223333', '1500', 134, 9),
(1299, '1951.12', '수제비', '', NULL, 7500, 1, '1671447071', '관리자', '05', '01022223333', '7500', 119, 9),
(1300, '1951.12', '칼국수', '', NULL, 7000, 1, '1671447071', '관리자', '05', '01022223333', '7000', 120, 9),
(1301, '1951.13', '만두5개', '고기', NULL, 7500, 1, '1671447089', '관리자', '05', '01022223333', '7500', 133, 9),
(1302, '1951.13', '수제비', '', NULL, 7500, 1, '1671447089', '관리자', '05', '01022223333', '7500', 119, 9),
(1303, '1952.14', '수제비', '', NULL, 7500, 1, '1671447125', '관리자', '05', '01022223333', '7500', 119, 9),
(1304, '1958.59', '수제비', '', NULL, 7500, 1, '1671447494', '관리자', 'W', '01022223333', '7500', 119, 9),
(1305, '2024.60', '만두5개', '고기', NULL, 7500, 1, '1671449098', '관리자', '01', '01022223333', '7500', 133, 9),
(1306, '2025.61', '음료', '콜라', NULL, 1500, 1, '1671449121', '관리자', '05', '01022223333', '1500', 134, 9),
(1307, '2049.15', '칼국수', '', NULL, 7000, 1, '1671450547', '관리자', '02', '01022223333', '7000', 120, 9),
(1308, '2049.16', '칼국수', '', NULL, 7000, 1, '1671450569', '관리자', '02', '01022223333', '7000', 120, 9),
(1309, '2050.62', '칼국수', '', NULL, 7000, 1, '1671450625', '관리자', '03', '01022223333', '7000', 120, 9),
(1310, '2050.63', '칼국수', '', NULL, 7000, 1, '1671450645', '관리자', '03', '01022223333', '7000', 120, 9),
(1311, '2051.64', '공기밥', '', NULL, 1000, 1, '1671450661', '관리자', '03', '01022223333', '1000', 123, 9),
(1312, '2113.65', '만두5개', '김치', NULL, 7500, 15, '1671452035', '관리자', '04', '01022223333', '112500', 133, 9),
(1313, '2216.17', '음료', '콜라', NULL, 1500, 1, '1671455814', '관리자', '05', '01022223333', '1500', 134, 9),
(1314, '0716.66', '음료', '사이다', NULL, 1500, 1, '1671488200', '관리자', '04', '01022223333', '1500', 134, 9),
(1315, '0717.67', '칼국수', '', NULL, 7000, 1, '1671488247', '관리자', 'W', '01022223333', '7000', 120, 9),
(1316, '0717.67', '수제비', '', NULL, 7500, 1, '1671488247', '관리자', 'W', '01022223333', '7500', 119, 9),
(1317, '0920.18', '수제비', '', NULL, 7500, 1, '1671495603', '관리자', '02', '01022223333', '7500', 119, 9),
(1318, '0922.68', '만두5개', '고기', NULL, 7500, 1, '1671495746', '관리자', '電', '01022223333', '7500', 133, 9),
(1319, '1015.69', '수제비', '', NULL, 7500, 1, '1671498940', '관리자', '14', '01022223333', '7500', 119, 9),
(1322, '1208.71', '수제비', '', NULL, 7500, 1, '1671678520', '관리자', '06', '01022223333', '7500', 119, 9),
(1323, '1210.72', '공기밥', '', NULL, 1000, 1, '1671678638', '관리자', '05', '01022223333', '1000', 123, 9),
(1324, '1327.73', '만두5개', '김치', NULL, 7500, 3, '1671769634', '단골 손님', 'i', '01052545944', '22500', 133, 9),
(1325, '1327.73', '칼국수', '', NULL, 7000, 6, '1671769634', '단골 손님', 'i', '01052545944', '42000', 120, 9),
(1326, '1329.75', '칼국수', '', NULL, 7000, 1, '1671769755', '관리자', '05', '01022223333', '7000', 120, 9),
(1327, '1329.75', '수제비', '', NULL, 7500, 1, '1671769755', '관리자', '05', '01022223333', '7500', 119, 9),
(1328, '1801.77', '칼국수', '', NULL, 7000, 1, '1671786106', '단골 손님', 'i', '01052545944', '7000', 120, 9),
(1329, '1801.77', '수제비', '', NULL, 7500, 1, '1671786106', '단골 손님', 'i', '01052545944', '7500', 119, 9),
(1330, '1801.77', '만두5개', '김치', NULL, 7500, 1, '1671786106', '단골 손님', 'i', '01052545944', '7500', 133, 9),
(1331, '1801.77', '음료', '콜라', NULL, 1500, 1, '1671786106', '단골 손님', 'i', '01052545944', '1500', 134, 9),
(1332, '1344.78', '칼국수', '', NULL, 7000, 1, '1672029872', '관리자', '03', '01022223333', '7000', 120, 9),
(1333, '1344.78', '만두5개', '섞어', NULL, 7500, 2, '1672029872', '관리자', '03', '01022223333', '15000', 133, 9),
(1334, '1430.80', '칼국수', '', NULL, 7000, 1, '1672205459', '관리자', '電', '01022223333', '7000', 120, 9),
(1335, '1430.80', '만두5개', '섞어', NULL, 7500, 1, '1672205459', '관리자', '電', '01022223333', '7500', 133, 9),
(1336, '1702.81', '수제비', '', NULL, 7500, 1, '1672214548', '관리자', '02', '01022223333', '7500', 119, 9),
(1337, '1702.81', '칼국수', '', NULL, 7000, 1, '1672214548', '관리자', '02', '01022223333', '7000', 120, 9),
(1338, '1707.82', '칼국수', '', NULL, 7000, 1, '1672214839', '관리자', '07', '01022223333', '7000', 120, 9),
(1339, '1707.82', '수제비', '', NULL, 7500, 1, '1672214839', '관리자', '07', '01022223333', '7500', 119, 9),
(1437, '1345.47', '22', '2', NULL, 444444, 1, '1716353125', '단골 손님', '1', '01052545944', '444444', 223, 11),
(1426, '0727.34', '33', '', NULL, 5555, 1, '1716157621', '단골 손님', '대', '01052545944', '5555', 221, 11),
(1424, '0726.33', '33', '', NULL, 5555, 1, '1716157602', '단골 손님', '대', '01052545944', '5555', 221, 11),
(1423, '0726.32', '33', '', NULL, 5555, 1, '1716157572', '단골 손님', '1', '01052545944', '5555', 221, 11),
(1422, '0723.31', '33', '', NULL, 5555, 1, '1716157386', '단골 손님', '대', '01052545944', '5555', 221, 11),
(1421, '0722.30', '33', '', NULL, 5555, 1, '1716157356', '단골 손님', '1', '01052545944', '5555', 221, 11),
(1420, '0722.29', '33', '', NULL, 5555, 1, '1716157339', '단골 손님', '1', '01052545944', '5555', 221, 11),
(1419, '0718.27', '33', '', NULL, 5555, 1, '1716157131', '단골 손님', '대', '01052545944', '5555', 221, 11),
(1418, '0714.26', '33', '', NULL, 5555, 1, '1716156867', '단골 손님', '대', '01052545944', '5555', 221, 11),
(1417, '0709.24', '33', '', NULL, 5555, 1, '1716156556', '단골 손님', '2', '01052545944', '5555', 221, 11),
(1416, '0707.22', '33', '', NULL, 5555, 1, '1716156467', '단골 손님', '1', '01052545944', '5555', 221, 11),
(1415, '0707.21', '33', '', NULL, 5555, 1, '1716156447', '단골 손님', '1', '01052545944', '5555', 221, 11),
(1414, '0703.19', '33', '', NULL, 5555, 1, '1716156229', '단골 손님', '1', '01052545944', '5555', 221, 11),
(1413, '0647.15', '33', '', NULL, 5555, 1, '1716155253', '단골 손님', '2', '01052545944', '5555', 221, 11),
(1412, '0646.14', '33', '', NULL, 5555, 1, '1716155217', '단골 손님', '대', '01052545944', '5555', 221, 11),
(1411, '0646.13', '33', '', NULL, 5555, 1, '1716155179', '단골 손님', '1', '01052545944', '5555', 221, 11),
(1410, '1948.12', '77', '', NULL, 7777, 1, '1716115711', '단골 손님', '2', '01052545944', '7777', 222, 11),
(1430, '0800.40', '미키비누', '', NULL, 5000, 1, '1716159608', '단골 손님', '대', '01052545944', '5000', 219, 11),
(1429, '0759.38', '미키비누', '', NULL, 5000, 1, '1716159570', '단골 손님', '대', '01052545944', '5000', 219, 11),
(1428, '0758.36', '미키비누', '', NULL, 5000, 1, '1716159518', '단골 손님', '대', '01052545944', '5000', 219, 11),
(1427, '0730.35', '미키비누', '', NULL, 5000, 2, '1716157850', '단골 손님', '1', '01052545944', '10000', 219, 11),
(1425, '0726.33', '시계', '', NULL, 10000, 1, '1716157602', '단골 손님', '대', '01052545944', '15555', 220, 11),
(1439, '1843.49', '케이크', '', NULL, 20000, 1, '1716370988', '단골 손님', '祖母', '01052545944', '20000', 221, 11),
(1409, '1944.11', '시계', '', NULL, 10000, 1, '1716115493', '단골 손님', '1', '01052545944', '10000', 220, 11),
(1433, '1646.42', '미키비누', '투명', NULL, 5000, 1, '1716191182', '단골 손님', '3', '01052545944', '5000', 219, 11),
(1434, '1648.43', '미키비누', '블루', NULL, 5000, 5, '1716191305', '단골 손님', '대', '01052545944', '25000', 219, 11),
(1432, '1646.41', '케이크', '', NULL, 20000, 2, '1716191168', '단골 손님', '2', '01052545944', '45000', 221, 11),
(1431, '1646.41', '미키비누', '블루', NULL, 5000, 1, '1716191168', '단골 손님', '2', '01052545944', '5000', 219, 11),
(1435, '1649.44', '미키비누', '투명', NULL, 5000, 1, '1716191377', '단골 손님', '1', '01052545944', '5000', 219, 11),
(1436, '1959.45', '미키비누', '핑크', NULL, 5000, 1, '1716202757', '단골 손님', '2', '01052545944', '5000', 219, 11),
(1704, '0729.12', '미키비누', '블루', NULL, 5000, 1, '1730186983', '단골 손님', '할', '01052545944', '5000', 219, 11),
(1703, '0729.11', '미키비누', '블루', NULL, 5000, 1, '1730186963', '단골 손님', 'ㄷㄷㄷ', '01052545944', '5000', 219, 11),
(1702, '0052.10', '미키비누', '블루', NULL, 5000, 1, '1730163136', '단골 손님', 'ㅂ', '01052545944', '5000', 219, 11),
(1701, '0050.08', '미키비누', '블루', NULL, 5000, 1, '1730163059', '단골 손님', 'ㅂ', '01052545944', '5000', 219, 11),
(1700, '0050.07', '미키비누', '블루', NULL, 5000, 3, '1730163044', '단골 손님', '할아버지', '01052545944', '15000', 219, 11),
(1699, '0049.06', '미키비누', '블루', NULL, 5000, 1, '1730162972', '단골 손님', '할머니', '01052545944', '5000', 219, 11),
(1698, '0048.05', '미키비누', '블루', NULL, 5000, 1, '1730162926', '단골 손님', 'w', '01052545944', '5000', 219, 11),
(1697, '0046.04', '미키비누', '블루', NULL, 5000, 1, '1730162778', '단골 손님', 'www', '01052545944', '5000', 219, 11),
(1696, '0039.03', '미키비누', '블루', NULL, 5000, 1, '1730162396', '단골 손님', 'w', '01052545944', '5000', 219, 11),
(1695, '0038.02', '미키비누', '블루', NULL, 5000, 1, '1730162286', '단골 손님', '', '01052545944', '5000', 219, 11),
(1694, '0036.01', '미키비누', '블루', NULL, 5000, 1, '1730162160', '단골 손님', '', '01052545944', '5000', 219, 11),
(1693, '0032.00', '미키비누', '블루', NULL, 5000, 1, '1730161951', '단골 손님', 'qwww', '01052545944', '5000', 219, 11),
(1692, '0031.99', '미키비누', '블루', NULL, 5000, 1, '1730161915', '단골 손님', '', '01052545944', '5000', 219, 11),
(1691, '0027.98', '미키비누', '블루', NULL, 5000, 1, '1730161635', '단골 손님', '', '01052545944', '5000', 219, 11),
(1690, '0023.84', '미키비누', '블루', NULL, 5000, 1, '1730161403', '단골 손님', '', '01052545944', '5000', 219, 11),
(1689, '0020.77', '미키비누', '블루', NULL, 5000, 1, '1730161249', '단골 손님', '', '01052545944', '5000', 219, 11),
(1688, '0019.71', '미키비누', '블루', NULL, 5000, 1, '1730161144', '단골 손님', '', '01052545944', '5000', 219, 11),
(1687, '0018.69', '미키비누', '블루', NULL, 5000, 1, '1730161100', '단골 손님', '$abc2', '01052545944', '5000', 219, 11),
(1686, '0017.68', '미키비누', '블루', NULL, 5000, 1, '1730161047', '단골 손님', '$abc2', '01052545944', '5000', 219, 11),
(1685, '0016.67', '미키비누', '블루', NULL, 5000, 1, '1730161001', '단골 손님', '', '01052545944', '5000', 219, 11),
(1684, '0016.66', '미키비누', '블루', NULL, 5000, 1, '1730160969', '단골 손님', '', '01052545944', '5000', 219, 11),
(1683, '0015.65', '미키비누', '블루', NULL, 5000, 1, '1730160935', '단골 손님', '', '01052545944', '5000', 219, 11),
(1682, '0014.63', '미키비누', '블루', NULL, 5000, 1, '1730160860', '단골 손님', '', '01052545944', '5000', 219, 11),
(1681, '0007.55', '미키비누', '블루', NULL, 5000, 1, '1730160470', '단골 손님', '$abc', '01052545944', '5000', 219, 11),
(1680, '0006.54', '미키비누', '블루', NULL, 5000, 1, '1730160408', '단골 손님', '', '01052545944', '5000', 219, 11),
(1679, '0005.52', '미키비누', '블루', NULL, 5000, 1, '1730160340', '단골 손님', '', '01052545944', '5000', 219, 11),
(1678, '0003.50', '미키비누', '블루', NULL, 5000, 1, '1730160211', '단골 손님', '', '01052545944', '5000', 219, 11),
(1677, '0003.48', '미키비누', '블루', NULL, 5000, 1, '1730160186', '단골 손님', '', '01052545944', '5000', 219, 11),
(1676, '0002.47', '미키비누', '블루', NULL, 5000, 1, '1730160168', '단골 손님', '', '01052545944', '5000', 219, 11),
(1675, '0002.45', '미키비누', '블루', NULL, 5000, 1, '1730160136', '단골 손님', '', '01052545944', '5000', 219, 11),
(1674, '2348.34', '미키비누', '블루', NULL, 5000, 1, '1730159325', '단골 손님', '', '01052545944', '5000', 219, 11),
(1673, '2344.33', '미키비누', '블루', NULL, 5000, 1, '1730159083', '단골 손님', '111', '01052545944', '5000', 219, 11),
(1672, '2343.32', '미키비누', '블루', NULL, 5000, 1, '1730158985', '단골 손님', '111', '01052545944', '5000', 219, 11),
(1671, '2250.31', '미키비누', '블루', NULL, 5000, 1, '1730155842', '단골 손님', '1133', '01052545944', '5000', 219, 11),
(1670, '2250.30', '미키비누', '블루', NULL, 5000, 1, '1730155818', '단골 손님', '11', '01052545944', '5000', 219, 11),
(1669, '2248.29', '미키비누', '블루', NULL, 5000, 1, '1730155707', '단골 손님', '111', '01052545944', '5000', 219, 11),
(1668, '2241.28', '미키비누', '블루', NULL, 5000, 1, '1730155285', '단골 손님', '할아버지', '01052545944', '5000', 219, 11),
(1667, '2238.27', '미키비누', '블루', NULL, 5000, 1, '1730155125', '단골 손님', '2', '01052545944', '5000', 219, 11),
(1666, '2137.25', '미키비누', '블루', NULL, 5000, 1, '1730151429', '단골 손님', '할아버지', '01052545944', '5000', 219, 11),
(1665, '2136.22', '미키비누', '블루', NULL, 5000, 1, '1730151385', '단골 손님', 'aaa', '01052545944', '5000', 219, 11),
(1664, '2136.21', '미키비누', '블루', NULL, 5000, 1, '1730151373', '단골 손님', '할머니', '01052545944', '5000', 219, 11),
(1663, '2135.20', '미키비누', '블루', NULL, 5000, 1, '1730151355', '단골 손님', '사물함', '01052545944', '5000', 219, 11),
(1662, '1401.19', '미키비누', '블루', NULL, 5000, 1, '1730124108', '단골 손님', 'aaa', '01052545944', '5000', 219, 11),
(1661, '1401.18', '미키비누', '블루', NULL, 5000, 1, '1730124082', '단골 손님', '111', '01052545944', '5000', 219, 11),
(1660, '1358.17', '미키비누', '블루', NULL, 5000, 1, '1730123894', '단골 손님', 'qqqq', '01052545944', '5000', 219, 11),
(1659, '1333.16', '미키비누', '블루', NULL, 5000, 1, '1730122411', '단골 손님', '할머니', '01052545944', '5000', 219, 11),
(1658, '1310.15', '미키비누', '블루', NULL, 5000, 1, '1730121034', '단골 손님', 'abcdefg', '01052545944', '5000', 219, 11),
(1657, '1310.14', '미키비누', '블루', NULL, 5000, 1, '1730121002', '단골 손님', 'abcdefg', '01052545944', '5000', 219, 11),
(1656, '1303.13', '미키비누', '블루', NULL, 5000, 1, '1730120611', '단골 손님', 'ee', '01052545944', '5000', 219, 11),
(1655, '1301.12', '미키비누', '블루', NULL, 5000, 1, '1730120515', '단골 손님', 'ddd', '01052545944', '5000', 219, 11),
(1654, '1300.11', '미키비누', '블루', NULL, 5000, 1, '1730120450', '단골 손님', 'e', '01052545944', '5000', 219, 11),
(1653, '1259.10', '미키비누', '블루', NULL, 5000, 1, '1730120389', '단골 손님', '', '01052545944', '5000', 219, 11),
(1652, '1255.09', '미키비누', '블루', NULL, 5000, 1, '1730120146', '단골 손님', '', '01052545944', '5000', 219, 11),
(1651, '1255.07', '미키비누', '블루', NULL, 5000, 1, '1730120122', '단골 손님', '', '01052545944', '5000', 219, 11),
(1650, '1254.05', '미키비누', '블루', NULL, 5000, 1, '1730120099', '단골 손님', '', '01052545944', '5000', 219, 11),
(1649, '1252.03', '미키비누', '블루', NULL, 5000, 1, '1730119965', '단골 손님', '', '01052545944', '5000', 219, 11),
(1648, '1252.01', '미키비누', '블루', NULL, 5000, 1, '1730119948', '단골 손님', '', '01052545944', '5000', 219, 11),
(1647, '1247.99', '미키비누', '블루', NULL, 5000, 1, '1730119670', '단골 손님', '', '01052545944', '5000', 219, 11),
(1646, '1239.96', '미키비누', '블루', NULL, 5000, 1, '1730119173', '단골 손님', '', '01052545944', '5000', 219, 11),
(1645, '1036.94', '미키비누', '블루', NULL, 5000, 1, '1730111802', '단골 손님', '', '01052545944', '5000', 219, 11),
(1644, '1001.93', '미키비누', '블루', NULL, 5000, 1, '1730109686', '단골 손님', '', '01052545944', '5000', 219, 11),
(1643, '0953.92', '미키비누', '블루', NULL, 5000, 1, '1730109209', '단골 손님', 'q', '01052545944', '5000', 219, 11),
(1642, '0952.91', '미키비누', '블루', NULL, 5000, 1, '1730109146', '단골 손님', 'wwss', '01052545944', '5000', 219, 11),
(1641, '0952.90', '미키비누', '블루', NULL, 5000, 1, '1730109134', '단골 손님', '', '01052545944', '5000', 219, 11),
(1640, '0952.89', '미키비누', '블루', NULL, 5000, 1, '1730109126', '단골 손님', 'ww', '01052545944', '5000', 219, 11),
(1639, '0950.88', '미키비누', '블루', NULL, 5000, 1, '1730109029', '단골 손님', 'r', '01052545944', '5000', 219, 11),
(1638, '0950.87', '미키비누', '블루', NULL, 5000, 1, '1730109018', '단골 손님', '', '01052545944', '5000', 219, 11),
(1637, '0950.86', '미키비누', '블루', NULL, 5000, 1, '1730109003', '단골 손님', 'w', '01052545944', '5000', 219, 11),
(1636, '0949.85', '미키비누', '블루', NULL, 5000, 1, '1730108988', '단골 손님', 'w', '01052545944', '5000', 219, 11),
(1635, '0948.84', '미키비누', '블루', NULL, 5000, 1, '1730108896', '단골 손님', '', '01052545944', '5000', 219, 11),
(1634, '0947.83', '미키비누', '블루', NULL, 5000, 1, '1730108844', '단골 손님', '', '01052545944', '5000', 219, 11),
(1633, '0944.82', '미키비누', '블루', NULL, 5000, 1, '1730108685', '단골 손님', '', '01052545944', '5000', 219, 11),
(1632, '0942.81', '미키비누', '블루', NULL, 5000, 1, '1730108558', '단골 손님', '', '01052545944', '5000', 219, 11),
(1631, '0941.80', '미키비누', '블루', NULL, 5000, 1, '1730108462', '단골 손님', '', '01052545944', '5000', 219, 11),
(1630, '0940.79', '미키비누', '블루', NULL, 5000, 1, '1730108440', '단골 손님', 'www', '01052545944', '5000', 219, 11),
(1629, '0938.78', '미키비누', '블루', NULL, 5000, 1, '1730108321', '단골 손님', 'ww', '01052545944', '5000', 219, 11),
(1628, '0937.77', '미키비누', '블루', NULL, 5000, 1, '1730108259', '단골 손님', '', '01052545944', '5000', 219, 11),
(1627, '0935.76', '미키비누', '블루', NULL, 5000, 1, '1730108156', '단골 손님', 'a', '01052545944', '5000', 219, 11),
(1626, '0932.75', '미키비누', '블루', NULL, 5000, 1, '1730107920', '단골 손님', '', '01052545944', '5000', 219, 11),
(1625, '0931.74', '미키비누', '블루', NULL, 5000, 1, '1730107900', '단골 손님', '', '01052545944', '5000', 219, 11),
(1624, '0922.73', '미키비누', '블루', NULL, 5000, 1, '1730107360', '단골 손님', '', '01052545944', '5000', 219, 11),
(1623, '0918.72', '미키비누', '블루', NULL, 5000, 1, '1730107112', '단골 손님', '', '01052545944', '5000', 219, 11),
(1622, '0918.71', '미키비누', '블루', NULL, 5000, 1, '1730107097', '단골 손님', '', '01052545944', '5000', 219, 11),
(1621, '0917.70', '미키비누', '블루', NULL, 5000, 1, '1730107079', '단골 손님', 'q', '01052545944', '5000', 219, 11),
(1620, '0917.69', '미키비누', '블루', NULL, 5000, 1, '1730107064', '단골 손님', '', '01052545944', '5000', 219, 11),
(1619, '0917.68', '미키비누', '블루', NULL, 5000, 1, '1730107053', '단골 손님', 'qqq', '01052545944', '5000', 219, 11),
(1618, '0915.67', '미키비누', '블루', NULL, 5000, 1, '1730106922', '단골 손님', 'q', '01052545944', '5000', 219, 11),
(1617, '0914.66', '미키비누', '블루', NULL, 5000, 1, '1730106897', '단골 손님', '', '01052545944', '5000', 219, 11),
(1616, '0914.65', '미키비누', '블루', NULL, 5000, 1, '1730106866', '단골 손님', '', '01052545944', '5000', 219, 11),
(1615, '0911.64', '미키비누', '블루', NULL, 5000, 1, '1730106683', '단골 손님', 'q', '01052545944', '5000', 219, 11),
(1614, '0911.63', '미키비누', '블루', NULL, 5000, 1, '1730106667', '단골 손님', '', '01052545944', '5000', 219, 11),
(1613, '0907.62', '미키비누', '블루', NULL, 5000, 1, '1730106473', '단골 손님', '', '01052545944', '5000', 219, 11),
(1612, '0905.61', '미키비누', '블루', NULL, 5000, 1, '1730106309', '단골 손님', '', '01052545944', '5000', 219, 11),
(1611, '0904.60', '미키비누', '블루', NULL, 5000, 1, '1730106293', '단골 손님', '', '01052545944', '5000', 219, 11),
(1610, '0904.59', '미키비누', '블루', NULL, 5000, 1, '1730106259', '단골 손님', '6', '01052545944', '5000', 219, 11),
(1609, '0904.58', '미키비누', '블루', NULL, 5000, 1, '1730106241', '단골 손님', '', '01052545944', '5000', 219, 11),
(1608, '0903.57', '미키비누', '블루', NULL, 5000, 1, '1730106229', '단골 손님', '', '01052545944', '5000', 219, 11),
(1607, '0903.55', '미키비누', '블루', NULL, 5000, 1, '1730106210', '단골 손님', '5', '01052545944', '5000', 219, 11),
(1606, '0903.54', '미키비누', '블루', NULL, 5000, 1, '1730106197', '단골 손님', '', '01052545944', '5000', 219, 11),
(1605, '0903.53', '미키비누', '블루', NULL, 5000, 1, '1730106187', '단골 손님', '4', '01052545944', '5000', 219, 11),
(1604, '0902.52', '미키비누', '블루', NULL, 5000, 1, '1730106164', '단골 손님', '', '01052545944', '5000', 219, 11),
(1603, '0902.51', '미키비누', '블루', NULL, 5000, 1, '1730106121', '단골 손님', '22', '01052545944', '5000', 219, 11),
(1602, '0852.50', '미키비누', '블루', NULL, 5000, 1, '1730105547', '단골 손님', '222', '01052545944', '5000', 219, 11),
(1601, '0850.49', '미키비누', '블루', NULL, 5000, 1, '1730105444', '단골 손님', '', '01052545944', '5000', 219, 11),
(1600, '0849.48', '미키비누', '블루', NULL, 5000, 1, '1730105370', '단골 손님', '', '01052545944', '5000', 219, 11),
(1599, '0848.47', '미키비누', '블루', NULL, 5000, 1, '1730105322', '단골 손님', '', '01052545944', '5000', 219, 11),
(1598, '0848.46', '미키비누', '블루', NULL, 5000, 1, '1730105310', '단골 손님', '', '01052545944', '5000', 219, 11),
(1597, '0847.45', '미키비누', '블루', NULL, 5000, 1, '1730105262', '단골 손님', '', '01052545944', '5000', 219, 11),
(1596, '0846.44', '미키비누', '블루', NULL, 5000, 1, '1730105211', '단골 손님', '', '01052545944', '5000', 219, 11),
(1595, '0846.43', '미키비누', '블루', NULL, 5000, 1, '1730105200', '단골 손님', '', '01052545944', '5000', 219, 11),
(1594, '0845.42', '미키비누', '블루', NULL, 5000, 1, '1730105145', '단골 손님', '', '01052545944', '5000', 219, 11),
(1593, '0843.41', '미키비누', '블루', NULL, 5000, 1, '1730104983', '단골 손님', '', '01052545944', '5000', 219, 11),
(1592, '0842.40', '미키비누', '블루', NULL, 5000, 1, '1730104939', '단골 손님', '', '01052545944', '5000', 219, 11),
(1591, '0841.39', '미키비누', '블루', NULL, 5000, 1, '1730104871', '단골 손님', '', '01052545944', '5000', 219, 11),
(1590, '0840.38', '미키비누', '블루', NULL, 5000, 1, '1730104839', '단골 손님', '', '01052545944', '5000', 219, 11),
(1589, '0840.37', '미키비누', '블루', NULL, 5000, 1, '1730104817', '단골 손님', '', '01052545944', '5000', 219, 11),
(1588, '0839.36', '미키비누', '블루', NULL, 5000, 1, '1730104790', '단골 손님', '', '01052545944', '5000', 219, 11),
(1587, '0839.35', '미키비누', '블루', NULL, 5000, 1, '1730104776', '단골 손님', '', '01052545944', '5000', 219, 11),
(1586, '0838.34', '미키비누', '블루', NULL, 5000, 1, '1730104734', '단골 손님', '', '01052545944', '5000', 219, 11),
(1585, '0835.33', '미키비누', '블루', NULL, 5000, 1, '1730104525', '단골 손님', '', '01052545944', '5000', 219, 11),
(1584, '0834.32', '미키비누', '블루', NULL, 5000, 1, '1730104499', '단골 손님', '', '01052545944', '5000', 219, 11),
(1583, '0817.31', '미키비누', '블루', NULL, 5000, 1, '1730103451', '단골 손님', '', '01052545944', '5000', 219, 11),
(1582, '0816.30', '미키비누', '블루', NULL, 5000, 1, '1730103398', '단골 손님', '', '01052545944', '5000', 219, 11),
(1581, '0814.29', '미키비누', '블루', NULL, 5000, 1, '1730103285', '단골 손님', '', '01052545944', '5000', 219, 11),
(1580, '0810.28', '미키비누', '블루', NULL, 5000, 1, '1730103003', '단골 손님', '', '01052545944', '5000', 219, 11),
(1579, '0804.27', '미키비누', '블루', NULL, 5000, 1, '1730102661', '단골 손님', '778', '01052545944', '5000', 219, 11),
(1578, '0804.26', '미키비누', '블루', NULL, 5000, 1, '1730102649', '단골 손님', '', '01052545944', '5000', 219, 11),
(1577, '0803.25', '미키비누', '블루', NULL, 5000, 1, '1730102639', '단골 손님', '', '01052545944', '5000', 219, 11),
(1576, '0803.24', '미키비누', '블루', NULL, 5000, 1, '1730102582', '단골 손님', 'eeett', '01052545944', '5000', 219, 11),
(1575, '0802.23', '미키비누', '블루', NULL, 5000, 1, '1730102544', '단골 손님', '', '01052545944', '5000', 219, 11),
(1574, '0801.22', '미키비누', '블루', NULL, 5000, 1, '1730102488', '단골 손님', '', '01052545944', '5000', 219, 11),
(1573, '0801.21', '미키비누', '블루', NULL, 5000, 1, '1730102464', '단골 손님', '', '01052545944', '5000', 219, 11),
(1572, '0753.20', '미키비누', '블루', NULL, 5000, 1, '1730102009', '단골 손님', 'tt', '01052545944', '5000', 219, 11),
(1571, '0751.19', '미키비누', '블루', NULL, 5000, 1, '1730101874', '단골 손님', 'hhh', '01052545944', '5000', 219, 11),
(1570, '0750.18', '미키비누', '블루', NULL, 5000, 1, '1730101839', '단골 손님', '555', '01052545944', '5000', 219, 11),
(1569, '0750.17', '미키비누', '블루', NULL, 5000, 1, '1730101828', '단골 손님', 'kkkk', '01052545944', '5000', 219, 11),
(1568, '0741.12', '미키비누', '블루', NULL, 5000, 1, '1730101314', '단골 손님', 'aa', '01052545944', '5000', 219, 11),
(1567, '0739.16', '미키비누', '블루', NULL, 5000, 1, '1730101155', '단골 손님', 'hh', '01052545944', '5000', 219, 11),
(1566, '0737.15', '미키비누', '블루', NULL, 5000, 1, '1730101056', '단골 손님', 'kkkkk', '01052545944', '5000', 219, 11),
(1565, '0031.13', '미키비누', '블루', NULL, 5000, 1, '1730075519', '단골 손님', 'qqq', '01052545944', '5000', 219, 11),
(1564, '0031.12', '미키비누', '블루', NULL, 5000, 1, '1730075469', '단골 손님', 'qqq', '01052545944', '5000', 219, 11),
(1563, '2308.11', '미키비누', '블루', NULL, 5000, 1, '1730070527', '단골 손님', 'g', '01052545944', '5000', 219, 11),
(1562, '2308.10', '미키비누', '블루', NULL, 5000, 1, '1730070520', '단골 손님', 'f', '01052545944', '5000', 219, 11),
(1561, '2308.09', '미키비누', '블루', NULL, 5000, 1, '1730070511', '단골 손님', 'd', '01052545944', '5000', 219, 11),
(1560, '2308.08', '미키비누', '블루', NULL, 5000, 1, '1730070503', '단골 손님', 's', '01052545944', '5000', 219, 11),
(1559, '2308.07', '미키비누', '블루', NULL, 5000, 1, '1730070496', '단골 손님', 'a', '01052545944', '5000', 219, 11),
(1558, '2301.15', '미키비누', '블루', NULL, 5000, 3, '1730070105', '단골 손님', '7', '01052545944', '15000', 219, 11),
(1557, '2301.14', '미키비누', '블루', NULL, 5000, 2, '1730070097', '단골 손님', '7', '01052545944', '10000', 219, 11),
(1556, '2301.13', '미키비누', '블루', NULL, 5000, 1, '1730070087', '단골 손님', '7', '01052545944', '5000', 219, 11),
(1555, '2247.12', '미키비누', '블루', NULL, 5000, 3, '1730069223', '단골 손님', '3', '01052545944', '15000', 219, 11),
(1554, '2246.11', '미키비누', '블루', NULL, 5000, 2, '1730069215', '단골 손님', '2', '01052545944', '10000', 219, 11),
(1553, '2246.10', '미키비누', '블루', NULL, 5000, 1, '1730069206', '단골 손님', '1', '01052545944', '5000', 219, 11),
(1552, '2236.09', '미키비누', '블루', NULL, 5000, 2, '1730068568', '단골 손님', '9', '01052545944', '10000', 219, 11),
(1551, '2235.08', '미키비누', '블루', NULL, 5000, 1, '1730068559', '단골 손님', '3', '01052545944', '5000', 219, 11),
(1550, '2234.07', '미키비누', '블루', NULL, 5000, 1, '1730068458', '단골 손님', '5', '01052545944', '5000', 219, 11),
(1549, '2234.06', '미키비누', '블루', NULL, 5000, 2, '1730068449', '단골 손님', '7', '01052545944', '10000', 219, 11),
(1548, '2233.05', '미키비누', '블루', NULL, 5000, 1, '1730068399', '단골 손님', '10', '01052545944', '5000', 219, 11),
(1547, '2223.04', '미키비누', '블루', NULL, 5000, 3, '1730067795', '단골 손님', '祖母', '01052545944', '15000', 219, 11),
(1546, '2221.05', '미키비누', '블루', NULL, 5000, 1, '1730067691', '단골 손님', 'ww', '01052545944', '5000', 219, 11),
(1545, '2216.04', '미키비누', '블루', NULL, 5000, 1, '1730067388', '단골 손님', 'www', '01052545944', '5000', 219, 11),
(1544, '2215.03', '미키비누', '블루', NULL, 5000, 1, '1730067334', '단골 손님', 'sss', '01052545944', '5000', 219, 11),
(1543, '2215.03', '미키비누', '블루', NULL, 5000, 1, '1730067301', '단골 손님', '9', '01052545944', '5000', 219, 11),
(1542, '2212.39', '미키비누', '블루', NULL, 5000, 1, '1730067153', '단골 손님', '祖母', '01052545944', '5000', 219, 11),
(1541, '2211.38', '미키비누', '블루', NULL, 5000, 2, '1730067061', '단골 손님', '7', '01052545944', '10000', 219, 11),
(1540, '0802.35', '미키비누', '블루', NULL, 5000, 1, '1730016122', '단골 손님', 'ww', '01052545944', '5000', 219, 11),
(1539, '0800.34', '미키비누', '블루', NULL, 5000, 1, '1730016008', '단골 손님', 'kang', '01052545944', '5000', 219, 11),
(1538, '0759.37', '미키비누', '블루', NULL, 5000, 1, '1730015971', '단골 손님', '6', '01052545944', '5000', 219, 11),
(1537, '0755.36', '미키비누', '블루', NULL, 5000, 1, '1730015757', '단골 손님', '10', '01052545944', '5000', 219, 11),
(1536, '0755.35', '미키비누', '블루', NULL, 5000, 1, '1730015747', '단골 손님', '母', '01052545944', '5000', 219, 11),
(1535, '0753.34', '미키비누', '블루', NULL, 5000, 1, '1730015584', '단골 손님', 'kk', '01052545944', '5000', 219, 11),
(1534, '0740.33', '미키비누', '블루', NULL, 5000, 1, '1730014821', '단골 손님', '', '01052545944', '5000', 219, 11),
(1533, '0739.32', '미키비누', '블루', NULL, 5000, 1, '1730014744', '단골 손님', 'klj', '01052545944', '5000', 219, 11),
(1532, '0728.31', '미키비누', '블루', NULL, 5000, 1, '1730014129', '단골 손님', '10', '01052545944', '5000', 219, 11),
(1531, '0721.30', '미키비누', '블루', NULL, 5000, 1, '1730013661', '단골 손님', 'kkk', '01052545944', '5000', 219, 11),
(1530, '0711.29', '미키비누', '블루', NULL, 5000, 1, '1730013105', '단골 손님', 'kkkk', '01052545944', '5000', 219, 11),
(1529, '0711.28', '미키비누', '블루', NULL, 5000, 1, '1730013089', '단골 손님', '10', '01052545944', '5000', 219, 11),
(1528, '0707.27', '미키비누', '블루', NULL, 5000, 1, '1730012861', '단골 손님', '9', '01052545944', '5000', 219, 11),
(1527, '0707.26', '미키비누', '블루', NULL, 5000, 1, '1730012839', '단골 손님', 'ffhh', '01052545944', '5000', 219, 11),
(1526, '0700.25', '미키비누', '블루', NULL, 5000, 1, '1730012434', '단골 손님', '5', '01052545944', '5000', 219, 11),
(1525, '0700.24', '미키비누', '블루', NULL, 5000, 1, '1730012415', '단골 손님', 'kkkh', '01052545944', '5000', 219, 11),
(1524, '0659.23', '미키비누', '블루', NULL, 5000, 1, '1730012397', '단골 손님', 'kkk', '01052545944', '5000', 219, 11),
(1523, '0659.22', '미키비누', '블루', NULL, 5000, 1, '1730012360', '단골 손님', 'kkk', '01052545944', '5000', 219, 11),
(1522, '0659.21', '미키비누', '블루', NULL, 5000, 1, '1730012341', '단골 손님', 'kkk', '01052545944', '5000', 219, 11),
(1521, '0658.20', '미키비누', '블루', NULL, 5000, 1, '1730012322', '단골 손님', 'kkk', '01052545944', '5000', 219, 11),
(1520, '0658.19', '미키비누', '블루', NULL, 5000, 1, '1730012311', '단골 손님', 'kkkk', '01052545944', '5000', 219, 11),
(1519, '0654.18', '미키비누', '블루', NULL, 5000, 1, '1730012043', '단골 손님', '10', '01052545944', '5000', 219, 11),
(1518, '0653.17', '미키비누', '블루', NULL, 5000, 1, '1730012030', '단골 손님', '10', '01052545944', '5000', 219, 11),
(1517, '0635.16', '미키비누', '블루', NULL, 5000, 1, '1730010953', '단골 손님', 'kkk', '01052545944', '5000', 219, 11),
(1516, '0627.15', '미키비누', '블루', NULL, 5000, 1, '1730010438', '단골 손님', 'kkk', '01052545944', '5000', 219, 11),
(1515, '0624.14', '미키비누', '블루', NULL, 5000, 1, '1730010277', '단골 손님', '10', '01052545944', '5000', 219, 11),
(1514, '0623.13', '미키비누', '블루', NULL, 5000, 1, '1730010208', '단골 손님', 'kkk', '01052545944', '5000', 219, 11),
(1513, '0619.12', '미키비누', '블루', NULL, 5000, 1, '1730009979', '단골 손님', 'www', '01052545944', '5000', 219, 11),
(1512, '0618.11', '미키비누', '블루', NULL, 5000, 1, '1730009894', '단골 손님', '', '01052545944', '5000', 219, 11),
(1511, '0615.10', '미키비누', '블루', NULL, 5000, 1, '1730009726', '단골 손님', '', '01052545944', '5000', 219, 11),
(1510, '0558.09', '미키비누', '블루', NULL, 5000, 1, '1730008686', '단골 손님', 'kkkk', '01052545944', '5000', 219, 11),
(1509, '0548.08', '미키비누', '블루', NULL, 5000, 1, '1730008126', '단골 손님', 'kkk', '01052545944', '5000', 219, 11),
(1508, '0214.07', '미키비누', '블루', NULL, 5000, 1, '1729995252', '단골 손님', 'ffff', '01052545944', '5000', 219, 11),
(1507, '0203.06', '미키비누', '블루', NULL, 5000, 1, '1729994591', '단골 손님', 'tttt', '01052545944', '5000', 219, 11),
(1506, '0158.05', '미키비누', '블루', NULL, 5000, 1, '1729994303', '단골 손님', 'sss', '01052545944', '5000', 219, 11),
(1505, '0154.04', '미키비누', '블루', NULL, 5000, 1, '1729994063', '단골 손님', '대', '01052545944', '5000', 219, 11),
(1504, '0153.03', '미키비누', '블루', NULL, 5000, 1, '1729993980', '단골 손님', '대', '01052545944', '5000', 219, 11);
INSERT INTO `orders_backup` (`order_ID`, `order_number`, `foodname`, `choice`, `status`, `price`, `quantity`, `order_date`, `username`, `table_nr`, `contact`, `gtotal`, `F_ID`, `R_ID`) VALUES
(1503, '0152.02', '미키비누', '블루', NULL, 5000, 1, '1729993931', '단골 손님', '電', '01052545944', '5000', 219, 11),
(1502, '0148.01', '미키비누', '블루', NULL, 5000, 1, '1729993726', '단골 손님', '', '01052545944', '5000', 219, 11),
(1501, '0147.00', '미키비누', '블루', NULL, 5000, 1, '1729993630', '단골 손님', '', '01052545944', '5000', 219, 11),
(1500, '0146.99', '미키비누', '블루', NULL, 5000, 1, '1729993568', '단골 손님', 'fast', '01052545944', '5000', 219, 11),
(1499, '0145.98', '미키비누', '블루', NULL, 5000, 1, '1729993557', '단골 손님', '母', '01052545944', '5000', 219, 11),
(1498, '0145.97', '미키비누', '블루', NULL, 5000, 1, '1729993535', '단골 손님', '9', '01052545944', '5000', 219, 11),
(1497, '0145.96', '미키비누', '블루', NULL, 5000, 1, '1729993520', '단골 손님', 'dddd', '01052545944', '5000', 219, 11),
(1496, '0142.95', '미키비누', '블루', NULL, 5000, 1, '1729993370', '단골 손님', '대', '01052545944', '5000', 219, 11),
(1495, '0142.94', '미키비누', '블루', NULL, 5000, 1, '1729993357', '단골 손님', '', '01052545944', '5000', 219, 11),
(1494, '0142.93', '미키비누', '블루', NULL, 5000, 1, '1729993337', '단골 손님', '母', '01052545944', '5000', 219, 11),
(1493, '0142.92', '미키비누', '블루', NULL, 5000, 1, '1729993322', '단골 손님', '母', '01052545944', '5000', 219, 11),
(1492, '0141.91', '미키비누', '블루', NULL, 5000, 1, '1729993302', '단골 손님', '대', '01052545944', '5000', 219, 11),
(1491, '0139.90', '미키비누', '블루', NULL, 5000, 1, '1729993174', '단골 손님', 'ㅎㅎ', '01052545944', '5000', 219, 11),
(1490, '0139.89', '미키비누', '블루', NULL, 5000, 1, '1729993161', '단골 손님', '', '01052545944', '5000', 219, 11),
(1489, '0139.88', '미키비누', '블루', NULL, 5000, 1, '1729993140', '단골 손님', 'ㅎㅎㅎㅎ', '01052545944', '5000', 219, 11),
(1488, '0131.87', '미키비누', '블루', NULL, 5000, 1, '1729992715', '단골 손님', '母', '01052545944', '5000', 219, 11),
(1487, '0131.86', '미키비누', '블루', NULL, 5000, 1, '1729992675', '단골 손님', '', '01052545944', '5000', 219, 11),
(1486, '0130.85', '미키비누', '블루', NULL, 5000, 1, '1729992622', '단골 손님', '', '01052545944', '5000', 219, 11),
(1485, '0130.84', '미키비누', '블루', NULL, 5000, 1, '1729992610', '단골 손님', '', '01052545944', '5000', 219, 11),
(1484, '0130.83', '미키비누', '블루', NULL, 5000, 1, '1729992600', '단골 손님', 'ㄴㄴ', '01052545944', '5000', 219, 11),
(1483, '0128.82', '미키비누', '블루', NULL, 5000, 1, '1729992534', '단골 손님', 'ㄴㄴㄴ', '01052545944', '5000', 219, 11),
(1482, '0118.81', '미키비누', '블루', NULL, 5000, 1, '1729991912', '단골 손님', 'ㅇㅇㅇㅇㅇ', '01052545944', '5000', 219, 11),
(1481, '0055.80', '미키비누', '블루', NULL, 5000, 1, '1729990514', '단골 손님', '김영호가족', '01052545944', '5000', 219, 11),
(1480, '0015.79', '미키비누', '블루', NULL, 5000, 1, '1729988138', '단골 손님', '다', '01052545944', '5000', 219, 11),
(1479, '0003.78', '미키비누', '블루', NULL, 5000, 1, '1729987394', '단골 손님', '교', '01052545944', '5000', 219, 11),
(1478, '2358.77', '미키비누', '블루', NULL, 5000, 1, '1729987131', '단골 손님', '철수', '01052545944', '5000', 219, 11),
(1477, '2358.76', '미키비누', '블루', NULL, 5000, 1, '1729987107', '단골 손님', 'ddddd', '01052545944', '5000', 219, 11),
(1476, '2313.75', '미키비누', '블루', NULL, 5000, 1, '1729984411', '단골 손님', '1', '01052545944', '5000', 219, 11),
(1475, '2313.74', '미키비누', '블루', NULL, 5000, 1, '1729984397', '단골 손님', '1', '01052545944', '5000', 219, 11),
(1474, '2308.73', '미키비누', '블루', NULL, 5000, 1, '1729984103', '단골 손님', '母', '01052545944', '5000', 219, 11),
(1473, '2308.72', '미키비누', '블루', NULL, 5000, 2, '1729984095', '단골 손님', '祖父', '01052545944', '10000', 219, 11),
(1472, '2307.71', '미키비누', '블루', NULL, 5000, 4, '1729984040', '단골 손님', '', '01052545944', '20000', 219, 11),
(1471, '2306.70', '미키비누', '블루', NULL, 5000, 3, '1729984003', '단골 손님', '', '01052545944', '15000', 219, 11),
(1470, '2305.69', '미키비누', '블루', NULL, 5000, 1, '1729983925', '단골 손님', '', '01052545944', '5000', 219, 11),
(1469, '2305.68', '미키비누', '블루', NULL, 5000, 1, '1729983915', '단골 손님', '', '01052545944', '5000', 219, 11),
(1468, '2253.67', '미키비누', '블루', NULL, 5000, 1, '1729983192', '단골 손님', '電', '01052545944', '5000', 219, 11),
(1467, '2149.66', '미키비누', '블루', NULL, 5000, 1, '1729979387', '단골 손님', '', '01052545944', '5000', 219, 11),
(1466, '2145.65', '미키비누', '블루', NULL, 5000, 1, '1729979104', '단골 손님', '12', '01052545944', '5000', 219, 11),
(1465, '2144.64', '미키비누', '블루', NULL, 5000, 1, '1729979068', '단골 손님', '대', '01052545944', '5000', 219, 11),
(1464, '2143.63', '미키비누', '블루', NULL, 5000, 1, '1729979035', '단골 손님', '대', '01052545944', '5000', 219, 11),
(1463, '2143.62', '미키비누', '블루', NULL, 5000, 1, '1729979019', '단골 손님', '대', '01052545944', '5000', 219, 11),
(1462, '2142.61', '미키비누', '블루', NULL, 5000, 10, '1729978964', '단골 손님', '대', '01052545944', '50000', 219, 11),
(1461, '2127.59', '미키비누', '블루', NULL, 5000, 5, '1729978049', '단골 손님', '1', '01052545944', '25000', 219, 11),
(1459, '1937.19', '수제비', '', NULL, 7500, 1, '1726601872', '관리자', '16', '01022223333', '7500', 119, 9),
(1458, '1935.18', '수제비', '', NULL, 7500, 7, '1726601708', '관리자', '16', '01022223333', '52500', 119, 9),
(1457, '1136.16', '만두5개', '섞어', NULL, 7500, 3, '1726573008', '관리자', '15', '01022223333', '22500', 133, 9),
(1456, '1136.13', '만두5개', '고기', NULL, 7500, 3, '1726572978', '단골 손님', 'i', '01052545944', '22500', 133, 9),
(1455, '1136.12', '만두5개', '고기', NULL, 7500, 1, '1726572963', '단골 손님', 'i', '01052545944', '7500', 133, 9),
(1454, '1134.10', '만두5개', '고기', NULL, 7500, 1, '1726572895', '관리자', '14', '01022223333', '7500', 133, 9),
(1453, '1134.09', '칼국수', '', NULL, 7000, 1, '1726572876', '관리자', '15', '01022223333', '7000', 120, 9),
(1452, '1010.08', '칼국수', '', NULL, 7000, 1, '1726567813', '관리자', '14', '01022223333', '7000', 120, 9),
(1451, '1009.07', '만두5개', '김치', NULL, 7500, 3, '1726567767', '관리자', '14', '01022223333', '22500', 133, 9),
(1450, '1008.06', '만두5개', '김치', NULL, 7500, 1, '1726567704', '관리자', '14', '01022223333', '7500', 133, 9),
(1710, '0809.17', '꿀비누', '', NULL, 3000, 1, '1730189359', '단골 손님', '1', '01052545944', '3000', 226, 11),
(1708, '0800.15', '미키비누', '블루', NULL, 5000, 1, '1730188846', '단골 손님', '할머니', '01052545944', '9000', 219, 11),
(1707, '0800.15', '하트비누', '', NULL, 4000, 1, '1730188846', '단골 손님', '할머니', '01052545944', '4000', 224, 11),
(1705, '0731.13', '미키비누', '블루', NULL, 5000, 1, '1730187075', '단골 손님', '할머니가족', '01052545944', '5000', 219, 11),
(1709, '0807.16', '꿀비누', '', NULL, 4000, 1, '1730189253', '단골 손님', '할아버지', '01052545944', '4000', 225, 11),
(1712, '0834.19', '하트비누', '', NULL, 4000, 1, '1730190881', '단골 손님', '할아버지', '01052545944', '4000', 224, 11),
(1717, '0556.24', '미키비누', '블루', NULL, 5000, 1, '1730235390', '단골 손님', '7', '01052545944', '5000', 219, 11),
(1716, '0554.23', '미키비누', '블루', NULL, 5000, 1, '1730235241', '단골 손님', '8', '01052545944', '5000', 219, 11),
(1715, '2053.22', '꿀비누', '', NULL, 3000, 1, '1730235195', '단골 손님', '7', '01052545944', '3000', 226, 11),
(1714, '2046.21', '꿀비누', '', NULL, 3000, 1, '1730234762', '단골 손님', '2', '01052545944', '3000', 226, 11),
(1713, '2045.20', '미키비누', '블루', NULL, 5000, 1, '1730234753', '단골 손님', '2', '01052545944', '5000', 219, 11),
(1706, '0731.14', '미키비누', '블루', NULL, 5000, 1, '1730187117', '단골 손님', '할머니가족', '01052545944', '5000', 219, 11),
(1445, '0953.55', '미키비누', '블루', NULL, 5000, 1, '1726566839', '단골 손님', '7', '01052545944', '12500', 219, 11),
(1441, '0915.51', '미키비누', '블루', NULL, 5000, 1, '1717892137', '단골 손님', '2', '01052545944', '5000', 219, 11),
(1440, '0818.50', '미키비누', '투명', NULL, 5000, 1, '1716419889', '단골 손님', '祖父', '01052545944', '5000', 219, 11),
(1438, '1830.48', '미키비누', '블루', NULL, 5000, 1, '1716370247', '단골 손님', '祖父', '01052545944', '5000', 219, 11),
(1720, '0621.27', '하트비누', '', NULL, 4000, 1, '1730236915', '단골 손님', '祖부', '01052545944', '4000', 224, 11),
(1719, '0621.26', '미키비누', '블루', NULL, 5000, 1, '1730236893', '단골 손님', '祖모', '01052545944', '5000', 219, 11),
(1718, '0600.25', '미키비누', '블루', NULL, 5000, 1, '1730235617', '단골 손님', '할아버지', '01052545944', '5000', 219, 11),
(1460, '1938.57', '미키비누', '블루', NULL, 5000, 1, '1726601930', '단골 손님', '祖父', '01052545944', '5000', 219, 11),
(1729, '0637.38', '미키비누', '블루', NULL, 5000, 1, '1730237877', '단골 손님', '라', '01052545944', '5000', 219, 11),
(1728, '0632.37', '미키비누', '블루', NULL, 5000, 1, '1730237535', '단골 손님', 'ㅂ', '01052545944', '5000', 219, 11),
(1363, '1448.03', '칼국수', '', NULL, 7000, 1, '1698212903', '관리자', '09', '01022223333', '7000', 120, 9),
(1364, '1448.03', '만두5개', '섞어', NULL, 7500, 2, '1698212903', '관리자', '09', '01022223333', '15000', 133, 9),
(1365, '0047.03', '칼국수', '', NULL, 7000, 1, '1700754432', '관리자', '10', '01022223333', '7000', 120, 9),
(1366, '0047.03', '수제비', '', NULL, 7500, 1, '1700754432', '관리자', '10', '01022223333', '7500', 119, 9),
(1367, '1609.03', '칼국수', '', NULL, 7000, 1, '1703747393', '관리자', '05', '01022223333', '7000', 120, 9),
(1368, '1609.03', '수제비', '', NULL, 7500, 2, '1703747393', '관리자', '05', '01022223333', '15000', 119, 9),
(1369, '1759.03', '칼국수', '', NULL, 7000, 2, '1704185986', '관리자', '02', '01022223333', '14000', 120, 9),
(1370, '1759.03', '만두5개', '김치', NULL, 7500, 2, '1704185986', '관리자', '02', '01022223333', '15000', 133, 9),
(1371, '1801.03', '칼국수', '', NULL, 7000, 1, '1704186096', '관리자', '13', '01022223333', '7000', 120, 9),
(1372, '1448.03', '칼국수', '', NULL, 7000, 3, '1704433720', '관리자', '08', '01022223333', '21000', 120, 9),
(1373, '1448.03', '만두5개', '김치', NULL, 7500, 2, '1704433720', '관리자', '08', '01022223333', '15000', 133, 9),
(1374, '1221.03', '칼국수', '', NULL, 7000, 2, '1704856866', '관리자', '03', '01022223333', '14000', 120, 9),
(1384, '1709.1', '칼국수', '', NULL, 7000, 1, '1707725375', '관리자', '09', '01022223333', '7000', 120, 9),
(1385, '1709.1', '만두5개', '김치', NULL, 7500, 2, '1707725375', '관리자', '09', '01022223333', '15000', 133, 9),
(1386, '1847.1', '칼국수', '', NULL, 7000, 1, '1710496042', '관리자', '11', '01022223333', '7000', 120, 9),
(1387, '1847.1', '수제비', '', NULL, 7500, 2, '1710496042', '관리자', '11', '01022223333', '15000', 119, 9),
(1388, '0630.1', '칼국수', '', NULL, 7000, 1, '1710797437', '관리자', '08', '01022223333', '7000', 120, 9),
(1389, '0630.1', '수제비', '', NULL, 7500, 2, '1710797437', '관리자', '08', '01022223333', '15000', 119, 9),
(1390, '1524.1', '칼국수', '', NULL, 7000, 1, '1712903070', '관리자', '06', '01022223333', '7000', 120, 9),
(1391, '1524.1', '수제비', '', NULL, 7500, 2, '1712903070', '관리자', '06', '01022223333', '15000', 119, 9),
(1392, '1815.1', '칼국수', '', NULL, 7000, 1, '1713604508', '관리자', '10', '01022223333', '7000', 120, 9),
(1393, '1815.1', '수제비', '', NULL, 7500, 2, '1713604508', '관리자', '10', '01022223333', '15000', 119, 9),
(1346, '1257.86', '칼국수', '', NULL, 7000, 1, '1674014221', '관리자', '05', '01022223333', '7000', 120, 9),
(1347, '1938.87', '칼국수', '', NULL, 7000, 1, '1674297539', '관리자', '05', '01022223333', '7000', 120, 9),
(1349, '1941.88', '수제비', '', NULL, 7500, 1, '1674297693', '관리자', '07', '01022223333', '7500', 119, 9),
(1352, '0227.92', '칼국수', '', NULL, 7000, 1, '1680197259', '관리자', '03', '01022223333', '7000', 120, 9),
(1354, '0234.94', '수제비', '', NULL, 7500, 1, '1680197652', '관리자', '05', '01022223333', '7500', 119, 9),
(1357, '1239.96', '칼국수', '', NULL, 7000, 5, '1680233982', '단골 손님', 'i', '01052545944', '35000', 120, 9),
(1359, '1545.97', '만두5개', '섞어', NULL, 7500, 1, '1680245135', '관리자', '電', '01022223333', '7500', 133, 9),
(1360, '1151.99', '칼국수', '', NULL, 7000, 1, '1680663111', '관리자', '04', '01022223333', '7000', 120, 9),
(1361, '1151.99', '만두5개', '섞어', NULL, 7500, 1, '1680663111', '관리자', '04', '01022223333', '7500', 133, 9),
(1362, '1152.00', '칼국수', '', NULL, 7000, 1, '1680663145', '관리자', '07', '01022223333', '7000', 120, 9),
(1320, '1328.19', '음료', '콜라', NULL, 1500, 1, '1671510489', '관리자', '04', '01022223333', '1500', 134, 9),
(1321, '1659.70', '공기밥', '', NULL, 1000, 1, '1671523157', '관리자', '13', '01022223333', '1000', 123, 9),
(1340, '1352.83', '칼국수', '', NULL, 7000, 1, '1672375946', '관리자', '07', '01022223333', '7000', 120, 9),
(1341, '1352.83', '만두5개', '김치', NULL, 7500, 2, '1672375946', '관리자', '07', '01022223333', '15000', 133, 9),
(1342, '0557.43', '한우버섯샤브', '매운', NULL, 25000, 1, '1672433850', '단골 손님', '17', '01052545944', '25000', 204, 26),
(1343, '0615.45', '만두5개', '고기', NULL, 7500, 1, '1672434928', '관리자', '12', '01022223333', '7500', 133, 9),
(1344, '1222.85', '칼국수', '', NULL, 7000, 1, '1674012173', '단골 손님', '03', '01052545944', '7000', 120, 9),
(1345, '1222.85', '수제비', '', NULL, 7500, 1, '1674012173', '단골 손님', '03', '01052545944', '7500', 119, 9),
(1348, '1938.87', '만두5개', '섞어', NULL, 7500, 2, '1674297539', '관리자', '05', '01022223333', '15000', 133, 9),
(1350, '2110.90', '수제비', '', NULL, 7500, 1, '1675599024', '관리자', '10', '01022223333', '7500', 119, 9),
(1351, '2110.90', '칼국수', '', NULL, 7000, 1, '1675599024', '관리자', '10', '01022223333', '7000', 120, 9),
(1353, '0227.92', '만두5개', '김치', NULL, 7500, 1, '1680197259', '관리자', '03', '01022223333', '7500', 133, 9),
(1355, '0234.94', '음료', '사이다', NULL, 1500, 1, '1680197652', '관리자', '05', '01022223333', '1500', 134, 9),
(1356, '1239.95', '칼국수', '', NULL, 7000, 1, '1680233949', '단골 손님', 'i', '01052545944', '7000', 120, 9),
(1358, '1545.97', '칼국수', '', NULL, 7000, 1, '1680245135', '관리자', '電', '01022223333', '7000', 120, 9),
(1375, '1221.03', '만두5개', '김치', NULL, 7500, 2, '1704856866', '관리자', '03', '01022223333', '15000', 133, 9),
(1377, '1222.03', '만두5개', '김치', NULL, 7500, 1, '1705375355', '관리자', '02', '01022223333', '7500', 133, 9),
(1726, '0629.35', '미키비누', '블루', NULL, 5000, 1, '1730237367', '단골 손님', '祖父', '01052545944', '5000', 219, 11),
(1725, '0626.34', '미키비누', '블루', NULL, 5000, 1, '1730237200', '단골 손님', '祖父', '01052545944', '5000', 219, 11),
(1724, '0626.33', '하트비누', '', NULL, 4000, 1, '1730237192', '단골 손님', '할아버지', '01052545944', '4000', 224, 11),
(1723, '0625.31', '미키비누', '블루', NULL, 5000, 1, '1730237139', '단골 손님', '祖父', '01052545944', '5000', 219, 11),
(1722, '0623.29', '하트비누', '', NULL, 4000, 1, '1730237000', '단골 손님', '祖父', '01052545944', '4000', 224, 11),
(1796, '0831.57', '미니돼지', '', NULL, 4000, 1, '1731108687', '단골 손님', 'z', '01052545944', '4000', 226, 11),
(1795, '0831.55', '하트비누', '', NULL, 4000, 1, '1731108680', '단골 손님', 's', '01052545944', '4000', 224, 11),
(1794, '0829.54', '미니돼지', '', NULL, 4000, 1, '1731108562', '단골 손님', 's', '01052545944', '4000', 226, 11),
(1793, '0829.53', '미니돼지', '', NULL, 4000, 1, '1731108550', '단골 손님', 'a', '01052545944', '4000', 226, 11),
(1379, '1414.03', '칼국수', '', NULL, 7000, 2, '1705382084', '관리자', '05', '01022223333', '14000', 120, 9),
(1396, '2133.47', '소고기버섯샤브', '보통', NULL, 19000, 1, '1716035582', '단골 손님', '대', '01052545944', '19000', 203, 26),
(1397, '2133.48', '소고기버섯샤브', '보통', NULL, 19000, 1, '1716035610', '단골 손님', '대', '01052545944', '19000', 203, 26),
(1403, '0943.5', '바지락칼국수', '', NULL, 10000, 1, '1716079390', '단골 손님', '7', '01052545944', '10000', 202, 26),
(1407, '1011.9', '버섯만두전골', '', NULL, 16000, 1, '1716081086', '단골 손님', '대', '01052545944', '16000', 205, 26),
(1408, '1711.10', '버섯만두전골', '', NULL, 16000, 1, '1716106282', '단골 손님', '대', '01052545944', '16000', 205, 26),
(1761, '2127.44', '만두5개', '고기', NULL, 7500, 1, '1731014874', '관리자', '10', '01022223333', '7500', 133, 9),
(1762, '2128.45', '만두5개', '고기', NULL, 7500, 1, '1731014925', '관리자', '11', '01022223333', '7500', 133, 9),
(1763, '2129.46', '만두5개', '고기', NULL, 7500, 1, '1731014973', '관리자', '12', '01022223333', '7500', 133, 9),
(1764, '2129.48', '만두5개', '고기', NULL, 7500, 1, '1731014998', '관리자', '13', '01022223333', '7500', 133, 9),
(1765, '2131.49', '만두5개', '고기', NULL, 7500, 1, '1731015068', '관리자', '14', '01022223333', '7500', 133, 9),
(1766, '2131.51', '만두5개', '고기', NULL, 7500, 1, '1731015119', '관리자', '15', '01022223333', '7500', 133, 9),
(1767, '2132.53', '만두5개', '고기', NULL, 7500, 1, '1731015156', '관리자', '09', '01022223333', '7500', 133, 9),
(1768, '2134.54', '만두5개', '고기', NULL, 7500, 1, '1731015269', '관리자', '08', '01022223333', '7500', 133, 9),
(1769, '2135.56', '만두5개', '고기', NULL, 7500, 1, '1731015302', '관리자', '07', '01022223333', '7500', 133, 9),
(1770, '2135.58', '만두5개', '고기', NULL, 7500, 1, '1731015322', '관리자', '06', '01022223333', '7500', 133, 9),
(1771, '2138.60', '만두5개', '고기', NULL, 7500, 1, '1731015533', '관리자', 'i', '01022223333', '7500', 133, 9),
(1772, '2143.62', '만두5개', '고기', NULL, 7500, 1, '1731015836', '관리자', '04', '01022223333', '7500', 133, 9),
(1777, '2148.69', '만두5개', '고기', NULL, 7500, 1, '1731016098', '관리자', '15', '01022223333', '7500', 133, 9),
(1778, '2149.71', '만두5개', '고기', NULL, 7500, 1, '1731016140', '관리자', '10', '01022223333', '7500', 133, 9),
(1779, '2149.73', '만두5개', '고기', NULL, 7500, 1, '1731016188', '관리자', '09', '01022223333', '7500', 133, 9),
(1780, '2151.74', '만두5개', '고기', NULL, 7500, 1, '1731016261', '관리자', '08', '01022223333', '7500', 133, 9),
(1781, '2152.75', '만두5개', '고기', NULL, 7500, 1, '1731016350', '관리자', '07', '01022223333', '7500', 133, 9),
(1782, '2155.76', '만두5개', '고기', NULL, 7500, 1, '1731016557', '관리자', '11', '01022223333', '7500', 133, 9),
(1776, '2147.68', '만두5개', '고기', NULL, 7500, 1, '1731016068', '관리자', '14', '01022223333', '7500', 133, 9),
(1787, '2157.81', '만두5개', '고기', NULL, 7500, 1, '1731016648', '관리자', '13', '01022223333', '7500', 133, 9),
(1792, '0735.86', '만두5개', '고기', NULL, 7500, 1, '1731051337', '관리자', '12', '01022223333', '7500', 133, 9),
(1797, '0841.58', '하트비누', '', NULL, 4000, 1, '1731109269', '단골 손님', '할머니집', '01052545944', '4000', 224, 11),
(1711, '0813.18', '미키비누', '블루', NULL, 5000, 1, '1730189580', '단골 손님', '할머니', '01052545944', '5000', 219, 11),
(1721, '0622.28', '하트비누', '', NULL, 4000, 1, '1730236971', '단골 손님', '祖母', '01052545944', '4000', 224, 11),
(1727, '0629.36', '미키비누', '블루', NULL, 5000, 1, '1730237380', '단골 손님', '祖父', '01052545944', '5000', 219, 11),
(1730, '1728.39', '미키비누', '블루', NULL, 5000, 1, '1730276890', '단골 손님', '3', '01052545944', '5000', 219, 11),
(1731, '1728.40', '하트비누', '', NULL, 4000, 1, '1730276901', '단골 손님', '4', '01052545944', '4000', 224, 11),
(1732, '1729.41', '미키비누', '블루', NULL, 5000, 1, '1730276989', '단골 손님', '할머니', '01052545944', '5000', 219, 11),
(1733, '1730.42', '꿀비누', '', NULL, 4000, 1, '1730277020', '단골 손님', '2', '01052545944', '4000', 225, 11),
(1734, '0528.49', '미니돼지', '', NULL, 4000, 1, '1730406530', '단골 손님', '분 당구', '01052545944', '4000', 226, 11),
(1735, '0528.49', '미키비누', '블루', NULL, 5000, 1, '1730406530', '단골 손님', '분 당구', '01052545944', '9000', 219, 11),
(1736, '0535.50', '하트비누', '', NULL, 4000, 1, '1730406917', '단골 손님', '분당구 산운로135 714-201 강경석', '01052545944', '4000', 224, 11),
(1737, '0551.51', '하트비누', '', NULL, 4000, 1, '1730494265', '단골 손님', '222', '01052545944', '4000', 224, 11),
(1738, '0626.51', '꿀비누', '', NULL, 4000, 1, '1730496372', '단골 손님', '222', '01052545944', '4000', 225, 11),
(1739, '1254.52', '미키비누', '블루', NULL, 5000, 2, '1730951692', '단골 손님', '강', '01052545944', '10000', 219, 11),
(1740, '1254.52', '하트비누', '', NULL, 4000, 1, '1730951692', '단골 손님', '강', '01052545944', '14000', 224, 11),
(1801, '0806.61', '미키비누', '블루', NULL, 5000, 1, '1731280001', '단골 손님', '111', '01052545944', '5000', 219, 11),
(1798, '0619.59', '미키비누', '블루', NULL, 5000, 1, '1731273548', '단골 손님', '祖母', '01052545944', '5000', 219, 11),
(1799, '0619.60', '하트비누', '', NULL, 4000, 1, '1731273568', '단골 손님', '할머니', '01052545944', '4000', 224, 11),
(1800, '0619.60', '꿀비누', '', NULL, 4000, 1, '1731273568', '단골 손님', '할머니', '01052545944', '8000', 225, 11),
(1813, '1652.71', '實驗品目', '', NULL, 5000, 1, '1733989969', '단골 손님', '산운로', '01052545944', '5000', 253, 11),
(1805, '0643.63', '222', '', NULL, 222, 1, '1733953427', '단골 손님', '333', '01052545944', '222', 253, 11),
(1806, '0644.64', '222', '', NULL, 222, 2, '1733953451', '단골 손님', '44', '01052545944', '444', 253, 11),
(1807, '0647.65', '222', '', NULL, 222, 1, '1733953623', '단골 손님', '2', '01052545944', '222', 253, 11),
(1808, '0647.66', '222', '', NULL, 222, 2, '1733953634', '단골 손님', '3', '01052545944', '444', 253, 11),
(1809, '0647.67', '222', '', NULL, 222, 4, '1733953646', '단골 손님', '4', '01052545944', '888', 253, 11),
(1812, '1651.70', '實驗中', '', NULL, 5000, 1, '1733989891', '단골 손님', '항아버지', '01052545944', '5000', 253, 11),
(1804, '0229.62', '하트비누', '', NULL, 4000, 1, '1733938173', '단골 손님', '祖父', '01052545944', '4000', 246, 11),
(1810, '1649.68', '하트비누', '', NULL, 4000, 1, '1733989779', '단골 손님', '祖母', '01052545944', '4000', 246, 11),
(1811, '1650.69', '꿀비누', '', NULL, 4000, 2, '1733989801', '단골 손님', '할머니', '01052545944', '8000', 247, 11),
(1814, '1653.72', '實驗品目', '', NULL, 5000, 1, '1733990025', '단골 손님', '할아버지', '01052545944', '5000', 253, 11),
(1815, '1648.73', '하트비누', '', NULL, 5000, 1, '1734940131', '단골 손님', '할아버지', '01052545944', '5000', 254, 11),
(1816, '0716.75', '하트비누', '', NULL, 5000, 1, '1735683389', '단골 손님', '祖모', '01052545944', '5000', 254, 11),
(1817, '0716.76', '하트비누', '', NULL, 4000, 1, '1735683405', '단골 손님', '할머니', '01052545944', '4000', 246, 11),
(1818, '0717.77', '꿀비누', '', NULL, 4000, 1, '1735683420', '단골 손님', '할아버지', '01052545944', '4000', 247, 11),
(1819, '0717.78', '實驗品目', '', NULL, 5000, 1, '1735683442', '단골 손님', 'ㄴㄴ', '01052545944', '5000', 253, 11),
(1820, '1239.79', '하트비누', '', NULL, 5000, 2, '1736393992', '단골 손님', '할아버지', '01052545944', '10000', 254, 11),
(1825, '1810.80', '꿀비누', '', NULL, 4000, 1, '1742375432', '단골 손님', '1', '01052545944', '4000', 296, 11),
(1831, '1840.93', '꿀비누', '', NULL, 4000, 2, '1742377245', '단골 손님', '33', '01052545944', '8000', 296, 11),
(1830, '1840.91', '꿀비누', '', NULL, 4000, 1, '1742377219', '단골 손님', 'test', '01052545944', '4000', 296, 11),
(1829, '1821.88', '하트비누', '', NULL, 5000, 1, '1742376077', '단골 손님', '2', '01052545944', '5000', 298, 11),
(1827, '1820.86', '하트비누', '', NULL, 5000, 1, '1742376006', '단골 손님', '2', '01052545944', '5000', 298, 11),
(1822, '0845.92', '밍크비누', '', NULL, 5000, 1, '1742373910', '단골 손님', '04', '01052545944', '5000', 297, 11),
(1826, '1813.81', '하트비누', '', NULL, 5000, 1, '1742375633', '단골 손님', '祖父', '01052545944', '5000', 298, 11),
(1828, '1820.87', '꿀비누', '', NULL, 4000, 1, '1742376015', '단골 손님', '2', '01052545944', '4000', 296, 11);

-- --------------------------------------------------------

--
-- 테이블 구조 `restaurants`
--

CREATE TABLE `restaurants` (
  `R_ID` int(30) NOT NULL,
  `name` varchar(30) NOT NULL,
  `email` varchar(30) NOT NULL,
  `contact` varchar(30) NOT NULL,
  `address` varchar(50) NOT NULL,
  `M_ID` varchar(30) NOT NULL
) ENGINE=InnoDB DEFAULT CHARSET=utf8mb3 COLLATE=utf8mb3_general_ci;

--
-- 테이블의 덤프 데이터 `restaurants`
--

INSERT INTO `restaurants` (`R_ID`, `name`, `email`, `contact`, `address`, `M_ID`) VALUES
(7, 'ksrestaurant', 'kskang2@gmail.com', '1122223333', 'san', 'kskang'),
(9, 'Le Cafe\'', 'kskang2@gmail.com', '01052545944', 'Pankyo', '관리자'),
(11, '벼룩시장', 'kskang2@gmail.com', '11122223333', 'pankyo', 'admin'),
(13, 'Sandwich', 'kskang2@gmail.com', '11122223333', 'pankyo', 'testfood'),
(20, 'music', 'kskang2@gmail.com', '01052545944', 'pankyo', 'music'),
(26, '산골면옥', 'kskang2@gmail.com', '11122223333', 'pankyo', 'adminu'),
(100, 'Music2', 'kskang2@gmail.com', '01052545944', 'Pankyo', 'music2'),
(101, 'Music3', 'kskang2@gmail.com', '01052545944', 'Pankyo', 'music3'),
(102, 'Music4', 'kskang2@gmail.com', '01052545944', 'Pankyo', 'music4');

--
-- 덤프된 테이블의 인덱스
--

--
-- 테이블의 인덱스 `contact`
--
ALTER TABLE `contact`
  ADD PRIMARY KEY (`Id`);

--
-- 테이블의 인덱스 `customer`
--
ALTER TABLE `customer`
  ADD PRIMARY KEY (`username`);

--
-- 테이블의 인덱스 `food`
--
ALTER TABLE `food`
  ADD PRIMARY KEY (`F_ID`,`R_ID`),
  ADD KEY `R_ID` (`R_ID`);

--
-- 테이블의 인덱스 `manager`
--
ALTER TABLE `manager`
  ADD PRIMARY KEY (`username`);

--
-- 테이블의 인덱스 `orders`
--
ALTER TABLE `orders`
  ADD PRIMARY KEY (`order_ID`),
  ADD KEY `F_ID` (`F_ID`),
  ADD KEY `R_ID` (`R_ID`),
  ADD KEY `orders_ibfk_2` (`username`);

--
-- 테이블의 인덱스 `restaurants`
--
ALTER TABLE `restaurants`
  ADD PRIMARY KEY (`R_ID`),
  ADD UNIQUE KEY `M_ID_2` (`M_ID`),
  ADD KEY `M_ID` (`M_ID`);

--
-- 덤프된 테이블의 AUTO_INCREMENT
--

--
-- 테이블의 AUTO_INCREMENT `food`
--
ALTER TABLE `food`
  MODIFY `F_ID` int(30) NOT NULL AUTO_INCREMENT, AUTO_INCREMENT=328;

--
-- 테이블의 AUTO_INCREMENT `orders`
--
ALTER TABLE `orders`
  MODIFY `order_ID` int(30) NOT NULL AUTO_INCREMENT, AUTO_INCREMENT=1838;

--
-- 테이블의 AUTO_INCREMENT `restaurants`
--
ALTER TABLE `restaurants`
  MODIFY `R_ID` int(30) NOT NULL AUTO_INCREMENT, AUTO_INCREMENT=103;

--
-- 덤프된 테이블의 제약사항
--

--
-- 테이블의 제약사항 `food`
--
ALTER TABLE `food`
  ADD CONSTRAINT `food_ibfk_1` FOREIGN KEY (`R_ID`) REFERENCES `restaurants` (`R_ID`);

--
-- 테이블의 제약사항 `orders`
--
ALTER TABLE `orders`
  ADD CONSTRAINT `orders_ibfk_1` FOREIGN KEY (`F_ID`) REFERENCES `food` (`F_ID`),
  ADD CONSTRAINT `orders_ibfk_2` FOREIGN KEY (`username`) REFERENCES `customer` (`username`),
  ADD CONSTRAINT `orders_ibfk_3` FOREIGN KEY (`R_ID`) REFERENCES `restaurants` (`R_ID`);

--
-- 테이블의 제약사항 `restaurants`
--
ALTER TABLE `restaurants`
  ADD CONSTRAINT `restaurants_ibfk_1` FOREIGN KEY (`M_ID`) REFERENCES `manager` (`username`);
--
-- 데이터베이스: `foodorder2`
--
CREATE DATABASE IF NOT EXISTS `foodorder2` DEFAULT CHARACTER SET utf8mb4 COLLATE utf8mb4_unicode_ci;
USE `foodorder2`;

-- --------------------------------------------------------

--
-- 테이블 구조 `cart`
--

CREATE TABLE `cart` (
  `id` int(30) NOT NULL,
  `client_ip` varchar(20) NOT NULL,
  `user_id` int(30) NOT NULL,
  `product_id` int(30) NOT NULL,
  `qty` int(30) NOT NULL
) ENGINE=InnoDB DEFAULT CHARSET=utf8mb4 COLLATE=utf8mb4_general_ci;

-- --------------------------------------------------------

--
-- 테이블 구조 `category_list`
--

CREATE TABLE `category_list` (
  `id` int(30) NOT NULL,
  `name` text NOT NULL
) ENGINE=InnoDB DEFAULT CHARSET=utf8mb4 COLLATE=utf8mb4_general_ci;

--
-- 테이블의 덤프 데이터 `category_list`
--

INSERT INTO `category_list` (`id`, `name`) VALUES
(1, 'Beverages'),
(3, 'Best Sellers'),
(4, 'Meals'),
(5, 'Snacks');

-- --------------------------------------------------------

--
-- 테이블 구조 `orders`
--

CREATE TABLE `orders` (
  `id` int(30) NOT NULL,
  `name` text NOT NULL,
  `address` text NOT NULL,
  `mobile` text NOT NULL,
  `email` text NOT NULL,
  `status` tinyint(1) NOT NULL DEFAULT 0
) ENGINE=InnoDB DEFAULT CHARSET=utf8mb4 COLLATE=utf8mb4_general_ci;

--
-- 테이블의 덤프 데이터 `orders`
--

INSERT INTO `orders` (`id`, `name`, `address`, `mobile`, `email`, `status`) VALUES
(1, 'James Smith', 'adasdasd asdadasd', '4756463215', 'jsmith@sample.com', 1),
(2, 'James Smith', 'adasdasd asdadasd', '4756463215', 'jsmith@sample.com', 1);

-- --------------------------------------------------------

--
-- 테이블 구조 `order_list`
--

CREATE TABLE `order_list` (
  `id` int(30) NOT NULL,
  `order_id` int(30) NOT NULL,
  `product_id` int(30) NOT NULL,
  `qty` int(30) NOT NULL
) ENGINE=InnoDB DEFAULT CHARSET=utf8mb4 COLLATE=utf8mb4_general_ci;

--
-- 테이블의 덤프 데이터 `order_list`
--

INSERT INTO `order_list` (`id`, `order_id`, `product_id`, `qty`) VALUES
(1, 1, 3, 1),
(2, 1, 5, 1),
(3, 1, 3, 1),
(4, 1, 6, 3),
(5, 2, 1, 2);

-- --------------------------------------------------------

--
-- 테이블 구조 `product_list`
--

CREATE TABLE `product_list` (
  `id` int(30) NOT NULL,
  `category_id` int(30) NOT NULL,
  `name` varchar(100) NOT NULL,
  `description` text NOT NULL,
  `price` float NOT NULL DEFAULT 0,
  `img_path` text NOT NULL,
  `status` tinyint(1) NOT NULL DEFAULT 1 COMMENT '0= unavailable, 2 Available'
) ENGINE=InnoDB DEFAULT CHARSET=utf8mb4 COLLATE=utf8mb4_general_ci;

--
-- 테이블의 덤프 데이터 `product_list`
--

INSERT INTO `product_list` (`id`, `category_id`, `name`, `description`, `price`, `img_path`, `status`) VALUES
(1, 3, 'Diet Coke', 'In Can', 20, '1600652160_diet_coke.jpg', 1),
(3, 3, 'Lemon Iced Tea', 'Sample', 15, '1600652520_lemon iced tea.jpg', 1),
(4, 4, 'Chicken', 'Sample only', 150, '1600652880_chicken.jpg', 1),
(5, 3, 'Steak', 'Sample 2', 200, '1600652880_steak.jpg', 1),
(6, 3, 'Chicken2', 'Lorem Ipsum is simply dummy text of the printing and typesetting industry. Lorem Ipsum has been the industry’s standard dummy text ever since the 1500s, when an unknown printer took a galley of type and scrambled it to make a type specimen book. It has survived not only five centuries, but also the leap into electronic typesetting, remaining essentially unchanged. It was popularised in the 1960s with the release of Letraset sheets containing Lorem Ipsum passages, and more recently with desktop publishing software like Aldus PageMaker including versions of Lorem Ipsum.', 250, '1600656600_checken2.jpg', 1);

-- --------------------------------------------------------

--
-- 테이블 구조 `system_settings`
--

CREATE TABLE `system_settings` (
  `id` int(30) NOT NULL,
  `name` text NOT NULL,
  `email` varchar(200) NOT NULL,
  `contact` varchar(20) NOT NULL,
  `cover_img` text NOT NULL,
  `about_content` text NOT NULL
) ENGINE=InnoDB DEFAULT CHARSET=utf8mb4 COLLATE=utf8mb4_general_ci;

--
-- 테이블의 덤프 데이터 `system_settings`
--

INSERT INTO `system_settings` (`id`, `name`, `email`, `contact`, `cover_img`, `about_content`) VALUES
(1, 'Online Food Ordering System', 'info@sample.com', '+6948 8542 623', '1600654680_photo-1504674900247-0877df9cc836.jpg', '&lt;p style=&quot;text-align: center; background: transparent; position: relative;&quot;&gt;&lt;span style=&quot;font-size:28px;background: transparent; position: relative;&quot;&gt;ABOUT US&lt;/span&gt;&lt;/b&gt;&lt;/span&gt;&lt;/p&gt;&lt;p style=&quot;text-align: center; background: transparent; position: relative;&quot;&gt;&lt;span style=&quot;background: transparent; position: relative; font-size: 14px;&quot;&gt;&lt;span style=&quot;font-size:28px;background: transparent; position: relative;&quot;&gt;&lt;b style=&quot;margin: 0px; padding: 0px; color: rgb(0, 0, 0); font-family: &amp;quot;Open Sans&amp;quot;, Arial, sans-serif; text-align: justify;&quot;&gt;Lorem Ipsum&lt;/b&gt;&lt;span style=&quot;color: rgb(0, 0, 0); font-family: &amp;quot;Open Sans&amp;quot;, Arial, sans-serif; font-weight: 400; text-align: justify;&quot;&gt;&amp;nbsp;is simply dummy text of the printing and typesetting industry. Lorem Ipsum has been the industry&amp;#x2019;s standard dummy text ever since the 1500s, when an unknown printer took a galley of type and scrambled it to make a type specimen book. It has survived not only five centuries, but also the leap into electronic typesetting, remaining essentially unchanged. It was popularised in the 1960s with the release of Letraset sheets containing Lorem Ipsum passages, and more recently with desktop publishing software like Aldus PageMaker including versions of Lorem Ipsum.&lt;/span&gt;&lt;br&gt;&lt;/span&gt;&lt;/b&gt;&lt;/span&gt;&lt;/p&gt;&lt;p style=&quot;text-align: center; background: transparent; position: relative;&quot;&gt;&lt;span style=&quot;background: transparent; position: relative; font-size: 14px;&quot;&gt;&lt;span style=&quot;font-size:28px;background: transparent; position: relative;&quot;&gt;&lt;span style=&quot;color: rgb(0, 0, 0); font-family: &amp;quot;Open Sans&amp;quot;, Arial, sans-serif; font-weight: 400; text-align: justify;&quot;&gt;&lt;br&gt;&lt;/span&gt;&lt;/b&gt;&lt;/span&gt;&lt;/p&gt;&lt;p style=&quot;text-align: center; background: transparent; position: relative;&quot;&gt;&lt;span style=&quot;background: transparent; position: relative; font-size: 14px;&quot;&gt;&lt;span style=&quot;font-size:28px;background: transparent; position: relative;&quot;&gt;&lt;h2 style=&quot;font-size:28px;background: transparent; position: relative;&quot;&gt;Where does it come from?&lt;/h2&gt;&lt;p style=&quot;text-align: center; margin-bottom: 15px; padding: 0px; color: rgb(0, 0, 0); font-family: &amp;quot;Open Sans&amp;quot;, Arial, sans-serif; font-weight: 400;&quot;&gt;Contrary to popular belief, Lorem Ipsum is not simply random text. It has roots in a piece of classical Latin literature from 45 BC, making it over 2000 years old. Richard McClintock, a Latin professor at Hampden-Sydney College in Virginia, looked up one of the more obscure Latin words, consectetur, from a Lorem Ipsum passage, and going through the cites of the word in classical literature, discovered the undoubtable source. Lorem Ipsum comes from sections 1.10.32 and 1.10.33 of &quot;de Finibus Bonorum et Malorum&quot; (The Extremes of Good and Evil) by Cicero, written in 45 BC. This book is a treatise on the theory of ethics, very popular during the Renaissance. The first line of Lorem Ipsum, &quot;Lorem ipsum dolor sit amet..&quot;, comes from a line in section 1.10.32.&lt;/p&gt;&lt;/span&gt;&lt;/b&gt;&lt;/span&gt;&lt;/p&gt;');

-- --------------------------------------------------------

--
-- 테이블 구조 `users`
--

CREATE TABLE `users` (
  `id` int(30) NOT NULL,
  `name` varchar(200) NOT NULL,
  `username` varchar(100) NOT NULL,
  `password` varchar(200) NOT NULL,
  `type` tinyint(1) NOT NULL DEFAULT 2 COMMENT '1=admin , 2 = staff'
) ENGINE=InnoDB DEFAULT CHARSET=utf8mb4 COLLATE=utf8mb4_general_ci;

--
-- 테이블의 덤프 데이터 `users`
--

INSERT INTO `users` (`id`, `name`, `username`, `password`, `type`) VALUES
(1, 'Administrator', 'admin', 'admin123', 1);

-- --------------------------------------------------------

--
-- 테이블 구조 `user_info`
--

CREATE TABLE `user_info` (
  `user_id` int(10) NOT NULL,
  `first_name` varchar(100) NOT NULL,
  `last_name` varchar(100) NOT NULL,
  `email` varchar(300) NOT NULL,
  `password` varchar(300) NOT NULL,
  `mobile` varchar(10) NOT NULL,
  `address` varchar(300) NOT NULL
) ENGINE=InnoDB DEFAULT CHARSET=latin1 COLLATE=latin1_swedish_ci;

--
-- 테이블의 덤프 데이터 `user_info`
--

INSERT INTO `user_info` (`user_id`, `first_name`, `last_name`, `email`, `password`, `mobile`, `address`) VALUES
(1, 'James', 'Smith', 'jsmith@sample.com', '1254737c076cf867dc53d60a0364f38e', '4756463215', 'adasdasd asdadasd');

--
-- 덤프된 테이블의 인덱스
--

--
-- 테이블의 인덱스 `cart`
--
ALTER TABLE `cart`
  ADD PRIMARY KEY (`id`);

--
-- 테이블의 인덱스 `category_list`
--
ALTER TABLE `category_list`
  ADD PRIMARY KEY (`id`);

--
-- 테이블의 인덱스 `orders`
--
ALTER TABLE `orders`
  ADD PRIMARY KEY (`id`);

--
-- 테이블의 인덱스 `order_list`
--
ALTER TABLE `order_list`
  ADD PRIMARY KEY (`id`);

--
-- 테이블의 인덱스 `product_list`
--
ALTER TABLE `product_list`
  ADD PRIMARY KEY (`id`);

--
-- 테이블의 인덱스 `system_settings`
--
ALTER TABLE `system_settings`
  ADD PRIMARY KEY (`id`);

--
-- 테이블의 인덱스 `users`
--
ALTER TABLE `users`
  ADD PRIMARY KEY (`id`);

--
-- 테이블의 인덱스 `user_info`
--
ALTER TABLE `user_info`
  ADD PRIMARY KEY (`user_id`);

--
-- 덤프된 테이블의 AUTO_INCREMENT
--

--
-- 테이블의 AUTO_INCREMENT `cart`
--
ALTER TABLE `cart`
  MODIFY `id` int(30) NOT NULL AUTO_INCREMENT, AUTO_INCREMENT=10;

--
-- 테이블의 AUTO_INCREMENT `category_list`
--
ALTER TABLE `category_list`
  MODIFY `id` int(30) NOT NULL AUTO_INCREMENT, AUTO_INCREMENT=6;

--
-- 테이블의 AUTO_INCREMENT `orders`
--
ALTER TABLE `orders`
  MODIFY `id` int(30) NOT NULL AUTO_INCREMENT, AUTO_INCREMENT=3;

--
-- 테이블의 AUTO_INCREMENT `order_list`
--
ALTER TABLE `order_list`
  MODIFY `id` int(30) NOT NULL AUTO_INCREMENT, AUTO_INCREMENT=6;

--
-- 테이블의 AUTO_INCREMENT `product_list`
--
ALTER TABLE `product_list`
  MODIFY `id` int(30) NOT NULL AUTO_INCREMENT, AUTO_INCREMENT=7;

--
-- 테이블의 AUTO_INCREMENT `system_settings`
--
ALTER TABLE `system_settings`
  MODIFY `id` int(30) NOT NULL AUTO_INCREMENT, AUTO_INCREMENT=2;

--
-- 테이블의 AUTO_INCREMENT `users`
--
ALTER TABLE `users`
  MODIFY `id` int(30) NOT NULL AUTO_INCREMENT, AUTO_INCREMENT=2;

--
-- 테이블의 AUTO_INCREMENT `user_info`
--
ALTER TABLE `user_info`
  MODIFY `user_id` int(10) NOT NULL AUTO_INCREMENT, AUTO_INCREMENT=2;
--
-- 데이터베이스: `hotel`
--
CREATE DATABASE IF NOT EXISTS `hotel` DEFAULT CHARACTER SET utf8mb3 COLLATE utf8mb3_unicode_ci;
USE `hotel`;

-- --------------------------------------------------------

--
-- 테이블 구조 `check0422x`
--

CREATE TABLE `check0422x` (
  `poll_id` int(11) NOT NULL,
  `poll_candidate` varchar(255) DEFAULT NULL,
  `poll_tv` varchar(30) DEFAULT NULL,
  `poll_time` varchar(31) DEFAULT NULL,
  `poll_ip` varchar(50) DEFAULT NULL,
  `poll_name` varchar(11) DEFAULT NULL,
  `poll_remark` varchar(255) DEFAULT NULL,
  `status` varchar(11) DEFAULT NULL
) ENGINE=InnoDB DEFAULT CHARSET=utf8mb3 COLLATE=utf8mb3_unicode_ci;

--
-- 테이블의 덤프 데이터 `check0422x`
--

INSERT INTO `check0422x` (`poll_id`, `poll_candidate`, `poll_tv`, `poll_time`, `poll_ip`, `poll_name`, `poll_remark`, `status`) VALUES
(218, '안철수,윤석열,추천포도주 있음', 'testTV', '2022-09-12 10:07:11', '', '강경석', '이 포도주는 떨지도 않고 맛 있다', NULL),
(308, 'RoncodiSassiRosso,', 'winetv1', '2022-11-26 07:56:27', NULL, NULL, '역시!  ', NULL),
(309, 'lnnisfress2017,', 'winetv1', '2022-11-26 07:58:31', NULL, NULL, '*보랏빛을 띠고 다양하고 과일의 인상을 찾을 수 있으며 절제된 오크향이 나며 입안을 채우는 잘 짜인 구조와 깔끔한 발란스가 느껴지는 와인이다. 1923년 노벨 문학상에 빛나는 아일랜드의 시인·극작가 예이츠(Yeats, William Butler)의 이상향에 대한 동경을', NULL),
(310, 'lnnisfress2017,', 'winetv1', '2022-11-26 07:58:54', NULL, NULL, '박*현 : 산뜻하면서 바디감도 무겁지 않아서 편하게 마시기 좋았습니다. 개인적으로 찾아서 먹고싶은 와인이였습니다. ㅎㅎ', NULL),
(311, 'RoncodiSassiRosso,', 'winetv1', '2022-11-26 07:59:25', NULL, NULL, '다크한 수준의 짙은 색상과 입안 가득 차는 풀바디 스타일로 첫 인상부터 강렬한 와인이며 야생딸기, 블랙베리, 바닐라, 다크 초콜릿향에 부드러운 탄닌과 산미 밸런스가 좋은 와인이다.\n팀원들의 시음기를 첨부합니다.\n', NULL),
(312, 'RoncodiSassiRosso,', 'winetv1', '2022-11-26 07:59:40', NULL, NULL, '이*헌 : 와인 초심자도 정말 좋은 와인이라고 느낄 수 있었던 와인인 것 같습니다.', NULL),
(313, 'ZardozIndomita,', 'winetv1', '2022-11-26 07:59:59', NULL, NULL, '*1시간 정도 브리딩을 하면 금새 부드워지고 풍미가 좋아지는 와인입니다. 피니쉬에 살짝 산도가 느껴져서 물리지 않고 만족하면서 마실수 있는 고품격 와인입니다.', NULL),
(314, 'ZardozIndomita,', 'winetv1', '2022-11-26 08:00:16', NULL, NULL, '류*선 : 준비해주신 치즈랑 잘어울리는 맛입니다~ 감사합니다!', NULL),
(315, 'lnnisfress2017,', 'winetv1', '2022-11-26 08:01:04', NULL, NULL, '유*덕 : 바디감은 아주 묵직하지도, 가볍지도 않고 적당한듯하고, 향은 꼬냑느낌(?)이 살짝 나는거 같았습니다. 숙성된 포도맛이 잘느껴져 좋았습니다.', NULL),
(316, 'RoncodiSassiRosso,', 'winetv1', '2022-11-26 08:02:17', NULL, NULL, '양*규 : 체리향이 약간 올라오면서 살짝 단맛이 같이 올라오는데 과하지 않아서 딱 좋은것같습니다! 한잔 더달라고 부탁드릴뻔했네요', NULL),
(317, 'RoncodiSassiRosso,', 'winetv1', '2022-11-26 08:02:44', NULL, NULL, '김*민 : 달달하고 떫은맛이 덜해서 와인만 마셔도 좋을것 같았습니다.', NULL),
(318, 'lnnisfress2017,ZardozIndomita,RoncodiSassiRosso,추천 란', 'winetv1', '2022-11-26 14:48:51', NULL, NULL, '후기란', NULL),
(399, '타월 교환', 'ramada-yongin', '1671941733', NULL, '0999', '실험중. 例:욕조 물 안 내려감', '3');

--
-- 덤프된 테이블의 인덱스
--

--
-- 테이블의 인덱스 `check0422x`
--
ALTER TABLE `check0422x`
  ADD PRIMARY KEY (`poll_id`);

--
-- 덤프된 테이블의 AUTO_INCREMENT
--

--
-- 테이블의 AUTO_INCREMENT `check0422x`
--
ALTER TABLE `check0422x`
  MODIFY `poll_id` int(11) NOT NULL AUTO_INCREMENT, AUTO_INCREMENT=426;
--
-- 데이터베이스: `newsportal`
--
CREATE DATABASE IF NOT EXISTS `newsportal` DEFAULT CHARACTER SET utf8mb3 COLLATE utf8mb3_unicode_ci;
USE `newsportal`;

-- --------------------------------------------------------

--
-- 테이블 구조 `tbladmin`
--

CREATE TABLE `tbladmin` (
  `id` int(11) NOT NULL,
  `AdminUserName` varchar(255) NOT NULL,
  `AdminPassword` varchar(255) NOT NULL,
  `AdminEmailId` varchar(255) NOT NULL,
  `Is_Active` int(11) NOT NULL,
  `CreationDate` timestamp NOT NULL DEFAULT current_timestamp(),
  `UpdationDate` timestamp NULL DEFAULT '0000-00-00 00:00:00' ON UPDATE current_timestamp()
) ENGINE=InnoDB DEFAULT CHARSET=utf8mb3 COLLATE=utf8mb3_unicode_ci;

--
-- 테이블의 덤프 데이터 `tbladmin`
--

INSERT INTO `tbladmin` (`id`, `AdminUserName`, `AdminPassword`, `AdminEmailId`, `Is_Active`, `CreationDate`, `UpdationDate`) VALUES
(1, 'admin', '$2y$12$i4LMfeFPQpGSNPTaccIkKuwxAkJ4PhBr3JND7FpXwWFjRvchQn17C', 'campcodes@gmail.com', 1, '2020-03-27 17:51:00', '2020-04-24 18:21:07');

-- --------------------------------------------------------

--
-- 테이블 구조 `tblcategory`
--

CREATE TABLE `tblcategory` (
  `id` int(11) NOT NULL,
  `CategoryName` varchar(200) DEFAULT NULL,
  `Description` mediumtext DEFAULT NULL,
  `PostingDate` timestamp NULL DEFAULT current_timestamp(),
  `UpdationDate` timestamp NULL DEFAULT NULL,
  `Is_Active` int(1) DEFAULT NULL
) ENGINE=InnoDB DEFAULT CHARSET=utf8mb3 COLLATE=utf8mb3_unicode_ci;

--
-- 테이블의 덤프 데이터 `tblcategory`
--

INSERT INTO `tblcategory` (`id`, `CategoryName`, `Description`, `PostingDate`, `UpdationDate`, `Is_Active`) VALUES
(3, '판교 뉴스', '판교 뉴스', '2018-06-06 10:35:09', '2018-06-14 11:11:55', 1),
(5, '할머니 와 모은', '할머니 강모은의 이야기', '2018-06-14 05:32:58', '2018-06-14 05:33:41', 1),
(6, '기록 ', '전에 살던 곳, 여행', '2018-06-22 15:46:09', '0000-00-00 00:00:00', 1),
(7, '교육', '사회,과학,영어, 천자문', '2018-06-22 15:46:22', '0000-00-00 00:00:00', 1);

-- --------------------------------------------------------

--
-- 테이블 구조 `tblcomments`
--

CREATE TABLE `tblcomments` (
  `id` int(11) NOT NULL,
  `postId` char(11) DEFAULT NULL,
  `name` varchar(120) DEFAULT NULL,
  `email` varchar(150) DEFAULT NULL,
  `comment` mediumtext DEFAULT NULL,
  `postingDate` timestamp NULL DEFAULT current_timestamp(),
  `status` int(1) DEFAULT NULL
) ENGINE=InnoDB DEFAULT CHARSET=utf8mb3 COLLATE=utf8mb3_unicode_ci;

--
-- 테이블의 덤프 데이터 `tblcomments`
--

INSERT INTO `tblcomments` (`id`, `postId`, `name`, `email`, `comment`, `postingDate`, `status`) VALUES
(21, '13', 'kang test', 'kskang2@gmail.com', 'test date for submit', '2021-06-22 20:44:49', 1),
(24, '17', '할머니가 지으시고 가꾼 집', '', '할머니께서 고생이 많으셨던 집이었지만, 온 강씨 식구가 프라이드를 갖을 수 있는 집이었다!', '2021-06-23 21:00:15', 0),
(26, '15', '토야마', '', '눈 경치! \r\n정말 좋은 경치였어!', '2021-06-23 21:02:08', 0),
(39, '44', '祖父', 'not use', '코맨트 테스트', '2021-11-19 01:56:03', 0),
(43, '65', '강경석', 'not use', '우리 모은이가 많이 밝고 건강하게 자랐어!\r\n이제 운동도 더 하고, 잠도 조금만 일찍 자면 되겠다!', '2021-11-22 21:57:23', 0),
(44, '67', '댓ㄹ', 'not use', '글 테스트', '2021-11-27 06:33:36', 0);

-- --------------------------------------------------------

--
-- 테이블 구조 `tblpages`
--

CREATE TABLE `tblpages` (
  `id` int(11) NOT NULL,
  `PageName` varchar(200) DEFAULT NULL,
  `PageTitle` mediumtext DEFAULT NULL,
  `Description` longtext DEFAULT NULL,
  `PostingDate` timestamp NULL DEFAULT current_timestamp(),
  `UpdationDate` timestamp NULL DEFAULT NULL ON UPDATE current_timestamp()
) ENGINE=InnoDB DEFAULT CHARSET=utf8mb3 COLLATE=utf8mb3_unicode_ci;

--
-- 테이블의 덤프 데이터 `tblpages`
--

INSERT INTO `tblpages` (`id`, `PageName`, `PageTitle`, `Description`, `PostingDate`, `UpdationDate`) VALUES
(1, 'aboutus', '週間의 뉴스를 傳하는 姜模殷의 週刊新聞', '<font color=\"#7b8898\" face=\"Mercury SSm A, Mercury SSm B, Georgia, Times, Times New Roman, Microsoft YaHei New, Microsoft Yahei, å¾®è½¯é›…é»‘, å®‹ä½“, SimSun, STXihei, åŽæ–‡ç»†é»‘, serif\"><span style=\"font-size: 26px;\">강모은 기자가 발행을 主觀(주관)하며 週間의 뉴스를 傳하는 週刊新聞</span></font><span style=\"font-size: 26px; color: rgb(123, 136, 152); font-family: &quot;Mercury SSm A&quot;, &quot;Mercury SSm B&quot;, Georgia, Times, &quot;Times New Roman&quot;, &quot;Microsoft YaHei New&quot;, &quot;Microsoft Yahei&quot;, å¾®è½¯é›…é»‘, å®‹ä½“, SimSun, STXihei, åŽæ–‡ç»†é»‘, serif;\">&nbsp;입니다!</span><br>', '2018-06-30 18:01:03', '2021-11-16 22:13:05'),
(2, 'contactus', '기사 송부처 admin/contactus.php', '<p><b>Email: mekang1</b>@gmail.com</p><p>기사 송부처<br></p>', '2018-06-30 18:01:36', '2021-11-22 04:25:35');

-- --------------------------------------------------------

--
-- 테이블 구조 `tblposts`
--

CREATE TABLE `tblposts` (
  `id` int(11) NOT NULL,
  `PostTitle` longtext DEFAULT NULL,
  `CategoryId` int(11) DEFAULT NULL,
  `SubCategoryId` int(11) DEFAULT NULL,
  `PostDetails` longtext CHARACTER SET utf8mb3 COLLATE utf8mb3_general_ci DEFAULT NULL,
  `PostingDate` date DEFAULT current_timestamp(),
  `UpdationDate` timestamp NULL DEFAULT NULL ON UPDATE current_timestamp(),
  `Is_Active` int(1) DEFAULT NULL,
  `PostUrl` mediumtext DEFAULT NULL,
  `PostImage` varchar(255) DEFAULT NULL
) ENGINE=InnoDB DEFAULT CHARSET=utf8mb3 COLLATE=utf8mb3_unicode_ci;

--
-- 테이블의 덤프 데이터 `tblposts`
--

INSERT INTO `tblposts` (`id`, `PostTitle`, `CategoryId`, `SubCategoryId`, `PostDetails`, `PostingDate`, `UpdationDate`, `Is_Active`, `PostUrl`, `PostImage`) VALUES
(7, '강모은, 창덕궁에서 할아버님의 品階石을 보다!', 1, 1, '<p style=\"margin-bottom: 15px; padding: 0px; font-size: 16px; font-family: PTSans, sans-serif;\"><span style=\"margin: 0px; padding: 0px;\">강모은, </span></p><p style=\"margin-bottom: 15px; padding: 0px; font-size: 16px; font-family: PTSans, sans-serif;\"><span style=\"margin: 0px; padding: 0px;\">할머니 할아버지와 창덕궁에 가서 </span></p><p style=\"margin-bottom: 15px; padding: 0px; font-size: 16px; font-family: PTSans, sans-serif;\"><span style=\"margin: 0px; padding: 0px;\">우찬성 하시던 姜時永(강시영) 할아버지의 品階石(품계석)을 보다!</span>&nbsp;</p><p style=\"margin-bottom: 15px; padding: 0px; font-size: 16px; font-family: PTSans, sans-serif;\">그곳 홍문관에서 청년시절 근무를 하셨고,</p><p style=\"margin-bottom: 15px; padding: 0px; font-size: 16px; font-family: PTSans, sans-serif;\">한성판윤, 충청도 관찰사, 예조판서, 형조판서를 하시고 우찬성에 이르셨던 분이다.</p>', '2018-07-01', '2021-11-14 10:40:17', 1, '강모은,-창덕궁에서-할아버님의-品階石을-보다!', '01de8480ec805daa325a0e0706c09ed0.jpg'),
(10, 'A12 휴대폰 발표', 7, 0, '휴대폰 광고. 이것에도 아빠가 만든 부품이 들어가 있다.', '2018-07-01', '2021-11-14 10:41:07', 0, 'A12-휴대폰-발표', '32d3ca5e23f4ccf1e4c8660c40e75f33.png'),
(11, '혹가이도', 6, 0, '<p>혹가이도.</p><p>여름에도 시원환 날씨에 大雪山 아래 펼처진 아름다운 대 평원의 깨끗한 땅이다. 말이 풀을 뜯는 평화로운 기차역 주변에 야생화가 만발한 들판이 있다!</p>', '2018-07-01', '2021-06-22 23:19:34', 1, '혹가이도', 'cf7bd3c53d2e95412e55092087600ad2.jpg'),
(12, '동천동집에서 증외가 댁과 모임,', 6, 0, '<p><span style=\"color: rgb(25, 25, 25); font-family: &quot;Noto Serif&quot;; font-size: 16px;\">증외가(아버지의 외가 진외가陳外家, 할아버지의 외가 증曾</span><span style=\"color: rgb(25, 25, 25); font-family: &quot;Noto Serif&quot;; font-size: 16px;\">外家</span><span style=\"color: rgb(25, 25, 25); font-family: &quot;Noto Serif&quot;; font-size: 16px;\">)과의 5월 모임이었다.</span></p><p><span style=\"color: rgb(25, 25, 25); font-family: &quot;Noto Serif&quot;; font-size: 16px;\">2015년 5월10일의 사진이다.</span></p><p><span style=\"color: rgb(25, 25, 25); font-family: &quot;Noto Serif&quot;; font-size: 16px;\">벌써 옛날 사진이 되어버렸다.</span></p><p><span style=\"color: rgb(25, 25, 25); font-family: &quot;Noto Serif&quot;; font-size: 16px;\">이즈음, 우리 모은이가 동천동집 마당에서 얼마나 잘 놀았던가!</span><br></p>', '2018-07-01', '2021-11-24 21:34:06', 0, '동천동집에서-증외가-댁과-모임,', 'f27d721e6cd6a6a673a9957c2a6fac3d.jpg'),
(13, '동천동 집에서 모은과 할아버지', 1, 1, '<p>동천동 집에서 할머니께서는 일을 하고 계실 때인가 보다,&nbsp; </p><p>모은이와 이 애기 저 얘기 하며 느긋한 시간을 보냈다!</p>', '2021-06-23', '2021-11-23 07:57:02', 1, '동천동-집에서-모은과-할아버지', 'e369be71a908ddac68c8010118d4e78c.jpg'),
(15, 'Toyama! 2019년 5월4일', 6, 0, '2019년 5월4일, 어린이날 기념으로 썰매를 갖고 도야마(富山)에 온 식구가 갔다!!&nbsp; 우리 손녀의 좋은 추억이 되었기를 바란다!!', '2021-06-23', '2021-06-23 09:48:14', 1, 'Toyama!-2019년-5월4일', '53ebf8d1bf0fd0b4df7d9754c44e8744.jpg'),
(17, '할머니의 동천동 집', 1, 1, '<p>할머니께서 지으시고, </p><p>명절 때마다 온 식구가&nbsp; 다 모였었고,</p><p>고은,인혜,영욱,홍근의 짝을 맞았었고,</p><p>우리 모은이가 명절 때 세배도 하고, 마당에서 썰매도 탓던 , 할머니가 땅을 사서 지으신 동천동 집이다!&nbsp; </p><p>모두 잘 기억하자!</p>', '2021-06-23', '2021-11-23 07:56:47', 1, '할머니의-동천동-집', '3ad404ee642db5a3bb24b79b738d748d.JPG'),
(65, '2021.11.21 祖父生辰모임', 1, 1, '<p>모은이의 사회로 기념 모임을 하였다.</p><p>퀴즈 와 경품, 동영상 상영,&nbsp; 기념품 증정이 있었음.</p><p><a href=\"https://photos.app.goo.gl/5R1JZroxzq5zjZen9\">사진들:</a>&nbsp;초대장, 행사동영상, 모은작 동영상, 전체 사진 포함</p><p><a href=\"https://photos.app.goo.gl/5R1JZroxzq5zjZen9\">https://photos.app.goo.gl/5R1JZroxzq5zjZen9</a><br></p><p><br><br></p>', '2021-11-21', '2022-05-02 08:07:09', 1, '2021.11.21-祖父生日모임', 'fe8f5d8be4daa7c95a4ab02510cdbbce.JPG'),
(67, '모은이와 연습한 것 수정', 1, 1, '<p>연습. 모은이와&nbsp; 수정 삭제 연습을 하여,</p><p>생성, 읽기, 수정 , 삭제,</p><p>Create Read&nbsp; Update Delete 4가지를 다 해 보았다.<br></p>', '2021-11-27', '2021-11-27 12:27:33', 1, '모은이와-연습한-것-수정', '52a7fa4970549b5f8e7e49f6e08d70c5.jpg');

-- --------------------------------------------------------

--
-- 테이블 구조 `tblsubcategory`
--

CREATE TABLE `tblsubcategory` (
  `SubCategoryId` int(11) NOT NULL,
  `CategoryId` int(11) DEFAULT NULL,
  `Subcategory` varchar(255) DEFAULT NULL,
  `SubCatDescription` mediumtext DEFAULT NULL,
  `PostingDate` timestamp NOT NULL DEFAULT current_timestamp(),
  `UpdationDate` timestamp NULL DEFAULT NULL,
  `Is_Active` int(1) DEFAULT NULL
) ENGINE=InnoDB DEFAULT CHARSET=utf8mb3 COLLATE=utf8mb3_unicode_ci;

--
-- 테이블의 덤프 데이터 `tblsubcategory`
--

INSERT INTO `tblsubcategory` (`SubCategoryId`, `CategoryId`, `Subcategory`, `SubCatDescription`, `PostingDate`, `UpdationDate`, `Is_Active`) VALUES
(3, 5, 'Bollywood ', 'Bollywood masala', '2018-06-22 15:45:38', '0000-00-00 00:00:00', 1),
(4, 3, 'Cricket', 'Cricket\r\n\r\n', '2018-06-30 09:00:43', '0000-00-00 00:00:00', 1),
(5, 3, 'Football', 'Football', '2018-06-30 09:00:58', '0000-00-00 00:00:00', 0),
(6, 5, 'Television', 'TeleVision', '2018-06-30 18:59:22', '0000-00-00 00:00:00', 1),
(7, 6, 'National', 'National', '2018-06-30 19:04:29', '0000-00-00 00:00:00', 1),
(8, 6, 'International', 'International', '2018-06-30 19:04:43', '0000-00-00 00:00:00', 1),
(10, 2, '추가 test', 'add test', '2021-06-22 21:19:40', NULL, 1);

--
-- 덤프된 테이블의 인덱스
--

--
-- 테이블의 인덱스 `tbladmin`
--
ALTER TABLE `tbladmin`
  ADD PRIMARY KEY (`id`);

--
-- 테이블의 인덱스 `tblcategory`
--
ALTER TABLE `tblcategory`
  ADD PRIMARY KEY (`id`);

--
-- 테이블의 인덱스 `tblcomments`
--
ALTER TABLE `tblcomments`
  ADD PRIMARY KEY (`id`);

--
-- 테이블의 인덱스 `tblpages`
--
ALTER TABLE `tblpages`
  ADD PRIMARY KEY (`id`);

--
-- 테이블의 인덱스 `tblposts`
--
ALTER TABLE `tblposts`
  ADD PRIMARY KEY (`id`);

--
-- 테이블의 인덱스 `tblsubcategory`
--
ALTER TABLE `tblsubcategory`
  ADD PRIMARY KEY (`SubCategoryId`);

--
-- 덤프된 테이블의 AUTO_INCREMENT
--

--
-- 테이블의 AUTO_INCREMENT `tbladmin`
--
ALTER TABLE `tbladmin`
  MODIFY `id` int(11) NOT NULL AUTO_INCREMENT, AUTO_INCREMENT=2;

--
-- 테이블의 AUTO_INCREMENT `tblcategory`
--
ALTER TABLE `tblcategory`
  MODIFY `id` int(11) NOT NULL AUTO_INCREMENT, AUTO_INCREMENT=8;

--
-- 테이블의 AUTO_INCREMENT `tblcomments`
--
ALTER TABLE `tblcomments`
  MODIFY `id` int(11) NOT NULL AUTO_INCREMENT, AUTO_INCREMENT=45;

--
-- 테이블의 AUTO_INCREMENT `tblpages`
--
ALTER TABLE `tblpages`
  MODIFY `id` int(11) NOT NULL AUTO_INCREMENT, AUTO_INCREMENT=3;

--
-- 테이블의 AUTO_INCREMENT `tblposts`
--
ALTER TABLE `tblposts`
  MODIFY `id` int(11) NOT NULL AUTO_INCREMENT, AUTO_INCREMENT=68;

--
-- 테이블의 AUTO_INCREMENT `tblsubcategory`
--
ALTER TABLE `tblsubcategory`
  MODIFY `SubCategoryId` int(11) NOT NULL AUTO_INCREMENT, AUTO_INCREMENT=11;
--
-- 데이터베이스: `ovs`
--
CREATE DATABASE IF NOT EXISTS `ovs` DEFAULT CHARACTER SET utf8mb4 COLLATE utf8mb4_general_ci;
USE `ovs`;

-- --------------------------------------------------------

--
-- 테이블 구조 `candidate`
--

CREATE TABLE `candidate` (
  `CandidateID` int(11) NOT NULL,
  `abc` varchar(1) NOT NULL,
  `Position` varchar(200) NOT NULL,
  `Party` varchar(100) NOT NULL,
  `FirstName` varchar(200) NOT NULL,
  `LastName` varchar(200) NOT NULL,
  `MiddleName` varchar(100) NOT NULL,
  `Gender` varchar(6) NOT NULL,
  `Year` varchar(100) NOT NULL,
  `Photo` varchar(200) NOT NULL
) ENGINE=MyISAM DEFAULT CHARSET=latin1 COLLATE=latin1_swedish_ci;

--
-- 테이블의 덤프 데이터 `candidate`
--

INSERT INTO `candidate` (`CandidateID`, `abc`, `Position`, `Party`, `FirstName`, `LastName`, `MiddleName`, `Gender`, `Year`, `Photo`) VALUES
(101, 'c', '1st Year Representative', 'Pig Party', 'Raphael Victor', 'Combate', 'Romarate', 'Male', '1st year', 'upload/photo0317.jpg'),
(102, 'c', '1st Year Representative', 'Horse Party', 'Mary Ver', 'Pamposa', 'Libo-on', 'FeMale', '1st year', 'upload/photo0900.jpg'),
(103, 'c', '1st Year Representative', 'Pig Party', 'Rowan Jennele', 'Villamor', 'Totot', 'FeMale', '1st year', 'upload/2012-10-13 16.37.13.jpg'),
(100, 'e', '3rd Year Representative', 'Horse Party', 'Achilles', 'Palma', 'wla', 'Male', '3rd year', 'upload/539324_3623195908310_933066000_n.jpg'),
(137, 'c', '1st Year Representative', 'Horse Party', 'Jeza Marie', 'Telmoso', 'Agbay', 'FeMale', '1st year', 'upload/2012-10-13 16.38.18.jpg'),
(136, 'c', '1st Year Representative', 'Horse Party', 'Ailyn', 'Tanaleon', 'Labos', 'FeMale', '1st year', 'upload/2012-10-13 16.37.36.jpg'),
(95, 'a', 'Governor', 'Pig Party', 'Achilles', 'Palma', 'Namoca', 'Male', '3rd year', 'upload/539324_3623195908310_933066000_n.jpg'),
(133, 'c', '1st Year Representative', 'Horse Party', 'Michelle', 'De Asis', 'Dedior', 'FeMale', '1st year', 'upload/SAM_0419.JPG'),
(135, 'c', '1st Year Representative', 'Pig Party', 'Golda', 'Nepomuceno', 'Palma', 'FeMale', '1st year', 'upload/SAM_4493.JPG'),
(134, 'c', '1st Year Representative', 'Horse Party', 'Veronica', 'Bianayco', 'Dwarso', 'FeMale', '1st year', 'upload/SAM_0418.JPG'),
(131, 'c', '1st Year Representative', 'Pig Party', 'Brian Paul', 'Sablan', 'Silla', 'Male', '1st year', 'upload/IMG_4211.JPG'),
(128, 'b', 'Vice-Governor', 'Pig Party', 'Joneil', 'Constantino', 'Palma', 'Male', '3rd year', 'upload/joneil.jpg'),
(129, 'b', 'Vice-Governor', 'lynksys', 'Cristian', 'Sausa', 'dela cruz', 'Male', '2nd year', 'upload/DSC00920.jpg'),
(130, 'c', '1st Year Representative', 'Smart Party', 'Jorgielyn', 'Serfino', 'Calibre', 'Male', '1st year', 'upload/185257_425222344194052_226314123_n.jpg'),
(138, 'c', '1st Year Representative', 'Pig Party', 'May', 'Mendoza', 'Alvarez', 'FeMale', '1st year', 'upload/SAM_5366.JPG'),
(139, 'c', '1st Year Representative', 'Horse Party', 'Denmark', 'Tabiolo', 'Ramos', 'Male', '1st year', 'upload/CIMG2420.JPG'),
(143, 'd', '2nd Year Representative', 'Smart Party', 'Anamae', 'Alquizar', 'dela cruz', 'FeMale', '2nd year', 'upload/218106_390683254330677_1126048305_n.jpg'),
(144, 'd', '2nd Year Representative', 'Smart Party', 'Cristine', 'Yanson', 'dela cruz', 'FeMale', '2nd year', 'upload/183594_520948794585644_506109043_n.jpg'),
(145, 'd', '2nd Year Representative', 'Smart Party', 'Jerson', 'Vargas', 'dela cruz', 'Male', '2nd year', 'upload/428227_349953155024026_1124991126_n.jpg'),
(146, 'd', '2nd Year Representative', 'lynksys', 'Anton Victor', 'Jacobo', 'dela cruz', 'Male', '2nd year', 'upload/561684_473563706001588_1347765805_n.jpg'),
(147, 'd', '2nd Year Representative', 'Horse Party', 'Stephanie', 'Villanueva', 'Batoon', 'FeMale', '2nd year', 'upload/DSC_7898.JPG'),
(148, 'd', '2nd Year Representative', 'lynksys', 'Dean Martin', 'Tingson', 'dela cruz', 'Male', '2nd year', 'upload/199254_180070498706527_7521385_n.jpg'),
(149, 'd', '2nd Year Representative', 'lynksys', 'marven', 'actub', 'Pityr', 'Male', '2nd year', 'upload/555629_492876134073689_1322157649_n.jpg'),
(150, 'd', '2nd Year Representative', 'lynksys', 'jetro', 'Vargas', 'Serw', 'Male', '2nd year', 'upload/jetro.jpg'),
(151, 'd', '2nd Year Representative', 'lynksys', 'jed', 'Vargas', 'Sewruio', 'Male', '2nd year', 'upload/jed.jpg'),
(152, 'd', '2nd Year Representative', 'Smart Part', 'kzille', 'naynay', 'dela cruz', 'Male', '2nd year', 'upload/293896_417785301600923_1313159027_n.jpg'),
(153, 'd', '2nd Year Representative', 'Pig Party', 'Freddie', 'Clavel', 'dela cruz', 'Male', '2nd year', 'upload/251449_481190595235619_433937958_n.jpg'),
(154, 'd', '2nd Year Representative', 'Pig Party', 'Mark', 'dominic', 'dela cruz', 'Male', '2nd year', 'upload/579875_417245051645924_2106200816_n.jpg'),
(155, 'e', '3rd Year Representative', 'Pig Party', 'Fernrose', 'Olarte', 'Otopera', 'FeMale', '3rd year', 'upload/default.jpg'),
(175, 'f', '4th Year Representative', 'Horse Party', 'Lonida', 'Delez', 'Deres', 'FeMale', '4th year', 'upload/[large][AnimePaper]wallpapers_Mobile-Suit-Gundam-Seed-Destiny_Rukawa11(1.33)__THISRES__72873.jpg'),
(158, 'f', '3rd Year Representative', 'Pig Party', 'Michael', 'Jomero', 'Dert', 'Male', '3rd year', 'upload/1.jpg'),
(159, 'e', '3rd Year Representative', 'Pig Party', 'Cristine', 'Yanson', 'Poo', 'FeMale', '3rd year', 'upload/312212_286103561418274_100000558960309_1109905_270256889_n.jpg'),
(173, 'e', '3rd Year Representative', 'Horse Party', 'Jomar', 'Pabuaya', 'Pomono', 'Male', '3rd year', 'upload/Between_Darkness_and_Wonder_Black_Purity_HD_Wallpaper.jpg'),
(162, 'f', '3rd Year Representative', 'Pig Party', 'Victor', 'Jacobo', 'Job', 'Male', '3rd year', 'upload/Iron_Man_Movie_by_anaheim_420.jpg'),
(174, 'e', '3rd Year Representative', 'Horse Party', 'Alan', 'De La Torre', 'Bouno', 'Male', '3rd year', 'upload/[large][AnimePaper]wallpapers_Mobile-Suit-Gundam-Seed-Destiny_Rukawa11(1.33)__THISRES__72873.jpg'),
(164, 'f', '3rd Year Representative', 'Pig Party', 'Honeylee', 'Magbanua', 'Mubu', 'FeMale', '3rd year', 'upload/CodeGeass-DarknessLightEye.jpg'),
(165, 'e', '3rd Year Representative', 'Horse Party', 'Charito', 'Puray', 'Numoi', 'FeMale', '3rd year', 'upload/Iron_Man_Movie_by_anaheim_420.jpg'),
(170, 'e', '3rd Year Representative', 'Horse Party', 'Jorgielyn', 'Serfino', 'Gugor', 'FeMale', '3rd year', 'upload/185257_425222344194052_226314123_n.jpg'),
(171, 'e', '3rd Year Representative', 'Pig Party', 'Thea Marie', 'Soberano', 'Gopot', 'FeMale', '3rd year', 'upload/3394-41802d1177765259-nice-notepad-icon-notepad.png'),
(188, 'e', '3rd Year Representative', 'dbb', 'Christian', 'Sausa', 'pooly', 'Male', '3rd year', 'upload/IMG_4213.JPG'),
(176, 'f', '4th Year Representative', 'Horse Party', 'Eunice', 'Bautista', 'Fererr', 'FeMale', '4th year', 'upload/1.jpg'),
(177, 'f', '4th Year Representative', 'Horse Party', 'Al Mario', 'Small', 'Herera', 'Male', '4th year', 'upload/2.jpg'),
(178, 'f', '4th Year Representative', 'Horse Party', 'Louise', 'Po', 'Monas', 'FeMale', '4th year', 'upload/1280x1024-autobots-logo-right.jpg'),
(179, 'f', '4th Year Representative', 'Horse Party', 'Michael', 'Cachero', 'Serrero', 'Male', '4th year', 'upload/3394-41802d1177765259-nice-notepad-icon-notepad.png'),
(180, 'f', '4th Year Representative', 'Horse Party', 'Ailyn', 'Barameda', 'Monoop', 'FeMale', '4th year', 'upload/47057982.png'),
(181, 'f', '4th Year Representative', 'Pig Party', 'Joanna', 'Bustillo', 'Fotor', 'FeMale', '4th year', 'upload/1202462187.png'),
(182, 'f', '4th Year Representative', 'Pig Party', 'Lovely Mae', 'Jurilla', 'Hereroo', 'FeMale', '4th year', 'upload/12819748323869.jpg'),
(183, 'f', '4th Year Representative', 'Pig Party', 'Zac', 'Efron', 'Herrerar', 'Male', '4th year', 'upload/100227023905969.png'),
(184, 'f', '4th Year Representative', 'Pig Party', 'Alex', 'Pettyfer', 'Gert', 'Male', '4th year', 'upload/924988520653134968.png'),
(185, 'f', '4th Year Representative', 'Pig Party', 'Hugh', 'Jackman', 'Komon', 'Male', '4th year', 'upload/Between_Darkness_and_Wonder_Black_Purity_HD_Wallpaper.jpg'),
(186, 'f', '4th Year Representative', 'Pig Party', 'Gerald', 'Anderson', 'Ferrera', 'Male', '4th year', 'upload/black-abstract-windows7-seven-desktop-wallpaper-1600x1200.jpg'),
(190, 'a', 'Governor', 'party2x', 'Sherwin', 'Laylon', 'Deres', 'Male', '3rd year', 'upload/293896_417785301600923_1313159027_n.jpg');

-- --------------------------------------------------------

--
-- 테이블 구조 `history`
--

CREATE TABLE `history` (
  `history_id` int(11) NOT NULL,
  `data` varchar(30) NOT NULL,
  `action` varchar(50) NOT NULL,
  `date` varchar(20) NOT NULL,
  `user` varchar(20) NOT NULL
) ENGINE=MyISAM DEFAULT CHARSET=latin1 COLLATE=latin1_swedish_ci;

--
-- 테이블의 덤프 데이터 `history`
--

INSERT INTO `history` (`history_id`, `data`, `action`, `date`, `user`) VALUES
(568, 'john kevin lorayna', 'Login', '2012-11-08 09:46:23', 'admin'),
(567, 'john kevin lorayna', 'Logout', '2012-11-08 09:45:59', 'admin'),
(566, 'john kevin lorayna', 'Login', '2012-11-08 09:44:41', 'admin'),
(565, 'john kevin lorayna', 'Login', '2012-11-03 20:24:08', 'admin'),
(564, 'Achilles Palma', 'Deleted Voter', '10/25/2012 11:1:39', 'admin'),
(563, 'john kevin lorayna', 'Login', '2012-10-25 10:48:40', 'admin'),
(569, 'john kevin lorayna', 'Login', '2025-03-30 16:14:43', 'admin'),
(570, 'john kevin lorayna', 'Logout', '2025-03-30 16:17:11', 'admin');

-- --------------------------------------------------------

--
-- 테이블 구조 `users`
--

CREATE TABLE `users` (
  `User_id` int(11) NOT NULL,
  `FirstName` varchar(100) NOT NULL,
  `LastName` varchar(100) NOT NULL,
  `UserName` varchar(100) NOT NULL,
  `Password` varchar(100) NOT NULL,
  `User_Type` varchar(50) NOT NULL
) ENGINE=MyISAM DEFAULT CHARSET=latin1 COLLATE=latin1_swedish_ci;

--
-- 테이블의 덤프 데이터 `users`
--

INSERT INTO `users` (`User_id`, `FirstName`, `LastName`, `UserName`, `Password`, `User_Type`) VALUES
(2, 'john kevin', 'lorayna', 'admin', 'admin', 'admin'),
(5, 'john kevin', 'lorayna', 'jkev', 'jkev', 'Admin'),
(4, 'Stephnanie', 'Villanueva', 'teph', 'teph', 'Admin');

-- --------------------------------------------------------

--
-- 테이블 구조 `voters`
--

CREATE TABLE `voters` (
  `VoterID` int(11) NOT NULL,
  `FirstName` varchar(150) NOT NULL,
  `LastName` varchar(150) NOT NULL,
  `MiddleName` varchar(100) NOT NULL,
  `Username` varchar(100) NOT NULL,
  `Password` varchar(100) NOT NULL,
  `Year` varchar(100) NOT NULL,
  `Status` varchar(20) NOT NULL
) ENGINE=MyISAM DEFAULT CHARSET=latin1 COLLATE=latin1_swedish_ci;

--
-- 테이블의 덤프 데이터 `voters`
--

INSERT INTO `voters` (`VoterID`, `FirstName`, `LastName`, `MiddleName`, `Username`, `Password`, `Year`, `Status`) VALUES
(24, 'Maricon', 'Itona', 'M.', '20100333', 'concon', '1st year', 'Voted'),
(23, 'Raphael Victor', 'Combate', 'R.', '20100222', 'raprap', '1st year', 'Unvoted'),
(17, 'May', 'Mendoza', 'Alvijos', '20100323', 'may', '1st year', 'Unvoted'),
(18, 'Golda', 'Nepomuceno', 'Molentin', '20100316', 'golda', '1st year', 'Unvoted'),
(19, 'Shiera Mae', 'Tuting', 'Terer', '20100968', 'shiera', '3rd year', 'Unvoted'),
(20, 'Mary Ver', 'Libo-on', 'M', '20100381', 'mary', '1st year', 'Unvoted'),
(21, 'John Kevin', 'Lorayna', 'Amos', '20100412', 'kevin', '1st year', 'Unvoted'),
(22, 'Denmark', 'Tabiolo', 'R', '20100111', 'denmark', '1st year', 'Unvoted'),
(16, 'Sherwin', 'Laylon', 'Delicana', '20100349', 'zac', '3rd year', 'Unvoted'),
(25, 'Joneil', 'Constantino', 'N.', '20100333', 'joneil', '3rd year', 'Unvoted'),
(26, 'Charito', 'Puray', 'N.', '20100444', 'char', '3rd year', 'Unvoted'),
(27, 'Honeylee', 'Magbanua', 'M.', '20100555', 'honey', '3rd year', 'Unvoted'),
(28, 'Jonald', 'Pamposa', 'T.', '20100666', 'jonald', '2nd year', 'Unvoted'),
(29, 'Michelle', 'De Asis', 'R.', '20100777', 'mich', '1st year', 'Unvoted'),
(30, 'Rowan', 'Villamor', 'O.', '20100888', 'rowan', '1st year', 'Unvoted'),
(31, 'Fernrose', 'Olarte', 'P.', '20100123', 'fern', '3rd year', 'Unvoted'),
(32, 'Ryan', 'Malbata-an', 'P.', '20100246', 'ryan', '2nd year', 'Unvoted'),
(33, 'Ariane Mae', 'Ferrer', 'I.', '20100395', 'mae', '2nd year', 'Unvoted'),
(34, 'Jamilah', 'Lomot', 'Y.', '20100567', 'jam', '2nd year', 'Voted'),
(35, 'Lonida', 'Delez', 'P.', '20100678', 'kring', '4th year', 'Unvoted'),
(36, 'Allan', 'De La Torre', 'O.', '20100876', 'allan', '4th year', 'Unvoted'),
(37, 'Lovelyn', 'Jurilla', 'D.', '20100126', 'lovelyn', '4th year', 'Unvoted'),
(38, 'Stephanie', 'Villanueva', 'T.', '20100986', 'teph', '2nd year', 'Unvoted'),
(39, 'Zac', 'Efron', 'O.', '20100945', 'zac', '4th year', 'Unvoted'),
(40, 'Hugh', 'Jackman', 'Y.', '20100786', 'hugh', '4th year', 'Unvoted'),
(41, 'Gerald', 'Anderson', 'O.', '20100865', 'gerald', '4th year', 'Unvoted'),
(42, 'Alex', 'Pettyfer', 'Z.', '20100432', 'alex', '4th year', 'Unvoted'),
(44, 'Cristine', 'Yanson', 'P.', '20100764', 'cris', '3rd year', 'Unvoted'),
(45, 'Jomar', 'Pabuaya', 'U.', '20100561', 'jomar', '3rd year', 'Unvoted'),
(48, 'Anamae', 'Alquizar', 'dela Cruz', '20100113', 'sarge', '2nd year', 'Voted'),
(49, 'ks', 'kang', '', 'guest1', 'guest1', '1st year', 'Unvoted'),
(50, 'ks', 'kang', '', 'guest2', 'guest2', '2nd year', 'Unvoted');

-- --------------------------------------------------------

--
-- 테이블 구조 `votes`
--

CREATE TABLE `votes` (
  `ID` int(11) NOT NULL,
  `CandidateID` int(11) NOT NULL,
  `votes` int(11) NOT NULL
) ENGINE=MyISAM DEFAULT CHARSET=latin1 COLLATE=latin1_swedish_ci;

--
-- 테이블의 덤프 데이터 `votes`
--

INSERT INTO `votes` (`ID`, `CandidateID`, `votes`) VALUES
(205, 0, 0),
(204, 0, 0),
(203, 153, 0),
(202, 129, 0),
(201, 95, 0);

--
-- 덤프된 테이블의 인덱스
--

--
-- 테이블의 인덱스 `candidate`
--
ALTER TABLE `candidate`
  ADD PRIMARY KEY (`CandidateID`);

--
-- 테이블의 인덱스 `history`
--
ALTER TABLE `history`
  ADD PRIMARY KEY (`history_id`);

--
-- 테이블의 인덱스 `users`
--
ALTER TABLE `users`
  ADD PRIMARY KEY (`User_id`);

--
-- 테이블의 인덱스 `voters`
--
ALTER TABLE `voters`
  ADD PRIMARY KEY (`VoterID`);

--
-- 테이블의 인덱스 `votes`
--
ALTER TABLE `votes`
  ADD PRIMARY KEY (`ID`);

--
-- 덤프된 테이블의 AUTO_INCREMENT
--

--
-- 테이블의 AUTO_INCREMENT `candidate`
--
ALTER TABLE `candidate`
  MODIFY `CandidateID` int(11) NOT NULL AUTO_INCREMENT, AUTO_INCREMENT=191;

--
-- 테이블의 AUTO_INCREMENT `history`
--
ALTER TABLE `history`
  MODIFY `history_id` int(11) NOT NULL AUTO_INCREMENT, AUTO_INCREMENT=571;

--
-- 테이블의 AUTO_INCREMENT `users`
--
ALTER TABLE `users`
  MODIFY `User_id` int(11) NOT NULL AUTO_INCREMENT, AUTO_INCREMENT=6;

--
-- 테이블의 AUTO_INCREMENT `voters`
--
ALTER TABLE `voters`
  MODIFY `VoterID` int(11) NOT NULL AUTO_INCREMENT, AUTO_INCREMENT=51;

--
-- 테이블의 AUTO_INCREMENT `votes`
--
ALTER TABLE `votes`
  MODIFY `ID` int(11) NOT NULL AUTO_INCREMENT, AUTO_INCREMENT=206;
--
-- 데이터베이스: `pagination`
--
CREATE DATABASE IF NOT EXISTS `pagination` DEFAULT CHARACTER SET utf8mb4 COLLATE utf8mb4_general_ci;
USE `pagination`;

-- --------------------------------------------------------

--
-- 테이블 구조 `users`
--

CREATE TABLE `users` (
  `id` bigint(20) NOT NULL,
  `name` varchar(255) NOT NULL
) ENGINE=InnoDB DEFAULT CHARSET=utf8mb4 COLLATE=utf8mb4_general_ci;

--
-- 테이블의 덤프 데이터 `users`
--

INSERT INTO `users` (`id`, `name`) VALUES
(24, 'Abby Ward'),
(21, 'Aleksandra Devine'),
(47, 'Aston Kramer'),
(43, 'Aston Simmonds'),
(15, 'Beth Skywalker'),
(26, 'Bridget Wooten'),
(10, 'Coby Kelleigh'),
(20, 'Darrah Shadow'),
(9, 'Drake Adelaide'),
(12, 'Elizabeth Stewart'),
(19, 'Gareth Solderini'),
(46, 'Gregor Bryant'),
(42, 'Gregor Hollis'),
(13, 'Hannah Strickland'),
(52, 'Harvey Frame'),
(7, 'Imogene Thad'),
(53, 'Ismaeel Carty'),
(45, 'Issac Burris'),
(41, 'Issac Calderon'),
(2, 'Jane Doe'),
(5, 'Jaslyn Keely'),
(40, 'Jax Howe'),
(39, 'Joey Whyte'),
(1, 'John Doe'),
(17, 'Joseph Stewart'),
(34, 'Julia Greaves'),
(31, 'Junior Douglas'),
(32, 'Kaiden Bentley'),
(16, 'Kenneth Sanders'),
(30, 'Keziah Knapp'),
(28, 'Kirstie Thomas'),
(33, 'Lawrence Murphy'),
(14, 'Leah Shan'),
(51, 'Marcus Best'),
(29, 'Maya Paine'),
(23, 'Myla Bostock'),
(50, 'Nathaniel Khan'),
(4, 'Peers Sera'),
(6, 'Richard Breann'),
(54, 'Rowan Avalos'),
(3, 'Rusty Terry'),
(37, 'Sacha Gross'),
(27, 'Sally Castillo'),
(11, 'Sarah Sanders'),
(18, 'Seth Sonnel'),
(38, 'Shannon Peterson'),
(25, 'Shayan Clements'),
(49, 'Shoaib Vickers'),
(35, 'Sulaiman Gilmour'),
(44, 'Taran Morin'),
(48, 'Taran Sampson'),
(22, 'Thelma Kim'),
(8, 'Tillie Sharalyn'),
(36, 'Virgil Collier');

--
-- 덤프된 테이블의 인덱스
--

--
-- 테이블의 인덱스 `users`
--
ALTER TABLE `users`
  ADD PRIMARY KEY (`id`),
  ADD KEY `name` (`name`);

--
-- 덤프된 테이블의 AUTO_INCREMENT
--

--
-- 테이블의 AUTO_INCREMENT `users`
--
ALTER TABLE `users`
  MODIFY `id` bigint(20) NOT NULL AUTO_INCREMENT, AUTO_INCREMENT=55;
--
-- 데이터베이스: `phpmyadmin`
--
CREATE DATABASE IF NOT EXISTS `phpmyadmin` DEFAULT CHARACTER SET utf8mb4 COLLATE utf8mb4_general_ci;
USE `phpmyadmin`;

-- --------------------------------------------------------

--
-- 테이블 구조 `pma__bookmark`
--

CREATE TABLE `pma__bookmark` (
  `id` int(10) UNSIGNED NOT NULL,
  `dbase` varchar(255) NOT NULL DEFAULT '',
  `user` varchar(255) NOT NULL DEFAULT '',
  `label` varchar(255) CHARACTER SET utf8mb3 COLLATE utf8mb3_general_ci NOT NULL DEFAULT '',
  `query` text NOT NULL
) ENGINE=InnoDB DEFAULT CHARSET=utf8mb3 COLLATE=utf8mb3_bin COMMENT='Bookmarks';

-- --------------------------------------------------------

--
-- 테이블 구조 `pma__central_columns`
--

CREATE TABLE `pma__central_columns` (
  `db_name` varchar(64) NOT NULL,
  `col_name` varchar(64) NOT NULL,
  `col_type` varchar(64) NOT NULL,
  `col_length` text DEFAULT NULL,
  `col_collation` varchar(64) NOT NULL,
  `col_isNull` tinyint(1) NOT NULL,
  `col_extra` varchar(255) DEFAULT '',
  `col_default` text DEFAULT NULL
) ENGINE=InnoDB DEFAULT CHARSET=utf8mb3 COLLATE=utf8mb3_bin COMMENT='Central list of columns';

-- --------------------------------------------------------

--
-- 테이블 구조 `pma__column_info`
--

CREATE TABLE `pma__column_info` (
  `id` int(5) UNSIGNED NOT NULL,
  `db_name` varchar(64) NOT NULL DEFAULT '',
  `table_name` varchar(64) NOT NULL DEFAULT '',
  `column_name` varchar(64) NOT NULL DEFAULT '',
  `comment` varchar(255) CHARACTER SET utf8mb3 COLLATE utf8mb3_general_ci NOT NULL DEFAULT '',
  `mimetype` varchar(255) CHARACTER SET utf8mb3 COLLATE utf8mb3_general_ci NOT NULL DEFAULT '',
  `transformation` varchar(255) NOT NULL DEFAULT '',
  `transformation_options` varchar(255) NOT NULL DEFAULT '',
  `input_transformation` varchar(255) NOT NULL DEFAULT '',
  `input_transformation_options` varchar(255) NOT NULL DEFAULT ''
) ENGINE=InnoDB DEFAULT CHARSET=utf8mb3 COLLATE=utf8mb3_bin COMMENT='Column information for phpMyAdmin';

-- --------------------------------------------------------

--
-- 테이블 구조 `pma__designer_settings`
--

CREATE TABLE `pma__designer_settings` (
  `username` varchar(64) NOT NULL,
  `settings_data` text NOT NULL
) ENGINE=InnoDB DEFAULT CHARSET=utf8mb3 COLLATE=utf8mb3_bin COMMENT='Settings related to Designer';

-- --------------------------------------------------------

--
-- 테이블 구조 `pma__export_templates`
--

CREATE TABLE `pma__export_templates` (
  `id` int(5) UNSIGNED NOT NULL,
  `username` varchar(64) NOT NULL,
  `export_type` varchar(10) NOT NULL,
  `template_name` varchar(64) NOT NULL,
  `template_data` text NOT NULL
) ENGINE=InnoDB DEFAULT CHARSET=utf8mb3 COLLATE=utf8mb3_bin COMMENT='Saved export templates';

-- --------------------------------------------------------

--
-- 테이블 구조 `pma__favorite`
--

