CREATE TABLE `pma__favorite` (
  `username` varchar(64) NOT NULL,
  `tables` text NOT NULL
) ENGINE=InnoDB DEFAULT CHARSET=utf8mb3 COLLATE=utf8mb3_bin COMMENT='Favorite tables';

-- --------------------------------------------------------

--
-- 테이블 구조 `pma__history`
--

CREATE TABLE `pma__history` (
  `id` bigint(20) UNSIGNED NOT NULL,
  `username` varchar(64) NOT NULL DEFAULT '',
  `db` varchar(64) NOT NULL DEFAULT '',
  `table` varchar(64) NOT NULL DEFAULT '',
  `timevalue` timestamp NOT NULL DEFAULT current_timestamp(),
  `sqlquery` text NOT NULL
) ENGINE=InnoDB DEFAULT CHARSET=utf8mb3 COLLATE=utf8mb3_bin COMMENT='SQL history for phpMyAdmin';

-- --------------------------------------------------------

--
-- 테이블 구조 `pma__navigationhiding`
--

CREATE TABLE `pma__navigationhiding` (
  `username` varchar(64) NOT NULL,
  `item_name` varchar(64) NOT NULL,
  `item_type` varchar(64) NOT NULL,
  `db_name` varchar(64) NOT NULL,
  `table_name` varchar(64) NOT NULL
) ENGINE=InnoDB DEFAULT CHARSET=utf8mb3 COLLATE=utf8mb3_bin COMMENT='Hidden items of navigation tree';

-- --------------------------------------------------------

--
-- 테이블 구조 `pma__pdf_pages`
--

CREATE TABLE `pma__pdf_pages` (
  `db_name` varchar(64) NOT NULL DEFAULT '',
  `page_nr` int(10) UNSIGNED NOT NULL,
  `page_descr` varchar(50) CHARACTER SET utf8mb3 COLLATE utf8mb3_general_ci NOT NULL DEFAULT ''
) ENGINE=InnoDB DEFAULT CHARSET=utf8mb3 COLLATE=utf8mb3_bin COMMENT='PDF relation pages for phpMyAdmin';

-- --------------------------------------------------------

--
-- 테이블 구조 `pma__recent`
--

CREATE TABLE `pma__recent` (
  `username` varchar(64) NOT NULL,
  `tables` text NOT NULL
) ENGINE=InnoDB DEFAULT CHARSET=utf8mb3 COLLATE=utf8mb3_bin COMMENT='Recently accessed tables';

--
-- 테이블의 덤프 데이터 `pma__recent`
--

INSERT INTO `pma__recent` (`username`, `tables`) VALUES
('root', '[{\"db\":\"testing2\",\"table\":\"task2\"},{\"db\":\"testing\",\"table\":\"task2\"},{\"db\":\"testing\",\"table\":\"task\"},{\"db\":\"testing\",\"table\":\"listidks0426\"}]'),
('root240', '[{\"db\":\"testing\",\"table\":\"task\"},{\"db\":\"hotel\",\"table\":\"check0422x\"},{\"db\":\"temp\",\"table\":\"test0817a\"},{\"db\":\"testing\",\"table\":\"test0817a\"},{\"db\":\"testing\",\"table\":\"listidks0426\"},{\"db\":\"testing\",\"table\":\"listidks0426remark\"},{\"db\":\"realestatephp\",\"table\":\"property\"},{\"db\":\"realestatephp\",\"table\":\"user\"},{\"db\":\"realestatephp\",\"table\":\"feedback\"},{\"db\":\"realestatephp\",\"table\":\"state\"}]');

-- --------------------------------------------------------

--
-- 테이블 구조 `pma__relation`
--

CREATE TABLE `pma__relation` (
  `master_db` varchar(64) NOT NULL DEFAULT '',
  `master_table` varchar(64) NOT NULL DEFAULT '',
  `master_field` varchar(64) NOT NULL DEFAULT '',
  `foreign_db` varchar(64) NOT NULL DEFAULT '',
  `foreign_table` varchar(64) NOT NULL DEFAULT '',
  `foreign_field` varchar(64) NOT NULL DEFAULT ''
) ENGINE=InnoDB DEFAULT CHARSET=utf8mb3 COLLATE=utf8mb3_bin COMMENT='Relation table';

-- --------------------------------------------------------

--
-- 테이블 구조 `pma__savedsearches`
--

CREATE TABLE `pma__savedsearches` (
  `id` int(5) UNSIGNED NOT NULL,
  `username` varchar(64) NOT NULL DEFAULT '',
  `db_name` varchar(64) NOT NULL DEFAULT '',
  `search_name` varchar(64) NOT NULL DEFAULT '',
  `search_data` text NOT NULL
) ENGINE=InnoDB DEFAULT CHARSET=utf8mb3 COLLATE=utf8mb3_bin COMMENT='Saved searches';

-- --------------------------------------------------------

--
-- 테이블 구조 `pma__table_coords`
--

CREATE TABLE `pma__table_coords` (
  `db_name` varchar(64) NOT NULL DEFAULT '',
  `table_name` varchar(64) NOT NULL DEFAULT '',
  `pdf_page_number` int(11) NOT NULL DEFAULT 0,
  `x` float UNSIGNED NOT NULL DEFAULT 0,
  `y` float UNSIGNED NOT NULL DEFAULT 0
) ENGINE=InnoDB DEFAULT CHARSET=utf8mb3 COLLATE=utf8mb3_bin COMMENT='Table coordinates for phpMyAdmin PDF output';

-- --------------------------------------------------------

--
-- 테이블 구조 `pma__table_info`
--

CREATE TABLE `pma__table_info` (
  `db_name` varchar(64) NOT NULL DEFAULT '',
  `table_name` varchar(64) NOT NULL DEFAULT '',
  `display_field` varchar(64) NOT NULL DEFAULT ''
) ENGINE=InnoDB DEFAULT CHARSET=utf8mb3 COLLATE=utf8mb3_bin COMMENT='Table information for phpMyAdmin';

-- --------------------------------------------------------

--
-- 테이블 구조 `pma__table_uiprefs`
--

CREATE TABLE `pma__table_uiprefs` (
  `username` varchar(64) NOT NULL,
  `db_name` varchar(64) NOT NULL,
  `table_name` varchar(64) NOT NULL,
  `prefs` text NOT NULL,
  `last_update` timestamp NOT NULL DEFAULT current_timestamp() ON UPDATE current_timestamp()
) ENGINE=InnoDB DEFAULT CHARSET=utf8mb3 COLLATE=utf8mb3_bin COMMENT='Tables'' UI preferences';

--
-- 테이블의 덤프 데이터 `pma__table_uiprefs`
--

INSERT INTO `pma__table_uiprefs` (`username`, `db_name`, `table_name`, `prefs`, `last_update`) VALUES
('root240', 'cakeshop', 'products', '{\"sorted_col\":\"`ZZZproductsZZZproductID` DESC\"}', '2025-03-12 11:04:53'),
('root240', 'dictionary', 'donation', '{\"sorted_col\":\"`id` DESC\"}', '2025-05-29 10:14:55'),
('root240', 'dictionary', 'math_eng', '{\"sorted_col\":\"`id` DESC\"}', '2025-06-20 10:34:58'),
('root240', 'dictionary', 'phy_eng', '{\"sorted_col\":\"`id` DESC\"}', '2025-06-20 10:31:22'),
('root240', 'fleemarket', 'food', '{\"sorted_col\":\"`F_ID` ASC, `R_ID` ASC\"}', '2025-03-19 08:30:32'),
('root240', 'foodorder', 'food', '{\"sorted_col\":\"`F_ID` DESC, `R_ID` DESC\"}', '2025-03-28 21:46:35'),
('root240', 'foodorder', 'orders', '{\"sorted_col\":\"`order_ID` DESC\"}', '2025-03-19 09:43:18'),
('root240', 'hotel', 'check0422x', '{\"sorted_col\":\"`poll_id` DESC\"}', '2025-08-06 12:22:41'),
('root240', 'realestatephp', 'property', '{\"CREATE_TIME\":\"2025-07-03 18:20:21\",\"sorted_col\":\"`pid` DESC\"}', '2025-07-11 00:27:44'),
('root240', 'realestatephp', 'user', '{\"CREATE_TIME\":\"2025-06-30 07:42:22\",\"col_order\":[0,1,2,4,5,3,6],\"col_visib\":[1,1,1,1,1,1,1]}', '2025-06-30 08:06:56'),
('root240', 'temp', 'ip_location', '{\"sorted_col\":\"`id` DESC\"}', '2025-05-05 06:34:38'),
('root240', 'temp', 'test0817a', '{\"sorted_col\":\"`poll_id` DESC\"}', '2025-08-04 23:01:15'),
('root240', 'testing', 'check0422x', '{\"sorted_col\":\"`poll_id` DESC\",\"CREATE_TIME\":\"2024-09-08 09:39:36\",\"col_order\":[0,1,2,4,3,5,6,7],\"col_visib\":[1,1,1,1,1,1,1,1]}', '2025-02-15 07:07:28'),
('root240', 'testing', 'tbl_pollt2', '{\"sorted_col\":\"`poll_id` DESC\"}', '2025-05-14 20:55:59'),
('root240', 'testing', 'test0817', '{\"sorted_col\":\"`poll_id` DESC\",\"CREATE_TIME\":\"2024-09-08 09:39:36\"}', '2025-04-30 23:01:00'),
('root240', 'testing', 'test0817a', '{\"sorted_col\":\"`poll_id` DESC\"}', '2025-08-04 22:57:17');

-- --------------------------------------------------------

--
-- 테이블 구조 `pma__tracking`
--

CREATE TABLE `pma__tracking` (
  `db_name` varchar(64) NOT NULL,
  `table_name` varchar(64) NOT NULL,
  `version` int(10) UNSIGNED NOT NULL,
  `date_created` datetime NOT NULL,
  `date_updated` datetime NOT NULL,
  `schema_snapshot` text NOT NULL,
  `schema_sql` text DEFAULT NULL,
  `data_sql` longtext DEFAULT NULL,
  `tracking` set('UPDATE','REPLACE','INSERT','DELETE','TRUNCATE','CREATE DATABASE','ALTER DATABASE','DROP DATABASE','CREATE TABLE','ALTER TABLE','RENAME TABLE','DROP TABLE','CREATE INDEX','DROP INDEX','CREATE VIEW','ALTER VIEW','DROP VIEW') DEFAULT NULL,
  `tracking_active` int(1) UNSIGNED NOT NULL DEFAULT 1
) ENGINE=InnoDB DEFAULT CHARSET=utf8mb3 COLLATE=utf8mb3_bin COMMENT='Database changes tracking for phpMyAdmin';

-- --------------------------------------------------------

--
-- 테이블 구조 `pma__userconfig`
--

CREATE TABLE `pma__userconfig` (
  `username` varchar(64) NOT NULL,
  `timevalue` timestamp NOT NULL DEFAULT current_timestamp() ON UPDATE current_timestamp(),
  `config_data` text NOT NULL
) ENGINE=InnoDB DEFAULT CHARSET=utf8mb3 COLLATE=utf8mb3_bin COMMENT='User preferences storage for phpMyAdmin';

--
-- 테이블의 덤프 데이터 `pma__userconfig`
--

INSERT INTO `pma__userconfig` (`username`, `timevalue`, `config_data`) VALUES
('admin', '2024-08-05 23:01:57', '{\"lang\":\"ko\",\"Console\\/Mode\":\"collapse\"}'),
('root', '2024-07-23 01:37:16', '{\"lang\":\"ko\",\"Console\\/Mode\":\"collapse\"}'),
('root240', '2025-08-09 04:40:32', '{\"lang\":\"ko\",\"Console\\/Mode\":\"collapse\",\"NavigationWidth\":308}');

-- --------------------------------------------------------

--
-- 테이블 구조 `pma__usergroups`
--

CREATE TABLE `pma__usergroups` (
  `usergroup` varchar(64) NOT NULL,
  `tab` varchar(64) NOT NULL,
  `allowed` enum('Y','N') NOT NULL DEFAULT 'N'
) ENGINE=InnoDB DEFAULT CHARSET=utf8mb3 COLLATE=utf8mb3_bin COMMENT='User groups with configured menu items';

-- --------------------------------------------------------

--
-- 테이블 구조 `pma__users`
--

CREATE TABLE `pma__users` (
  `username` varchar(64) NOT NULL,
  `usergroup` varchar(64) NOT NULL
) ENGINE=InnoDB DEFAULT CHARSET=utf8mb3 COLLATE=utf8mb3_bin COMMENT='Users and their assignments to user groups';

--
-- 덤프된 테이블의 인덱스
--

--
-- 테이블의 인덱스 `pma__bookmark`
--
ALTER TABLE `pma__bookmark`
  ADD PRIMARY KEY (`id`);

--
-- 테이블의 인덱스 `pma__central_columns`
--
ALTER TABLE `pma__central_columns`
  ADD PRIMARY KEY (`db_name`,`col_name`);

--
-- 테이블의 인덱스 `pma__column_info`
--
ALTER TABLE `pma__column_info`
  ADD PRIMARY KEY (`id`),
  ADD UNIQUE KEY `db_name` (`db_name`,`table_name`,`column_name`);

--
-- 테이블의 인덱스 `pma__designer_settings`
--
ALTER TABLE `pma__designer_settings`
  ADD PRIMARY KEY (`username`);

--
-- 테이블의 인덱스 `pma__export_templates`
--
ALTER TABLE `pma__export_templates`
  ADD PRIMARY KEY (`id`),
  ADD UNIQUE KEY `u_user_type_template` (`username`,`export_type`,`template_name`);

--
-- 테이블의 인덱스 `pma__favorite`
--
ALTER TABLE `pma__favorite`
  ADD PRIMARY KEY (`username`);

--
-- 테이블의 인덱스 `pma__history`
--
ALTER TABLE `pma__history`
  ADD PRIMARY KEY (`id`),
  ADD KEY `username` (`username`,`db`,`table`,`timevalue`);

--
-- 테이블의 인덱스 `pma__navigationhiding`
--
ALTER TABLE `pma__navigationhiding`
  ADD PRIMARY KEY (`username`,`item_name`,`item_type`,`db_name`,`table_name`);

--
-- 테이블의 인덱스 `pma__pdf_pages`
--
ALTER TABLE `pma__pdf_pages`
  ADD PRIMARY KEY (`page_nr`),
  ADD KEY `db_name` (`db_name`);

--
-- 테이블의 인덱스 `pma__recent`
--
ALTER TABLE `pma__recent`
  ADD PRIMARY KEY (`username`);

--
-- 테이블의 인덱스 `pma__relation`
--
ALTER TABLE `pma__relation`
  ADD PRIMARY KEY (`master_db`,`master_table`,`master_field`),
  ADD KEY `foreign_field` (`foreign_db`,`foreign_table`);

--
-- 테이블의 인덱스 `pma__savedsearches`
--
ALTER TABLE `pma__savedsearches`
  ADD PRIMARY KEY (`id`),
  ADD UNIQUE KEY `u_savedsearches_username_dbname` (`username`,`db_name`,`search_name`);

--
-- 테이블의 인덱스 `pma__table_coords`
--
ALTER TABLE `pma__table_coords`
  ADD PRIMARY KEY (`db_name`,`table_name`,`pdf_page_number`);

--
-- 테이블의 인덱스 `pma__table_info`
--
ALTER TABLE `pma__table_info`
  ADD PRIMARY KEY (`db_name`,`table_name`);

--
-- 테이블의 인덱스 `pma__table_uiprefs`
--
ALTER TABLE `pma__table_uiprefs`
  ADD PRIMARY KEY (`username`,`db_name`,`table_name`);

--
-- 테이블의 인덱스 `pma__tracking`
--
ALTER TABLE `pma__tracking`
  ADD PRIMARY KEY (`db_name`,`table_name`,`version`);

--
-- 테이블의 인덱스 `pma__userconfig`
--
ALTER TABLE `pma__userconfig`
  ADD PRIMARY KEY (`username`);

--
-- 테이블의 인덱스 `pma__usergroups`
--
ALTER TABLE `pma__usergroups`
  ADD PRIMARY KEY (`usergroup`,`tab`,`allowed`);

--
-- 테이블의 인덱스 `pma__users`
--
ALTER TABLE `pma__users`
  ADD PRIMARY KEY (`username`,`usergroup`);

--
-- 덤프된 테이블의 AUTO_INCREMENT
--

--
-- 테이블의 AUTO_INCREMENT `pma__bookmark`
--
ALTER TABLE `pma__bookmark`
  MODIFY `id` int(10) UNSIGNED NOT NULL AUTO_INCREMENT;

--
-- 테이블의 AUTO_INCREMENT `pma__column_info`
--
ALTER TABLE `pma__column_info`
  MODIFY `id` int(5) UNSIGNED NOT NULL AUTO_INCREMENT;

--
-- 테이블의 AUTO_INCREMENT `pma__export_templates`
--
ALTER TABLE `pma__export_templates`
  MODIFY `id` int(5) UNSIGNED NOT NULL AUTO_INCREMENT;

--
-- 테이블의 AUTO_INCREMENT `pma__history`
--
ALTER TABLE `pma__history`
  MODIFY `id` bigint(20) UNSIGNED NOT NULL AUTO_INCREMENT;

--
-- 테이블의 AUTO_INCREMENT `pma__pdf_pages`
--
ALTER TABLE `pma__pdf_pages`
  MODIFY `page_nr` int(10) UNSIGNED NOT NULL AUTO_INCREMENT;

--
-- 테이블의 AUTO_INCREMENT `pma__savedsearches`
--
ALTER TABLE `pma__savedsearches`
  MODIFY `id` int(5) UNSIGNED NOT NULL AUTO_INCREMENT;
--
-- 데이터베이스: `phppoll_advanced`
--
CREATE DATABASE IF NOT EXISTS `phppoll_advanced` DEFAULT CHARACTER SET utf8mb3 COLLATE utf8mb3_general_ci;
USE `phppoll_advanced`;

-- --------------------------------------------------------

--
-- 테이블 구조 `accounts`
--

CREATE TABLE `accounts` (
  `id` int(11) NOT NULL,
  `email` varchar(100) NOT NULL,
  `password` varchar(255) NOT NULL,
  `display_name` varchar(50) NOT NULL,
  `role` enum('Admin','Member') NOT NULL
) ENGINE=InnoDB DEFAULT CHARSET=utf8mb3 COLLATE=utf8mb3_general_ci;

--
-- 테이블의 덤프 데이터 `accounts`
--

INSERT INTO `accounts` (`id`, `email`, `password`, `display_name`, `role`) VALUES
(1, 'admin@example.com', '$2y$10$ZU7Jq5yZ1U/ifeJoJzvLbenjRyJVkSzmQKQc.X0KDPkfR3qs/iA7O', 'Admin', 'Admin');

-- --------------------------------------------------------

--
-- 테이블 구조 `polls`
--

CREATE TABLE `polls` (
  `id` int(11) NOT NULL,
  `title` text NOT NULL,
  `description` text NOT NULL,
  `created` datetime NOT NULL DEFAULT current_timestamp(),
  `start_date` datetime NOT NULL DEFAULT current_timestamp(),
  `end_date` datetime DEFAULT NULL,
  `approved` tinyint(1) NOT NULL DEFAULT 1,
  `num_choices` tinyint(1) NOT NULL DEFAULT 1
) ENGINE=InnoDB DEFAULT CHARSET=utf8mb3 COLLATE=utf8mb3_general_ci;

--
-- 테이블의 덤프 데이터 `polls`
--

INSERT INTO `polls` (`id`, `title`, `description`, `created`, `start_date`, `end_date`, `approved`, `num_choices`) VALUES
(1, 'What\'s your favorite coding language?', '', '2024-01-01 00:00:00', '2024-01-01 00:00:00', NULL, 1, 1),
(2, 'What\'s your favorite gaming console?', '', '2024-01-01 00:00:00', '2024-01-01 00:00:00', '2024-02-01 00:00:00', 1, 1),
(3, 'What\'s your favorite car manufacturer?', 'This is a test description.', '2024-01-01 00:00:00', '2024-01-01 00:00:00', '2024-02-01 00:00:00', 1, 1),
(14, '5', '5', '2025-03-20 22:37:00', '2025-03-20 22:37:00', '2025-03-27 22:37:00', 1, 1),
(16, '5', '5', '2025-03-21 08:18:16', '2025-03-21 08:18:16', NULL, 1, 1),
(17, '6', '6', '2025-03-21 08:18:30', '2025-03-21 08:18:30', NULL, 1, 1),
(18, '7', '7', '2025-03-21 08:18:49', '2025-03-21 08:18:49', NULL, 1, 1);

-- --------------------------------------------------------

--
-- 테이블 구조 `polls_categories`
--

CREATE TABLE `polls_categories` (
  `id` int(11) NOT NULL,
  `title` varchar(255) NOT NULL,
  `description` text NOT NULL,
  `created` datetime NOT NULL
) ENGINE=InnoDB DEFAULT CHARSET=utf8mb3 COLLATE=utf8mb3_general_ci;

--
-- 테이블의 덤프 데이터 `polls_categories`
--

INSERT INTO `polls_categories` (`id`, `title`, `description`, `created`) VALUES
(1, 'General', 'This is a test description.', '2024-01-01 00:00:00'),
(2, 'Coding', 'This is a test description.', '2024-01-01 00:00:00');

-- --------------------------------------------------------

--
-- 테이블 구조 `poll_answers`
--

CREATE TABLE `poll_answers` (
  `id` int(11) NOT NULL,
  `poll_id` int(11) NOT NULL,
  `title` varchar(255) NOT NULL,
  `votes` int(11) NOT NULL DEFAULT 0,
  `img` varchar(255) NOT NULL DEFAULT ''
) ENGINE=InnoDB DEFAULT CHARSET=utf8mb3 COLLATE=utf8mb3_general_ci;

--
-- 테이블의 덤프 데이터 `poll_answers`
--

INSERT INTO `poll_answers` (`id`, `poll_id`, `title`, `votes`, `img`) VALUES
(1, 1, 'PHP', 47, ''),
(2, 1, 'Python', 39, ''),
(3, 1, 'C#', 24, ''),
(4, 1, 'Java', 17, ''),
(5, 2, 'PlayStation 5', 50, ''),
(6, 2, 'Xbox Series X', 62, ''),
(7, 2, 'Nintendo Switch', 32, ''),
(8, 3, 'BMW', 225, ''),
(9, 3, 'Ford', 194, ''),
(10, 3, 'Tesla', 248, ''),
(11, 3, 'Honda', 129, ''),
(12, 2, 'Steam Deck', 0, ''),
(22, 18, '7\r', 0, ''),
(23, 18, '8\r', 0, ''),
(24, 18, '9', 0, '');

-- --------------------------------------------------------

--
-- 테이블 구조 `poll_categories`
--

CREATE TABLE `poll_categories` (
  `id` int(11) NOT NULL,
  `poll_id` int(11) NOT NULL,
  `category_id` int(11) NOT NULL
) ENGINE=InnoDB DEFAULT CHARSET=utf8mb3 COLLATE=utf8mb3_general_ci;

--
-- 테이블의 덤프 데이터 `poll_categories`
--

INSERT INTO `poll_categories` (`id`, `poll_id`, `category_id`) VALUES
(1, 1, 1),
(2, 1, 2),
(3, 2, 1),
(4, 3, 1);

-- --------------------------------------------------------

--
-- 테이블 구조 `poll_votes`
--

CREATE TABLE `poll_votes` (
  `id` int(11) NOT NULL,
  `poll_id` int(11) NOT NULL,
  `ip_address` varchar(255) NOT NULL,
  `created` datetime NOT NULL
) ENGINE=InnoDB DEFAULT CHARSET=utf8mb3 COLLATE=utf8mb3_general_ci;

--
-- 덤프된 테이블의 인덱스
--

--
-- 테이블의 인덱스 `accounts`
--
ALTER TABLE `accounts`
  ADD PRIMARY KEY (`id`);

--
-- 테이블의 인덱스 `polls`
--
ALTER TABLE `polls`
  ADD PRIMARY KEY (`id`);

--
-- 테이블의 인덱스 `polls_categories`
--
ALTER TABLE `polls_categories`
  ADD PRIMARY KEY (`id`);

--
-- 테이블의 인덱스 `poll_answers`
--
ALTER TABLE `poll_answers`
  ADD PRIMARY KEY (`id`);

--
-- 테이블의 인덱스 `poll_categories`
--
ALTER TABLE `poll_categories`
  ADD PRIMARY KEY (`id`),
  ADD UNIQUE KEY `poll_id` (`poll_id`,`category_id`);

--
-- 테이블의 인덱스 `poll_votes`
--
ALTER TABLE `poll_votes`
  ADD PRIMARY KEY (`id`);

--
-- 덤프된 테이블의 AUTO_INCREMENT
--

--
-- 테이블의 AUTO_INCREMENT `accounts`
--
ALTER TABLE `accounts`
  MODIFY `id` int(11) NOT NULL AUTO_INCREMENT, AUTO_INCREMENT=2;

--
-- 테이블의 AUTO_INCREMENT `polls`
--
ALTER TABLE `polls`
  MODIFY `id` int(11) NOT NULL AUTO_INCREMENT, AUTO_INCREMENT=19;

--
-- 테이블의 AUTO_INCREMENT `polls_categories`
--
ALTER TABLE `polls_categories`
  MODIFY `id` int(11) NOT NULL AUTO_INCREMENT, AUTO_INCREMENT=3;

--
-- 테이블의 AUTO_INCREMENT `poll_answers`
--
ALTER TABLE `poll_answers`
  MODIFY `id` int(11) NOT NULL AUTO_INCREMENT, AUTO_INCREMENT=25;

--
-- 테이블의 AUTO_INCREMENT `poll_categories`
--
ALTER TABLE `poll_categories`
  MODIFY `id` int(11) NOT NULL AUTO_INCREMENT, AUTO_INCREMENT=5;

--
-- 테이블의 AUTO_INCREMENT `poll_votes`
--
ALTER TABLE `poll_votes`
  MODIFY `id` int(11) NOT NULL AUTO_INCREMENT;
--
-- 데이터베이스: `PLEASE_READ_ME_XMG`
--
CREATE DATABASE IF NOT EXISTS `PLEASE_READ_ME_XMG` DEFAULT CHARACTER SET utf8mb3 COLLATE utf8mb3_unicode_ci;
USE `PLEASE_READ_ME_XMG`;

-- --------------------------------------------------------

--
-- 테이블 구조 `WARNING`
--

CREATE TABLE `WARNING` (
  `id` int(11) NOT NULL,
  `warning` text DEFAULT NULL,
  `website` text DEFAULT NULL,
  `token` text DEFAULT NULL
) ENGINE=InnoDB DEFAULT CHARSET=utf8mb3 COLLATE=utf8mb3_unicode_ci;

--
-- 테이블의 덤프 데이터 `WARNING`
--

INSERT INTO `WARNING` (`id`, `warning`, `website`, `token`) VALUES
(1, 'To recover your lost databases and avoid leaking it: visit http://o42xfh5kao7mrtesnok5jgdsfagjsgzxlxdlpkpd2x6lpckhzk225yad.onion and enter your unique token b427a6c6ff6d08d2 and pay the required amount of Bitcoin to get it back. Databases that we have: testing2, poll, dkang, newsportal, testing. Your databases are downloaded and backed up on our servers. If we dont receive your payment in the next 9 Days, we will sell your database to the highest bidder or use them otherwise. To access this site you have use the tor browser https://www.torproject.org/projects/torbrowser.html', 'http://o42xfh5kao7mrtesnok5jgdsfagjsgzxlxdlpkpd2x6lpckhzk225yad.onion', 'b427a6c6ff6d08d2');

--
-- 덤프된 테이블의 인덱스
--

--
-- 테이블의 인덱스 `WARNING`
--
ALTER TABLE `WARNING`
  ADD PRIMARY KEY (`id`);
--
-- 데이터베이스: `realestatephp`
--
CREATE DATABASE IF NOT EXISTS `realestatephp` DEFAULT CHARACTER SET utf8mb4 COLLATE utf8mb4_general_ci;
USE `realestatephp`;

-- --------------------------------------------------------

--
-- 테이블 구조 `about`
--

CREATE TABLE `about` (
  `id` int(10) NOT NULL,
  `title` varchar(100) NOT NULL,
  `content` longtext NOT NULL,
  `image` varchar(300) NOT NULL
) ENGINE=InnoDB DEFAULT CHARSET=utf8mb4 COLLATE=utf8mb4_general_ci;

--
-- 테이블의 덤프 데이터 `about`
--

INSERT INTO `about` (`id`, `title`, `content`, `image`) VALUES
(10, 'About Us', '<div id=\"pgc-w5d0dcc3394ac1-0-0\" class=\"panel-grid-cell\">\r\n<div id=\"panel-w5d0dcc3394ac1-0-0-0\" class=\"so-panel widget widget_sow-editor panel-first-child panel-last-child\" data-index=\"0\">\r\n<div class=\"so-widget-sow-editor so-widget-sow-editor-base\">\r\n<div class=\"siteorigin-widget-tinymce textwidget\">\r\n<p class=\"text_all_p_tag_css\">This is a demo about us page for this project. This is a demo about us page for this project. This is a demo about us page for this project. This is a demo about us page for this project.</p>\r\n<p class=\"text_all_p_tag_css\">This is a demo about us page for this project.This is a demo about us page for this project.This is a demo about us page for this project.This is a demo about us page for this project.This is a demo about us page for this project. (codeastro.com). This is a demo about us page for this project. This is a demo about us page for this project. This is a demo about us page for this project. This is a demo about us page for this project. This is a demo about us page for this project. This is a demo about us page for this project.</p>\r\n<div id=\"pgc-w5d0dcc3394ac1-0-0\" class=\"panel-grid-cell\">\r\n<div id=\"panel-w5d0dcc3394ac1-0-0-0\" class=\"so-panel widget widget_sow-editor panel-first-child panel-last-child\" data-index=\"0\">\r\n<div class=\"so-widget-sow-editor so-widget-sow-editor-base\">\r\n<div class=\"siteorigin-widget-tinymce textwidget\">\r\n<p class=\"text_all_p_tag_css\">This is a demo about us page for this project. This is a demo about us page for this project. This is a demo about us page for this project.</p>\r\n<p class=\"text_all_p_tag_css\">This is a demo about us page for this project.This is a demo about us page for this project.This is a demo about us page for this project.This is a demo about us page for this project. (codeastro.com) This is a demo about us page for this project.This is a demo about us page for this project.This is a demo about us page for this project.This is a demo about us page for this project.This is a demo about us page for this project.This is a demo about us page for this project.</p>\r\n</div>\r\n</div>\r\n</div>\r\n</div>\r\n</div>\r\n</div>\r\n</div>\r\n</div>', 'condos-pool.png');

-- --------------------------------------------------------

--
-- 테이블 구조 `admin`
--

CREATE TABLE `admin` (
  `aid` int(10) NOT NULL,
  `auser` varchar(50) NOT NULL,
  `aemail` varchar(50) NOT NULL,
  `apass` varchar(50) NOT NULL,
  `adob` date NOT NULL,
  `aphone` varchar(15) NOT NULL
) ENGINE=InnoDB DEFAULT CHARSET=utf8mb4 COLLATE=utf8mb4_general_ci;

--
-- 테이블의 덤프 데이터 `admin`
--

INSERT INTO `admin` (`aid`, `auser`, `aemail`, `apass`, `adob`, `aphone`) VALUES
(1, 'admin', 'admin@gmail.com', 'd033e22ae348aeb5660fc2140aec35850c4da997', '1994-12-06', '1470002569');

-- --------------------------------------------------------

--
-- 테이블 구조 `city`
--

CREATE TABLE `city` (
  `cid` int(50) NOT NULL,
  `cname` varchar(100) NOT NULL,
  `sid` int(50) NOT NULL
) ENGINE=InnoDB DEFAULT CHARSET=utf8mb4 COLLATE=utf8mb4_general_ci;

--
-- 테이블의 덤프 데이터 `city`
--

INSERT INTO `city` (`cid`, `cname`, `sid`) VALUES
(9, 'Olisphis', 3),
(10, 'Alegas', 2),
(11, 'Floson', 2),
(12, 'Ulmore', 7),
(13, 'bundangku', 15);

-- --------------------------------------------------------

--
-- 테이블 구조 `contact`
--

CREATE TABLE `contact` (
  `cid` int(50) NOT NULL,
  `name` varchar(100) NOT NULL,
  `email` varchar(100) NOT NULL,
  `phone` varchar(20) NOT NULL,
  `subject` varchar(100) NOT NULL,
  `message` varchar(250) NOT NULL
) ENGINE=InnoDB DEFAULT CHARSET=utf8mb4 COLLATE=utf8mb4_general_ci;

--
-- 테이블의 덤프 데이터 `contact`
--

INSERT INTO `contact` (`cid`, `name`, `email`, `phone`, `subject`, `message`) VALUES
(1, 'codeastro', 'asda@asd.com', '8888885454', 'codeastro.com', 'asdasdasd'),
(8, 'ks', 'ks@mail.com', '0105555666', 'test', 'test');

-- --------------------------------------------------------

--
-- 테이블 구조 `feedback`
--

CREATE TABLE `feedback` (
  `fid` int(50) NOT NULL,
  `uid` int(50) NOT NULL,
  `fdescription` varchar(300) NOT NULL,
  `status` int(1) NOT NULL,
  `date` datetime NOT NULL DEFAULT current_timestamp()
) ENGINE=InnoDB DEFAULT CHARSET=utf8mb4 COLLATE=utf8mb4_general_ci;

--
-- 테이블의 덤프 데이터 `feedback`
--

INSERT INTO `feedback` (`fid`, `uid`, `fdescription`, `status`, `date`) VALUES
(1, 1, 'This is a demo feedback in order to use set it as Testimonial for the site. Just a simply dummy text rather than using lorem ipsum text lines.', 1, '2022-07-23 16:07:08'),
(2, 1, 'This is great. This is just great. Hmmm, just a dummy text for users feedback.', 1, '2022-07-23 21:51:09'),
(9, 1, 'profile', 0, '2025-07-02 20:08:43');

-- --------------------------------------------------------

--
-- 테이블 구조 `property`
--

CREATE TABLE `property` (
  `pid` int(50) NOT NULL,
  `title` varchar(200) NOT NULL,
  `pcontent` longtext DEFAULT NULL,
  `type` varchar(32) NOT NULL,
  `bhk` varchar(50) DEFAULT NULL,
  `stype` varchar(32) NOT NULL,
  `bedroom` varchar(16) DEFAULT NULL,
  `bathroom` varchar(16) DEFAULT NULL,
  `balcony` varchar(16) DEFAULT NULL,
  `kitchen` varchar(16) DEFAULT NULL,
  `hall` varchar(16) DEFAULT NULL,
  `floor` varchar(50) DEFAULT NULL,
  `size` int(50) NOT NULL,
  `price` int(50) NOT NULL,
  `location` varchar(200) NOT NULL,
  `city` varchar(100) NOT NULL,
  `state` varchar(100) NOT NULL,
  `feature` longtext DEFAULT NULL,
  `pimage` varchar(300) NOT NULL,
  `pimage1` varchar(300) DEFAULT NULL,
  `pimage2` varchar(300) DEFAULT NULL,
  `pimage3` varchar(300) DEFAULT NULL,
  `pimage4` varchar(300) DEFAULT NULL,
  `uid` int(50) NOT NULL,
  `status` varchar(50) NOT NULL,
  `mapimage` varchar(300) DEFAULT NULL,
  `topmapimage` varchar(300) DEFAULT NULL,
  `groundmapimage` varchar(300) DEFAULT NULL,
  `totalfloor` varchar(50) DEFAULT NULL,
  `date` datetime NOT NULL DEFAULT current_timestamp(),
  `isFeatured` int(11) DEFAULT NULL
) ENGINE=InnoDB DEFAULT CHARSET=utf8mb4 COLLATE=utf8mb4_general_ci;

--
-- 테이블의 덤프 데이터 `property`
--

INSERT INTO `property` (`pid`, `title`, `pcontent`, `type`, `bhk`, `stype`, `bedroom`, `bathroom`, `balcony`, `kitchen`, `hall`, `floor`, `size`, `price`, `location`, `city`, `state`, `feature`, `pimage`, `pimage1`, `pimage2`, `pimage3`, `pimage4`, `uid`, `status`, `mapimage`, `topmapimage`, `groundmapimage`, `totalfloor`, `date`, `isFeatured`) VALUES
(1, '파랑아파트', '<p>전철역에서 5분거리</p>', '아파트', '', '매도', '3', '3', '3', '3', '3', '', 60, 9000000, '산운145', '분당판교', '경기', '<div class=\"col-md-4\">&nbsp;</div>\r\n<!---feature area end---->\r\n<ul>\r\n<li>형식 : 아파트</li>\r\n<li>건축연도 : 2021</li>\r\n<li>주차장 : Yes</li>\r\n<li>공용식당 : 10 People</li>\r\n<li>헬스장:Yes</li>\r\n<li>CCTV : No</li>\r\n<li>엘리베이터 : Yes</li>\r\n<li>냉방 : 천장형</li>\r\n<li>난방 : 중앙집중식Ground Water / Tank</li>\r\n</ul>', 'real6.jpg', 'leftarrow.png', 'red.png', 'green.png', 'yellow.png', 4, '거래가능', 'location.jpg', 'floor.jpg', 'ground.jpg', '', '2025-06-28 17:00:58', 1),
(2, '빨강단독', '<p>뒤에 산이 있고, 버스정거장에서 도보10분</p>', '아파트', '', '월세', '2', '2', '2', '2', '2', '', 222, 8000000, '성북구 보문동7가67번지', '서울', '서울', '<div class=\"col-md-4\">&nbsp;</div>\r\n<div class=\"col-md-4\">\r\n<ul>\r\n<li>형식 : 아파트</li>\r\n<li>건축연도 : 2021</li>\r\n<li>주차장 : Yes</li>\r\n<li>공용식당 : 10 People</li>\r\n<li>헬스장:Yes</li>\r\n<li>CCTV : No</li>\r\n<li>엘리베이터 : Yes</li>\r\n<li>냉방 : 천장형</li>\r\n<li>난방 : 중앙집중식Ground Water / Tank</li>\r\n</ul>\r\n</div>\r\n<!---feature area end---->\r\n<p>&nbsp;</p>', 'real7.jpg', 'blue.png', 'green.png', 'black.png', 'yellow.png', 4, '일시중지', 'location.jpg', 'floor.jpg', 'ground.jpg', '', '2025-06-28 07:31:31', 0),
(3, '타지마할아파트', '<p>아파트55평</p>', '아파트', '', '월세', '3', '3', '3', '3', '3', '', 65, 7000000, '이천시123', '기타', '경기', '<div class=\"col-md-4\">\r\n<p>&nbsp;</p>\r\n</div>\r\n<!---feature area end---->\r\n<ul>\r\n<li>형식 : 아파트</li>\r\n<li>건축연도 : 2021</li>\r\n<li>주차장 : Yes</li>\r\n<li>공용식당 : 10 People</li>\r\n<li>헬스장:Yes</li>\r\n<li>CCTV : No</li>\r\n<li>엘리베이터 : Yes</li>\r\n<li>냉방 : 천장형</li>\r\n<li>난방 : 중앙집중식Ground Water / Tank</li>\r\n</ul>', 'DSC08385.JPG', 'blue.png', 'red.png', 'red.png', 'blue.png', 4, '거래중', 'location.jpg', 'floor.jpg', 'ground.jpg', '', '2025-06-28 18:58:20', 1),
(4, '실험아파트', '<p>전찰역에서 도보 10분</p>', '아파트', '', '매도', '1', '1', '1', '1', '1', '', 111, 5000000, '주소 location', '분당판교', '경기', '<div class=\"col-md-4\">&nbsp;</div>\n<div class=\"col-md-4\">\n<ul>\n<li>형식 : 아파트</li>\n<li>건축연도 : 2021</li>\n<li>주차장 : Yes</li>\n<li>공용식당 : 10 People</li>\n<li>헬스장:Yes</li>\n<li>CCTV : No</li>\n<li>엘리베이터 : Yes</li>\n<li>냉방 : 천장형</li>\n<li>난방 : 중앙집중식Ground Water / Tank</li>\n</ul>\n</div>\n<!---feature area end---->\n<p>&nbsp;</p>', 'real1.jpg', '1.jpg', '2.jpg', '3.jpg', '4.jpg', 1, '거래가능', 'location.jpg', 'floor.jpg', 'ground.jpg', '', '2025-06-26 07:18:06', 0),
(5, '용인전원주택', '<p>톨게이트에서 10분 .</p>\r\n<p>버스정거장에서 도보 5분 거리</p>', '단독주택', '', '매도', '4', '2', '300', '1', '1', '', 100, 2200000, '추계리123', '용인', '경기', '<div class=\"col-md-4\">\n<ul>\n<li>형식 : 아파트</li>\n<li>건축연도 : 2021</li>\n<li>주차장 : Yes</li>\n<li>공용식당 : 10 People</li>\n<li>헬스장:Yes</li>\n<li>CCTV : No</li>\n<li>엘리베이터 : Yes</li>\n<li>냉방 : 천장형</li>\n<li>난방 : 중앙집중식Ground Water / Tank</li>\n</ul>\n</div>\n<!---feature area end---->\n<p>&nbsp;</p>', 'zillhms1.jpg', 'zillhms2.jpg', 'zillhms3.jpg', 'zillhms4.jpg', 'zillhms5.jpg', 6, '거래가능', 'location.jpg', 'floor.jpg', 'ground.jpg', '', '2025-06-30 02:29:20', 0),
(6, '산밑 땅', '<p>산밑에 땅</p>', '땅', '', '매도', '3', '33', '3', '3', '3', '', 333, 4000000, '용인시135', '용인', '경기', '<p>&nbsp;</p>\r\n<div class=\"col-md-4\">\r\n<ul>\r\n<li class=\"mb-3\"><span class=\"text-secondary font-weight-bold\">형식 : 아파트</span></li>\r\n<li class=\"mb-3\"><span class=\"text-secondary font-weight-bold\">건축연</span><span class=\"text-secondary font-weight-bold\">도 : 2021</span></li>\r\n<li class=\"mb-3\"><span class=\"text-secondary font-weight-bold\">주차장 : </span>Yes</li>\r\n</ul>\r\n</div>\r\n<div class=\"col-md-4\">\r\n<ul>\r\n<li class=\"mb-3\"><span class=\"text-secondary font-weight-bold\">공용식당 : </span>10 People</li>\r\n<li class=\"mb-3\"><span class=\"text-secondary font-weight-bold\">헬스장:Yes</span></li>\r\n</ul>\r\n</div>\r\n<div class=\"col-md-4\">\r\n<ul>\r\n<li class=\"mb-3\"><span class=\"text-secondary font-weight-bold\">CCTV : </span>No</li>\r\n<li class=\"mb-3\"><span class=\"text-secondary font-weight-bold\">엘리베이터 : </span>Yes</li>\r\n<li class=\"mb-3\"><span class=\"text-secondary font-weight-bold\">냉방 : 천장형</span></li>\r\n<li class=\"mb-3\"><span class=\"text-secondary font-weight-bold\">난방 : 중앙집중식</span>Ground Water / Tank</li>\r\n</ul>\r\n</div>\r\n<!---feature area end---->\r\n<p>&nbsp;</p>', '1-1.jpg', '1.jpg', '2.jpg', '3.jpg', '4.jpg', 4, '거래중', 'location.jpg', 'floor.jpg', 'ground.jpg', '', '2025-06-29 15:44:44', 0),
(29, '조용한 위치 주택', '조용한 위치에 단독주택 ', '단독주택', '2 BHK', '매도', '4', '2', '1', '1', '1', '3rd Floor', 65, 30000000, '분당구 운중동', '분당판교', '경기', '<p>&nbsp;</p>\r\n<!---feature area start--->\r\n<div class=\"col-md-4\">\r\n<ul>\r\n<li class=\"mb-3\"><span class=\"text-secondary font-weight-bold\">형식 : </span>아파트</li>\r\n<li class=\"mb-3\"><span class=\"text-secondary font-weight-bold\">건축년도 : </span>2021</li>\r\n<li class=\"mb-3\"><span class=\"text-secondary font-weight-bold\">주차장 : </span>Yes</li>\r\n<li class=\"mb-3\"><span class=\"text-secondary font-weight-bold\">엘리베이터 : </span>Yes</li>\r\n</ul>\r\n</div>\r\n<div class=\"col-md-4\">\r\n<ul>\r\n<li class=\"mb-3\"><span class=\"text-secondary font-weight-bold\">난방 : </span>천장형 개별</li>\r\n<li class=\"mb-3\"><span class=\"text-secondary font-weight-bold\">냉방 : </span>중앙집중식</li>\r\n<li class=\"mb-3\"><span class=\"text-secondary font-weight-bold\">헬스장 : </span>Yes</li>\r\n<li class=\"mb-3\"><span class=\"text-secondary font-weight-bold\">CCTV : </span>Yes</li>\r\n</ul>\r\n</div>\r\n<div class=\"col-md-4\">\r\n<ul>\r\n<li class=\"mb-3\"><span class=\"text-secondary font-weight-bold\">공용식당 : </span>No</li>\r\n<!-- <li class=\"mb-3\"><span class=\"text-secondary font-weight-bold\">Elevator : </span>Yes</li>\r\n														<li class=\"mb-3\"><span class=\"text-secondary font-weight-bold\">CCTV : </span>Yes</li>\r\n														<li class=\"mb-3\"><span class=\"text-secondary font-weight-bold\">Water Supply : </span>Ground Water / Tank</li> --></ul>\r\n</div>\r\n<!---feature area end---->\r\n<p>&nbsp;</p>', 'ztest.jpg', 'ztest1.jpg', 'ztest2.jpg', 'ztest3.jpg', 'ztest4.jpg', 4, '거래가능', 'location.jpg', 'floor.jpg', 'ground.jpg', '4 Floor', '2025-07-08 09:53:31', 0);

-- --------------------------------------------------------

--
-- 테이블 구조 `state`
--

CREATE TABLE `state` (
  `sid` int(50) NOT NULL,
  `sname` varchar(100) NOT NULL
) ENGINE=InnoDB DEFAULT CHARSET=utf8mb4 COLLATE=utf8mb4_general_ci;

--
-- 테이블의 덤프 데이터 `state`
--

INSERT INTO `state` (`sid`, `sname`) VALUES
(2, 'Colotana'),
(3, 'Floaii'),
(4, 'Virconsin'),
(7, 'West Misstana\n\n'),
(9, 'New Pennrk\n\n'),
(10, 'Louiswa\n\n'),
(15, 'kyungkido\n\n');

-- --------------------------------------------------------

--
-- 테이블 구조 `user`
--

CREATE TABLE `user` (
  `uid` int(50) NOT NULL,
  `uname` varchar(100) NOT NULL,
  `uemail` varchar(100) NOT NULL,
  `uphone` varchar(20) NOT NULL,
  `upass` varchar(50) NOT NULL,
  `utype` varchar(50) NOT NULL,
  `uimage` varchar(300) NOT NULL
) ENGINE=InnoDB DEFAULT CHARSET=utf8mb4 COLLATE=utf8mb4_general_ci;

--
-- 테이블의 덤프 데이터 `user`
--

INSERT INTO `user` (`uid`, `uname`, `uemail`, `uphone`, `upass`, `utype`, `uimage`) VALUES
(1, 'kskang2', 'kskang2@gmail.com', '01011115944', '011c945f30ce2cbafc452f39840f025693339c42', 'user', 'kskang2.jpg'),
(2, 'admin', 'kyungsukkang@naver.com', '01022225944', 'd033e22ae348aeb5660fc2140aec35850c4da997', 'builder', 'admin.jpg'),
(3, 'build-1111', 'build@mail.com', '01033335944', '011c945f30ce2cbafc452f39840f025693339c42', 'builder', 'builder.jpg'),
(4, 'agent', 'agent@mail.com', '01044445944', '011c945f30ce2cbafc452f39840f025693339c42', 'agent', 'agent.jpg'),
(5, 'user-name', 'user@mail.com', '01055555944', '011c945f30ce2cbafc452f39840f025693339c42', 'user', 'user.jpg'),
(6, 'agent2', 'agent2@mail.com', '01022223333', '011c945f30ce2cbafc452f39840f025693339c42', 'agent', 'agent2.jpg'),
(7, 'Hshs', 'dennysyahputra2900@gmail.com', '6969696999', '8dd7593b77cc5bdb110e2800165e157000cc7ebc', 'agent', 'blank2.php'),
(8, 'Hshs', 'dennysyahputra290@gmail.com', '6969696999', '8dd7593b77cc5bdb110e2800165e157000cc7ebc', 'agent', 'fv.php');

--
-- 덤프된 테이블의 인덱스
--

--
-- 테이블의 인덱스 `about`
--
ALTER TABLE `about`
  ADD PRIMARY KEY (`id`);

--
-- 테이블의 인덱스 `admin`
--
ALTER TABLE `admin`
  ADD PRIMARY KEY (`aid`);

--
-- 테이블의 인덱스 `city`
--
ALTER TABLE `city`
  ADD PRIMARY KEY (`cid`);

--
-- 테이블의 인덱스 `contact`
--
ALTER TABLE `contact`
  ADD PRIMARY KEY (`cid`);

--
-- 테이블의 인덱스 `feedback`
--
ALTER TABLE `feedback`
  ADD PRIMARY KEY (`fid`);

--
-- 테이블의 인덱스 `property`
--
ALTER TABLE `property`
  ADD PRIMARY KEY (`pid`);

--
-- 테이블의 인덱스 `state`
--
ALTER TABLE `state`
  ADD PRIMARY KEY (`sid`);

--
-- 테이블의 인덱스 `user`
--
ALTER TABLE `user`
  ADD PRIMARY KEY (`uid`);

--
-- 덤프된 테이블의 AUTO_INCREMENT
--

--
-- 테이블의 AUTO_INCREMENT `about`
--
ALTER TABLE `about`
  MODIFY `id` int(10) NOT NULL AUTO_INCREMENT, AUTO_INCREMENT=11;

--
-- 테이블의 AUTO_INCREMENT `admin`
--
ALTER TABLE `admin`
  MODIFY `aid` int(10) NOT NULL AUTO_INCREMENT, AUTO_INCREMENT=12;

--
-- 테이블의 AUTO_INCREMENT `city`
--
ALTER TABLE `city`
  MODIFY `cid` int(50) NOT NULL AUTO_INCREMENT, AUTO_INCREMENT=14;

--
-- 테이블의 AUTO_INCREMENT `contact`
--
ALTER TABLE `contact`
  MODIFY `cid` int(50) NOT NULL AUTO_INCREMENT, AUTO_INCREMENT=9;

--
-- 테이블의 AUTO_INCREMENT `feedback`
--
ALTER TABLE `feedback`
  MODIFY `fid` int(50) NOT NULL AUTO_INCREMENT, AUTO_INCREMENT=10;

--
-- 테이블의 AUTO_INCREMENT `property`
--
ALTER TABLE `property`
  MODIFY `pid` int(50) NOT NULL AUTO_INCREMENT, AUTO_INCREMENT=33;

--
-- 테이블의 AUTO_INCREMENT `state`
--
ALTER TABLE `state`
  MODIFY `sid` int(50) NOT NULL AUTO_INCREMENT, AUTO_INCREMENT=16;

--
-- 테이블의 AUTO_INCREMENT `user`
--
ALTER TABLE `user`
  MODIFY `uid` int(50) NOT NULL AUTO_INCREMENT, AUTO_INCREMENT=9;
--
-- 데이터베이스: `shopping`
--
CREATE DATABASE IF NOT EXISTS `shopping` DEFAULT CHARACTER SET utf8mb3 COLLATE utf8mb3_unicode_ci;
USE `shopping`;

-- --------------------------------------------------------

--
-- 테이블 구조 `admin`
--

CREATE TABLE `admin` (
  `id` int(11) NOT NULL,
  `username` varchar(255) NOT NULL,
  `password` varchar(255) NOT NULL,
  `creationDate` timestamp NOT NULL DEFAULT current_timestamp(),
  `updationDate` varchar(255) NOT NULL
) ENGINE=InnoDB DEFAULT CHARSET=utf8mb3 COLLATE=utf8mb3_unicode_ci;

--
-- 테이블의 덤프 데이터 `admin`
--

INSERT INTO `admin` (`id`, `username`, `password`, `creationDate`, `updationDate`) VALUES
(1, 'admin', '21232f297a57a5a743894a0e4a801fc3', '2017-01-24 16:21:18', '04-10-2021 05:12:58 AM');

-- --------------------------------------------------------

--
-- 테이블 구조 `category`
--

CREATE TABLE `category` (
  `id` int(11) NOT NULL,
  `categoryName` varchar(255) DEFAULT NULL,
  `categoryDescription` longtext DEFAULT NULL,
  `creationDate` timestamp NOT NULL DEFAULT current_timestamp(),
  `updationDate` varchar(255) DEFAULT NULL
) ENGINE=InnoDB DEFAULT CHARSET=utf8mb3 COLLATE=utf8mb3_unicode_ci;

--
-- 테이블의 덤프 데이터 `category`
--

INSERT INTO `category` (`id`, `categoryName`, `categoryDescription`, `creationDate`, `updationDate`) VALUES
(1, '<i class=\"icon fa fa-institution\"></i>', '뉴스\r\n중앙당일정\r\n사진', '2017-01-24 19:17:37', '08-11-2021 05:02:04 PM'),
(4, '국 회 ', '국회의원', '2017-01-24 19:19:32', '08-11-2021 12:43:01 PM'),
(5, '자 치', '자치단체장\r\n지방의회', '2017-01-24 19:19:54', '08-11-2021 12:42:36 PM'),
(6, '행정', '가입안내\r\n선거인단\r\n당비납부\r\n', '2017-02-20 19:18:52', '22-02-2022 12:08:18 PM'),
(7, '투 표', '후보 선출', '2021-09-21 23:48:26', '08-11-2021 12:43:18 PM'),
(15, '서울', '', '2021-11-07 06:38:29', NULL),
(16, '경기', '', '2021-11-07 06:38:39', NULL),
(17, '강원', '', '2021-11-07 06:38:47', '07-11-2021 12:09:54 PM'),
(18, '충청', '', '2021-11-07 06:38:52', '07-11-2021 12:10:09 PM'),
(19, '경상', '', '2021-11-07 06:39:20', NULL),
(20, '전라', '', '2021-11-07 06:39:26', NULL),
(21, '제주', '', '2021-11-07 06:39:32', NULL),
(22, '제주', '', '2021-11-07 06:39:40', NULL);

-- --------------------------------------------------------

--
-- 테이블 구조 `orders`
--

CREATE TABLE `orders` (
  `id` int(11) NOT NULL,
  `userId` int(11) DEFAULT NULL,
  `productId` varchar(255) DEFAULT NULL,
  `quantity` int(11) DEFAULT NULL,
  `orderDate` timestamp NOT NULL DEFAULT current_timestamp(),
  `paymentMethod` varchar(50) DEFAULT NULL,
  `orderStatus` varchar(55) DEFAULT NULL
) ENGINE=InnoDB DEFAULT CHARSET=utf8mb3 COLLATE=utf8mb3_unicode_ci;

--
-- 테이블의 덤프 데이터 `orders`
--

INSERT INTO `orders` (`id`, `userId`, `productId`, `quantity`, `orderDate`, `paymentMethod`, `orderStatus`) VALUES
(205, 7, '11', 1, '2021-10-13 09:01:43', 'COD', NULL),
(269, 1, '2', 1, '2021-10-25 22:49:10', 'COD', NULL),
(270, 1, '3', 1, '2021-10-25 22:49:10', 'COD', NULL),
(309, 3, '2', 1, '2021-10-30 23:19:17', 'COD', NULL),
(310, 3, '3', 1, '2021-10-30 23:19:17', 'COD', NULL),
(320, 8, '6', 1, '2021-11-04 06:30:40', 'COD', NULL),
(325, 8, '2', 1, '2021-11-04 09:21:21', 'COD', NULL),
(335, 3, '24', 1, '2021-11-04 11:30:11', 'COD', NULL),
(336, 3, '26', 1, '2021-11-04 11:30:11', 'COD', NULL),
(337, 9, '2', 1, '2021-11-05 11:00:22', 'COD', NULL),
(338, 9, '25', 1, '2021-11-05 11:01:43', 'COD', NULL),
(339, 9, '4', 1, '2021-11-05 11:05:27', 'COD', NULL),
(340, 14, '11', 1, '2021-11-06 01:02:07', 'COD', NULL),
(341, 20, '3', 1, '2021-11-06 01:10:49', 'COD', NULL),
(342, 21, '2', 1, '2021-11-06 01:14:54', 'COD', NULL),
(344, 29, '4', 1, '2021-11-06 06:45:56', 'COD', NULL),
(345, 31, '2', 1, '2021-11-06 08:04:30', 'COD', NULL),
(349, 33, '2', 1, '2021-11-07 23:04:06', 'COD', NULL),
(350, 33, '3', 1, '2021-11-07 23:04:06', 'COD', NULL),
(370, 31, '3', 1, '2021-11-08 23:50:35', 'COD', NULL),
(372, 31, '22', 1, '2021-11-09 01:39:39', 'COD', NULL),
(373, 43, '2', 1, '2021-11-09 07:51:51', 'COD', NULL),
(374, 43, '3', 1, '2021-11-09 07:51:51', 'COD', NULL),
(375, 4, '11', 1, '2021-11-09 11:06:33', 'COD', NULL),
(376, 4, '2', 1, '2021-11-09 11:07:32', 'COD', NULL),
(377, 4, '3', 1, '2021-11-09 11:07:32', 'COD', NULL),
(379, 45, '2', 1, '2021-11-09 22:20:46', 'COD', NULL),
(380, 45, '3', 1, '2021-11-09 22:20:46', 'COD', NULL),
(381, 45, '11', 1, '2021-11-09 22:20:46', 'COD', NULL),
(382, 48, '11', 1, '2021-11-09 23:40:09', 'COD', NULL),
(384, 49, '2', 1, '2021-11-10 09:40:57', 'COD', NULL),
(385, 49, '3', 1, '2021-11-10 09:40:57', 'COD', NULL),
(386, 49, '11', 1, '2021-11-10 09:42:19', 'COD', NULL),
(388, 55, '3', 1, '2021-11-28 05:48:49', 'COD', NULL),
(389, 55, '11', 1, '2021-11-28 05:48:49', 'COD', NULL),
(391, 55, '19', 1, '2022-01-12 08:15:52', 'COD', NULL),
(392, 55, '1', 1, '2022-01-23 07:50:03', 'COD', NULL),
(394, 55, '26', 1, '2022-02-09 22:21:54', 'COD', NULL),
(395, 55, '12', 1, '2022-02-10 09:47:04', 'COD', NULL);

-- --------------------------------------------------------

--
-- 테이블 구조 `ordertrackhistory`
--

CREATE TABLE `ordertrackhistory` (
  `id` int(11) NOT NULL,
  `orderId` int(11) DEFAULT NULL,
  `status` varchar(255) DEFAULT NULL,
  `remark` mediumtext DEFAULT NULL,
  `postingDate` timestamp NOT NULL DEFAULT current_timestamp()
) ENGINE=InnoDB DEFAULT CHARSET=utf8mb3 COLLATE=utf8mb3_unicode_ci;

--
-- 테이블의 덤프 데이터 `ordertrackhistory`
--

INSERT INTO `ordertrackhistory` (`id`, `orderId`, `status`, `remark`, `postingDate`) VALUES
(1, 3, 'in Process', 'Order has been Shipped.', '2017-03-10 19:36:45'),
(2, 1, 'Delivered', 'Order Has been delivered', '2017-03-10 19:37:31'),
(3, 3, 'Delivered', 'Product delivered successfully', '2017-03-10 19:43:04'),
(4, 4, 'in Process', 'Product ready for Shipping', '2017-03-10 19:50:36'),
(5, 1, 'Delivered', 'sdf', '2020-07-01 10:02:28'),
(6, 6, 'Delivered', 'good', '2020-07-01 10:32:33');

-- --------------------------------------------------------

--
-- 테이블 구조 `productreviews`
--

CREATE TABLE `productreviews` (
  `id` int(11) NOT NULL,
  `productId` int(11) DEFAULT NULL,
  `quality` int(11) DEFAULT NULL,
  `price` int(11) DEFAULT NULL,
  `value` int(11) DEFAULT NULL,
  `name` varchar(255) DEFAULT NULL,
  `summary` varchar(255) DEFAULT NULL,
  `review` longtext DEFAULT NULL,
  `reviewDate` timestamp NOT NULL DEFAULT current_timestamp()
) ENGINE=InnoDB DEFAULT CHARSET=utf8mb3 COLLATE=utf8mb3_unicode_ci;

--
-- 테이블의 덤프 데이터 `productreviews`
--

INSERT INTO `productreviews` (`id`, `productId`, `quality`, `price`, `value`, `name`, `summary`, `review`, `reviewDate`) VALUES
(4, 3, 3, 4, 3, 'name', '제목', 'review', '2017-02-26 20:59:19'),
(6, 3, 2, 0, 0, 'name', '제목', 'review 댓글', '2020-07-01 10:31:03'),
(7, 17, 4, 3, 5, '이름ks', 'subj', 'review댓글', '2021-09-22 11:25:47'),
(25, 20, 1, 1, 1, '이름', '제목', '댓글', '2021-10-29 06:40:50'),
(36, 24, 1, 3, 4, '원', '원', '원댓글', '2021-11-01 22:55:01'),
(37, 6, 2, 2, 2, '이른테스트', '신익희 제목테스트', '댓글 테스트', '2021-11-01 23:04:10'),
(38, 11, 5, 5, 5, '이름 김문수', '제목 김문수', '댓글 김문수', '2021-11-01 23:13:24'),
(41, 3, 5, 5, 5, '이름: 김복동', '제목  대선', '선거 운동', '2021-11-02 05:54:21'),
(42, 11, 5, 5, 5, '구성수 분당 보건소장', '직분을 다 하는 분들(정치인으로 추천)', '구성수  분당보건소장 https://youtu.be/vdux7SXpoVg\r\n', '2022-01-22 23:02:32'),
(43, 11, 5, 5, 5, '장영하 변호사', '직분을 다하는 분들(정치인으로 추천)', '장영하 변호사 https://youtu.be/75uRtVjCzHQ', '2022-01-22 23:04:53'),
(44, 11, 5, 5, 5, '김사랑 ', '직분을 다하는 분들(정치인으로 추천)', '김사랑  https://youtu.be/uHMEYDGeQ7M', '2022-01-22 23:07:08');

-- --------------------------------------------------------

--
-- 테이블 구조 `products`
--

CREATE TABLE `products` (
  `id` int(11) NOT NULL,
  `category` int(11) NOT NULL,
  `subCategory` int(11) DEFAULT NULL,
  `productName` varchar(127) DEFAULT NULL,
  `product_text` text DEFAULT NULL,
  `productCompany` varchar(127) DEFAULT NULL,
  `productPrice` int(11) DEFAULT NULL,
  `productPriceBeforeDiscount` int(11) DEFAULT 0,
  `productDescription` longtext DEFAULT NULL,
  `productImage1` varchar(127) DEFAULT NULL,
  `productImage2` varchar(127) DEFAULT NULL,
  `productImage3` varchar(127) DEFAULT NULL,
  `productImage4` varchar(127) DEFAULT NULL,
  `shippingCharge` varchar(127) DEFAULT NULL,
  `productAvailability` varchar(127) DEFAULT NULL,
  `postingDate` timestamp NULL DEFAULT current_timestamp(),
  `updationDate` varchar(127) DEFAULT NULL
) ENGINE=InnoDB DEFAULT CHARSET=utf8mb3 COLLATE=utf8mb3_unicode_ci;

--
-- 테이블의 덤프 데이터 `products`
--

INSERT INTO `products` (`id`, `category`, `subCategory`, `productName`, `product_text`, `productCompany`, `productPrice`, `productPriceBeforeDiscount`, `productDescription`, `productImage1`, `productImage2`, `productImage3`, `productImage4`, `shippingCharge`, `productAvailability`, `postingDate`, `updationDate`) VALUES
(1, 4, 3, '김진태', '국회의원<div>종로갑</div>', '한국당<br>한국당', 1000, 2, '<div class=\"HoUsOy\" style=\"box-sizing: border-box; margin: 0px; padding: 0px 0px 16px; font-size: 18px; white-space: nowrap; line-height: 1.4; color: rgb(33, 33, 33); font-family: Roboto, Arial, sans-serif;\">General</div><ul style=\"box-sizing: border-box; margin-bottom: 0px; margin-left: 0px; color: rgb(33, 33, 33); font-family: Roboto, Arial, sans-serif; font-size: 14px;\"><li class=\"_1KuY3T row\" style=\"box-sizing: border-box; margin: 0px; padding: 0px 0px 16px; list-style: none; display: flex; flex-flow: row wrap; width: 731px;\"><div class=\"vmXPri col col-3-12\" style=\"box-sizing: border-box; margin: 0px; padding: 0px 8px 0px 0px; width: 182.75px; display: inline-block; vertical-align: top; color: rgb(135, 135, 135);\">Sales Package</div><ul class=\"_3dG3ix col col-9-12\" style=\"box-sizing: border-box; margin-left: 0px; width: 548.25px; display: inline-block; vertical-align: top; line-height: 1.4;\"><li class=\"sNqDog\" style=\"box-sizing: border-box; margin: 0px; padding: 0px; list-style: none;\">1 TV Unit, Remote Controller, Battery (For Remote Controller), Quick Installation Guide and User Manual: All in One, Wall Mount Support</li></ul></li><li class=\"_1KuY3T row\" style=\"box-sizing: border-box; margin: 0px; padding: 0px 0px 16px; list-style: none; display: flex; flex-flow: row wrap; width: 731px;\"><div class=\"vmXPri col col-3-12\" style=\"box-sizing: border-box; margin: 0px; padding: 0px 8px 0px 0px; width: 182.75px; display: inline-block; vertical-align: top; color: rgb(135, 135, 135);\">Model Name</div><ul class=\"_3dG3ix col col-9-12\" style=\"box-sizing: border-box; margin-left: 0px; width: 548.25px; display: inline-block; vertical-align: top; line-height: 1.4;\"><li class=\"sNqDog\" style=\"box-sizing: border-box; margin: 0px; padding: 0px; list-style: none;\">32T6175MHD</li></ul></li><li class=\"_1KuY3T row\" style=\"box-sizing: border-box; margin: 0px; padding: 0px 0px 16px; list-style: none; display: flex; flex-flow: row wrap; width: 731px;\"><div class=\"vmXPri col col-3-12\" style=\"box-sizing: border-box; margin: 0px; padding: 0px 8px 0px 0px; width: 182.75px; display: inline-block; vertical-align: top; color: rgb(135, 135, 135);\">Display Size</div><ul class=\"_3dG3ix col col-9-12\" style=\"box-sizing: border-box; margin-left: 0px; width: 548.25px; display: inline-block; vertical-align: top; line-height: 1.4;\"><li class=\"sNqDog\" style=\"box-sizing: border-box; margin: 0px; padding: 0px; list-style: none;\">81 cm (32)</li></ul></li><li class=\"_1KuY3T row\" style=\"box-sizing: border-box; margin: 0px; padding: 0px 0px 16px; list-style: none; display: flex; flex-flow: row wrap; width: 731px;\"><div class=\"vmXPri col col-3-12\" style=\"box-sizing: border-box; margin: 0px; padding: 0px 8px 0px 0px; width: 182.75px; display: inline-block; vertical-align: top; color: rgb(135, 135, 135);\">Screen Type</div><ul class=\"_3dG3ix col col-9-12\" style=\"box-sizing: border-box; margin-left: 0px; width: 548.25px; display: inline-block; vertical-align: top; line-height: 1.4;\"><li class=\"sNqDog\" style=\"box-sizing: border-box; margin: 0px; padding: 0px; list-style: none;\">LED</li></ul></li><li class=\"_1KuY3T row\" style=\"box-sizing: border-box; margin: 0px; padding: 0px 0px 16px; list-style: none; display: flex; flex-flow: row wrap; width: 731px;\"><div class=\"vmXPri col col-3-12\" style=\"box-sizing: border-box; margin: 0px; padding: 0px 8px 0px 0px; width: 182.75px; display: inline-block; vertical-align: top; color: rgb(135, 135, 135);\">HD Technology &amp; Resolutiontest</div><ul class=\"_3dG3ix col col-9-12\" style=\"box-sizing: border-box; margin-left: 0px; width: 548.25px; display: inline-block; vertical-align: top; line-height: 1.4;\"><li class=\"sNqDog\" style=\"box-sizing: border-box; margin: 0px; padding: 0px; list-style: none;\">HD Ready, 1366 x 768</li></ul></li></ul>', 'kim1.jpg', 'p.jpg', 'p2.jpg', NULL, '0', 'In Stock', '2017-01-30 16:54:35', ''),
(2, 4, 4, '박대출', '마마마마마마마마마마가가나나다다라라', '한국당', 1000, 2, '<span style=\"color: rgb(0, 0, 0); font-family: 굴림, gulim, sans-serif; font-size: 17px; letter-spacing: -0.3px;\">“사람들은 나에게 늘 ‘</span><span data-type=\"ore\" data-lang=\"en\" style=\"color: rgb(0, 0, 0); font-family: 굴림, gulim, sans-serif; font-size: 17px; letter-spacing: -0.3px;\">CEO</span><span style=\"color: rgb(0, 0, 0); font-family: 굴림, gulim, sans-serif; font-size: 17px; letter-spacing: -0.3px;\">로 성공한 비결이 뭡니까?’&nbsp;</span>', 'park2.jpg', '자료.png', 'p2.jpg', NULL, '0', 'In Stock', '2017-01-30 16:59:00', ''),
(3, 4, 28, '김미애', '<div>해운대을</div><div>국회의원</div>', '한국당', 1000, 2, '<span style=\"color: rgb(0, 0, 0); font-family: 굴림, gulim, sans-serif; font-size: 17px; letter-spacing: -0.3px;\">“기업을 만들고 경영한다는 것이 원래 어려운 일,&nbsp;</span>', '화면 캡처 2021-10-13 172150.jpg', 'p.jpg', 'p2.jpg', NULL, '0', 'In Stock', '2017-02-04 04:03:15', ''),
(4, 4, 4, '만화가', '만화뉴스뉴스뉴스뉴스<div><br></div>', 'IBM', 1000, 0, '<ul><li>투표는 아래 푸른색 링크를 누르세요⬇️</li></ul><div><span style=\"color: rgb(13, 13, 13); font-family: Roboto, Noto, sans-serif; font-size: 15px; white-space: pre-wrap;\">http://vote.jumpingcrab.com/test/0807/sampleone</span><span style=\"color: rgb(13, 13, 13); font-family: Roboto, Noto, sans-serif; font-size: 15px; white-space: pre-wrap;\">\r\n\r\n</span><span style=\"color: rgb(13, 13, 13); font-family: Roboto, Noto, sans-serif; font-size: 15px; white-space: pre-wrap;\">http://vote.jumpingcrab.com/t0422/0</span><span style=\"color: rgb(13, 13, 13); font-family: Roboto, Noto, sans-serif; font-size: 15px; white-space: pre-wrap;\">\r\n\r\n*****이하 참고*****\r\nYoutub 시청 중 \"투표\" 9초後, 본래의 동영상으로 return 실험\r\nWindow close실험  </span><span style=\"color: rgb(13, 13, 13); font-family: Roboto, Noto, sans-serif; font-size: 15px; white-space: pre-wrap;\">http://vote.jumpingcrab.com/test/0807/sampleone9sec</span><span style=\"color: rgb(13, 13, 13); font-family: Roboto, Noto, sans-serif; font-size: 15px; white-space: pre-wrap;\">\r\n\r\n샘플들 1  .2  .3 .4  \r\n</span><span style=\"color: rgb(13, 13, 13); font-family: Roboto, Noto, sans-serif; font-size: 15px; white-space: pre-wrap;\">http://vote.jumpingcrab.com/1hospital/1kwang0</span><br></div>', 'admin.jpg', '화면 캡처 2021-09-22 095910.jpg', 'p2.jpg', NULL, '0', 'In Stock', '2017-02-04 04:04:43', ''),
(6, 4, 4, '신익히', '신익희<div>신익희</div>', 'Samsung', 1000, 0, 'Shin', '화면 캡처 2021-10-28 134617.jpg', 'p.jpg', 'p2.jpg', NULL, '0', 'In Stock', '2017-02-04 04:08:07', ''),
(11, 6, 237, '김문수', '국회의원<div>경기지사</div>', '김문수tv', 1000, 1, '<div id=\"meta\" class=\"style-scope ytd-watch-flexy\" style=\"margin: 0px; padding: 0px; border: 0px; background: rgb(249, 249, 249); color: rgb(0, 0, 0); font-family: Roboto, Arial, sans-serif; font-size: 10px;\"><div id=\"meta-contents\" class=\"style-scope ytd-watch-flexy\" style=\"margin: 0px; padding: 0px; border: 0px; background: transparent;\"><ytd-video-secondary-info-renderer class=\"style-scope ytd-watch-flexy\" style=\"display: block; border-bottom: 1px solid var(--yt-spec-10-percent-layer); margin-bottom: 24px; padding-bottom: 16px;\"><div id=\"container\" class=\"style-scope ytd-video-secondary-info-renderer\" style=\"margin: 0px; padding: 0px; border: 0px; background: transparent;\"><ytd-expander class=\"style-scope ytd-video-secondary-info-renderer\" style=\"display: block; margin-left: 64px; font-size: var(--ytd-user-comment_-_font-size); font-weight: var(--ytd-user-comment_-_font-weight); line-height: var(--ytd-user-comment_-_line-height); letter-spacing: var(--ytd-user-comment_-_letter-spacing); --ytd-expander-collapsed-height:60px;\"><div id=\"content\" class=\"style-scope ytd-expander\" style=\"overflow-wrap: break-word; min-width: 0px; margin: 0px; padding: 0px; border: 0px; background: transparent;\"><div id=\"description\" slot=\"content\" class=\"style-scope ytd-video-secondary-info-renderer\" style=\"margin: 0px; padding: 0px; border: 0px; background: transparent; max-width: 615px;\"><yt-formatted-string class=\"content style-scope ytd-video-secondary-info-renderer\" force-default-style=\"\" split-lines=\"\" style=\"white-space: pre-wrap; word-break: break-word; color: var(--yt-spec-text-primary);\"><span dir=\"auto\" class=\"style-scope yt-formatted-string\" style=\"margin: 0px; padding: 0px; border: 0px; background: transparent;\">⛔ NOTICE ⛔\r\n- 김문수 TV의 모든 영상물을 퍼가기, 수정, 게시는 자유롭게 가능하지만 출처를 밝혀주세요.\r\n- 정치인이 운영하는 유튜브입니다. 따로 계좌는 공개하지 않습니다.❌\r\n- 맴버쉽 오픈되었습니다!? (가입링크: </span><a class=\"yt-simple-endpoint style-scope yt-formatted-string\" spellcheck=\"false\" href=\"https://www.youtube.com/redirect?event=video_description&amp;redir_token=QUFFLUhqa01CTm9md1Y3TE1lT3FGclFYRUQ4X25GTlRFQXxBQ3Jtc0tsenItczJpcXdTbnFCSFVnZ3dKaFZhdmhjUGVQUnlQU0VrcGxQOEhnU3NSQjl0OHk4cGg4RlRnOVhmTEpubmVpY1paZy1rQ3hVZ3h4ei1BLW1qaUFHTm5KSEJURVMwN1pwOUw3ZXpiekdOY1paOE4xcw&amp;q=https%3A%2F%2Furl.kr%2FfJ7eyr\" rel=\"nofollow\" target=\"_blank\" dir=\"auto\" style=\"display: var(--yt-endpoint-display, inline-block); cursor: pointer; text-decoration: var(--yt-endpoint-text-regular-decoration, none); color: var(--yt-endpoint-color, var(--yt-spec-call-to-action)); overflow-wrap: var(--yt-endpoint-word-wrap, none); word-break: var(--yt-endpoint-word-break, none);\">https://url.kr/fJ7eyr</a><span dir=\"auto\" class=\"style-scope yt-formatted-string\" style=\"margin: 0px; padding: 0px; border: 0px; background: transparent;\">)\r\n\r\n- 채널문의/제보 : kmssry1124@gmail.com</span></yt-formatted-string></div></div><ytd-metadata-row-container-renderer class=\"sticky style-scope ytd-video-secondary-info-renderer\" slot=\"sticky\" style=\"overflow-wrap: break-word; min-width: 0px; display: block;\"><div id=\"always-shown\" class=\"style-scope ytd-metadata-row-container-renderer\" style=\"margin: 0px; padding: 0px; border: 0px; background: transparent;\"></div><div id=\"collapsible\" class=\"style-scope ytd-metadata-row-container-renderer\" style=\"margin: 0px; padding: 0px; border: 0px; background: transparent;\"></div></ytd-metadata-row-container-renderer><tp-yt-paper-button id=\"less\" aria-expanded=\"true\" noink=\"\" class=\"style-scope ytd-expander\" role=\"button\" tabindex=\"0\" animated=\"\" elevation=\"0\" aria-disabled=\"false\" style=\"display: inline-block; align-items: center; justify-content: center; position: relative; box-sizing: border-box; background-image: initial; background-position: initial; background-size: initial; background-repeat: initial; background-attachment: initial; background-origin: initial; background-clip: initial; -webkit-tap-highlight-color: transparent; font: inherit; outline-width: 0px; border-radius: 3px; user-select: none; cursor: pointer; z-index: 0; padding: 0px; -webkit-font-smoothing: var(--paper-font-common-base_-_-webkit-font-smoothing); color: var(--paper-button_-_color); border: var(--paper-button_-_border); width: var(--paper-button_-_width); margin: var(--ytd-expander-button-margin, 0); background-color: var(--paper-button_-_background-color); text-transform: var(--paper-button_-_text-transform, uppercase); min-width: 0px; overflow-wrap: break-word; transition: var(--shadow-transition_-_transition); text-align: center; align-self: flex-start;\"><yt-formatted-string class=\"less-button style-scope ytd-video-secondary-info-renderer\" slot=\"less-button\" role=\"button\" style=\"word-break: break-word; color: var(--yt-spec-text-secondary); display: inline-block; margin-top: 8px; font-size: 1.3rem; letter-spacing: 0.007px;\">간략히</yt-formatted-string></tp-yt-paper-button></ytd-expander></div></ytd-video-secondary-info-renderer></div></div><div id=\"ticket-shelf\" class=\"style-scope ytd-watch-flexy\" style=\"margin: 0px; padding: 0px; border: 0px; background: rgb(249, 249, 249); color: rgb(0, 0, 0); font-family: Roboto, Arial, sans-serif; font-size: 10px;\"></div><div id=\"merch-shelf\" class=\"style-scope ytd-watch-flexy\" style=\"margin: 0px; padding: 0px; border: 0px; background: rgb(249, 249, 249); color: rgb(0, 0, 0); font-family: Roboto, Arial, sans-serif; font-size: 10px;\"></div><ytd-comments id=\"comments\" class=\"style-scope ytd-watch-flexy\" style=\"display: block; color: rgb(0, 0, 0); font-family: Roboto, Arial, sans-serif; font-size: 10px; background-color: rgb(249, 249, 249);\"><ytd-item-section-renderer id=\"sections\" initial-count=\"2\" class=\"style-scope ytd-comments\" style=\"display: block;\"><div id=\"header\" class=\"style-scope ytd-item-section-renderer\" style=\"margin: 0px; padding: 0px; border: 0px; background: transparent;\"><ytd-comments-header-renderer class=\"style-scope ytd-item-section-renderer\" style=\"--paper-input-container-input-align: baseline; margin-top: var(--comments-header-renderer-margin-top, 24px); margin-bottom: var(--comments-header-renderer-margin-bottom, 32px); display: flex; flex-direction: column;\"><div id=\"title\" class=\"style-scope ytd-comments-header-renderer\" style=\"margin: 0px 0px 24px; padding: 0px; border: 0px; background: transparent; display: flex; flex-direction: row; align-items: center;\"></div></ytd-comments-header-renderer></div></ytd-item-section-renderer></ytd-comments>', '1kms2.jpg', '0122.png', 'p2.jpg', NULL, '0', 'In Stock', '2017-02-04 04:26:17', ''),
(12, 4, 6, '플라톤', '그리스<div>철학자</div>', 'Apple', 1000, 0, 'Apple', 'p1.jpg', 'p.jpg', 'p2.jpg', NULL, '0', 'In Stock', '2017-02-04 04:28:17', ''),
(15, 4, 4, '전국 날씨', '전국날씨<div>지방날씨</div>', '조선일보', 1000, 1, '<div><span style=\"color: rgb(0, 0, 0); font-family: 굴림, gulim, sans-serif; font-size: 17px; letter-spacing: -0.3px;\">오늘도 전국이 대체로 맑아서 활동하기 좋겠습니다.</span><br></div><span style=\"color: rgb(33, 33, 33); font-family: Roboto, Arial, sans-serif; font-size: 18px;\"><div><span style=\"color: rgb(0, 0, 0); font-family: 굴림, gulim, sans-serif; font-size: 17px; letter-spacing: -0.3px;\">아침에 서울 기온&nbsp;</span><span data-type=\"ore\" data-lang=\"en\" style=\"color: rgb(0, 0, 0); font-family: 굴림, gulim, sans-serif; font-size: 17px; letter-spacing: -0.3px;\">19.2</span><span style=\"color: rgb(0, 0, 0); font-family: 굴림, gulim, sans-serif; font-size: 17px; letter-spacing: -0.3px;\">도로 선선한데, 한낮에는&nbsp;</span><span data-type=\"ore\" data-lang=\"en\" style=\"color: rgb(0, 0, 0); font-family: 굴림, gulim, sans-serif; font-size: 17px; letter-spacing: -0.3px;\">28</span><span style=\"color: rgb(0, 0, 0); font-family: 굴림, gulim, sans-serif; font-size: 17px; letter-spacing: -0.3px;\">도까지 오르겠습니다.</span><span style=\"color: rgb(33, 33, 33); font-family: Roboto, Arial, sans-serif; font-size: 18px;\"><br></span></div><div><span style=\"color: rgb(33, 33, 33); font-family: Roboto, Arial, sans-serif; font-size: 18px;\"><br></span></div>The Wimpy Kid Do -It- Yourself Book</span><span style=\"color: rgb(33, 33, 33); font-family: Roboto, Arial, sans-serif; font-size: 18px;\">&nbsp;&nbsp;(English, Paperback, Jeff Kinney)</span><br><div><ul><li>Language: English<br></li><li>Binding: Paperback<br></li><li>Publisher: Penguin Books Ltd<br></li><li>ISBN: 9780141339665, 0141339667<br></li><li>Edition: 1<br></li></ul></div>', '화면 캡처 2021-10-28 134911.jpg', 'processed (2).jpeg', 'p2.jpg', NULL, '0', 'In Stock', '2017-02-04 04:35:13', ''),
(16, 4, 3, '인터넷 신문', '<div>뉴스뉴스뉴스뉴스뉴스신문</div><div><br></div>', '모은일보', 1000, 1, '<span style=\"color: rgb(0, 0, 0); font-family: &quot;Malgun Gothic&quot;; font-size: medium;\">모은은 현대 백화점에 가서 거품 비누를 구매 하였다. 할아버지께서 차를 타고 백화점 주위를 돌고 계신 동안, 모은과 할머니는 백화점에 들어가서 신기한 비누를 구 했다. 집에 와서 보니, 비누가 만질 수도 있고, 모양이 흩트러지지도 않고 또 부드러워서 재미 있었다. 모은이는 집에 오자마자 목욕을 하면서 그 비누를 갖고 재미있어 하였다.</span>', '1news1.jpg', 'p.jpg', 'p2.jpg', NULL, '0', 'In Stock', '2017-02-04 04:36:23', ''),
(17, 5, 9, '오세훈', '서울시장<div>3선</div>', '한국당', 1000, 0, '<span style=\"color: rgb(0, 0, 0); font-family: 굴림, gulim, sans-serif; font-size: 17px; letter-spacing: -0.3px;\">미국과 영국, 호주의 안보 동맹인 오커스 출범으로 잠수함 계약이 깨진 것과 관련해 격앙된 프랑스를 달래던 영국과 호주가 맞대응으로 태세를 바꿨습니다.</span><br style=\"color: rgb(0, 0, 0); font-family: 굴림, gulim, sans-serif; font-size: 17px; letter-spacing: -0.3px;\"><br style=\"color: rgb(0, 0, 0); font-family: 굴림, gulim, sans-serif; font-size: 17px; letter-spacing: -0.3px;\"><span style=\"color: rgb(0, 0, 0); font-family: 굴림, gulim, sans-serif; font-size: 17px; letter-spacing: -0.3px;\">반면 미국은 정상 간의 통화를 갖기로 하고 프랑스 달래기에 나섰습니다.</span><br>', 'oh.jpg', 'p.jpg', 'p2.jpg', NULL, '0', 'In Stock', '2017-02-04 04:40:37', ''),
(18, 5, 10, '데칼트', '프랑스<div>철학자</div>', '무소속', 1000, 0, '<div>http://vote.jumpingcrab.com/test/0807/sampleone<span style=\"color: rgb(0, 0, 0); font-family: 굴림, gulim, sans-serif; font-size: 17px; letter-spacing: -0.3px;\"><br></span></div><span style=\"color: rgb(0, 0, 0); font-family: 굴림, gulim, sans-serif; font-size: 17px; letter-spacing: -0.3px;\">가브리엘 아탈 / 프랑스 정부 대변인 : 바이든 대통령이 마크롱 대통령과 전화를 요청했습니다. 며칠 내에 전화 회담이 있을 예정입니다. 해결할 필요가 있습니다.]</span><br>', '1d1.jpg', 'p.jpg', 'p2.jpg', NULL, '0', 'In Stock', '2017-02-04 04:42:27', ''),
(19, 6, 12, '윤석열', '충청도<div>검찰청</div>', 'Asian', 1000, 2, '<ul style=\"box-sizing: border-box; margin-bottom: 0px; margin-left: 0px; color: rgb(33, 33, 33); font-family: Roboto, Arial, sans-serif; font-size: 14px;\"><li class=\"_2-riNZ\" style=\"box-sizing: border-box; margin: 0px; padding: 0px 0px 8px 16px; list-style: none; position: relative;\">Colour: White, White</li><li class=\"_2-riNZ\" style=\"box-sizing: border-box; margin: 0px; padding: 0px 0px 0px 16px; list-style: none; position: relative;\">Outer Material: Denim</li><li class=\"_1KuY3T row\" style=\"box-sizing: border-box; margin: 0px; padding: 0px 0px 16px; list-style: none; display: flex; flex-flow: row wrap; width: 731px;\"><div class=\"vmXPri col col-3-12\" style=\"box-sizing: border-box; margin: 0px; padding: 0px 8px 0px 0px; width: 182.75px; display: inline-block; vertical-align: top; color: rgb(135, 135, 135);\"><br></div></li></ul>', '1yoon.jpg', 'p.jpg', 'p2.jpg', NULL, '0', 'In Stock', '2017-03-10 20:16:03', ''),
(20, 6, 12, '안철수', '이인제<div>좌파2등공신</div>', 'Adidas', 1000, 0, '<ul style=\"box-sizing: border-box; margin-bottom: 0px; margin-left: 0px; color: rgb(33, 33, 33); font-family: Roboto, Arial, sans-serif; font-size: 14px;\"><li class=\"_2-riNZ\" style=\"box-sizing: border-box; margin: 0px; padding: 0px 0px 8px 16px; list-style: none; position: relative;\">Colour: Blue</li><li class=\"_2-riNZ\" style=\"box-sizing: border-box; margin: 0px; padding: 0px 0px 0px 16px; list-style: none; position: relative;\">Closure: Laced</li><li class=\"_1KuY3T row\" style=\"box-sizing: border-box; margin: 0px; padding: 0px 0px 16px; list-style: none; display: flex; flex-flow: row wrap; width: 731px;\"><div class=\"vmXPri col col-3-12\" style=\"text-align: left; box-sizing: border-box; margin: 0px; padding: 0px 8px 0px 0px; width: 182.75px; display: inline-block; vertical-align: top; color: rgb(135, 135, 135);\"><b>Weight</b></div><ul class=\"_3dG3ix col col-9-12\" style=\"box-sizing: border-box; margin-left: 0px; width: 548.25px; display: inline-block; vertical-align: top; line-height: 1.4;\"><li class=\"sNqDog\" style=\"text-align: left; box-sizing: border-box; margin: 0px; padding: 0px; list-style: none;\"><b>200 g (per single Shoe) - Weight of the product may vary depending on size.</b></li></ul></li><li class=\"_1KuY3T row\" style=\"box-sizing: border-box; margin: 0px; padding: 0px 0px 16px; list-style: none; display: flex; flex-flow: row wrap; width: 731px;\"><div class=\"vmXPri col col-3-12\" style=\"text-align: left; box-sizing: border-box; margin: 0px; padding: 0px 8px 0px 0px; width: 182.75px; display: inline-block; vertical-align: top; color: rgb(135, 135, 135);\"><b>Style</b></div><ul class=\"_3dG3ix col col-9-12\" style=\"box-sizing: border-box; margin-left: 0px; width: 548.25px; display: inline-block; vertical-align: top; line-height: 1.4;\"><li class=\"sNqDog\" style=\"text-align: left; box-sizing: border-box; margin: 0px; padding: 0px; list-style: none;\"><b>Panel and Stitch Detail, Textured Detail</b></li></ul></li><li class=\"_1KuY3T row\" style=\"box-sizing: border-box; margin: 0px; padding: 0px 0px 16px; list-style: none; display: flex; flex-flow: row wrap; width: 731px;\"><div class=\"vmXPri col col-3-12\" style=\"text-align: left; box-sizing: border-box; margin: 0px; padding: 0px 8px 0px 0px; width: 182.75px; display: inline-block; vertical-align: top; color: rgb(135, 135, 135);\"><b>Tip Shape</b></div><ul class=\"_3dG3ix col col-9-12\" style=\"box-sizing: border-box; margin-left: 0px; width: 548.25px; display: inline-block; vertical-align: top; line-height: 1.4;\"><li class=\"sNqDog\" style=\"text-align: left; box-sizing: border-box; margin: 0px; padding: 0px; list-style: none;\"><b>Round</b></li></ul></li><li class=\"_1KuY3T row\" style=\"box-sizing: border-box; margin: 0px; padding: 0px 0px 16px; list-style: none; display: flex; flex-flow: row wrap; width: 731px;\"><div class=\"vmXPri col col-3-12\" style=\"text-align: left; box-sizing: border-box; margin: 0px; padding: 0px 8px 0px 0px; width: 182.75px; display: inline-block; vertical-align: top; color: rgb(135, 135, 135);\"><b>Season</b></div><ul class=\"_3dG3ix col col-9-12\" style=\"box-sizing: border-box; margin-left: 0px; width: 548.25px; display: inline-block; vertical-align: top; line-height: 1.4;\"><li class=\"sNqDog\" style=\"text-align: left; box-sizing: border-box; margin: 0px; padding: 0px; list-style: none;\"><b>AW16</b></li></ul></li><li class=\"_1KuY3T row\" style=\"box-sizing: border-box; margin: 0px; padding: 0px; list-style: none; display: flex; flex-flow: row wrap; width: 731px;\"><div class=\"vmXPri col col-3-12\" style=\"text-align: left; box-sizing: border-box; margin: 0px; padding: 0px 8px 0px 0px; width: 182.75px; display: inline-block; vertical-align: top; color: rgb(135, 135, 135);\"><b>Closure</b></div><ul class=\"_3dG3ix col col-9-12\" style=\"box-sizing: border-box; margin-left: 0px; width: 548.25px; display: inline-block; vertical-align: top; line-height: 1.4;\"><li class=\"sNqDog\" style=\"text-align: left; box-sizing: border-box; margin: 0px; padding: 0px; list-style: none;\"><b>Laced</b></li></ul></li></ul>', '1an.jpg', 'p.jpg', 'p2.jpg', NULL, '0', 'In Stock', '2017-03-10 20:19:22', ''),
(21, 4, 6, '박진', '대구<div>대구</div>', '한국당', 1000, 2, '<div class=\"info_group\" style=\"margin: 0px; padding: 0px; position: relative; color: rgb(0, 0, 0); font-family: -apple-system, BlinkMacSystemFont, &quot;Malgun Gothic&quot;, &quot;맑은 고딕&quot;, helvetica, &quot;Apple SD Gothic Neo&quot;, helvetica, &quot;나눔바른고딕 옛한글&quot;, &quot;NanumBarunGothic YetHangul&quot;, sans-serif;\"><dt style=\"margin: 0px; padding: 0px 8px 0px 0px; float: left; letter-spacing: -0.3px; color: gray;\">출생</dt><dd style=\"margin: 2.5px 0px 0px 48px; padding: 0px; position: relative; color: rgb(66, 66, 66); word-break: break-word;\">1961. 3. 18.&nbsp;<span class=\"btpc\">경상남도 진주</span></dd></div><div class=\"info_group\" style=\"margin: 0px; padding: 0px; position: relative; color: rgb(0, 0, 0); font-family: -apple-system, BlinkMacSystemFont, &quot;Malgun Gothic&quot;, &quot;맑은 고딕&quot;, helvetica, &quot;Apple SD Gothic Neo&quot;, helvetica, &quot;나눔바른고딕 옛한글&quot;, &quot;NanumBarunGothic YetHangul&quot;, sans-serif;\"><dt class=\"\" style=\"margin: 0px; padding: 0px 8px 0px 0px; float: left; letter-spacing: -0.3px; color: gray;\"><span class=\"cm_bar\" style=\"display: inline-block; position: absolute; top: 4px; left: -15px; bottom: -7px; width: 3px; height: auto; opacity: 0.9; background-color: rgb(238, 241, 245);\"></span>소속</dt><dd style=\"margin: 2.5px 0px 0px 48px; padding: 0px; position: relative; color: rgb(66, 66, 66); word-break: break-word;\"><a nocr=\"\" href=\"https://search.naver.com/search.naver?where=nexearch&amp;sm=tab_etc&amp;qvt=0&amp;query=%EA%B5%AD%EB%AF%BC%EC%9D%98%ED%9E%98\" style=\"color: rgb(12, 67, 183); outline: none; word-break: break-all; display: inline-block; vertical-align: top;\">국민의힘</a>(경남 진주시갑)</dd></div><div class=\"info_group\" style=\"margin: 0px; padding: 0px; position: relative; color: rgb(0, 0, 0); font-family: -apple-system, BlinkMacSystemFont, &quot;Malgun Gothic&quot;, &quot;맑은 고딕&quot;, helvetica, &quot;Apple SD Gothic Neo&quot;, helvetica, &quot;나눔바른고딕 옛한글&quot;, &quot;NanumBarunGothic YetHangul&quot;, sans-serif;\"><dt class=\"\" style=\"margin: 0px; padding: 0px 8px 0px 0px; float: left; letter-spacing: -0.3px; color: gray;\"><span class=\"cm_bar\" style=\"display: inline-block; position: absolute; top: 4px; left: -15px; bottom: -7px; width: 3px; height: auto; opacity: 0.9; background-color: rgb(238, 241, 245);\"></span>학력</dt><dd style=\"margin: 2.5px 0px 0px 48px; padding: 0px; position: relative; color: rgb(66, 66, 66); word-break: break-word;\"><a nocr=\"\" href=\"https://search.naver.com/search.naver?where=nexearch&amp;sm=tab_etc&amp;qvt=0&amp;query=%EC%97%B0%EC%84%B8%EB%8C%80%ED%95%99%EA%B5%90\" class=\"ilk\" style=\"color: rgb(12, 67, 183); outline: none; word-break: break-all; display: inline-block; vertical-align: top;\">연세대학교</a>&nbsp;정치외교학과 학사</dd></div><div class=\"info_group\" style=\"margin: 0px; padding: 0px; position: relative; color: rgb(0, 0, 0); font-family: -apple-system, BlinkMacSystemFont, &quot;Malgun Gothic&quot;, &quot;맑은 고딕&quot;, helvetica, &quot;Apple SD Gothic Neo&quot;, helvetica, &quot;나눔바른고딕 옛한글&quot;, &quot;NanumBarunGothic YetHangul&quot;, sans-serif;\"><dt class=\"\" style=\"margin: 0px; padding: 0px 8px 0px 0px; float: left; letter-spacing: -0.3px; color: gray;\"><span class=\"cm_bar\" style=\"display: inline-block; position: absolute; top: 4px; left: -15px; bottom: -7px; width: 3px; height: auto; opacity: 0.9; background-color: rgb(238, 241, 245);\"></span>경력</dt><dd style=\"margin: 2.5px 0px 0px 48px; padding: 0px; position: relative; color: rgb(66, 66, 66); word-break: break-word;\">2012.05~2016.05 제19대 국회의원 (경남 진주시갑/새누리당)</dd><dd style=\"margin: 0px 0px 0px 48px; padding: 0px; position: relative; color: rgb(66, 66, 66); word-break: break-word;\">~2012.01 서울신문 논설위원</dd><dd style=\"margin: 0px 0px 0px 48px; padding: 0px; position: relative; color: rgb(66, 66, 66); word-break: break-word;\">서울신문 정치부 선임기자</dd></div>', '1park.jpg', 'p.jpg', 'p2.jpg', NULL, '0', 'In Stock', '2021-09-18 06:42:02', NULL),
(22, 4, 2, '나경원', '서울<div>동작구</div>', '한국당', 1000, 3, '<div class=\"info_group\" style=\"margin: 0px; padding: 0px; position: relative; color: rgb(0, 0, 0); font-family: -apple-system, BlinkMacSystemFont, &quot;Malgun Gothic&quot;, &quot;맑은 고딕&quot;, helvetica, &quot;Apple SD Gothic Neo&quot;, helvetica, &quot;나눔바른고딕 옛한글&quot;, &quot;NanumBarunGothic YetHangul&quot;, sans-serif;\"><dt style=\"margin: 0px 0px 1px; padding: 0px 0px 0px 14px; float: left; color: gray; white-space: nowrap; width: 37px;\">2020</dt><dd style=\"margin: 0px 0px 1px; padding: 0px 0px 0px 12px; overflow: hidden; color: rgb(66, 66, 66);\"><ul style=\"margin-bottom: 0px; margin-left: 0px; list-style-type: none;\"><li style=\"margin: 0px; padding: 0px; clear: both;\"><span class=\"text\" style=\"display: inline-block; padding-top: 1px; line-height: 2rem; vertical-align: top;\">청년과 미래 청년친화헌정대상 소통부문</span></li></ul></dd></div><div class=\"info_group\" style=\"margin: 0px; padding: 0px; position: relative; color: rgb(0, 0, 0); font-family: -apple-system, BlinkMacSystemFont, &quot;Malgun Gothic&quot;, &quot;맑은 고딕&quot;, helvetica, &quot;Apple SD Gothic Neo&quot;, helvetica, &quot;나눔바른고딕 옛한글&quot;, &quot;NanumBarunGothic YetHangul&quot;, sans-serif;\"><dt style=\"margin: 0px 0px 1px; padding: 0px 0px 0px 14px; float: left; color: gray; white-space: nowrap; width: 37px;\"><span class=\"cm_bar\" style=\"display: inline-block; position: absolute; top: 4px; left: 0px; width: 3px; bottom: -10px; height: auto; opacity: 0.9; border-radius: 10px; background-color: rgb(238, 241, 245);\"></span>2015</dt><dd style=\"margin: 0px 0px 1px; padding: 0px 0px 0px 12px; overflow: hidden; color: rgb(66, 66, 66);\"><ul style=\"margin-bottom: 0px; margin-left: 0px; list-style-type: none;\"><li style=\"margin: 0px; padding: 0px; clear: both;\"><span class=\"text\" style=\"display: inline-block; padding-top: 1px; line-height: 2rem; vertical-align: top;\">율곡문화원 신사임당상</span></li></ul></dd></div><div class=\"info_group\" style=\"margin: 0px; padding: 0px; position: relative; color: rgb(0, 0, 0); font-family: -apple-system, BlinkMacSystemFont, &quot;Malgun Gothic&quot;, &quot;맑은 고딕&quot;, helvetica, &quot;Apple SD Gothic Neo&quot;, helvetica, &quot;나눔바른고딕 옛한글&quot;, &quot;NanumBarunGothic YetHangul&quot;, sans-serif;\"><dt style=\"margin: 0px 0px 1px; padding: 0px 0px 0px 14px; float: left; color: gray; white-space: nowrap; width: 37px;\"><span class=\"cm_bar\" style=\"display: inline-block; position: absolute; top: 4px; left: 0px; width: 3px; bottom: -10px; height: auto; opacity: 0.9; border-radius: 10px; background-color: rgb(238, 241, 245);\"></span>2015</dt><dd style=\"margin: 0px 0px 1px; padding: 0px 0px 0px 12px; overflow: hidden; color: rgb(66, 66, 66);\"><ul style=\"margin-bottom: 0px; margin-left: 0px; list-style-type: none;\"><li style=\"margin: 0px; padding: 0px; clear: both;\"><span class=\"text\" style=\"display: inline-block; padding-top: 1px; line-height: 2rem; vertical-align: top;\">한국을 빛낸 자랑스런 한국인 대상</span></li></ul></dd></div><div class=\"info_group\" style=\"margin: 0px; padding: 0px; position: relative; color: rgb(0, 0, 0); font-family: -apple-system, BlinkMacSystemFont, &quot;Malgun Gothic&quot;, &quot;맑은 고딕&quot;, helvetica, &quot;Apple SD Gothic Neo&quot;, helvetica, &quot;나눔바른고딕 옛한글&quot;, &quot;NanumBarunGothic YetHangul&quot;, sans-serif;\"><dt style=\"margin: 0px 0px 1px; padding: 0px 0px 0px 14px; float: left; color: gray; white-space: nowrap; width: 37px;\"><span class=\"cm_bar\" style=\"display: inline-block; position: absolute; top: 4px; left: 0px; width: 3px; bottom: -10px; height: auto; opacity: 0.9; border-radius: 10px; background-color: rgb(238, 241, 245);\"></span>2015</dt><dd style=\"margin: 0px 0px 1px; padding: 0px 0px 0px 12px; overflow: hidden; color: rgb(66, 66, 66);\"><ul style=\"margin-bottom: 0px; margin-left: 0px; list-style-type: none;\"><li style=\"margin: 0px; padding: 0px; clear: both;\"><span class=\"text\" style=\"display: inline-block; padding-top: 1px; line-height: 2rem; vertical-align: top;\">바른사회시민회의 우수의정활동상</span></li></ul></dd></div><div class=\"info_group\" style=\"margin: 0px; padding: 0px; position: relative; color: rgb(0, 0, 0); font-family: -apple-system, BlinkMacSystemFont, &quot;Malgun Gothic&quot;, &quot;맑은 고딕&quot;, helvetica, &quot;Apple SD Gothic Neo&quot;, helvetica, &quot;나눔바른고딕 옛한글&quot;, &quot;NanumBarunGothic YetHangul&quot;, sans-serif;\"><dt style=\"margin: 0px 0px 1px; padding: 0px 0px 0px 14px; float: left; color: gray; white-space: nowrap; width: 37px;\"><span class=\"cm_bar\" style=\"display: inline-block; position: absolute; top: 4px; left: 0px; width: 3px; bottom: -10px; height: auto; opacity: 0.9; border-radius: 10px; background-color: rgb(238, 241, 245);\"></span>2013</dt><dd style=\"margin: 0px 0px 1px; padding: 0px 0px 0px 12px; overflow: hidden; color: rgb(66, 66, 66);\"><ul style=\"margin-bottom: 0px; margin-left: 0px; list-style-type: none;\"><li style=\"margin: 0px; padding: 0px; clear: both;\"><span class=\"text\" style=\"display: inline-block; padding-top: 1px; line-height: 2rem; vertical-align: top;\">동아일보 선정 10년 뒤 한국을 빛낼 100인</span></li></ul></dd></div>', '1na.jpg', 'p.jpg', 'p2.jpg', NULL, '0', 'In Stock', '2021-09-18 06:43:34', NULL),
(23, 18, 230, '김소연', '대전 유성 을<div> <br></div>', '국민의힘', 1000, 1, '<div class=\"info_group\" style=\"margin: 0px; padding: 0px; position: relative; color: rgb(0, 0, 0); font-family: -apple-system, BlinkMacSystemFont, &quot;Malgun Gothic&quot;, &quot;맑은 고딕&quot;, helvetica, &quot;Apple SD Gothic Neo&quot;, helvetica, &quot;나눔바른고딕 옛한글&quot;, &quot;NanumBarunGothic YetHangul&quot;, sans-serif;\"><dt style=\"margin: 0px; padding: 0px 8px 0px 0px; float: left; letter-spacing: -0.3px; color: gray;\"><span style=\"letter-spacing: -0.3px;\">소속</span></dt></div><div class=\"info_group\" style=\"margin: 0px; padding: 0px; position: relative; color: rgb(0, 0, 0); font-family: -apple-system, BlinkMacSystemFont, &quot;Malgun Gothic&quot;, &quot;맑은 고딕&quot;, helvetica, &quot;Apple SD Gothic Neo&quot;, helvetica, &quot;나눔바른고딕 옛한글&quot;, &quot;NanumBarunGothic YetHangul&quot;, sans-serif;\"><dd style=\"margin: 2.5px 0px 0px 48px; padding: 0px; position: relative; color: rgb(66, 66, 66); word-break: break-word;\"><a nocr=\"\" href=\"https://search.naver.com/search.naver?where=nexearch&amp;sm=tab_etc&amp;qvt=0&amp;query=%EA%B5%AD%EB%AF%BC%EC%9D%98%ED%9E%98\" style=\"color: rgb(12, 67, 183); outline: none; word-break: break-all; display: inline-block; vertical-align: top;\">국민의힘</a>(대전 유성을)</dd></div><div class=\"info_group\" style=\"margin: 0px; padding: 0px; position: relative; color: rgb(0, 0, 0); font-family: -apple-system, BlinkMacSystemFont, &quot;Malgun Gothic&quot;, &quot;맑은 고딕&quot;, helvetica, &quot;Apple SD Gothic Neo&quot;, helvetica, &quot;나눔바른고딕 옛한글&quot;, &quot;NanumBarunGothic YetHangul&quot;, sans-serif;\"><dt class=\"\" style=\"margin: 0px; padding: 0px 8px 0px 0px; float: left; letter-spacing: -0.3px; color: gray;\"><span class=\"cm_bar\" style=\"display: inline-block; position: absolute; top: 4px; left: -15px; bottom: -7px; width: 3px; height: auto; opacity: 0.9; background-color: rgb(238, 241, 245);\"></span>학력</dt><dd style=\"margin: 2.5px 0px 0px 48px; padding: 0px; position: relative; color: rgb(66, 66, 66); word-break: break-word;\">충남대 법학전문 대학원 석사</dd></div><div class=\"info_group\" style=\"margin: 0px; padding: 0px; position: relative; color: rgb(0, 0, 0); font-family: -apple-system, BlinkMacSystemFont, &quot;Malgun Gothic&quot;, &quot;맑은 고딕&quot;, helvetica, &quot;Apple SD Gothic Neo&quot;, helvetica, &quot;나눔바른고딕 옛한글&quot;, &quot;NanumBarunGothic YetHangul&quot;, sans-serif;\"><dt class=\"\" style=\"margin: 0px; padding: 0px 8px 0px 0px; float: left; letter-spacing: -0.3px; color: gray;\"><span class=\"cm_bar\" style=\"display: inline-block; position: absolute; top: 4px; left: -15px; bottom: -7px; width: 3px; height: auto; opacity: 0.9; background-color: rgb(238, 241, 245);\"></span></dt></div><div class=\"info_group\" style=\"margin: 0px; padding: 0px; position: relative; color: rgb(0, 0, 0); font-family: -apple-system, BlinkMacSystemFont, &quot;Malgun Gothic&quot;, &quot;맑은 고딕&quot;, helvetica, &quot;Apple SD Gothic Neo&quot;, helvetica, &quot;나눔바른고딕 옛한글&quot;, &quot;NanumBarunGothic YetHangul&quot;, sans-serif;\"><dt class=\"\" style=\"margin: 0px; padding: 0px 8px 0px 0px; float: left; letter-spacing: -0.3px; color: gray;\">경력</dt><dd style=\"margin: 2.5px 0px 0px 48px; padding: 0px; position: relative; color: rgb(66, 66, 66); word-break: break-word;\">대전 광역시 의원</dd><dd style=\"margin: 2.5px 0px 0px 48px; padding: 0px; position: relative; color: rgb(66, 66, 66); word-break: break-word;\">김소연 법율사무소 대표 변호사</dd></div>', 'sykim.jpg', 'p.jpg', 'p2.jpg', NULL, '0', 'In Stock', '2021-09-18 07:06:54', NULL),
(24, 4, 2, '원희룡', '제주<div>제주</div>', 'Product company 제주 갑 ', 1000, 0, 'Product Description at admin textarea', '1won.jpg', 'p.jpg', 'p2.jpg', NULL, '0', 'In Stock', '2021-09-18 07:57:58', NULL),
(25, 4, 3, '최재형', '<div>감사원장</div><div>대선후보</div>', '한국당<br>한국당', 1000, 1, '<p style=\"margin-bottom: 0px; padding: 0px;\">‘언론중재법&nbsp;</p>', '1choi.jpg', 'p.jpg', 'p2.jpg', NULL, '0', 'In Stock', '2021-09-19 00:37:47', NULL),
(26, 5, 11, '김사랑', '성남시<div>성남시의원</div>', '성남시', 1000, 1, '성남시<div>성남시의원</div>', '스크린샷(301).png', 'p.jpg', 'p2.jpg', NULL, '0', 'In Stock', '2021-09-23 07:29:45', NULL),
(28, 4, 6, '테스트', '무소속<div>무소속</div>', '무소속', 1000, 1000, '<span style=\"color: rgb(13, 13, 13); font-family: Roboto, Noto, sans-serif; font-size: 15px; white-space: pre-wrap;\">투표는 아래 푸른색 링크를 누르세요⬇️\r\n</span><span style=\"color: rgb(13, 13, 13); font-family: Roboto, Noto, sans-serif; font-size: 15px; white-space: pre-wrap;\">http://vote.jumpingcrab.com/test/0807/sampleone</span><span style=\"color: rgb(13, 13, 13); font-family: Roboto, Noto, sans-serif; font-size: 15px; white-space: pre-wrap;\">\r\n\r\n</span><span style=\"color: rgb(13, 13, 13); font-family: Roboto, Noto, sans-serif; font-size: 15px; white-space: pre-wrap;\">http://vote.jumpingcrab.com/t0422/0</span><span style=\"color: rgb(13, 13, 13); font-family: Roboto, Noto, sans-serif; font-size: 15px; white-space: pre-wrap;\">\r\n\r\n*****이하 참고*****\r\nYoutub 시청 중 \"투표\" 9초後, 본래의 동영상으로 return 실험\r\nWindow close실험  </span><span style=\"color: rgb(13, 13, 13); font-family: Roboto, Noto, sans-serif; font-size: 15px; white-space: pre-wrap;\">http://vote.jumpingcrab.com/test/0807/sampleone9sec</span><span style=\"color: rgb(13, 13, 13); font-family: Roboto, Noto, sans-serif; font-size: 15px; white-space: pre-wrap;\">\r\n\r\n샘플들 1  .2  .3 .4  \r\n</span><span style=\"color: rgb(13, 13, 13); font-family: Roboto, Noto, sans-serif; font-size: 15px; white-space: pre-wrap;\">http://vote.jumpingcrab.com/1hospital/1kwang0</span><span style=\"color: rgb(13, 13, 13); font-family: Roboto, Noto, sans-serif; font-size: 15px; white-space: pre-wrap;\">\r\n\r\n</span><span style=\"color: rgb(13, 13, 13); font-family: Roboto, Noto, sans-serif; font-size: 15px; white-space: pre-wrap;\">http://vote.jumpingcrab.com/txtpoll/txt0831_0</span><span style=\"color: rgb(13, 13, 13); font-family: Roboto, Noto, sans-serif; font-size: 15px; white-space: pre-wrap;\">\r\n\r\n</span><span style=\"color: rgb(13, 13, 13); font-family: Roboto, Noto, sans-serif; font-size: 15px; white-space: pre-wrap;\">http://vote.jumpingcrab.com/test/0807/sampleone0</span><span style=\"color: rgb(13, 13, 13); font-family: Roboto, Noto, sans-serif; font-size: 15px; white-space: pre-wrap;\">\r\n(0)\r\n</span><span style=\"color: rgb(13, 13, 13); font-family: Roboto, Noto, sans-serif; font-size: 15px; white-space: pre-wrap;\">http://vote.jumpingcrab.com/votesystem/votesystem3_0</span><span style=\"color: rgb(13, 13, 13); font-family: Roboto, Noto, sans-serif; font-size: 15px; white-space: pre-wrap;\">\r\n\r\n</span><span style=\"color: rgb(13, 13, 13); font-family: Roboto, Noto, sans-serif; font-size: 15px; white-space: pre-wrap;\">http://vote.jumpingcrab.com/votesystem/votesystem3_0/admin</span><span style=\"color: rgb(13, 13, 13); font-family: Roboto, Noto, sans-serif; font-size: 15px; white-space: pre-wrap;\">\r\n(참고 추천하지 않음)\r\n</span><span style=\"color: rgb(13, 13, 13); font-family: Roboto, Noto, sans-serif; font-size: 15px; white-space: pre-wrap;\">http://vote.jumpingcrab.com/test/cmja0_test1</span><span style=\"color: rgb(13, 13, 13); font-family: Roboto, Noto, sans-serif; font-size: 15px; white-space: pre-wrap;\">\r\n(전화번호)\r\n</span><span style=\"color: rgb(13, 13, 13); font-family: Roboto, Noto, sans-serif; font-size: 15px; white-space: pre-wrap;\">http://vote.jumpingcrab.com/test/cmja0_test0</span><span style=\"color: rgb(13, 13, 13); font-family: Roboto, Noto, sans-serif; font-size: 15px; white-space: pre-wrap;\">\r\n(동영상)\r\n</span><span style=\"color: rgb(13, 13, 13); font-family: Roboto, Noto, sans-serif; font-size: 15px; white-space: pre-wrap;\">https://youtu.be/wc7kZdEkdqs</span><span style=\"color: rgb(13, 13, 13); font-family: Roboto, Noto, sans-serif; font-size: 15px; white-space: pre-wrap;\">\r\n(Bar)\r\n</span><span style=\"color: rgb(13, 13, 13); font-family: Roboto, Noto, sans-serif; font-size: 15px; white-space: pre-wrap;\">http://vote.jumpingcrab.com/1hospital/0_bar/</span>', 'return1a.jpg', 'vote333.jpg', 'p.jpg', NULL, '0', 'In Stock', '2021-09-27 04:57:00', NULL),
(37, 4, 229, '충청', '첫째12자<div>둘째줄</div>', '충청', 3, 3, '충청<br>', '소나무.jpg', '소나무.jpg', '소나무.jpg', NULL, '3', 'In Stock', '2022-01-28 13:30:00', NULL),
(39, 7, 238, '오징어 2', 'text 안 나오게하고<div>img Link에 연결</div>', '오징어 2', 2, 2, '오징어 2<br>', '소나무.jpg', '소나무.jpg', '소나무.jpg', NULL, '2', 'In Stock', '2022-01-28 13:35:25', NULL);

-- --------------------------------------------------------

--
-- 테이블 구조 `subcategory`
--

CREATE TABLE `subcategory` (
  `id` int(11) NOT NULL,
  `categoryid` int(11) DEFAULT NULL,
  `subcategory` varchar(255) DEFAULT NULL,
  `creationDate` timestamp NULL DEFAULT current_timestamp(),
  `updationDate` varchar(255) DEFAULT NULL
) ENGINE=InnoDB DEFAULT CHARSET=utf8mb3 COLLATE=utf8mb3_unicode_ci;

--
-- 테이블의 덤프 데이터 `subcategory`
--

INSERT INTO `subcategory` (`id`, `categoryid`, `subcategory`, `creationDate`, `updationDate`) VALUES
(2, 4, '서울종로', '2017-01-26 16:24:52', '07-11-2021 12:02:22 PM'),
(3, 4, '서울서초갑', '2017-01-26 16:29:09', '07-11-2021 12:02:36 PM'),
(4, 4, '서울동작', '2017-01-30 16:55:48', '07-11-2021 12:02:47 PM'),
(5, 4, '경기안성', '2017-02-04 04:12:40', '06-11-2021 01:55:17 PM'),
(6, 4, '경북대구중남구', '2017-02-04 04:13:00', '07-11-2021 12:03:11 PM'),
(9, 5, '서울시장', '2017-02-04 04:36:45', '19-09-2021 07:04:23 PM'),
(10, 5, '부산시장', '2017-02-04 04:37:02', '06-11-2021 01:42:22 PM'),
(11, 5, '성남시장', '2017-02-04 04:37:51', '06-11-2021 01:42:44 PM'),
(12, 6, '예술', '2017-03-10 20:12:59', '26-01-2022 01:20:51 PM'),
(25, 5, '지방의회', '2021-09-23 07:27:50', NULL),
(28, 4, '부산', '2021-10-13 08:26:22', NULL),
(29, 5, '성남의원', '2021-11-06 08:10:40', '06-11-2021 01:43:56 PM'),
(227, 7, '인기투표', '2021-10-07 07:07:21', '09-03-2022 02:00:56 PM'),
(229, 4, '충청', '2021-12-08 07:17:21', NULL),
(230, 18, '대전유성을', '2021-12-08 07:18:59', NULL),
(231, 6, '과학', '2022-01-26 07:40:51', '12-03-2022 04:41:41 AM'),
(232, 6, '경제', '2022-01-26 07:41:02', '12-03-2022 04:43:06 AM'),
(233, 6, '의학', '2022-01-26 07:41:12', NULL),
(234, 6, '원자력', '2022-01-26 07:47:07', NULL),
(236, 7, '여론 청원', '2022-02-09 07:26:59', '09-03-2022 02:52:24 PM'),
(237, 6, '정치', '2022-03-03 01:36:05', NULL),
(238, 7, '오징어게임', '2022-03-09 10:20:08', NULL),
(239, 6, '교육', '2022-03-11 23:10:22', NULL);

-- --------------------------------------------------------

--
-- 테이블 구조 `userlog`
--

CREATE TABLE `userlog` (
  `id` int(11) NOT NULL,
  `userEmail` varchar(255) DEFAULT NULL,
  `userip` binary(16) DEFAULT NULL,
  `loginTime` timestamp NULL DEFAULT current_timestamp(),
  `logout` varchar(255) DEFAULT NULL,
  `status` int(11) DEFAULT NULL
) ENGINE=InnoDB DEFAULT CHARSET=utf8mb3 COLLATE=utf8mb3_unicode_ci;

--
-- 테이블의 덤프 데이터 `userlog`
--

INSERT INTO `userlog` (`id`, `userEmail`, `userip`, `loginTime`, `logout`, `status`) VALUES
(1, 'kskang2@gmail.com', 0x3a3a3100000000000000000000000000, '2021-09-22 08:41:53', '22-09-2021 02:12:00 PM', 1),
(2, 'kyungsuk.kang@gmail.com', 0x3a3a3100000000000000000000000000, '2021-09-22 08:42:17', '22-09-2021 02:12:23 PM', 1),
(3, 'kskang2@gmail.com', 0x3a3a3100000000000000000000000000, '2021-09-22 21:33:10', '23-09-2021 10:31:36 AM', 1),
(4, 'kskang2@gmail.com', 0x3a3a3100000000000000000000000000, '2021-09-23 05:01:49', '23-09-2021 10:31:58 AM', 1),
(5, 'kyungsuk.kang@gmail.com', 0x3a3a3100000000000000000000000000, '2021-09-23 05:06:51', NULL, 1),
(6, 'kskang2@gmail.com', 0x3139322e3136382e382e313138000000, '2021-09-24 01:56:12', '24-09-2021 11:52:30 AM', 1),
(7, 'kskang2@gmail.com', 0x3a3a3100000000000000000000000000, '2021-10-01 13:26:31', NULL, 1),
(8, 'kskang2@gmail.comm', 0x3a3a3100000000000000000000000000, '2021-10-03 23:26:22', NULL, 0),
(9, 'anuj.lpu1@gmail.com', 0x3a3a3100000000000000000000000000, '2021-10-03 23:27:11', NULL, 0),
(10, 'anuj.lpu1@gmail.com', 0x3a3a3100000000000000000000000000, '2021-10-03 23:27:35', NULL, 0),
(11, 'kyungsuk.kang@gmail.com', 0x3a3a3100000000000000000000000000, '2021-10-03 23:28:09', NULL, 1),
(12, 'kskang2@gmail.com', 0x3a3a3100000000000000000000000000, '2021-10-04 01:08:08', '04-10-2021 10:11:20 AM', 1),
(13, 'kyungsuk.kang@gmail.com', 0x3a3a3100000000000000000000000000, '2021-10-04 03:49:41', '04-10-2021 09:21:21 AM', 1),
(14, 'kyungsuk.kang@gmail.com', 0x3a3a3100000000000000000000000000, '2021-10-04 03:51:35', NULL, 1),
(15, 'kyungsuk.kang@gmail.com', 0x3a3a3100000000000000000000000000, '2021-10-04 04:41:42', '04-10-2021 10:20:43 AM', 1),
(16, 'kskang2@gmail.com', 0x3a3a3100000000000000000000000000, '2021-10-04 04:50:53', '04-10-2021 10:28:49 AM', 1),
(17, 'kskang2@gmail.com', 0x3a3a3100000000000000000000000000, '2021-10-04 04:59:01', NULL, 1),
(18, 'kskang2@gmail.com', 0x3a3a3100000000000000000000000000, '2021-10-05 02:41:13', '05-10-2021 08:11:55 AM', 1),
(19, 'kskang2@gmail.com', 0x3a3a3100000000000000000000000000, '2021-10-05 02:42:11', NULL, 1),
(20, 'kskang2@gmail.com', 0x3a3a3100000000000000000000000000, '2021-10-05 02:42:34', '05-10-2021 08:13:02 AM', 1),
(21, 'kskang2@gmail.com', 0x3a3a3100000000000000000000000000, '2021-10-05 02:43:14', '05-10-2021 08:32:02 AM', 1),
(22, 'kyungsuk.kang@gmail.com', 0x3a3a3100000000000000000000000000, '2021-10-05 03:02:15', NULL, 1),
(23, '', 0x3a3a3100000000000000000000000000, '2021-10-05 20:52:13', NULL, 0),
(24, 'kskang2@gmail.com', 0x3a3a3100000000000000000000000000, '2021-10-05 20:52:23', '06-10-2021 05:25:42 AM', 1),
(25, 'kskang2@gmail.com', 0x3a3a3100000000000000000000000000, '2021-10-05 23:56:05', '06-10-2021 07:01:35 AM', 1),
(26, 'kskang2@gmail.com', 0x3a3a3100000000000000000000000000, '2021-10-06 01:31:47', '06-10-2021 10:01:11 AM', 1),
(27, 'kskang2@gmail.com', 0x3a3a3100000000000000000000000000, '2021-10-06 04:53:29', '06-10-2021 10:26:15 AM', 1),
(28, 'kskang2@gmail.com', 0x3a3a3100000000000000000000000000, '2021-10-06 04:56:28', '06-10-2021 10:27:27 AM', 1),
(29, 'kskang2@gmail.com', 0x3a3a3100000000000000000000000000, '2021-10-06 05:00:12', '06-10-2021 10:30:39 AM', 1),
(30, 'kskang@gmail.com', 0x3a3a3100000000000000000000000000, '2021-10-06 05:09:52', NULL, 0),
(31, 'kskang2@gmail.com', 0x3a3a3100000000000000000000000000, '2021-10-06 05:10:13', '06-10-2021 12:06:42 PM', 1),
(32, 'kskang2@gmail.com', 0x3a3a3100000000000000000000000000, '2021-10-06 06:36:55', NULL, 1),
(33, 'kskang2@gmail.com', 0x3a3a3100000000000000000000000000, '2021-10-06 09:17:27', NULL, 1),
(34, 'kskang2@gmail.com', 0x3139322e3136382e382e363000000000, '2021-10-06 22:51:23', '07-10-2021 04:21:49 AM', 1),
(35, 'kskang2@gmail.com', 0x3139322e3136382e382e363000000000, '2021-10-06 22:52:03', '07-10-2021 04:22:56 AM', 1),
(36, 'kskang2@gmail.com', 0x3139322e3136382e382e363000000000, '2021-10-06 22:53:14', '07-10-2021 04:24:59 AM', 1),
(37, 'kskang2@gmail.com', 0x3139322e3136382e382e363000000000, '2021-10-06 23:05:18', '07-10-2021 04:35:38 AM', 1),
(38, 'kskang2@gmail.com', 0x3139322e3136382e382e363000000000, '2021-10-06 23:15:05', '07-10-2021 04:45:48 AM', 1),
(39, 'kskang2@gmail.com', 0x3139322e3136382e382e363000000000, '2021-10-06 23:19:02', NULL, 1),
(40, 'kskang2@gmail.com', 0x3a3a3100000000000000000000000000, '2021-10-07 04:43:52', '07-10-2021 10:14:56 AM', 1),
(41, 'kskang2@gmail.com', 0x3a3a3100000000000000000000000000, '2021-10-07 04:45:32', '07-10-2021 10:17:10 AM', 1),
(42, 'kskang2@gmail.com', 0x3a3a3100000000000000000000000000, '2021-10-07 05:01:54', '07-10-2021 12:22:48 PM', 1),
(43, 'kskang2@gmail.com', 0x3a3a3100000000000000000000000000, '2021-10-07 07:02:58', '07-10-2021 12:34:36 PM', 1),
(44, 'kskang2@gmail.com', 0x3a3a3100000000000000000000000000, '2021-10-07 07:10:43', NULL, 1),
(45, 'kskang2@gmail.com', 0x3a3a3100000000000000000000000000, '2021-10-07 07:23:02', NULL, 1),
(46, 'kskang2@gmail.com', 0x3a3a3100000000000000000000000000, '2021-10-10 23:07:45', NULL, 1),
(47, 'kskang2@gmail.com', 0x3a3a3100000000000000000000000000, '2021-10-10 23:57:50', '11-10-2021 08:15:38 AM', 1),
(48, 'kskang2@gmail.com', 0x3a3a3100000000000000000000000000, '2021-10-11 02:45:58', '11-10-2021 08:19:00 AM', 1),
(49, 'kskang2@gmail.com', 0x3a3a3100000000000000000000000000, '2021-10-11 03:05:53', '11-10-2021 08:36:08 AM', 1),
(50, 'kskang2@gmail.com', 0x3a3a3100000000000000000000000000, '2021-10-11 03:16:24', '11-10-2021 09:31:13 AM', 1),
(51, 'kskang2@gmail.com', 0x3a3a3100000000000000000000000000, '2021-10-11 04:01:24', '11-10-2021 09:34:42 AM', 1),
(52, 'kskang2@gmail.com', 0x3a3a3100000000000000000000000000, '2021-10-11 04:05:06', '11-10-2021 09:35:08 AM', 1),
(53, 'kskang2@gmail.com', 0x3a3a3100000000000000000000000000, '2021-10-11 04:10:16', '11-10-2021 09:44:30 AM', 1),
(54, 'kskang2@gmail.com', 0x3a3a3100000000000000000000000000, '2021-10-11 04:14:50', '11-10-2021 09:47:22 AM', 1),
(55, 'kskang2@gmail.com', 0x3a3a3100000000000000000000000000, '2021-10-11 04:17:32', NULL, 0),
(56, 'kskang2@gmail.com', 0x3a3a3100000000000000000000000000, '2021-10-11 04:17:42', NULL, 0),
(57, 'kskang2@gmail.com', 0x3a3a3100000000000000000000000000, '2021-10-11 04:17:52', '11-10-2021 10:16:13 AM', 1),
(58, 'kskang2@gmail.com', 0x3a3a3100000000000000000000000000, '2021-10-11 04:46:25', NULL, 0),
(59, 'kskang2@gmail.com', 0x3a3a3100000000000000000000000000, '2021-10-11 04:46:34', '11-10-2021 10:24:20 AM', 1),
(60, 'kskang2@gmail.com', 0x3a3a3100000000000000000000000000, '2021-10-11 04:54:31', NULL, 0),
(61, 'kskang2@gmail.com', 0x3a3a3100000000000000000000000000, '2021-10-11 04:54:42', '11-10-2021 10:25:09 AM', 1),
(62, 'kskang2@gmail.com', 0x3a3a3100000000000000000000000000, '2021-10-11 04:55:19', '11-10-2021 11:24:12 AM', 1),
(63, 'kskang2@gmail.com', 0x3a3a3100000000000000000000000000, '2021-10-11 05:57:32', '11-10-2021 12:59:27 PM', 1),
(64, 'kskang2@gmail.com', 0x3a3a3100000000000000000000000000, '2021-10-11 07:43:26', '11-10-2021 01:19:38 PM', 1),
(65, 'kskang2@gmail.com', 0x3a3a3100000000000000000000000000, '2021-10-11 07:49:51', '11-10-2021 01:20:50 PM', 1),
(66, 'kskang2@gmail.com', 0x3a3a3100000000000000000000000000, '2021-10-11 07:51:08', '11-10-2021 01:26:39 PM', 1),
(67, 'kskang2@gmail.com', 0x3a3a3100000000000000000000000000, '2021-10-11 07:56:51', '11-10-2021 01:28:51 PM', 1),
(68, 'kskang2@gmail.com', 0x3a3a3100000000000000000000000000, '2021-10-11 08:02:30', NULL, 1),
(69, 'kskang2@gmail.com', 0x3139322e3136382e382e313137000000, '2021-10-11 08:30:01', '11-10-2021 02:05:17 PM', 1),
(70, 'kskang2@gmail.com', 0x3a3a3100000000000000000000000000, '2021-10-11 08:48:52', '11-10-2021 02:30:00 PM', 1),
(71, 'kskang2@gmail.com', 0x3a3a3100000000000000000000000000, '2021-10-11 09:00:16', '11-10-2021 02:36:05 PM', 1),
(72, 'kskang2@gmail.com', 0x3a3a3100000000000000000000000000, '2021-10-11 09:15:13', '11-10-2021 02:45:32 PM', 1),
(73, 'kskang2@gmail.com', 0x3a3a3100000000000000000000000000, '2021-10-11 09:17:09', NULL, 1),
(74, 'kskang2@gmail.com', 0x3a3a3100000000000000000000000000, '2021-10-11 10:46:21', NULL, 1),
(75, 'kskang2@gmail.com', 0x3139322e3136382e382e313137000000, '2021-10-11 10:56:54', '11-10-2021 04:32:12 PM', 1),
(76, 'kskang2@gmail.com', 0x3a3a3100000000000000000000000000, '2021-10-11 11:04:27', '11-10-2021 04:34:49 PM', 1),
(77, 'kskang2@gmail.com', 0x3a3a3100000000000000000000000000, '2021-10-11 11:05:00', '11-10-2021 04:37:12 PM', 1),
(78, 'kskang2@gmail.com', 0x3a3a3100000000000000000000000000, '2021-10-11 11:08:02', '11-10-2021 04:38:29 PM', 1),
(79, 'kskang2@gmail.com', 0x3a3a3100000000000000000000000000, '2021-10-11 11:08:43', '11-10-2021 04:39:21 PM', 1),
(80, 'kskang2@gmail.com', 0x3a3a3100000000000000000000000000, '2021-10-11 11:09:30', '11-10-2021 04:40:47 PM', 1),
(81, 'kskang2@gmail.com', 0x3a3a3100000000000000000000000000, '2021-10-11 13:19:10', '11-10-2021 06:54:18 PM', 1),
(82, 'kskang2@gmail.com', 0x3a3a3100000000000000000000000000, '2021-10-11 13:24:35', '11-10-2021 06:54:40 PM', 1),
(83, 'kskang2@gmail.com', 0x3a3a3100000000000000000000000000, '2021-10-11 13:25:03', '11-10-2021 06:55:16 PM', 1),
(84, 'kskang2@gmail.com', 0x3a3a3100000000000000000000000000, '2021-10-11 13:26:22', '11-10-2021 06:58:03 PM', 1),
(85, 'kskang2@gmail.com', 0x3a3a3100000000000000000000000000, '2021-10-11 13:28:15', '11-10-2021 06:59:40 PM', 1),
(86, 'kskang2@gmail.com', 0x3a3a3100000000000000000000000000, '2021-10-11 13:30:12', '11-10-2021 07:01:37 PM', 1),
(87, 'kskang2@gmail.com', 0x3a3a3100000000000000000000000000, '2021-10-11 13:36:31', '11-10-2021 07:06:55 PM', 1),
(88, 'kskang2@gmail.com', 0x3a3a3100000000000000000000000000, '2021-10-11 13:39:17', '11-10-2021 07:10:53 PM', 1),
(89, 'kskang2@gmail.com', 0x3a3a3100000000000000000000000000, '2021-10-11 13:41:13', '11-10-2021 07:11:20 PM', 1),
(90, 'kskang2@gmail.com', 0x3a3a3100000000000000000000000000, '2021-10-11 13:42:27', NULL, 1),
(91, 'kskang2@gmail.com', 0x3a3a3100000000000000000000000000, '2021-10-11 22:15:53', '12-10-2021 03:47:42 AM', 1),
(92, 'kskang2@gmail.com', 0x3a3a3100000000000000000000000000, '2021-10-11 22:19:00', '12-10-2021 04:00:58 AM', 1),
(93, 'kskang2@gmail.com', 0x3a3a3100000000000000000000000000, '2021-10-12 08:17:26', '12-10-2021 02:11:22 PM', 1),
(94, 'kskang2@gmail.com', 0x3a3a3100000000000000000000000000, '2021-10-12 08:41:34', '12-10-2021 06:38:09 PM', 1),
(95, 'kskang2@gmail.com', 0x3a3a3100000000000000000000000000, '2021-10-12 13:08:20', NULL, 1),
(96, 'kskang2@gmail.com', 0x3a3a3100000000000000000000000000, '2021-10-12 21:29:18', '13-10-2021 03:03:51 AM', 1),
(97, 'kskang2@gmail.com', 0x3a3a3100000000000000000000000000, '2021-10-12 21:34:04', '13-10-2021 03:05:53 AM', 1),
(98, 'kskang2@gmail.com', 0x3a3a3100000000000000000000000000, '2021-10-12 21:36:54', NULL, 1),
(99, 'kskang2@gmail.com', 0x3a3a3100000000000000000000000000, '2021-10-12 21:50:58', '13-10-2021 03:32:00 AM', 1),
(100, 'kskang2@gmail.com', 0x3a3a3100000000000000000000000000, '2021-10-12 22:02:21', '13-10-2021 03:34:06 AM', 1),
(101, 'kskang2@gmail.com', 0x3a3a3100000000000000000000000000, '2021-10-12 22:04:28', '13-10-2021 03:40:45 AM', 1),
(102, 'kskang2@gmail.com', 0x3a3a3100000000000000000000000000, '2021-10-12 22:30:30', '13-10-2021 04:13:43 AM', 1),
(103, 'kskang2@gmail.com', 0x3a3a3100000000000000000000000000, '2021-10-12 22:44:15', '13-10-2021 04:19:12 AM', 1),
(104, 'kskang@gmail', 0x3a3a3100000000000000000000000000, '2021-10-12 22:53:30', NULL, 0),
(105, 'kskang2@gmail.com', 0x3a3a3100000000000000000000000000, '2021-10-12 22:59:57', '13-10-2021 04:31:00 AM', 1),
(106, 'kskang2@gmail.com', 0x3a3a3100000000000000000000000000, '2021-10-12 23:01:17', '13-10-2021 04:33:34 AM', 1),
(107, 'kskang2@gmail.com', 0x3a3a3100000000000000000000000000, '2021-10-12 23:03:49', '13-10-2021 04:38:20 AM', 1),
(108, 'kskang2@gmail.com', 0x3a3a3100000000000000000000000000, '2021-10-12 23:08:51', '13-10-2021 04:41:27 AM', 1),
(109, 'kskang2@gmail.com', 0x3a3a3100000000000000000000000000, '2021-10-12 23:11:49', '13-10-2021 04:44:11 AM', 1),
(110, 'kskang2@gmail.com', 0x3a3a3100000000000000000000000000, '2021-10-12 23:14:37', '13-10-2021 05:07:31 AM', 1),
(111, 'kyungsuk.kang@gmail.com', 0x3a3a3100000000000000000000000000, '2021-10-12 23:38:10', NULL, 0),
(112, 'kyungsuk.kang@gmail.com', 0x3a3a3100000000000000000000000000, '2021-10-12 23:38:44', '13-10-2021 05:09:37 AM', 1),
(113, 'kskang2@gmail.com', 0x3a3a3100000000000000000000000000, '2021-10-12 23:39:58', '13-10-2021 05:11:04 AM', 1),
(114, 'kskang2@gmail.com', 0x3a3a3100000000000000000000000000, '2021-10-12 23:41:20', '13-10-2021 05:11:42 AM', 1),
(115, 'kskang2@gmail.com', 0x3a3a3100000000000000000000000000, '2021-10-12 23:41:56', '13-10-2021 05:12:03 AM', 1),
(116, 'kyungsuk.kang@gmail.com', 0x3a3a3100000000000000000000000000, '2021-10-12 23:42:19', '13-10-2021 08:15:01 AM', 1),
(117, 'kskang2@gmail.com', 0x3a3a3100000000000000000000000000, '2021-10-13 00:10:58', '13-10-2021 05:41:09 AM', 1),
(118, 'kskang2@gmail.com', 0x3a3a3100000000000000000000000000, '2021-10-13 00:11:41', '13-10-2021 06:23:21 AM', 1),
(119, 'kskang2@gmail.com', 0x3a3a3100000000000000000000000000, '2021-10-13 03:59:27', '13-10-2021 10:25:50 AM', 1),
(120, 'kskang2@gmail.com', 0x3a3a3100000000000000000000000000, '2021-10-13 05:33:40', '13-10-2021 12:47:51 PM', 1),
(121, 'a', 0x3a3a3100000000000000000000000000, '2021-10-13 08:10:19', NULL, 0),
(122, 'a', 0x3a3a3100000000000000000000000000, '2021-10-13 08:11:36', '13-10-2021 01:42:11 PM', 1),
(123, 'a', 0x3a3a3100000000000000000000000000, '2021-10-13 08:14:06', '13-10-2021 02:05:31 PM', 1),
(124, 'a', 0x3a3a3100000000000000000000000000, '2021-10-13 08:35:50', '13-10-2021 02:29:56 PM', 1),
(125, 'kskang', 0x3a3a3100000000000000000000000000, '2021-10-13 09:00:30', '13-10-2021 04:50:07 PM', 1),
(126, 'a', 0x3a3a3100000000000000000000000000, '2021-10-13 11:20:16', '14-10-2021 10:44:50 AM', 1),
(127, 'kskang2@gmail.com', 0x3a3a3100000000000000000000000000, '2021-10-14 02:37:05', NULL, 1),
(128, 'a', 0x3a3a3100000000000000000000000000, '2021-10-14 05:14:58', '14-10-2021 10:46:28 AM', 1),
(129, 'a', 0x3a3a3100000000000000000000000000, '2021-10-14 05:16:37', '14-10-2021 10:47:57 AM', 1),
(130, 'a', 0x3a3a3100000000000000000000000000, '2021-10-14 05:18:03', NULL, 1),
(131, 'a', 0x3a3a3100000000000000000000000000, '2021-10-14 06:30:10', '14-10-2021 01:44:18 PM', 1),
(132, 'a', 0x3a3a3100000000000000000000000000, '2021-10-14 08:14:26', '14-10-2021 02:03:27 PM', 1),
(133, 'a', 0x3a3a3100000000000000000000000000, '2021-10-14 08:33:34', NULL, 1),
(134, 'kskang2@gmail.com', 0x3a3a3100000000000000000000000000, '2021-10-14 22:57:24', NULL, 1),
(135, 'a', 0x3a3a3100000000000000000000000000, '2021-10-16 04:37:23', NULL, 1),
(136, 'kskang2@gmail.com', 0x3a3a3100000000000000000000000000, '2021-10-25 05:22:20', '25-10-2021 10:52:31 AM', 1),
(137, 'kskang2@gmail.com', 0x3a3a3100000000000000000000000000, '2021-10-25 05:28:35', '25-10-2021 11:03:46 AM', 1),
(138, 'kskang2@gmail.com', 0x3a3a3100000000000000000000000000, '2021-10-25 05:59:55', '25-10-2021 11:30:17 AM', 1),
(139, 'kskang2@gmail.com', 0x3a3a3100000000000000000000000000, '2021-10-25 06:09:20', '25-10-2021 11:39:46 AM', 1),
(140, 'kskang2@gmail.com', 0x3a3a3100000000000000000000000000, '2021-10-25 06:19:32', '25-10-2021 11:49:50 AM', 1),
(141, 'kskang2@gmail.com', 0x3a3a3100000000000000000000000000, '2021-10-25 06:25:54', '25-10-2021 11:57:38 AM', 1),
(142, 'kskang2@gmail.com', 0x3a3a3100000000000000000000000000, '2021-10-25 06:30:37', '25-10-2021 12:00:40 PM', 1),
(143, 'kskang2@gmail.com', 0x3a3a3100000000000000000000000000, '2021-10-25 06:30:50', '25-10-2021 12:03:07 PM', 1),
(144, 'kskang2@gmail.com', 0x3a3a3100000000000000000000000000, '2021-10-25 06:43:23', '25-10-2021 12:16:14 PM', 1),
(145, 'kskang2@gmail.com', 0x3a3a3100000000000000000000000000, '2021-10-25 08:09:03', '25-10-2021 01:43:58 PM', 1),
(146, 'kskang2@gmail.com', 0x3a3a3100000000000000000000000000, '2021-10-25 08:14:12', '25-10-2021 01:45:22 PM', 1),
(147, 'kskang2@gmail.com', 0x3a3a3100000000000000000000000000, '2021-10-25 08:28:05', NULL, 0),
(148, 'kskang2@gmail.com', 0x3a3a3100000000000000000000000000, '2021-10-25 08:28:14', '25-10-2021 02:00:10 PM', 1),
(149, 'kskang2@gmail.com', 0x3a3a3100000000000000000000000000, '2021-10-25 08:51:49', NULL, 1),
(150, 'kskang2@gmail.com', 0x3a3a3100000000000000000000000000, '2021-10-25 21:49:57', '26-10-2021 03:21:12 AM', 1),
(151, 'kskang2@gmail.com', 0x3a3a3100000000000000000000000000, '2021-10-25 22:46:22', '26-10-2021 04:21:40 AM', 1),
(152, 'kskang2@gmail.com', 0x3a3a3100000000000000000000000000, '2021-10-25 22:57:02', '26-10-2021 04:27:37 AM', 1),
(153, 'kskang2@gmail.com', 0x3a3a3100000000000000000000000000, '2021-10-25 22:58:09', '26-10-2021 05:35:47 AM', 1),
(154, 'kskang2@gmail.com', 0x3a3a3100000000000000000000000000, '2021-10-26 00:06:07', '26-10-2021 05:43:15 AM', 1),
(155, 'kskang2@gmail.com', 0x3a3a3100000000000000000000000000, '2021-10-26 03:02:51', '26-10-2021 08:34:00 AM', 1),
(156, 'kskang2@gmail.com', 0x3a3a3100000000000000000000000000, '2021-10-26 08:34:44', '27-10-2021 04:19:26 AM', 1),
(157, 'kskang2@gmail.com', 0x3a3a3100000000000000000000000000, '2021-10-26 22:55:04', '27-10-2021 04:27:28 AM', 1),
(158, 'kskang2@gmail.com', 0x3a3a3100000000000000000000000000, '2021-10-26 22:59:37', NULL, 1),
(159, 'kskang2@gmail.com', 0x3a3a3100000000000000000000000000, '2021-10-27 12:25:55', NULL, 1),
(160, 'kskang2@gmail.com', 0x3a3a3100000000000000000000000000, '2021-10-27 20:50:00', '28-10-2021 02:27:24 AM', 1),
(161, 'kskang2@gmail.com', 0x3a3a3100000000000000000000000000, '2021-10-27 21:15:46', '28-10-2021 05:41:11 AM', 1),
(162, 'kskang2@gmail.com', 0x3a3a3100000000000000000000000000, '2021-10-28 00:11:30', '28-10-2021 05:50:00 AM', 1),
(163, 'a', 0x3a3a3100000000000000000000000000, '2021-10-28 00:20:16', '28-10-2021 05:51:19 AM', 1),
(164, 'kskang2@gmail.com', 0x3a3a3100000000000000000000000000, '2021-10-28 00:21:29', '28-10-2021 06:06:04 AM', 1),
(165, 'kskang2@gmail.com', 0x3a3a3100000000000000000000000000, '2021-10-28 00:36:15', '28-10-2021 10:36:08 AM', 1),
(166, 'kskang2@gmail.com', 0x3a3a3100000000000000000000000000, '2021-10-28 05:39:07', '28-10-2021 12:10:54 PM', 1),
(167, 'a', 0x3a3a3100000000000000000000000000, '2021-10-28 06:41:02', '28-10-2021 12:14:26 PM', 1),
(168, 'b', 0x3a3a3100000000000000000000000000, '2021-10-28 06:44:34', '28-10-2021 12:32:40 PM', 1),
(169, 'kskang2@gmail.com', 0x3a3a3100000000000000000000000000, '2021-10-28 07:02:53', NULL, 1),
(170, 'kskang2@gmail.com', 0x3a3a3100000000000000000000000000, '2021-10-28 11:09:42', '29-10-2021 03:05:25 AM', 1),
(171, 'kskang2@gmail.com', 0x3a3a3100000000000000000000000000, '2021-10-28 21:36:00', '29-10-2021 03:06:02 AM', 1),
(172, 'kskang2@gmail.com', 0x3a3a3100000000000000000000000000, '2021-10-28 21:36:31', '29-10-2021 03:06:33 AM', 1),
(173, 'kskang2@gmail.com', 0x3a3a3100000000000000000000000000, '2021-10-28 21:36:45', '29-10-2021 03:06:47 AM', 1),
(174, 'kskang2@gmail.com', 0x3a3a3100000000000000000000000000, '2021-10-28 21:51:59', '29-10-2021 03:27:43 AM', 1),
(175, 'c', 0x3a3a3100000000000000000000000000, '2021-10-28 22:04:39', '29-10-2021 03:35:18 AM', 1),
(176, 'a', 0x3a3a3100000000000000000000000000, '2021-10-28 22:05:27', '29-10-2021 03:36:05 AM', 1),
(177, 'c', 0x3a3a3100000000000000000000000000, '2021-10-28 22:06:12', '29-10-2021 03:53:02 AM', 1),
(178, 'a', 0x3a3a3100000000000000000000000000, '2021-10-28 22:23:10', '29-10-2021 03:54:48 AM', 1),
(179, 'c', 0x3a3a3100000000000000000000000000, '2021-10-28 22:24:56', '29-10-2021 04:16:32 AM', 1),
(180, 'kskang2@gmail.com', 0x3a3a3100000000000000000000000000, '2021-10-28 23:11:55', '29-10-2021 04:42:14 AM', 1),
(181, 'a', 0x3a3a3100000000000000000000000000, '2021-10-28 23:20:01', '29-10-2021 04:50:04 AM', 1),
(182, 'a', 0x3a3a3100000000000000000000000000, '2021-10-29 22:34:17', '30-10-2021 04:04:37 AM', 1),
(183, 'a', 0x3a3a3100000000000000000000000000, '2021-10-29 22:42:36', '30-10-2021 04:12:52 AM', 1),
(184, 'a', 0x3a3a3100000000000000000000000000, '2021-10-29 22:45:14', '30-10-2021 04:15:31 AM', 1),
(185, 'a', 0x3a3a3100000000000000000000000000, '2021-10-29 23:18:09', '30-10-2021 04:49:38 AM', 1),
(186, 'a', 0x3a3a3100000000000000000000000000, '2021-10-29 23:23:28', '30-10-2021 05:03:19 AM', 1),
(187, 'a', 0x3a3a3100000000000000000000000000, '2021-10-29 23:38:34', '30-10-2021 05:09:40 AM', 1),
(188, 'a', 0x3a3a3100000000000000000000000000, '2021-10-30 23:18:21', '31-10-2021 04:49:28 AM', 1),
(189, 'a', 0x3a3a3100000000000000000000000000, '2021-10-30 23:29:32', '31-10-2021 04:59:58 AM', 1),
(190, 'a', 0x3132372e302e302e3100000000000000, '2021-10-31 02:47:21', '31-10-2021 09:41:46 AM', 1),
(191, 'a', 0x3a3a3100000000000000000000000000, '2021-10-31 05:21:12', '31-10-2021 11:03:58 AM', 1),
(192, 'a', 0x3a3a3100000000000000000000000000, '2021-10-31 05:34:36', '31-10-2021 11:04:40 AM', 1),
(193, 'a', 0x3a3a3100000000000000000000000000, '2021-10-31 05:40:01', '31-10-2021 11:10:03 AM', 1),
(194, 'a', 0x3a3a3100000000000000000000000000, '2021-10-31 05:40:14', '31-10-2021 11:10:18 AM', 1),
(195, 'a', 0x3a3a3100000000000000000000000000, '2021-10-31 05:41:08', '31-10-2021 11:11:11 AM', 1),
(196, 'a', 0x3a3a3100000000000000000000000000, '2021-10-31 05:53:03', '31-10-2021 11:23:05 AM', 1),
(197, 'a', 0x3a3a3100000000000000000000000000, '2021-10-31 05:53:13', '31-10-2021 11:23:16 AM', 1),
(198, 'a', 0x3a3a3100000000000000000000000000, '2021-10-31 05:53:23', '31-10-2021 12:47:33 PM', 1),
(199, 'a', 0x3a3a3100000000000000000000000000, '2021-10-31 07:17:50', '31-10-2021 12:48:06 PM', 1),
(200, 'a', 0x3a3a3100000000000000000000000000, '2021-10-31 08:28:22', '31-10-2021 02:00:42 PM', 1),
(201, 'a', 0x3a3a3100000000000000000000000000, '2021-10-31 10:32:48', NULL, 1),
(202, 'a', 0x3139322e3136382e382e313137000000, '2021-10-31 11:32:49', '31-10-2021 05:12:31 PM', 1),
(203, 'a', 0x3139322e3136382e382e313137000000, '2021-10-31 11:42:58', NULL, 1),
(204, 'a', 0x3a3a3100000000000000000000000000, '2021-10-31 21:56:48', '01-11-2021 03:26:50 AM', 1),
(205, 'a', 0x3a3a3100000000000000000000000000, '2021-10-31 21:59:10', '01-11-2021 03:30:15 AM', 1),
(206, 'a', 0x3a3a3100000000000000000000000000, '2021-10-31 22:00:32', '01-11-2021 03:30:37 AM', 1),
(207, 'a', 0x3a3a3100000000000000000000000000, '2021-10-31 22:00:51', '01-11-2021 03:30:59 AM', 1),
(208, 'a', 0x3a3a3100000000000000000000000000, '2021-10-31 22:03:30', '01-11-2021 03:34:17 AM', 1),
(209, 'a', 0x3a3a3100000000000000000000000000, '2021-10-31 22:04:28', '01-11-2021 03:34:45 AM', 1),
(210, 'a', 0x3a3a3100000000000000000000000000, '2021-10-31 22:04:54', '01-11-2021 03:39:34 AM', 1),
(211, 'a', 0x3a3a3100000000000000000000000000, '2021-10-31 22:13:17', '01-11-2021 03:48:58 AM', 1),
(212, 'a', 0x3a3a3100000000000000000000000000, '2021-10-31 22:19:16', '01-11-2021 03:49:18 AM', 1),
(213, 'a', 0x3a3a3100000000000000000000000000, '2021-10-31 22:34:33', '01-11-2021 04:04:51 AM', 1),
(214, 'a', 0x3a3a3100000000000000000000000000, '2021-10-31 22:35:13', '01-11-2021 04:05:21 AM', 1),
(215, 'a', 0x3a3a3100000000000000000000000000, '2021-10-31 22:35:56', '01-11-2021 04:06:54 AM', 1),
(216, 'a', 0x3a3a3100000000000000000000000000, '2021-10-31 22:37:02', '01-11-2021 04:07:06 AM', 1),
(217, 'a', 0x3a3a3100000000000000000000000000, '2021-10-31 22:38:34', '01-11-2021 04:09:13 AM', 1),
(218, 'a', 0x3a3a3100000000000000000000000000, '2021-10-31 22:39:29', '01-11-2021 04:09:43 AM', 1),
(219, 'a', 0x3a3a3100000000000000000000000000, '2021-10-31 22:47:06', '01-11-2021 04:17:09 AM', 1),
(220, 'a', 0x3a3a3100000000000000000000000000, '2021-10-31 22:50:05', '01-11-2021 04:20:33 AM', 1),
(221, 'a', 0x3a3a3100000000000000000000000000, '2021-10-31 22:50:40', '01-11-2021 04:26:24 AM', 1),
(222, 'a', 0x3a3a3100000000000000000000000000, '2021-10-31 22:57:11', '01-11-2021 04:27:17 AM', 1),
(223, 'a', 0x3a3a3100000000000000000000000000, '2021-10-31 23:16:57', '01-11-2021 04:47:00 AM', 1),
(224, 'a', 0x3a3a3100000000000000000000000000, '2021-10-31 23:20:19', '01-11-2021 04:50:31 AM', 1),
(225, 'a', 0x3a3a3100000000000000000000000000, '2021-10-31 23:41:45', '01-11-2021 05:12:27 AM', 1),
(226, 'a', 0x3a3a3100000000000000000000000000, '2021-10-31 23:42:36', '01-11-2021 05:20:18 AM', 1),
(227, 'a', 0x3a3a3100000000000000000000000000, '2021-10-31 23:50:25', '01-11-2021 05:21:04 AM', 1),
(228, 'a', 0x3a3a3100000000000000000000000000, '2021-10-31 23:51:11', '01-11-2021 05:21:27 AM', 1),
(229, 'a', 0x3a3a3100000000000000000000000000, '2021-10-31 23:51:34', '01-11-2021 05:21:52 AM', 1),
(230, 'a', 0x3a3a3100000000000000000000000000, '2021-10-31 23:52:01', '01-11-2021 05:22:03 AM', 1),
(231, 'a', 0x3a3a3100000000000000000000000000, '2021-10-31 23:52:31', '01-11-2021 05:24:07 AM', 1),
(232, 'a', 0x3a3a3100000000000000000000000000, '2021-10-31 23:54:17', '01-11-2021 05:25:39 AM', 1),
(233, 'a', 0x3a3a3100000000000000000000000000, '2021-10-31 23:55:51', '01-11-2021 05:26:10 AM', 1),
(234, 'a', 0x3a3a3100000000000000000000000000, '2021-10-31 23:56:41', '01-11-2021 05:26:45 AM', 1),
(235, 'a', 0x3a3a3100000000000000000000000000, '2021-10-31 23:57:03', '01-11-2021 05:27:05 AM', 1),
(236, 'a', 0x3a3a3100000000000000000000000000, '2021-11-01 00:01:01', '01-11-2021 05:40:09 AM', 1),
(237, 'a', 0x3a3a3100000000000000000000000000, '2021-11-01 00:11:28', '01-11-2021 05:42:19 AM', 1),
(238, 'a', 0x3a3a3100000000000000000000000000, '2021-11-01 00:15:13', '01-11-2021 05:48:00 AM', 1),
(239, 'a', 0x3a3a3100000000000000000000000000, '2021-11-01 00:18:50', '01-11-2021 05:49:48 AM', 1),
(240, 'a', 0x3a3a3100000000000000000000000000, '2021-11-01 00:22:37', '01-11-2021 05:53:43 AM', 1),
(241, 'a', 0x3a3a3100000000000000000000000000, '2021-11-01 00:24:00', '01-11-2021 05:54:53 AM', 1),
(242, 'a', 0x3a3a3100000000000000000000000000, '2021-11-01 00:30:39', '01-11-2021 06:01:26 AM', 1),
(243, 'a', 0x3a3a3100000000000000000000000000, '2021-11-01 00:31:42', '01-11-2021 06:02:01 AM', 1),
(244, 'a', 0x3a3a3100000000000000000000000000, '2021-11-01 00:32:50', '01-11-2021 06:02:53 AM', 1),
(245, 'a', 0x3a3a3100000000000000000000000000, '2021-11-01 00:34:58', '01-11-2021 06:05:00 AM', 1),
(246, 'a', 0x3a3a3100000000000000000000000000, '2021-11-01 00:44:53', '01-11-2021 06:15:03 AM', 1),
(247, 'a', 0x3a3a3100000000000000000000000000, '2021-11-01 00:46:12', '01-11-2021 06:16:16 AM', 1),
(248, 'a', 0x3a3a3100000000000000000000000000, '2021-11-01 00:46:27', '01-11-2021 06:17:23 AM', 1),
(249, 'a', 0x3a3a3100000000000000000000000000, '2021-11-01 00:47:32', '01-11-2021 06:18:09 AM', 1),
(250, 'a', 0x3a3a3100000000000000000000000000, '2021-11-01 00:48:19', '01-11-2021 06:22:32 AM', 1),
(251, 'a', 0x3a3a3100000000000000000000000000, '2021-11-01 02:04:39', '01-11-2021 07:35:03 AM', 1),
(252, 'a', 0x3a3a3100000000000000000000000000, '2021-11-01 02:27:38', '01-11-2021 07:57:49 AM', 1),
(253, 'a', 0x3132372e302e302e3100000000000000, '2021-11-02 02:51:38', '02-11-2021 08:25:02 AM', 1),
(254, 'a', 0x3132372e302e302e3100000000000000, '2021-11-02 02:57:37', '02-11-2021 08:29:32 AM', 1),
(255, 'a', 0x3132372e302e302e3100000000000000, '2021-11-02 03:08:33', '02-11-2021 10:40:59 AM', 1),
(256, 'A', 0x3139322e3136382e382e313037000000, '2021-11-02 10:19:53', '02-11-2021 05:04:02 PM', 1),
(257, 'a', 0x3a3a3100000000000000000000000000, '2021-11-02 22:23:52', NULL, 1),
(258, 'a', 0x3132372e302e302e3100000000000000, '2021-11-02 23:28:15', '03-11-2021 02:22:14 PM', 1),
(259, 'a', 0x3a3a3100000000000000000000000000, '2021-11-03 13:58:07', NULL, 1),
(260, 'a', 0x3a3a3100000000000000000000000000, '2021-11-03 22:11:25', NULL, 1),
(261, 'a', 0x3139322e3136382e382e313137000000, '2021-11-04 00:03:08', NULL, 1),
(262, 'a', 0x3132372e302e302e3100000000000000, '2021-11-04 03:06:17', '04-11-2021 11:58:27 AM', 1),
(263, 'x', 0x3132372e302e302e3100000000000000, '2021-11-04 06:28:48', '04-11-2021 01:25:53 PM', 1),
(264, 'x', 0x3132372e302e302e3100000000000000, '2021-11-04 07:56:08', NULL, 1),
(265, 'A', 0x3139322e3136382e382e313037000000, '2021-11-04 11:28:49', NULL, 1),
(266, 'a', 0x3132372e302e302e3100000000000000, '2021-11-05 08:30:26', '05-11-2021 03:50:56 PM', 1),
(267, 'a', 0x3132372e302e302e3100000000000000, '2021-11-05 10:31:21', '05-11-2021 05:00:18 PM', 1),
(268, 'aaa', 0x3132372e302e302e3100000000000000, '2021-11-05 10:56:09', NULL, 0),
(269, 'aaa', 0x3132372e302e302e3100000000000000, '2021-11-05 10:56:14', '05-11-2021 04:26:22 PM', 1),
(270, 'aaa', 0x3132372e302e302e3100000000000000, '2021-11-05 10:59:45', '05-11-2021 04:50:33 PM', 1),
(271, 'aaa', 0x3139322e3136382e382e313137000000, '2021-11-05 11:31:18', '05-11-2021 05:03:43 PM', 1),
(272, 'aaa', 0x3132372e302e302e3100000000000000, '2021-11-05 22:56:00', '06-11-2021 04:26:09 AM', 1),
(273, 'aaa', 0x3132372e302e302e3100000000000000, '2021-11-05 22:56:45', '06-11-2021 04:28:41 AM', 1),
(274, 'aaa', 0x3132372e302e302e3100000000000000, '2021-11-05 22:59:01', '06-11-2021 04:37:54 AM', 1),
(275, 'aa', 0x3132372e302e302e3100000000000000, '2021-11-05 23:12:13', NULL, 1),
(276, 'aa', 0x3132372e302e302e3100000000000000, '2021-11-05 23:12:36', '06-11-2021 04:52:35 AM', 1),
(277, 'aa', 0x3132372e302e302e3100000000000000, '2021-11-05 23:22:42', NULL, 1),
(278, 'aa', 0x3132372e302e302e3100000000000000, '2021-11-05 23:45:56', NULL, 1),
(279, 'aa', 0x3132372e302e302e3100000000000000, '2021-11-05 23:48:17', NULL, 0),
(280, 'bb', 0x3132372e302e302e3100000000000000, '2021-11-05 23:48:24', NULL, 1),
(281, 'aa', 0x3132372e302e302e3100000000000000, '2021-11-05 23:51:27', NULL, 1),
(282, 'a', 0x3139322e3136382e382e313137000000, '2021-11-05 23:53:21', '06-11-2021 05:23:31 AM', 1),
(283, 'aa', 0x3139322e3136382e382e313137000000, '2021-11-05 23:53:42', '06-11-2021 05:59:34 AM', 1),
(284, 'aa', 0x3132372e302e302e3100000000000000, '2021-11-06 00:29:44', NULL, 1),
(285, 'aa', 0x3132372e302e302e3100000000000000, '2021-11-06 00:30:59', NULL, 0),
(286, 'aa', 0x3132372e302e302e3100000000000000, '2021-11-06 00:31:09', NULL, 0),
(287, 'aa', 0x3132372e302e302e3100000000000000, '2021-11-06 00:31:33', '06-11-2021 06:01:41 AM', 1),
(288, 'aa', 0x3132372e302e302e3100000000000000, '2021-11-06 00:32:12', '06-11-2021 06:30:17 AM', 1),
(289, '13345678', 0x3139322e3136382e382e313137000000, '2021-11-06 00:56:19', NULL, 1),
(290, 'aa', 0x3132372e302e302e3100000000000000, '2021-11-06 01:00:25', NULL, 1),
(291, 'aa', 0x3132372e302e302e3100000000000000, '2021-11-06 01:03:17', NULL, 0),
(292, 'aa', 0x3132372e302e302e3100000000000000, '2021-11-06 01:03:25', NULL, 0),
(293, 'aa', 0x3132372e302e302e3100000000000000, '2021-11-06 01:05:16', NULL, 0),
(294, 'aa', 0x3132372e302e302e3100000000000000, '2021-11-06 01:05:28', '06-11-2021 06:36:00 AM', 1),
(295, 'aa', 0x3132372e302e302e3100000000000000, '2021-11-06 01:06:58', NULL, 0),
(296, 'aa', 0x3132372e302e302e3100000000000000, '2021-11-06 01:07:06', NULL, 0),
(297, 'aa', 0x3132372e302e302e3100000000000000, '2021-11-06 01:07:14', NULL, 0),
(298, 'aa', 0x3132372e302e302e3100000000000000, '2021-11-06 01:07:21', NULL, 0),
(299, 'name', 0x3132372e302e302e3100000000000000, '2021-11-06 01:09:13', NULL, 0),
(300, 'mail', 0x3132372e302e302e3100000000000000, '2021-11-06 01:10:33', '06-11-2021 06:41:31 AM', 1),
(301, 'mail', 0x3132372e302e302e3100000000000000, '2021-11-06 01:11:56', NULL, 1),
(302, 'mail', 0x3132372e302e302e3100000000000000, '2021-11-06 01:13:01', '06-11-2021 06:45:34 AM', 1),
(303, 'bb', 0x3132372e302e302e3100000000000000, '2021-11-06 01:16:06', NULL, 1),
(304, 'aa', 0x3132372e302e302e3100000000000000, '2021-11-06 02:01:30', NULL, 0),
(305, 'a', 0x3132372e302e302e3100000000000000, '2021-11-06 02:01:38', '06-11-2021 07:31:49 AM', 1),
(306, 'a', 0x3132372e302e302e3100000000000000, '2021-11-06 02:11:36', NULL, 1),
(307, 'a', 0x3132372e302e302e3100000000000000, '2021-11-06 02:12:17', NULL, 1),
(308, 'a', 0x3132372e302e302e3100000000000000, '2021-11-06 02:43:01', NULL, 1),
(309, 'a', 0x3132372e302e302e3100000000000000, '2021-11-06 03:54:15', NULL, 0),
(310, 'b', 0x3132372e302e302e3100000000000000, '2021-11-06 03:55:19', '06-11-2021 12:05:25 PM', 1),
(311, 'a', 0x3a3a3100000000000000000000000000, '2021-11-06 05:51:46', NULL, 0),
(312, 'a', 0x3a3a3100000000000000000000000000, '2021-11-06 05:51:53', NULL, 0),
(313, 'a', 0x3a3a3100000000000000000000000000, '2021-11-06 05:52:08', NULL, 1),
(314, 'a', 0x3a3a3100000000000000000000000000, '2021-11-06 06:08:09', NULL, 0),
(315, 'a', 0x3a3a3100000000000000000000000000, '2021-11-06 06:08:16', NULL, 0),
(316, 'a', 0x3a3a3100000000000000000000000000, '2021-11-06 06:08:29', NULL, 1),
(317, 'a', 0x3132372e302e302e3100000000000000, '2021-11-06 06:35:33', NULL, 1),
(318, 'a', 0x3132372e302e302e3100000000000000, '2021-11-06 06:36:21', NULL, 0),
(319, 'a', 0x3132372e302e302e3100000000000000, '2021-11-06 06:36:34', NULL, 1),
(320, 'a', 0x3132372e302e302e3100000000000000, '2021-11-06 06:40:16', NULL, 0),
(321, 'a', 0x3132372e302e302e3100000000000000, '2021-11-06 06:40:21', NULL, 0),
(322, 'a', 0x3132372e302e302e3100000000000000, '2021-11-06 06:40:32', NULL, 1),
(323, 'a', 0x3132372e302e302e3100000000000000, '2021-11-06 06:41:45', NULL, 1),
(324, 'a', 0x3132372e302e302e3100000000000000, '2021-11-06 06:45:11', NULL, 0),
(325, 'a', 0x3132372e302e302e3100000000000000, '2021-11-06 06:45:24', NULL, 1),
(326, 'a', 0x3132372e302e302e3100000000000000, '2021-11-06 06:47:46', NULL, 0),
(327, 'a', 0x3132372e302e302e3100000000000000, '2021-11-06 06:48:01', NULL, 1),
(328, 'a', 0x3a3a3100000000000000000000000000, '2021-11-06 06:55:25', NULL, 1),
(329, 'a', 0x3139322e3136382e382e313137000000, '2021-11-06 06:56:31', NULL, 1),
(330, 'a', 0x3a3a3100000000000000000000000000, '2021-11-06 07:47:40', '06-11-2021 01:33:02 PM', 1),
(331, 'a', 0x3a3a3100000000000000000000000000, '2021-11-06 08:03:10', '06-11-2021 01:33:31 PM', 1),
(332, 'A', 0x3139322e3136382e382e313038000000, '2021-11-06 09:14:52', NULL, 1),
(333, 'a', 0x3132372e302e302e3100000000000000, '2021-11-06 13:05:39', NULL, 1),
(334, 'a', 0x3139322e3136382e382e313137000000, '2021-11-06 13:09:53', '06-11-2021 07:00:54 PM', 1),
(335, '12345678', 0x3139322e3136382e382e313038000000, '2021-11-06 13:36:01', NULL, 0),
(336, '', 0x3139322e3136382e382e313038000000, '2021-11-06 13:36:11', NULL, 0),
(337, '1234', 0x3139322e3136382e382e313038000000, '2021-11-06 13:36:21', NULL, 1),
(338, 'a', 0x3a3a3100000000000000000000000000, '2021-11-06 23:49:37', NULL, 1),
(339, 'A', 0x3139322e3136382e382e313038000000, '2021-11-07 09:06:35', '07-11-2021 05:18:33 PM', 1),
(340, 'a', 0x3132372e302e302e3100000000000000, '2021-11-07 11:48:43', NULL, 1),
(341, 'a', 0x3a3a3100000000000000000000000000, '2021-11-07 12:02:55', '07-11-2021 05:39:15 PM', 1),
(342, 'a', 0x3a3a3100000000000000000000000000, '2021-11-07 12:10:28', '07-11-2021 05:53:55 PM', 1),
(343, 'a', 0x3a3a3100000000000000000000000000, '2021-11-07 12:24:24', '07-11-2021 05:57:40 PM', 1),
(344, 'a', 0x3a3a3100000000000000000000000000, '2021-11-07 12:28:05', NULL, 1),
(345, 'A', 0x3139322e3136382e382e313038000000, '2021-11-07 23:01:46', '08-11-2021 04:39:20 AM', 1),
(346, '11111', 0x3139322e3136382e382e313038000000, '2021-11-07 23:03:11', NULL, 1),
(347, '11111', 0x3139322e3136382e382e313137000000, '2021-11-07 23:09:38', NULL, 1),
(348, 'Aaaaa', 0x3139322e3136382e382e313038000000, '2021-11-08 00:44:06', NULL, 0),
(349, '11111', 0x3139322e3136382e382e313038000000, '2021-11-08 00:44:14', NULL, 0),
(350, '11111', 0x3139322e3136382e382e313038000000, '2021-11-08 00:44:25', NULL, 0),
(351, 'A', 0x3139322e3136382e382e313038000000, '2021-11-08 00:44:37', NULL, 1),
(352, '11111', 0x3139322e3136382e382e313137000000, '2021-11-08 00:51:41', NULL, 0),
(353, 'a', 0x3139322e3136382e382e313137000000, '2021-11-08 00:51:51', NULL, 1),
(354, 'a', 0x3a3a3100000000000000000000000000, '2021-11-08 03:48:55', '08-11-2021 12:16:52 PM', 1),
(355, 'aaaaa', 0x3a3a3100000000000000000000000000, '2021-11-08 06:47:23', '08-11-2021 12:48:24 PM', 1),
(356, 'k', 0x3a3a3100000000000000000000000000, '2021-11-08 07:19:11', '08-11-2021 12:59:07 PM', 1),
(357, 'zz', 0x3a3a3100000000000000000000000000, '2021-11-08 08:23:45', NULL, 1),
(358, 's', 0x3a3a3100000000000000000000000000, '2021-11-08 08:24:38', NULL, 1),
(359, 'd', 0x3a3a3100000000000000000000000000, '2021-11-08 08:24:49', NULL, 1),
(360, 'zz', 0x3a3a3100000000000000000000000000, '2021-11-08 08:25:03', NULL, 0),
(361, 'z', 0x3a3a3100000000000000000000000000, '2021-11-08 08:25:09', NULL, 1),
(362, 'a', 0x3a3a3100000000000000000000000000, '2021-11-08 08:46:04', '08-11-2021 03:22:23 PM', 1),
(363, 'x', 0x3a3a3100000000000000000000000000, '2021-11-08 09:52:29', '08-11-2021 03:22:32 PM', 1),
(364, 'x', 0x3a3a3100000000000000000000000000, '2021-11-08 09:52:38', NULL, 1),
(365, 'a', 0x3a3a3100000000000000000000000000, '2021-11-08 10:15:35', '08-11-2021 03:45:37 PM', 1),
(366, 'a', 0x3a3a3100000000000000000000000000, '2021-11-08 10:17:34', NULL, 1),
(367, 'a', 0x3139322e3136382e382e313137000000, '2021-11-08 11:29:44', '08-11-2021 06:31:42 PM', 1),
(368, 'a', 0x3a3a3100000000000000000000000000, '2021-11-08 13:02:28', '08-11-2021 06:32:31 PM', 1),
(369, 'a', 0x3a3a3100000000000000000000000000, '2021-11-08 23:28:42', NULL, 1),
(370, 'k', 0x3a3a3100000000000000000000000000, '2021-11-09 06:46:27', '09-11-2021 12:16:35 PM', 1),
(371, 'a', 0x3a3a3100000000000000000000000000, '2021-11-09 06:46:44', NULL, 1),
(372, 'A', 0x3139322e3136382e382e313100000000, '2021-11-09 07:50:37', NULL, 1),
(373, 'a', 0x3139322e3136382e382e363000000000, '2021-11-09 07:57:25', NULL, 1),
(374, 'a', 0x3139322e3136382e382e313100000000, '2021-11-09 08:57:45', NULL, 1),
(375, 'B', 0x3139322e3136382e382e313100000000, '2021-11-09 11:06:23', '09-11-2021 04:39:55 PM', 1),
(376, 'E', 0x3139322e3136382e382e313100000000, '2021-11-09 11:10:28', NULL, 1),
(377, 'E', 0x3139322e3136382e382e313100000000, '2021-11-09 11:14:18', NULL, 1),
(378, 'E', 0x3139322e3136382e382e313100000000, '2021-11-09 11:16:17', '09-11-2021 05:08:31 PM', 1),
(379, 'a', 0x3139322e3136382e382e313100000000, '2021-11-09 11:25:34', NULL, 1),
(380, 'a', 0x3139322e3136382e382e313100000000, '2021-11-09 11:26:55', '09-11-2021 05:20:42 PM', 1),
(381, 'a', 0x3139322e3136382e382e313100000000, '2021-11-09 12:35:11', NULL, 1),
(382, 'A', 0x3139322e3136382e382e313038000000, '2021-11-09 21:13:26', NULL, 1),
(383, 'A', 0x3139322e3136382e382e313038000000, '2021-11-09 21:15:26', NULL, 1),
(384, 'A', 0x3139322e3136382e382e313038000000, '2021-11-09 21:15:29', NULL, 1),
(385, 'a', 0x3139322e3136382e382e313100000000, '2021-11-09 21:20:35', NULL, 1),
(386, 'a', 0x3139322e3136382e382e313100000000, '2021-11-09 21:25:51', '10-11-2021 03:47:37 AM', 1),
(387, 'kim', 0x3139322e3136382e382e313100000000, '2021-11-09 22:19:23', NULL, 1),
(388, 'a', 0x3139322e3136382e382e313135000000, '2021-11-09 22:30:54', NULL, 1),
(389, 'a', 0x3139322e3136382e382e313100000000, '2021-11-09 22:49:05', '10-11-2021 04:29:45 AM', 1),
(390, 'b', 0x3139322e3136382e382e313100000000, '2021-11-09 22:59:53', NULL, 1),
(391, 'c', 0x3139322e3136382e382e313100000000, '2021-11-09 23:00:25', NULL, 1),
(392, 'c', 0x3139322e3136382e382e313100000000, '2021-11-09 23:00:50', NULL, 1),
(393, 'im', 0x3139322e3136382e382e313100000000, '2021-11-09 23:39:44', '10-11-2021 05:13:32 AM', 1),
(394, 'im', 0x3139322e3136382e382e313100000000, '2021-11-09 23:43:45', '10-11-2021 05:14:09 AM', 1),
(395, '', 0x32332e3234302e3231332e3134370000, '2021-11-10 00:10:46', '27-11-2021 08:47:48 AM', 0),
(396, 'Im', 0x32332e3234302e3231332e3134370000, '2021-11-10 00:11:11', NULL, 1),
(397, 'K', 0x33392e372e3233302e31343300000000, '2021-11-10 03:51:26', '10-11-2021 09:21:37 AM', 1),
(398, 'A', 0x33392e372e3233302e31343300000000, '2021-11-10 03:51:48', NULL, 1),
(399, 'A', 0x33392e372e3233302e32333800000000, '2021-11-10 05:43:50', NULL, 1),
(400, 'a', 0x3139322e3136382e382e313100000000, '2021-11-10 09:24:01', NULL, 1),
(401, 'a', 0x3139322e3136382e382e313100000000, '2021-11-10 09:29:44', '10-11-2021 03:09:41 PM', 1),
(402, 'test', 0x3139322e3136382e382e313100000000, '2021-11-10 09:40:23', NULL, 1),
(403, 'aaa', 0x3139322e3136382e382e313100000000, '2021-11-10 14:33:00', NULL, 0),
(404, 'aaaa', 0x3139322e3136382e382e363000000000, '2021-11-10 15:04:27', NULL, 0),
(405, 'a', 0x3139322e3136382e382e363000000000, '2021-11-10 15:04:34', '10-11-2021 09:05:41 PM', 1),
(406, 'a', 0x3139322e3136382e382e363000000000, '2021-11-10 15:35:47', '10-11-2021 09:07:47 PM', 1),
(407, 'a', 0x3139322e3136382e382e363000000000, '2021-11-10 15:37:56', NULL, 1),
(408, 'Test', 0x3139322e3136382e382e313100000000, '2021-11-10 21:16:23', NULL, 1),
(409, 'a', 0x3139322e3136382e382e363000000000, '2021-11-10 22:39:58', NULL, 1),
(410, 'a', 0x3139322e3136382e382e363000000000, '2021-11-10 22:45:00', NULL, 1),
(411, 'a', 0x3139322e3136382e382e313100000000, '2021-11-10 22:50:19', NULL, 1),
(412, 'a', 0x3139322e3136382e382e313100000000, '2021-11-12 21:21:01', '13-11-2021 02:52:04 AM', 1),
(413, 'a', 0x3139322e3136382e382e313100000000, '2021-11-12 21:23:07', NULL, 1),
(414, 'a', 0x3139322e3136382e382e313100000000, '2021-11-12 23:55:53', '13-11-2021 05:25:57 AM', 1),
(415, 'a', 0x3139322e3136382e382e313100000000, '2021-11-12 23:56:01', '13-11-2021 05:32:28 AM', 1),
(416, 'a', 0x3232332e33382e32382e393000000000, '2021-11-13 01:22:24', '13-11-2021 07:09:45 AM', 1),
(417, 'a', 0x3139322e3136382e382e313100000000, '2021-11-13 03:46:15', '13-11-2021 09:16:24 AM', 1),
(418, 'a', 0x3139322e3136382e382e313100000000, '2021-11-13 03:46:34', '13-11-2021 09:27:12 AM', 1),
(419, 'a', 0x3231302e3137382e392e323236000000, '2021-11-13 03:57:20', '13-11-2021 10:34:48 AM', 1),
(420, 'a', 0x3139322e3136382e382e313100000000, '2021-11-13 07:33:13', NULL, 1),
(421, 'a', 0x3139322e3136382e382e313100000000, '2021-11-13 13:05:51', NULL, 1),
(422, 'a', 0x3139322e3136382e382e313100000000, '2021-11-27 02:08:59', '27-11-2021 07:39:06 AM', 1),
(423, 'a', 0x3139322e3136382e382e313100000000, '2021-11-27 02:09:16', NULL, 1),
(424, 'a', 0x3139322e3136382e382e313100000000, '2021-11-27 02:10:24', '27-11-2021 07:40:28 AM', 1),
(425, 'a', 0x3139322e3136382e382e313100000000, '2021-11-27 02:11:05', '27-11-2021 07:45:07 AM', 1),
(426, 'a', 0x3139322e3136382e382e313100000000, '2021-11-27 02:15:12', '27-11-2021 07:45:15 AM', 1),
(427, 'a', 0x3139322e3136382e382e313100000000, '2021-11-27 03:17:52', '27-11-2021 09:37:48 AM', 1),
(428, 'a', 0x3139322e3136382e382e313100000000, '2021-11-27 04:08:05', NULL, 1),
(429, 'a', 0x3139322e3136382e382e313100000000, '2021-11-27 04:13:39', '27-11-2021 09:43:43 AM', 1),
(430, 'a', 0x3139322e3136382e382e313100000000, '2021-11-27 04:13:51', NULL, 1),
(431, 'a', 0x3132312e3136392e3133322e35390000, '2021-11-28 03:08:32', '28-11-2021 08:40:37 AM', 1),
(432, 'a', 0x3139322e3136382e382e313100000000, '2021-11-28 03:59:37', '28-11-2021 09:29:42 AM', 1),
(433, '로그인 됨(실험용)', 0x3139322e3136382e382e313100000000, '2021-11-28 04:05:48', '28-11-2021 09:35:52 AM', 1),
(434, '로그인 됨(실험용)', 0x3139322e3136382e382e363000000000, '2021-11-28 04:10:08', NULL, 1),
(435, '로그인 됨(실험용)', 0x3139322e3136382e382e313100000000, '2021-11-28 05:46:09', NULL, 1),
(436, '로그인 됨(실험용)', 0x3139322e3136382e382e363000000000, '2021-11-28 05:48:17', '28-11-2021 11:24:40 AM', 1),
(437, '로그인 됨(실험용)', 0x3139322e3136382e382e363000000000, '2021-11-28 06:34:00', '28-11-2021 12:04:06 PM', 1),
(438, '로그인 됨(실험용)', 0x3139322e3136382e382e363000000000, '2021-11-28 06:40:39', '28-11-2021 12:10:42 PM', 1),
(439, '로그인 됨(실험용)', 0x3139322e3136382e382e313100000000, '2021-11-28 07:56:47', NULL, 1),
(440, '로그인 됨(실험용)', 0x3139322e3136382e382e313100000000, '2021-11-28 07:56:51', '28-11-2021 01:27:31 PM', 1),
(441, '로그인 됨(실험용)', 0x3139322e3136382e382e363000000000, '2021-11-28 10:32:18', '28-11-2021 04:02:20 PM', 1),
(442, '로그인 됨(실험용)', 0x3139322e3136382e382e363000000000, '2021-11-30 10:39:32', '30-11-2021 04:09:36 PM', 1),
(443, '로그인 됨(실험용)', 0x3139322e3136382e382e363000000000, '2021-11-30 10:39:40', NULL, 1),
(444, '로그인 됨(실험용)', 0x3139322e3136382e382e313100000000, '2021-12-04 05:51:15', NULL, 1),
(445, '로그인 됨(실험용)', 0x3139322e3136382e382e313100000000, '2021-12-04 13:08:10', NULL, 1),
(446, '로그인 됨(실험용)', 0x3139322e3136382e382e363000000000, '2021-12-05 22:24:01', '06-12-2021 04:42:09 AM', 1),
(447, '로그인 됨(실험용)', 0x3139322e3136382e382e363000000000, '2021-12-05 23:12:13', '06-12-2021 04:43:05 AM', 1),
(448, '로그인 됨(실험용)', 0x3139322e3136382e382e363000000000, '2021-12-05 23:13:09', '06-12-2021 04:45:31 AM', 1),
(449, '로그인 됨(실험용)', 0x3139322e3136382e382e363000000000, '2021-12-05 23:15:35', NULL, 1),
(450, '로그인 됨(실험용)', 0x3139322e3136382e382e363000000000, '2021-12-06 09:12:22', '06-12-2021 02:44:17 PM', 1),
(451, '로그인 됨(실험용)', 0x3139322e3136382e382e363000000000, '2021-12-06 09:14:21', '06-12-2021 02:44:28 PM', 1),
(452, '로그인 됨(실험용)', 0x3139322e3136382e382e363000000000, '2021-12-06 09:14:32', NULL, 1),
(453, '로그인 됨(실험용)', 0x3139322e3136382e382e313100000000, '2021-12-07 08:26:39', NULL, 1),
(454, '로그인 됨(실험용)', 0x3139322e3136382e382e313030000000, '2021-12-09 09:58:21', NULL, 1),
(455, '로그인 됨(실험용)', 0x3139322e3136382e382e313100000000, '2021-12-10 19:31:03', '11-12-2021 01:16:21 AM', 1),
(456, '로그인 됨(실험용)', 0x3139322e3136382e382e363000000000, '2021-12-17 05:50:20', NULL, 1),
(457, '로그인 됨(실험용)', 0x3139322e3136382e382e363000000000, '2021-12-17 08:36:29', NULL, 1),
(458, '로그인 됨(실험용)', 0x3139322e3136382e382e313100000000, '2021-12-18 11:44:29', NULL, 1),
(459, '로그인 됨(실험용)', 0x3139322e3136382e382e313100000000, '2021-12-19 02:12:53', NULL, 1),
(460, '로그인 됨(실험용)', 0x3139322e3136382e382e363000000000, '2021-12-22 15:12:20', '22-12-2021 08:42:37 PM', 1),
(461, '로그인 됨(실험용)', 0x35392e31302e352e3133390000000000, '2022-01-10 10:34:30', NULL, 1),
(462, '로그인 됨(실험용)', 0x3139322e3136382e382e313100000000, '2022-01-11 22:38:44', NULL, 1),
(463, '로그인 됨(실험용)', 0x3139322e3136382e382e313100000000, '2022-01-11 22:44:04', NULL, 1),
(464, '로그인 됨(실험용)', 0x3139322e3136382e382e313100000000, '2022-01-11 23:31:33', NULL, 1),
(465, '로그인 됨(실험용)', 0x3132312e3136392e3133322e35390000, '2022-01-12 04:01:48', NULL, 1),
(466, '로그인 됨(실험용)', 0x3232312e3134372e37302e3834000000, '2022-01-12 07:07:50', NULL, 1),
(467, '로그인 됨(실험용)', 0x3232332e33382e33352e323432000000, '2022-01-12 08:15:26', NULL, 1),
(468, '로그인 됨(실험용)', 0x3139322e3136382e382e313100000000, '2022-01-12 23:01:00', NULL, 1),
(469, '로그인 됨(실험용)', 0x3139322e3136382e382e313100000000, '2022-01-14 22:57:55', NULL, 1),
(470, '로그인 됨(실험용)', 0x3139322e3136382e382e313100000000, '2022-01-14 22:58:13', NULL, 1),
(471, '로그인 됨(실험용)', 0x3139322e3136382e382e313100000000, '2022-01-18 08:50:40', '18-01-2022 02:20:41 PM', 1),
(472, '로그인 됨(실험용)', 0x3139322e3136382e382e313100000000, '2022-01-19 20:41:22', NULL, 1),
(473, '로그인 됨(실험용)', 0x3139322e3136382e382e313100000000, '2022-01-22 12:08:32', NULL, 1),
(474, '로그인 됨(실험용)', 0x3139322e3136382e382e313100000000, '2022-01-22 22:57:12', NULL, 1),
(475, '로그인 됨(실험용)', 0x3139322e3136382e382e313100000000, '2022-01-23 07:49:11', '23-01-2022 01:29:16 PM', 1),
(476, '로그인 됨(실험용)', 0x3139322e3136382e382e313100000000, '2022-01-23 07:59:22', '23-01-2022 01:45:22 PM', 1),
(477, '로그인 됨(실험용)', 0x3139322e3136382e382e313100000000, '2022-01-28 13:47:58', NULL, 1),
(478, '로그인 됨(실험용)', 0x3139322e3136382e382e313100000000, '2022-01-29 23:10:39', NULL, 1),
(479, '', 0x3232322e39392e37372e323132000000, '2022-02-05 02:07:38', NULL, 0),
(480, '', 0x3232322e39392e37372e323132000000, '2022-02-05 02:07:41', '27-12-2023 04:41:27 AM', 0),
(481, '로그인 됨(실험용)', 0x3139322e3136382e382e313100000000, '2022-02-05 08:36:28', NULL, 1),
(482, '로그인 됨(실험용)', 0x3139322e3136382e382e313100000000, '2022-02-06 13:09:44', NULL, 1),
(483, '로그인 됨(실험용)', 0x3139322e3136382e382e313100000000, '2022-02-08 11:15:51', NULL, 1),
(484, '로그인 됨(실험용)', 0x3139322e3136382e382e313100000000, '2022-02-08 11:17:41', NULL, 1),
(485, '로그인 됨(실험용)', 0x3139322e3136382e382e313100000000, '2022-02-09 21:53:42', NULL, 1),
(486, '로그인 됨(실험용)', 0x3232312e3134372e37302e3834000000, '2022-02-10 09:46:06', NULL, 1),
(487, '로그인 됨(실험용)', 0x3139322e3136382e382e313100000000, '2022-02-13 09:34:11', NULL, 1),
(488, '로그인 됨(실험용)', 0x3139322e3136382e382e313100000000, '2022-02-23 09:34:50', '23-02-2022 03:08:23 PM', 1),
(489, '로그인 됨(실험용)', 0x3139322e3136382e382e313100000000, '2022-03-17 21:45:33', NULL, 1),
(490, 'kskang2', 0x3139322e3136382e382e313100000000, '2022-08-28 20:56:27', NULL, 0),
(491, 'kskang2@gmail.com', 0x3139322e3136382e382e313100000000, '2022-08-28 20:56:53', NULL, 0),
(492, '로그인 됨(실험용)', 0x3139322e3136382e382e313100000000, '2023-10-23 20:14:01', NULL, 1),
(493, '로그인 됨(실험용)', 0x3139322e3136382e382e313100000000, '2023-12-26 21:26:15', NULL, 1),
(494, '로그인 됨(실험용)', 0x3139322e3136382e382e313100000000, '2023-12-26 21:26:19', '27-12-2023 02:57:19 AM', 1),
(495, '로그인 됨(실험용)', 0x3139322e3136382e382e313100000000, '2023-12-26 21:27:27', '27-12-2023 02:57:39 AM', 1),
(496, '로그인 됨(실험용)', 0x3139322e3136382e382e313100000000, '2023-12-26 21:27:50', NULL, 1),
(497, '로그인 됨(실험용)', 0x3139322e3136382e382e313100000000, '2023-12-26 21:29:31', '27-12-2023 02:59:47 AM', 1),
(498, '로그인 됨(실험용)', 0x3139322e3136382e382e313100000000, '2023-12-26 21:29:57', '27-12-2023 03:00:05 AM', 1),
(499, '로그인 됨(실험용)', 0x3139322e3136382e382e313100000000, '2023-12-26 21:31:48', '27-12-2023 03:02:02 AM', 1),
(500, '로그인 됨(실험용)', 0x3139322e3136382e382e313100000000, '2023-12-26 21:32:30', '27-12-2023 03:02:59 AM', 1),
(501, '로그인 됨(실험용)', 0x3139322e3136382e382e313100000000, '2023-12-26 21:33:05', '27-12-2023 03:03:12 AM', 1),
(502, '로그인 됨(실험용)', 0x3139322e3136382e382e313100000000, '2023-12-26 21:33:19', '27-12-2023 03:06:38 AM', 1),
(503, '로그인 됨(실험용)', 0x3139322e3136382e382e313100000000, '2023-12-26 21:36:49', '27-12-2023 03:07:18 AM', 1),
(504, '로그인 됨(실험용)', 0x3139322e3136382e382e313100000000, '2023-12-26 21:37:22', '27-12-2023 03:07:47 AM', 1),
(505, '로그인 됨(실험용)', 0x3139322e3136382e382e313100000000, '2023-12-26 21:37:52', '27-12-2023 03:09:26 AM', 1),
(506, '로그인 됨(실험용)', 0x3139322e3136382e382e313100000000, '2023-12-26 21:39:31', '27-12-2023 03:10:08 AM', 1),
(507, '로그인 됨(실험용)', 0x3139322e3136382e382e313100000000, '2023-12-26 21:40:13', '27-12-2023 03:11:42 AM', 1),
(508, '로그인 됨(실험용)', 0x3139322e3136382e382e313100000000, '2023-12-26 21:41:46', '27-12-2023 03:12:12 AM', 1),
(509, '로그인 됨(실험용)', 0x3139322e3136382e382e313100000000, '2023-12-26 21:42:19', '27-12-2023 03:12:32 AM', 1),
(510, '로그인 됨(실험용)', 0x3139322e3136382e382e313100000000, '2023-12-26 21:43:04', '27-12-2023 03:14:33 AM', 1),
(511, '로그인 됨(실험용)', 0x3139322e3136382e382e313100000000, '2023-12-26 21:45:15', '27-12-2023 03:15:34 AM', 1),
(512, '로그인 됨(실험용)', 0x3139322e3136382e382e313100000000, '2023-12-26 21:45:49', '27-12-2023 03:16:41 AM', 1),
(513, '로그인 됨(실험용)', 0x3139322e3136382e382e313100000000, '2023-12-26 21:46:46', '27-12-2023 03:16:48 AM', 1),
(514, '로그인 됨(실험용)', 0x3139322e3136382e382e313100000000, '2023-12-26 21:46:55', '27-12-2023 03:16:59 AM', 1),
(515, '로그인 됨(실험용)', 0x3139322e3136382e382e313100000000, '2023-12-26 21:47:03', '27-12-2023 03:17:08 AM', 1);
INSERT INTO `userlog` (`id`, `userEmail`, `userip`, `loginTime`, `logout`, `status`) VALUES
(516, '로그인 됨(실험용)', 0x3139322e3136382e382e313100000000, '2023-12-26 21:47:23', NULL, 1),
(517, '로그인 됨(실험용)', 0x3139322e3136382e382e313100000000, '2023-12-26 21:47:44', NULL, 1),
(518, '로그인 됨(실험용)', 0x3139322e3136382e382e313100000000, '2023-12-26 21:49:15', '27-12-2023 03:19:27 AM', 1),
(519, '로그인 됨(실험용)', 0x3139322e3136382e382e313100000000, '2023-12-26 21:49:33', '27-12-2023 03:19:56 AM', 1),
(520, '로그인 됨(실험용)', 0x3139322e3136382e382e313100000000, '2023-12-26 21:50:09', '27-12-2023 03:20:13 AM', 1),
(521, '로그인 됨(실험용)', 0x3139322e3136382e382e313100000000, '2023-12-26 21:50:18', '27-12-2023 03:28:45 AM', 1),
(522, '로그인 됨(실험용)', 0x3139322e3136382e382e313100000000, '2023-12-26 21:58:50', '27-12-2023 03:28:56 AM', 1),
(523, '로그인 됨(실험용)', 0x3139322e3136382e382e313100000000, '2023-12-26 21:59:00', '27-12-2023 03:29:05 AM', 1),
(524, '로그인 됨(실험용)', 0x3139322e3136382e382e313100000000, '2023-12-26 21:59:10', '27-12-2023 03:29:17 AM', 1),
(525, '로그인 됨(실험용)', 0x3139322e3136382e382e313100000000, '2023-12-26 21:59:24', NULL, 1),
(526, '로그인 됨(실험용)', 0x3139322e3136382e382e313100000000, '2023-12-26 21:59:36', '27-12-2023 03:29:44 AM', 1),
(527, '로그인 됨(실험용)', 0x3139322e3136382e382e313100000000, '2023-12-26 21:59:53', '27-12-2023 03:29:58 AM', 1),
(528, '로그인 됨(실험용)', 0x3139322e3136382e382e313100000000, '2023-12-26 22:01:10', '27-12-2023 03:31:14 AM', 1),
(529, '로그인 됨(실험용)', 0x3139322e3136382e382e313100000000, '2023-12-26 22:01:20', '27-12-2023 03:31:37 AM', 1),
(530, '로그인 됨(실험용)', 0x3139322e3136382e382e313100000000, '2023-12-26 22:03:47', '27-12-2023 03:33:58 AM', 1),
(531, '로그인 됨(실험용)', 0x3139322e3136382e382e313100000000, '2023-12-26 22:04:09', '27-12-2023 03:38:06 AM', 1),
(532, '로그인 됨(실험용)', 0x3139322e3136382e382e313100000000, '2023-12-26 22:08:10', '27-12-2023 03:38:12 AM', 1),
(533, '로그인 됨(실험용)', 0x3139322e3136382e382e313100000000, '2023-12-26 22:08:26', '27-12-2023 03:39:20 AM', 1),
(534, '로그인 됨(실험용)', 0x3139322e3136382e382e313100000000, '2023-12-26 22:09:38', '27-12-2023 03:42:25 AM', 1),
(535, '로그인 됨(실험용)', 0x3139322e3136382e382e313100000000, '2023-12-26 22:12:35', '27-12-2023 03:42:38 AM', 1),
(536, '로그인 됨(실험용)', 0x3139322e3136382e382e313100000000, '2023-12-26 22:12:54', '27-12-2023 03:42:56 AM', 1),
(537, '로그인 됨(실험용)', 0x3139322e3136382e382e313100000000, '2023-12-26 22:15:17', '27-12-2023 03:45:27 AM', 1),
(538, '로그인 됨(실험용)', 0x3139322e3136382e382e313100000000, '2023-12-26 22:16:17', '27-12-2023 03:46:20 AM', 1),
(539, '로그인 됨(실험용)', 0x3139322e3136382e382e313100000000, '2023-12-26 22:20:00', NULL, 1),
(540, '로그인 됨(실험용)', 0x3139322e3136382e382e313100000000, '2023-12-26 22:20:05', NULL, 1),
(541, '로그인 됨(실험용)', 0x3139322e3136382e382e313100000000, '2023-12-26 22:20:12', NULL, 1),
(542, '로그인 됨(실험용)', 0x3139322e3136382e382e313100000000, '2023-12-26 22:20:21', NULL, 1),
(543, '로그인 됨(실험용)', 0x3139322e3136382e382e313100000000, '2023-12-26 22:20:44', '27-12-2023 03:50:48 AM', 1),
(544, '로그인 됨(실험용)', 0x3139322e3136382e382e313100000000, '2023-12-26 22:21:05', '27-12-2023 03:51:08 AM', 1),
(545, '로그인 됨(실험용)', 0x3139322e3136382e382e313100000000, '2023-12-26 22:23:11', '27-12-2023 03:53:13 AM', 1),
(546, '로그인 됨(실험용)', 0x3139322e3136382e382e313100000000, '2023-12-26 22:23:18', '27-12-2023 03:58:36 AM', 1),
(547, '로그인 됨(실험용)', 0x3139322e3136382e382e313100000000, '2023-12-26 22:28:40', '27-12-2023 03:58:43 AM', 1),
(548, '로그인 됨(실험용)', 0x3139322e3136382e382e313100000000, '2023-12-26 22:29:44', '27-12-2023 04:03:29 AM', 1),
(549, '로그인 됨(실험용)', 0x3139322e3136382e382e313100000000, '2023-12-26 22:33:35', '27-12-2023 04:03:49 AM', 1),
(550, '로그인 됨(실험용)', 0x3139322e3136382e382e313100000000, '2023-12-26 22:33:59', '27-12-2023 04:04:01 AM', 1),
(551, '로그인 됨(실험용)', 0x3139322e3136382e382e313100000000, '2023-12-26 22:34:06', '27-12-2023 04:04:11 AM', 1),
(552, '로그인 됨(실험용)', 0x3139322e3136382e382e313100000000, '2023-12-26 22:34:17', '27-12-2023 04:05:33 AM', 1),
(553, '로그인 됨(실험용)', 0x3139322e3136382e382e313100000000, '2023-12-26 22:43:48', '27-12-2023 04:14:08 AM', 1),
(554, '로그인 됨(실험용)', 0x3139322e3136382e382e313100000000, '2023-12-26 22:44:51', NULL, 1),
(555, '로그인 됨(실험용)', 0x3139322e3136382e382e313100000000, '2023-12-26 23:11:31', NULL, 1),
(556, 'kskang2@gmail.com', 0x3130382e38322e3134302e3231350000, '2025-04-16 20:51:54', NULL, 1),
(557, 'admin', 0x3130382e38322e3134302e3231350000, '2025-04-16 20:52:03', NULL, 0);

-- --------------------------------------------------------

--
-- 테이블 구조 `users`
--

CREATE TABLE `users` (
  `id` int(11) NOT NULL,
  `name` varchar(255) DEFAULT NULL,
  `email` varchar(255) DEFAULT NULL,
  `contactno` bigint(11) DEFAULT NULL,
  `password` varchar(255) DEFAULT NULL,
  `shippingAddress` longtext DEFAULT NULL,
  `shippingState` varchar(255) DEFAULT NULL,
  `shippingCity` varchar(255) DEFAULT NULL,
  `shippingPincode` int(11) DEFAULT NULL,
  `billingAddress` longtext DEFAULT NULL,
  `billingState` varchar(255) DEFAULT NULL,
  `billingCity` varchar(255) DEFAULT NULL,
  `billingPincode` int(11) DEFAULT NULL,
  `regDate` timestamp NOT NULL DEFAULT current_timestamp(),
  `updationDate` varchar(255) DEFAULT NULL
) ENGINE=InnoDB DEFAULT CHARSET=utf8mb3 COLLATE=utf8mb3_unicode_ci;

--
-- 테이블의 덤프 데이터 `users`
--

INSERT INTO `users` (`id`, `name`, `email`, `contactno`, `password`, `shippingAddress`, `shippingState`, `shippingCity`, `shippingPincode`, `billingAddress`, `billingState`, `billingCity`, `billingPincode`, `regDate`, `updationDate`) VALUES
(1, 'kskang2', 'kskang2@gmail.com', 52545944, '81056832770036450004d0b92c0329b1', '분당구 Shipping', '경기도', '판교', 1234, '분당구 Billing', '경기도', '판교', 1234, '2021-09-22 08:40:41', '11-10-2021 10:25:06 AM'),
(2, 'kyungsuk.kang', 'kyungsuk.kang@gmail.com', 52545944, '81056832770036450004d0b92c0329b1', '분당구 Shipping', '경기도', '판교', 1234, '분당구 Billing', '경기도', '판교', 1234, '2021-09-22 08:41:21', NULL),
(32, '12345678', '1234', 1234, '81dc9bdb52d04dc20036dbd8313ed055', NULL, NULL, NULL, NULL, NULL, NULL, NULL, NULL, '2021-11-06 13:35:44', NULL),
(43, 'kskang', 'a', 1, '0cc175b9c0f1b6a831c399e269772661', NULL, NULL, NULL, NULL, NULL, NULL, NULL, NULL, '2021-11-09 06:45:58', NULL),
(45, 'mskim', 'kim', 1, 'fb1eaf2bd9f2a7013602be235c305e7a', NULL, NULL, NULL, NULL, NULL, NULL, NULL, NULL, '2021-11-09 22:19:06', NULL),
(46, 'kskang', 'b', 1, '92eb5ffee6ae2fec3ad71c777531578f', NULL, NULL, NULL, NULL, NULL, NULL, NULL, NULL, '2021-11-09 23:00:17', NULL),
(47, 'kskang', 'c', 1, '4a8a08f09d37b73795649038408b5f33', NULL, NULL, NULL, NULL, NULL, NULL, NULL, NULL, '2021-11-09 23:00:44', NULL),
(48, 'ihim', 'im', 1, '73bebce395b6f1efedcf6842fbdb4d76', NULL, NULL, NULL, NULL, NULL, NULL, NULL, NULL, '2021-11-09 23:39:32', NULL),
(49, 'Testman', 'test', 1, '098f6bcd4621d373cade4e832627b4f6', NULL, NULL, NULL, NULL, NULL, NULL, NULL, NULL, '2021-11-10 09:40:14', NULL),
(55, 'kskang', '로그인 됨(실험용)', 1111, '0cc175b9c0f1b6a831c399e269772661', '산운로 ', '경기도', '성남시', 13458, '산운로', '경기도 ', '성남시', 13458, '2021-11-28 04:05:44', NULL);

-- --------------------------------------------------------

--
-- 테이블 구조 `wishlist`
--

CREATE TABLE `wishlist` (
  `id` int(11) NOT NULL,
  `userId` int(11) DEFAULT NULL,
  `productId` int(11) DEFAULT NULL,
  `postingDate` timestamp NOT NULL DEFAULT current_timestamp()
) ENGINE=InnoDB DEFAULT CHARSET=utf8mb3 COLLATE=utf8mb3_unicode_ci;

--
-- 테이블의 덤프 데이터 `wishlist`
--

INSERT INTO `wishlist` (`id`, `userId`, `productId`, `postingDate`) VALUES
(1, 1, 0, '2017-02-27 18:53:17'),
(79, 3, 0, '2021-11-02 22:24:11'),
(80, 3, 0, '2021-11-02 22:24:22'),
(105, 8, 6, '2021-11-04 08:45:17'),
(108, 9, 3, '2021-11-05 11:01:15'),
(117, 33, 6, '2021-11-07 23:03:42'),
(119, 31, 11, '2021-11-08 10:18:09'),
(120, 31, 6, '2021-11-08 23:47:22'),
(123, 31, 21, '2021-11-08 23:57:08'),
(125, 43, 11, '2021-11-09 07:51:03'),
(126, 4, 21, '2021-11-09 11:08:17'),
(127, 43, 1, '2021-11-09 21:14:06'),
(129, 45, 24, '2021-11-09 22:20:04'),
(131, 49, 4, '2021-11-10 09:40:37'),
(135, 55, 25, '2023-10-23 20:14:05'),
(136, 55, 3, '2023-10-23 20:14:17');

--
-- 덤프된 테이블의 인덱스
--

--
-- 테이블의 인덱스 `admin`
--
ALTER TABLE `admin`
  ADD PRIMARY KEY (`id`);

--
-- 테이블의 인덱스 `category`
--
ALTER TABLE `category`
  ADD PRIMARY KEY (`id`);

--
-- 테이블의 인덱스 `orders`
--
ALTER TABLE `orders`
  ADD PRIMARY KEY (`id`);

--
-- 테이블의 인덱스 `ordertrackhistory`
--
ALTER TABLE `ordertrackhistory`
  ADD PRIMARY KEY (`id`);

--
-- 테이블의 인덱스 `productreviews`
--
ALTER TABLE `productreviews`
  ADD PRIMARY KEY (`id`);

--
-- 테이블의 인덱스 `products`
--
ALTER TABLE `products`
  ADD PRIMARY KEY (`id`);

--
-- 테이블의 인덱스 `subcategory`
--
ALTER TABLE `subcategory`
  ADD PRIMARY KEY (`id`);

--
-- 테이블의 인덱스 `userlog`
--
ALTER TABLE `userlog`
  ADD PRIMARY KEY (`id`);

--
-- 테이블의 인덱스 `users`
--
ALTER TABLE `users`
  ADD PRIMARY KEY (`id`);

--
-- 테이블의 인덱스 `wishlist`
--
ALTER TABLE `wishlist`
  ADD PRIMARY KEY (`id`);

--
-- 덤프된 테이블의 AUTO_INCREMENT
--

--
-- 테이블의 AUTO_INCREMENT `admin`
--
ALTER TABLE `admin`
  MODIFY `id` int(11) NOT NULL AUTO_INCREMENT, AUTO_INCREMENT=2;

--
-- 테이블의 AUTO_INCREMENT `category`
--
ALTER TABLE `category`
  MODIFY `id` int(11) NOT NULL AUTO_INCREMENT, AUTO_INCREMENT=23;

--
-- 테이블의 AUTO_INCREMENT `orders`
--
ALTER TABLE `orders`
  MODIFY `id` int(11) NOT NULL AUTO_INCREMENT, AUTO_INCREMENT=396;

--
-- 테이블의 AUTO_INCREMENT `ordertrackhistory`
--
ALTER TABLE `ordertrackhistory`
  MODIFY `id` int(11) NOT NULL AUTO_INCREMENT, AUTO_INCREMENT=7;

--
-- 테이블의 AUTO_INCREMENT `productreviews`
--
ALTER TABLE `productreviews`
  MODIFY `id` int(11) NOT NULL AUTO_INCREMENT, AUTO_INCREMENT=45;

--
-- 테이블의 AUTO_INCREMENT `products`
--
ALTER TABLE `products`
  MODIFY `id` int(11) NOT NULL AUTO_INCREMENT, AUTO_INCREMENT=40;

--
-- 테이블의 AUTO_INCREMENT `subcategory`
--
ALTER TABLE `subcategory`
  MODIFY `id` int(11) NOT NULL AUTO_INCREMENT, AUTO_INCREMENT=240;

--
-- 테이블의 AUTO_INCREMENT `userlog`
--
ALTER TABLE `userlog`
  MODIFY `id` int(11) NOT NULL AUTO_INCREMENT, AUTO_INCREMENT=558;

--
-- 테이블의 AUTO_INCREMENT `users`
--
ALTER TABLE `users`
  MODIFY `id` int(11) NOT NULL AUTO_INCREMENT, AUTO_INCREMENT=56;

--
-- 테이블의 AUTO_INCREMENT `wishlist`
--
ALTER TABLE `wishlist`
  MODIFY `id` int(11) NOT NULL AUTO_INCREMENT, AUTO_INCREMENT=137;
--
-- 데이터베이스: `temp`
--
CREATE DATABASE IF NOT EXISTS `temp` DEFAULT CHARACTER SET utf8mb4 COLLATE utf8mb4_general_ci;
USE `temp`;

-- --------------------------------------------------------

--
-- 테이블 구조 `category_list`
--

CREATE TABLE `category_list` (
  `id` int(30) NOT NULL,
  `category` text NOT NULL
) ENGINE=InnoDB DEFAULT CHARSET=utf8mb4 COLLATE=utf8mb4_general_ci;

--
-- 테이블의 덤프 데이터 `category_list`
--

INSERT INTO `category_list` (`id`, `category`) VALUES
(6, 'president'),
(7, 'Deputy president'),
(8, 'sample category');

-- --------------------------------------------------------

--
-- 테이블 구조 `ip_location`
--

CREATE TABLE `ip_location` (
  `id` int(11) NOT NULL,
  `app_id` varchar(32) DEFAULT NULL,
  `ip` varchar(50) NOT NULL,
  `isp` varchar(50) NOT NULL,
  `country` varchar(50) NOT NULL,
  `do` varchar(50) NOT NULL,
  `city` varchar(50) NOT NULL,
  `date` varchar(64) DEFAULT NULL,
  `time` varchar(32) DEFAULT NULL,
  `app_name` varchar(64) DEFAULT NULL
) ENGINE=InnoDB DEFAULT CHARSET=utf8mb4 COLLATE=utf8mb4_general_ci;

--
-- 테이블의 덤프 데이터 `ip_location`
--

INSERT INTO `ip_location` (`id`, `app_id`, `ip`, `isp`, `country`, `do`, `city`, `date`, `time`, `app_name`) VALUES
(1, NULL, '37.19.199.141', 'Datacamp Limited', 'United States', 'New York', 'longisland', NULL, NULL, NULL),
(2, '250331', '210.178.9.87', 'Korea Telecom', 'South Korea', 'Gyeonggi-do', 'Seongnam-si', 'Mar31 11:50:06', '1743389406', '/temp/ip-location'),
(3, 'ip_location', '175.214.47.146', 'Korea Telecom', 'South Korea', 'Gyeonggi-do', 'Gwangju', 'May01 07:13:39', '1746051219', '/temp/ip-location'),
(4, '타지 실험', '211.241.95.181', 'DACOM-PUBNETPLUS', 'South Korea', 'Gyeonggi-do', 'Gwangju', 'May01 11:23:20', '1746066200', '/temp/ip-location'),
(5, '타지 실험', '121.157.180.215', 'Korea Telecom', 'South Korea', 'Gyeonggi-do', 'Seongnam-si', 'May01 11:24:48', '1746066288', '/temp/ip-location'),
(6, '타지 실험', '157.97.134.119', 'PacketHub S.A.', 'United States', 'Washington', 'Seattle', 'May01 12:32:48', '1746070368', '/temp/ip-location'),
(7, '타지 실험', '210.178.9.94', 'Korea Telecom', 'South Korea', 'Gyeonggi-do', 'Seongnam-si', 'May01 12:39:37', '1746070777', '/temp/ip-location'),
(8, '타지 실험', '2001:e60:9353:3661::1328:d40e', 'Korea Telecom', 'South Korea', 'Seoul', 'Yongsan-gu', 'May01 13:54:08', '1746075248', '/temp/ip-location'),
(9, '타지 실험', '211.241.95.181', 'DACOM-PUBNETPLUS', 'South Korea', 'Gyeonggi-do', 'Gwangju', 'May01 14:26:53', '1746077213', '/temp/ip-location'),
(10, 'ip_location1', '2001:2d8:e65e:4b8:913:5e5e:fa4d:e2fa', 'SK Telecom', 'South Korea', 'Seoul', 'Seoul', 'May02 17:25:43', '1746174343', '/temp/ip-location'),
(11, 'ip_location1', '175.214.47.146', 'Korea Telecom', 'South Korea', 'Gyeonggi-do', 'Gwangju', 'May02 18:37:47', '1746178667', '/temp/ip-location'),
(12, 'ip_location1', '2001:2d8:e65e:4b8:913:5e5e:fa4d:e2fa', 'SK Telecom', 'South Korea', 'Seoul', 'Seoul', 'May02 20:15:09', '1746184509', '/temp/ip-location'),
(52, 'ip_location1', '175.214.47.146', 'Korea Telecom', 'South Korea', 'Gyeonggi-do', 'Gwangju', 'May05 15:41:52', '1746427312', '/temp/ip-location'),
(53, 'ip_location1', '175.214.47.146', 'Korea Telecom', 'South Korea', 'Gyeonggi-do', 'Gwangju', 'May09 13:33:48', '1746765228', '/temp/ip-location'),
(54, 'ip_location1', '175.214.47.146', 'Korea Telecom', 'South Korea', 'Gyeonggi-do', 'Gwangju', 'May09 13:35:54', '1746765354', '/temp/ip-location'),
(55, 'ip_location1', '175.214.47.146', 'Korea Telecom', 'South Korea', 'Gyeonggi-do', 'Gwangju', 'May09 13:36:02', '1746765362', '/temp/ip-location'),
(56, 'ip_location1', '175.214.47.146', 'Korea Telecom', 'South Korea', 'Gyeonggi-do', 'Gwangju', 'May09 13:39:23', '1746765563', '/temp/ip-location'),
(57, 'ip_location1', '175.214.47.146', 'Korea Telecom', 'South Korea', 'Gyeonggi-do', 'Gwangju', 'May09 13:52:52', '1746766372', '/temp/ip-location'),
(58, 'ip_location1', '211.115.155.250', 'Korea Telecom', 'South Korea', 'Gyeonggi-do', 'Seongnam-si', 'May25 10:39:49', '1748137189', '/temp/TRASH/ip-location'),
(59, 'ip_location1', '175.214.47.146', 'Korea Telecom', 'South Korea', 'Gyeonggi-do', 'Gwangju', 'Jul20 09:58:17', '1752973097', '/temp/ip-location'),
(60, 'ip_location1', '2401:4900:8840:22a5:290c:b3b4:1f9a:b428', 'Bharti Airtel Ltd., Telemedia Services', 'India', 'National Capital Territory of Delhi', 'New Delhi', 'Jul23 22:43:11', '1753278191', '/temp/ip-location'),
(61, 'ip_location1', '2401:4900:8840:22a5:290c:b3b4:1f9a:b428', 'Bharti Airtel Ltd., Telemedia Services', 'India', 'National Capital Territory of Delhi', 'New Delhi', 'Jul23 22:46:00', '1753278360', '/temp/TRASH/ip-location'),
(62, 'ip_location1', '2401:4900:8840:22a5:290c:b3b4:1f9a:b428', 'Bharti Airtel Ltd., Telemedia Services', 'India', 'National Capital Territory of Delhi', 'New Delhi', 'Jul23 22:46:48', '1753278408', '/temp/TRASH/ip-location'),
(63, 'ip_location1', '2401:4900:8840:22a5:290c:b3b4:1f9a:b428', 'Bharti Airtel Ltd., Telemedia Services', 'India', 'National Capital Territory of Delhi', 'New Delhi', 'Jul23 22:46:58', '1753278418', '/temp/TRASH/ip-location'),
(64, 'ip_location1', '175.214.47.146', 'Korea Telecom', 'South Korea', 'Gyeonggi-do', 'Gwangju', 'Aug03 06:44:28', '1754171068', '/temp/ip-location'),
(65, 'ip_location1', '175.214.47.146', 'Korea Telecom', 'South Korea', 'Gyeonggi-do', 'Gwangju', 'Aug06 19:50:34', '1754477434', '/temp/ip-location');

-- --------------------------------------------------------

--
-- 테이블 구조 `tbl_admin`
--

CREATE TABLE `tbl_admin` (
  `aid` int(11) NOT NULL,
  `admin_username` varchar(30) NOT NULL,
  `admin_password` varchar(30) NOT NULL,
  `time_stamp` timestamp NOT NULL DEFAULT current_timestamp() ON UPDATE current_timestamp()
) ENGINE=InnoDB DEFAULT CHARSET=latin1 COLLATE=latin1_swedish_ci;

--
-- 테이블의 덤프 데이터 `tbl_admin`
--

INSERT INTO `tbl_admin` (`aid`, `admin_username`, `admin_password`, `time_stamp`) VALUES
(1, 'admin', 'codeastro', '2021-04-03 14:33:10');

-- --------------------------------------------------------

--
-- 테이블 구조 `tbl_users`
--

CREATE TABLE `tbl_users` (
  `id` int(5) NOT NULL,
  `full_name` varchar(32) NOT NULL,
  `email` varchar(32) NOT NULL,
  `voter_id` int(10) NOT NULL,
  `voted_for` varchar(32) NOT NULL
) ENGINE=InnoDB DEFAULT CHARSET=latin1 COLLATE=latin1_swedish_ci;

--
-- 테이블의 덤프 데이터 `tbl_users`
--

INSERT INTO `tbl_users` (`id`, `full_name`, `email`, `voter_id`, `voted_for`) VALUES
(1, 'Bill Hill', 'virginhill@gmail.com', 696978, 'JM'),
(3, 'David J Jackson', 'jckgn@gmail.com', 753960, 'JM'),
(4, 'David Murphy', 'murphyuniverse@mail.com', 789674, 'JM'),
(5, 'Max Gerber', 'kgerber@gmail.com', 612002, 'JM'),
(6, 'Patricia Bidwell', 'bidwellp@gmail.com', 3687430, 'JM'),
(7, 'Sebastian Chaney', 'sebsta@gmail.com', 3674629, 'JRZ'),
(8, 'Pennie Hain', 'pennisch@gmail.com', 9989378, 'DM'),
(9, 'Margaret K Vinson', 'margaretfk@gmail.com', 2294940, 'MAD'),
(10, 'Jerry J Hudkins', 'puticns@gmail.com', 6066483, 'MAD'),
(11, 'Michael C Wilson', 'wilsonc@yahoo.com', 9749403, 'JRZ'),
(12, 'Robert French', 'robertof@gmail.com', 9566678, 'MAD'),
(13, 'Bernard T Hamilton', 'hamiltonb@gmail.com', 696969, 'JM'),
(14, 'Lawrence C Godsey', 'godsey1169@gmail.com', 124588, 'DM'),
(15, 'Ivan Blackwell', 'rndiwelvan@gmail.com', 696478, 'DM'),
(16, 'Christine Pennie', 'pennict@gmail.com', 452200, 'DM'),
(17, 'Bruno Denn', 'denbru@gmail.com', 178540, 'MAD'),
(18, 'Will Williams', 'williamswi@gmail.com', 369741, 'DM'),
(19, 'James Barnes', 'barnesismine@gmail.com', 852145, 'DM'),
(20, 'Tommy Hiddle', 'hiddlet@gmail.com', 852000, 'DM'),
(21, 'John Stelpw', 'stejo@gmail.com', 782200, 'DM'),
(22, 'James Rhoades', 'rhoadesj02@gmail.com', 197352, 'JRZ'),
(23, 'Mia Adams', 'adams.mia6@gmail.com', 699660, 'JRZ'),
(24, 'Amy Nelcon', 'nelconam@gmail.com', 719645, 'MAD'),
(25, 'Henry Doe', 'henry7755@gmail.com', 123121, 'JW'),
(26, 'Thomas Yorkke', 'yorkehead@gmail.com', 130058, 'JW'),
(27, 'Colin Greenwwod', 'greenco002@gmail.com', 703969, 'JW'),
(29, 'Harry Denn', 'harryden66@gmail.com', 852069, 'DM'),
(30, 'Johnny Moore', 'moorejh@gmail.com', 852476, 'JM'),
(31, 'Marky Doee', 'marky667@gmail.com', 710009, 'DM'),
(32, 'Danny', 'danny2@gmail.com', 555520, 'MAD'),
(38, 'kskang', 'kskang2@gmail.com', 333, 'JM'),
(39, 'mekang', 'mekang1@gmail.com', 777, 'JM');

-- --------------------------------------------------------

--
-- 테이블 구조 `test0817a`
--

CREATE TABLE `test0817a` (
  `poll_id` int(6) UNSIGNED ZEROFILL NOT NULL,
  `poll_candidate` varchar(32) CHARACTER SET utf8mb4 COLLATE utf8mb4_general_ci NOT NULL DEFAULT '회원가입',
  `poll_gender` varchar(15) DEFAULT NULL,
  `poll_age` varchar(15) DEFAULT NULL,
  `poll_location` varchar(80) DEFAULT NULL,
  `poll_ext1` varchar(15) DEFAULT NULL,
  `poll_ext2` varchar(15) DEFAULT NULL,
  `poll_ext3` varchar(15) DEFAULT NULL,
  `poll_tvname` varchar(15) NOT NULL,
  `poll_time` int(11) NOT NULL,
  `poll_ip` varchar(50) NOT NULL
) ENGINE=InnoDB DEFAULT CHARSET=utf8mb3 COLLATE=utf8mb3_unicode_ci;

--
-- 테이블의 덤프 데이터 `test0817a`
--

INSERT INTO `test0817a` (`poll_id`, `poll_candidate`, `poll_gender`, `poll_age`, `poll_location`, `poll_ext1`, `poll_ext2`, `poll_ext3`, `poll_tvname`, `poll_time`, `poll_ip`) VALUES
(000001, '회원가입', '초급', '金', '前10', '01099721505', '부고22', '김용권 ', 'japan_kim', 1753529647, '211.218.0.30'),
(000002, '회원가입', '왕초', '金', '前10', '01032230958', '부고22', '모리사찌', 'japan_kim', 1753707073, '211.218.0.30');

-- --------------------------------------------------------

--
-- 테이블 구조 `users`
--

CREATE TABLE `users` (
  `id` int(30) NOT NULL,
  `name` varchar(200) NOT NULL,
  `username` varchar(100) NOT NULL,
  `password` varchar(200) NOT NULL,
  `type` tinyint(1) NOT NULL DEFAULT 2 COMMENT '1+admin , 2 = users'
) ENGINE=InnoDB DEFAULT CHARSET=utf8mb4 COLLATE=utf8mb4_general_ci;

--
-- 테이블의 덤프 데이터 `users`
--

INSERT INTO `users` (`id`, `name`, `username`, `password`, `type`) VALUES
(1, 'Administrator', 'admin', 'password', 1),
(6, '', 'mary', '123', 1),
(7, '', 'guest', 'guest', 2);

-- --------------------------------------------------------

--
-- 테이블 구조 `votes`
--

CREATE TABLE `votes` (
  `id` int(30) NOT NULL,
  `voting_id` int(30) NOT NULL,
  `category_id` int(30) NOT NULL,
  `voting_opt_id` int(30) NOT NULL,
  `user_id` int(30) NOT NULL
) ENGINE=InnoDB DEFAULT CHARSET=utf8mb4 COLLATE=utf8mb4_general_ci;

--
-- 테이블의 덤프 데이터 `votes`
--

INSERT INTO `votes` (`id`, `voting_id`, `category_id`, `voting_opt_id`, `user_id`) VALUES
(1, 1, 1, 1, 3),
(2, 1, 3, 5, 3),
(3, 1, 4, 6, 3),
(4, 1, 4, 7, 3),
(5, 1, 4, 8, 3),
(6, 1, 4, 9, 3),
(7, 1, 1, 3, 4),
(8, 1, 3, 12, 4),
(9, 1, 4, 6, 4),
(10, 1, 4, 8, 4),
(11, 1, 4, 10, 4),
(12, 1, 4, 11, 4),
(13, 1, 1, 3, 5),
(14, 1, 3, 5, 5),
(15, 1, 4, 6, 5),
(16, 1, 4, 7, 5),
(17, 1, 4, 8, 5),
(18, 1, 4, 9, 5),
(19, 5, 7, 21, 7);

-- --------------------------------------------------------

--
-- 테이블 구조 `voting_cat_settings`
--

CREATE TABLE `voting_cat_settings` (
  `id` int(30) NOT NULL,
  `voting_id` int(30) NOT NULL,
  `category_id` int(30) NOT NULL,
  `max_selection` int(10) NOT NULL
) ENGINE=InnoDB DEFAULT CHARSET=utf8mb4 COLLATE=utf8mb4_general_ci;

--
-- 테이블의 덤프 데이터 `voting_cat_settings`
--

INSERT INTO `voting_cat_settings` (`id`, `voting_id`, `category_id`, `max_selection`) VALUES
(1, 1, 1, 1),
(2, 1, 3, 1),
(3, 1, 4, 4);

-- --------------------------------------------------------

--
-- 테이블 구조 `voting_list`
--

CREATE TABLE `voting_list` (
  `id` int(30) NOT NULL,
  `title` varchar(250) NOT NULL,
  `description` text NOT NULL,
  `is_default` tinyint(1) NOT NULL DEFAULT 0
) ENGINE=InnoDB DEFAULT CHARSET=utf8mb4 COLLATE=utf8mb4_general_ci;

--
-- 테이블의 덤프 데이터 `voting_list`
--

INSERT INTO `voting_list` (`id`, `title`, `description`, `is_default`) VALUES
(5, 'Sample', 'this is a sample', 0),
(6, 'sample2', 'sample233', 1);

-- --------------------------------------------------------

--
-- 테이블 구조 `voting_opt`
--

CREATE TABLE `voting_opt` (
  `id` int(30) NOT NULL,
  `voting_id` int(30) NOT NULL,
  `category_id` int(30) NOT NULL,
  `image_path` text NOT NULL,
  `opt_txt` text NOT NULL
) ENGINE=InnoDB DEFAULT CHARSET=utf8mb4 COLLATE=utf8mb4_general_ci;

--
-- 테이블의 덤프 데이터 `voting_opt`
--

INSERT INTO `voting_opt` (`id`, `voting_id`, `category_id`, `image_path`, `opt_txt`) VALUES
(18, 5, 7, '1661957820_1.jpg', 'victor'),
(19, 5, 7, '1661957820_2.jpg', 'sam'),
(21, 5, 7, '1743053640_me.jpg', 'ME Kang'),
(22, 6, 6, '1743370260_mekang16a - 복사11본.jpg', 'mekang'),
(23, 6, 6, '1743370320_DSC02737.jpg', '강모은');

--
-- 덤프된 테이블의 인덱스
--

--
-- 테이블의 인덱스 `category_list`
--
ALTER TABLE `category_list`
  ADD PRIMARY KEY (`id`);

--
-- 테이블의 인덱스 `ip_location`
--
ALTER TABLE `ip_location`
  ADD PRIMARY KEY (`id`);

--
-- 테이블의 인덱스 `tbl_admin`
--
ALTER TABLE `tbl_admin`
  ADD PRIMARY KEY (`aid`);

--
-- 테이블의 인덱스 `tbl_users`
--
ALTER TABLE `tbl_users`
  ADD PRIMARY KEY (`id`);

--
-- 테이블의 인덱스 `test0817a`
--
ALTER TABLE `test0817a`
  ADD PRIMARY KEY (`poll_id`);

--
-- 테이블의 인덱스 `users`
--
ALTER TABLE `users`
  ADD PRIMARY KEY (`id`);

--
-- 테이블의 인덱스 `votes`
--
ALTER TABLE `votes`
  ADD PRIMARY KEY (`id`);

--
-- 테이블의 인덱스 `voting_cat_settings`
--
ALTER TABLE `voting_cat_settings`
  ADD PRIMARY KEY (`id`);

--
-- 테이블의 인덱스 `voting_list`
--
ALTER TABLE `voting_list`
  ADD PRIMARY KEY (`id`);

--
-- 테이블의 인덱스 `voting_opt`
--
ALTER TABLE `voting_opt`
  ADD PRIMARY KEY (`id`);

--
-- 덤프된 테이블의 AUTO_INCREMENT
--

--
-- 테이블의 AUTO_INCREMENT `category_list`
--
ALTER TABLE `category_list`
  MODIFY `id` int(30) NOT NULL AUTO_INCREMENT, AUTO_INCREMENT=9;

--
-- 테이블의 AUTO_INCREMENT `ip_location`
--
ALTER TABLE `ip_location`
  MODIFY `id` int(11) NOT NULL AUTO_INCREMENT, AUTO_INCREMENT=66;

--
-- 테이블의 AUTO_INCREMENT `tbl_admin`
--
ALTER TABLE `tbl_admin`
  MODIFY `aid` int(11) NOT NULL AUTO_INCREMENT, AUTO_INCREMENT=2;

--
-- 테이블의 AUTO_INCREMENT `tbl_users`
--
ALTER TABLE `tbl_users`
  MODIFY `id` int(5) NOT NULL AUTO_INCREMENT, AUTO_INCREMENT=40;

--
-- 테이블의 AUTO_INCREMENT `test0817a`
--
ALTER TABLE `test0817a`
  MODIFY `poll_id` int(6) UNSIGNED ZEROFILL NOT NULL AUTO_INCREMENT, AUTO_INCREMENT=3;

--
-- 테이블의 AUTO_INCREMENT `users`
--
ALTER TABLE `users`
  MODIFY `id` int(30) NOT NULL AUTO_INCREMENT, AUTO_INCREMENT=8;

--
-- 테이블의 AUTO_INCREMENT `votes`
--
ALTER TABLE `votes`
  MODIFY `id` int(30) NOT NULL AUTO_INCREMENT, AUTO_INCREMENT=20;

--
-- 테이블의 AUTO_INCREMENT `voting_cat_settings`
--
ALTER TABLE `voting_cat_settings`
  MODIFY `id` int(30) NOT NULL AUTO_INCREMENT, AUTO_INCREMENT=5;

--
-- 테이블의 AUTO_INCREMENT `voting_list`
--
ALTER TABLE `voting_list`
  MODIFY `id` int(30) NOT NULL AUTO_INCREMENT, AUTO_INCREMENT=7;

--
-- 테이블의 AUTO_INCREMENT `voting_opt`
--
ALTER TABLE `voting_opt`
  MODIFY `id` int(30) NOT NULL AUTO_INCREMENT, AUTO_INCREMENT=24;
--
-- 데이터베이스: `testing`
--
CREATE DATABASE IF NOT EXISTS `testing` DEFAULT CHARACTER SET utf8mb3 COLLATE utf8mb3_unicode_ci;
USE `testing`;

-- --------------------------------------------------------

--
-- 테이블 구조 `check0422`
--

CREATE TABLE `check0422` (
  `poll_id` int(11) NOT NULL,
  `poll_candidate` varchar(256) NOT NULL,
  `poll_tvname` varchar(30) DEFAULT NULL,
  `poll_time` int(11) DEFAULT NULL,
  `poll_ip` varchar(50) DEFAULT NULL
) ENGINE=InnoDB DEFAULT CHARSET=utf8mb3 COLLATE=utf8mb3_unicode_ci;

--
-- 테이블의 덤프 데이터 `check0422`
--

INSERT INTO `check0422` (`poll_id`, `poll_candidate`, `poll_tvname`, `poll_time`, `poll_ip`) VALUES
(81, '홍준표,', '동창22', 1645240981, '192.168.8.60'),
(82, '김문수,박정희', '동창22', 1645317844, '192.168.8.60'),
(103, '김문수,', '동창22', 1665230977, '192.168.8.11'),
(104, '안철수,', '김문수tv', 1665392139, '192.168.8.11'),
(105, '윤석열,', '김문수tv', 1665392145, '192.168.8.11'),
(108, '김문수,김진태,', '동창22', 1665634784, '118.235.7.2'),
(109, '김문수,', '동창22', 1665707369, '110.70.52.34'),
(110, '김문수,', '동창22', 1693728819, '192.168.8.11'),
(111, '신명', '동창22', 1693926165, '192.168.8.11'),
(112, '김진태,최재형,', '동창22', 1729040174, '192.168.8.11'),
(113, '김문수,김진태,원희룡', '동창22', 1729040238, '192.168.8.11'),
(114, '김문수,홍준표,원희룡', '김문수tv', 1729040300, '192.168.8.11');

-- --------------------------------------------------------

--
-- 테이블 구조 `check0422x`
--

CREATE TABLE `check0422x` (
  `poll_id` int(11) NOT NULL,
  `poll_candidate` varchar(255) DEFAULT NULL,
  `poll_tv` varchar(30) DEFAULT NULL,
  `poll_time` varchar(31) DEFAULT NULL,
  `poll_ip` varchar(50) DEFAULT NULL,
  `poll_name` varchar(11) DEFAULT NULL,
  `poll_remark` varchar(255) DEFAULT NULL,
  `status` varchar(11) DEFAULT NULL
) ENGINE=InnoDB DEFAULT CHARSET=utf8mb3 COLLATE=utf8mb3_unicode_ci;

--
-- 테이블의 덤프 데이터 `check0422x`
--

INSERT INTO `check0422x` (`poll_id`, `poll_candidate`, `poll_tv`, `poll_time`, `poll_ip`, `poll_name`, `poll_remark`, `status`) VALUES
(218, '안철수,윤석열,추천포도주 있음', 'testTV', '2022-09-12 10:07:11', '', '강경석', '이 포도주는 떨지도 않고 맛 있다', NULL),
(309, 'lnnisfress2017,', 'winetv1', '2022-11-26 07:58:31', NULL, NULL, '*보랏빛을 띠고 다양하고 과일의 인상을 찾을 수 있으며 절제된 오크향이 나며 입안을 채우는 잘 짜인 구조와 깔끔한 발란스가 느껴지는 와인이다. 1923년 노벨 문학상에 빛나는 아일랜드의 시인·극작가 예이츠(Yeats, William Butler)의 이상향에 대한 동경을', NULL),
(313, 'ZardozIndomita,', 'winetv1', '2022-11-26 07:59:59', NULL, NULL, '*1시간 정도 브리딩을 하면 금새 부드워지고 풍미가 좋아지는 와인입니다. 피니쉬에 살짝 산도가 느껴져서 물리지 않고 만족하면서 마실수 있는 고품격 와인입니다.', NULL),
(315, 'lnnisfress2017,', 'winetv1', '2022-11-26 08:01:04', NULL, NULL, '유*덕 : 바디감은 아주 묵직하지도, 가볍지도 않고 적당한듯하고, 향은 꼬냑느낌(?)이 살짝 나는거 같았습니다. 숙성된 포도맛이 잘느껴져 좋았습니다.', NULL),
(316, 'RoncodiSassiRosso,', 'winetv1', '2022-11-26 08:02:17', NULL, NULL, '양*규 : 체리향이 약간 올라오면서 살짝 단맛이 같이 올라오는데 과하지 않아서 딱 좋은것같습니다! 한잔 더달라고 부탁드릴뻔했네요', NULL),
(399, '타월 교환', 'ramada-yongin', '1671941733', NULL, '0999', '실험중. 例:욕조 물 안 내려감', '3'),
(407, '交換', 'secondstagehotel', '1672348437', NULL, '302', '', '0'),
(408, '掃除', 'secondstagehotel', '1672348511', NULL, '303', '', '0'),
(409, '掃除', 'secondstagehotel', '1672348849', NULL, '101', '', '0'),
(411, 'ZardozIndomita,', 'winetv1', NULL, NULL, NULL, '변 사장..', NULL),
(412, 'lnnisfress2017,', 'winetv1', NULL, NULL, NULL, '유명한 와인 이군요', NULL),
(492, '12月11日_水,12月12日_木/,12月13日_金,참석_不可,', '240117', '2024-01-21-am-8-46', NULL, '홍길동', '다 괜찮은 날 입니다.', NULL),
(493, '12月11日_水,12月13日_金,', '240117', '2024-01-21-pm-12-51', NULL, '박남준', '...뇌는 쉴 새 없이 일을 해서 계속 업그레이드 될 것 같아요ㅎ\r\n파이팅!!\r\n', NULL),
(500, '12月81日_水,', '240117', '2024-01-24-pm-6-01', NULL, '', '', NULL),
(502, '김문수,', '0931tv', NULL, '192.168.8.11', NULL, NULL, NULL),
(504, '김문수,', '240404tv', NULL, '192.168.8.11', NULL, NULL, NULL),
(658, 'lnnisfress2017,', '240831a', '24082801', '192.168.8.11', NULL, 'lnnisfress2017,\n*보랏빛을 띠고 다양하고 과일의 인상을 찾을 수 있으며 절제된 오크향이 나며 입안을 채우는 잘 짜인 구조와 깔끔한 발란스가 느껴지는 와인이다. 1923년 노벨 문학상에 빛나는 아일랜드의 시인·극작가 예이츠(Yeats, William Butl', NULL),
(659, 'Zardoz-Indomita,', '240831a', '24082802', '192.168.8.11', NULL, 'ZardozIndomita,\n*1시간 정도 브리딩을 하면 금새 부드워지고 풍미가 좋아지는 와인입니다. 피니쉬에 살짝 산도가 느껴져서 물리지 않고 만족하면서 마실수 있는 고품격 와인입니다.\n 1-26 07:59', NULL),
(660, 'lnnisfress2017,', '240831a', '24082803', '192.168.8.11', NULL, 'lnnisfress2017,\n유*덕 : 바디감은 아주 묵직하지도, 가볍지도 않고 적당한듯하고, 향은 꼬냑느낌(?)이 살짝 나는거 같았습니다. 숙성된 포도맛이 잘느껴져 좋았습니다.\n 1-26 08:01', NULL),
(661, 'Ronco di Sassi-Rosso,', '240831a', '24082804', '192.168.8.11', NULL, 'RoncodiSassiRosso,\n양*규 : 체리향이 약간 올라오면서 살짝 단맛이 같이 올라오는데 과하지 않아서 딱 좋은것같습니다! 한잔 더달라고 부탁드릴뻔했네요\n 1-26 08:02', NULL),
(701, 'Chateau de Beaucastel', '240831a', '24082806', '192.168.8.11', NULL, '', NULL),
(702, 'Hommage a Jacques Perrin', '240831a', '24082806', '192.168.8.11', NULL, '', NULL),
(704, '22', '240831a', '24091516', '192.168.8.11', NULL, '', NULL),
(705, 'lnnisfress2017,111', '240831a', '24091516', '192.168.8.11', NULL, '', NULL),
(711, 'Zardoz-Indomita,', '240831a', '24091517', '192.168.8.11', NULL, '', NULL),
(743, '의사파업,', '240405tv', NULL, '192.168.8.11', NULL, NULL, NULL),
(764, '김문수,', '240405tv', NULL, '192.168.8.11', NULL, NULL, NULL),
(765, '김문수,', '240405tv', NULL, '192.168.8.11', NULL, NULL, NULL),
(884, '동의', '250107', NULL, '192.168.8.11', NULL, NULL, NULL),
(886, '동의', '250107', NULL, '192.168.8.11', NULL, NULL, NULL),
(887, '동의', '250107', NULL, '192.168.8.11', NULL, NULL, NULL),
(888, '동의', '250107', NULL, '125.247.164.213', NULL, NULL, NULL),
(889, '동의', '250107', NULL, '117.111.13.42', NULL, NULL, NULL),
(890, '동의', '250107', NULL, '14.35.224.33', NULL, NULL, NULL),
(891, '동의', '250107', NULL, '221.140.175.47', NULL, NULL, NULL),
(892, '동의', '250107', NULL, '192.168.8.11', NULL, NULL, NULL),
(893, '동의', '250107', NULL, '211.209.51.212', NULL, NULL, NULL),
(894, '동의', '250107', NULL, '58.122.176.68', NULL, NULL, NULL),
(895, '동의', '250107', NULL, '223.57.155.97', NULL, NULL, NULL),
(896, '동의', '250107', NULL, '211.220.251.158', NULL, NULL, NULL),
(897, '동의', '250107', NULL, '218.50.240.31', NULL, NULL, NULL),
(898, '동의', '250107', NULL, '125.176.190.63', NULL, NULL, NULL),
(899, '동의', '250107', NULL, '47.157.34.81', NULL, NULL, NULL),
(900, '동의', '250107', NULL, '121.129.111.64', NULL, NULL, NULL),
(901, '동의', '250107', NULL, '222.238.135.254', NULL, NULL, NULL),
(902, '동의', '250107', NULL, '211.234.188.159', NULL, NULL, NULL),
(903, '반대', '250107', NULL, '58.124.60.39', NULL, NULL, NULL),
(904, '동의', '250107', NULL, '175.126.20.7', NULL, NULL, NULL),
(905, '동의', '250107', NULL, '121.137.201.145', NULL, NULL, NULL),
(906, '동의', '250107', NULL, '1.219.20.190', NULL, NULL, NULL),
(907, '동의', '250107', NULL, '106.102.11.117', NULL, NULL, NULL),
(908, '동의', '250107', NULL, '211.234.199.87', NULL, NULL, NULL),
(909, '동의', '250107', NULL, '1.239.160.47', NULL, NULL, NULL),
(910, '동의', '250107', NULL, '112.153.255.17', NULL, NULL, NULL),
(911, '동의', '250107', NULL, '14.33.24.108', NULL, NULL, NULL),
(912, '동의', '250107', NULL, '211.234.207.118', NULL, NULL, NULL),
(913, '동의', '250107', NULL, '192.168.8.11', NULL, NULL, NULL),
(914, '동의', '250107', NULL, '1.231.43.190', NULL, NULL, NULL),
(915, '동의', '250107', NULL, '118.235.74.102', NULL, NULL, NULL),
(916, '동의', '250107', NULL, '220.92.34.134', NULL, NULL, NULL),
(917, '동의', '250107', NULL, '118.235.83.146', NULL, NULL, NULL),
(918, '동의', '250107', NULL, '192.168.8.11', NULL, NULL, NULL),
(919, '동의', '250107', NULL, '211.234.196.144', NULL, NULL, NULL),
(920, '동의', '250107', NULL, '121.161.166.211', NULL, NULL, NULL),
(921, '동의', '250107', NULL, '211.221.191.160', NULL, NULL, NULL),
(922, '동의', '250107', NULL, '211.241.95.181', NULL, NULL, NULL),
(923, '동의', '250107', NULL, '175.126.20.7', NULL, NULL, NULL),
(924, '반대', '250107', NULL, '118.38.228.83', NULL, NULL, NULL),
(925, '동의', '250107', NULL, '101.235.85.148', NULL, NULL, NULL),
(926, '동의', '250107', NULL, '61.252.114.221', NULL, NULL, NULL),
(927, '동의', '250107', NULL, '110.8.198.196', NULL, NULL, NULL),
(928, '반대', '250107', NULL, '106.101.196.50', NULL, NULL, NULL),
(929, '동의', '250107', NULL, '61.99.65.113', NULL, NULL, NULL),
(930, '동의', '250107', NULL, '1.241.14.65', NULL, NULL, NULL),
(931, '반대', '250107', NULL, '118.235.13.70', NULL, NULL, NULL),
(932, '동의', '250107', NULL, '121.138.108.57', NULL, NULL, NULL),
(933, '동의', '250107', NULL, '220.73.53.10', NULL, NULL, NULL),
(934, '동의', '250107', NULL, '58.143.173.44', NULL, NULL, NULL),
(935, '동의', '250107', NULL, '172.56.240.251', NULL, NULL, NULL),
(936, '동의', '250107', NULL, '180.65.7.42', NULL, NULL, NULL),
(937, '반대', '250107', NULL, '222.232.160.253', NULL, NULL, NULL),
(938, '동의', '250107', NULL, '223.39.208.46', NULL, NULL, NULL),
(939, '동의', '250107', NULL, '24.85.156.77', NULL, NULL, NULL),
(940, '동의', '250107', NULL, '211.234.198.109', NULL, NULL, NULL),
(941, '동의', '250107', NULL, '218.50.240.31', NULL, NULL, NULL),
(978, '탄핵 부당', '250131', '1739488770', '192.168.8.11', NULL, NULL, NULL),
(979, '탄핵 정당', '250131', '1739488774', '192.168.8.11', NULL, NULL, NULL),
(988, '불공정', '250214', '1739658632', '192.168.8.11', NULL, NULL, NULL),
(989, '불공정', '250214', '1739658659', '192.168.8.11', NULL, NULL, NULL),
(990, '불공정', '250214', '1739658662', '192.168.8.11', NULL, NULL, NULL),
(991, '불공정', '250214', '1739658666', '192.168.8.11', NULL, NULL, NULL),
(992, '반대', '250107', NULL, '112.153.255.17', NULL, NULL, NULL),
(993, '반대', '250107', NULL, '112.153.255.17', NULL, NULL, NULL),
(994, '찬성', '241018', NULL, '192.168.8.11', NULL, NULL, NULL),
(995, '반대', '241018', NULL, '192.168.8.11', NULL, NULL, NULL),
(996, '김문수,', '240405tv', NULL, '192.168.8.11', NULL, NULL, NULL),
(997, '김문수,', '240405tv', NULL, '192.168.8.11', NULL, NULL, NULL),
(998, '12月13日_金,', '240117', '2025-08-02-pm-9-13', NULL, '강경석', 'pi5samba 속성 쓰기 없애고 실험 입니다.', NULL);

-- --------------------------------------------------------

--
-- 테이블 구조 `listidks0426`
--

CREATE TABLE `listidks0426` (
  `listidks` int(4) UNSIGNED ZEROFILL NOT NULL,
  `idname` varchar(31) NOT NULL,
  `id` varchar(63) NOT NULL,
  `idpassword` varchar(255) NOT NULL,
  `cfmdate` varchar(63) DEFAULT '.',
  `category` varchar(63) DEFAULT '.',
  `remark` varchar(255) DEFAULT '.'
) ENGINE=InnoDB DEFAULT CHARSET=utf8mb3 COLLATE=utf8mb3_unicode_ci;

--
-- 테이블의 덤프 데이터 `listidks0426`
--

INSERT INTO `listidks0426` (`listidks`, `idname`, `id`, `idpassword`, `cfmdate`, `category`, `remark`) VALUES
(0024, '문자왕국', 'kskang', 'kang5945', '', 'Mail', ''),
(0026, 'Evernote', 'kskang2@gmail.com', '*', '', '기계', ''),
(0027, 'Adobe', 'kskang2@gmail.com', 'Jang5945', '', '기계', ''),
(0028, '박자세', 'kskang2', 'kskang2', '', '기계', ''),
(0030, 'Dropbox', 'kskang2@gmail.com', 'kang5945', '', '기계', ''),
(0032, 'Orbit', 'kskang2@gmail.com', 'kskang52?', '', '오락', ''),
(0033, 'Nikonimagespace', 'kskang2@gmail.com', 'kang5945', '', '기계.기술', ''),
(0034, 'Sont엔터테인먼트넷트', 'kskang2@gmail.com', 'kang5945', '', '기계.기술', ''),
(0035, 'KBS', 'kskang52', 'kang5945', '', '사회', ''),
(0036, 'EBS', 'kskang2', 'kang5945', '', '사회.교육', ''),
(0037, 'Pogoplug', 'kskang2@gmail.com', 'kang5945', '', '기계.기술', ''),
(0039, '질러송', 'kskang2', '2001', '', '오락.여행', ''),
(0041, '혜초여행사', 'kskang', 'kang5945', '', '오락.여행', ''),
(0042, '반조모', 'banjomo2@gmail.com', 'banjomo3', '', 'Mail.통신', ''),
(0044, '하나투어', 'kskang2@gmail.com', 'kang5945', '', '오락 여행', ''),
(0045, 'SK소리샘', '없음', '5944', '', 'Mail 통신', ''),
(0047, 'Flash air', '-', '11111111', '', '기계 기술', '혹은 12345678'),
(0048, 'Pixabay', 'kskang2@gmail.com', 'kang5945', '', '기계 기술', ''),
(0049, 'Flickr', 'kskang2@gmail.com', 'gang5945', '', '기계 기술', '영구아이디 kskang'),
(0050, 'Yahoo', 'kskang2@yahoo.com', 'gang5945', '', 'Mail 통신', ''),
(0051, '메가박스', 'kang5945', 'park594500', '', '오락 여행', ''),
(0052, 'JLPT', 'kskang', 'kang5945', '', '사회 교육', ''),
(0053, '판교청소년수련관', 'kskang2', 'kang5945##', '', '사회 교육', ''),
(0054, '동백,참좋은여행사', 'kskang2', 'kang5945', '', '오락 여행', ''),
(0055, 'Yokoso', 'kskang2@gmail.com', 'kang5945', '', '오락 여행', ''),
(0070, 'GS편의점택배', 'kskang2', 'kang5945', '', '쇼핑', ''),
(0071, 'Lifevitamin.kr', 'kskang2', 'kskang5945', '', '쇼핑', ''),
(0073, 'Amazon US', 'kskang2@gmail.com', 'kang5945', '', '쇼핑', ''),
(0075, 'Facebook,play-together', '821052545944', 'kang5945', '', 'Mail 통신', ''),
(0076, 'Tweeter', 'kskang2@gmail.com', 'kang5945', '', 'Mail 통신', ''),
(0079, 'Line.naver', 'kyungsukkang', 'kang5946', '', 'Mail 통신', ''),
(0080, '조선멤버스 chosun', 'kskang22 or kskang1952', 'kskang5945', '', '사회 교육', ''),
(0081, 'Hotel.com', 'kskang2@gmail.com', 'kang5945', '', '오락 여행', ''),
(0082, '남부CC ', 'kskang', 'kang22!!', '', '오락 여행', ''),
(0083, 'kobay(경매)', 'kskang2', 'kang5945', '', '쇼핑', '고문서'),
(0084, '책바다', 'kskang2', 'kskang5945', '', '사회 교육', ''),
(0085, '국회입법', 'kskang2', 'kang52**?', '', '사회 교육', ''),
(0086, 'Amazon Japan', 'kskang2@gmail.com', 'kang5945', '', '쇼핑', ''),
(0087, '굿모닝여행', 'kskang2', 'kang5945', '', '오락 여행', ''),
(0088, '롯데관광', 'kskang2@gmail.com', 'kang5945', '', '오락 여행', ''),
(0090, '국민신문고', 'kskang2', 'kskang5945', '', '사회 교육', ''),
(0091, 'Easter 항공', 'kskang2', 'kang5945', '', '오락 여행', ''),
(0092, '오른소리', 'kskang2', 'kang5945', '', '사회 교육', ''),
(0095, 'Netflix', 'kskang2@gmail.com', 'kang5945', '', '오락 여행', ''),
(0096, 'Auction', 'kskang52', 'park5945', '', '쇼핑', ''),
(0098, 'Alibaba', 'kyungsukkang@naver.com', 'kang5945', '', '쇼핑', ''),
(0099, '매일경제', 'kskang2', 'kang5945', '', '사회 교육', ''),
(0100, '현대오일뱅크', 'kskang2', 'kang5945', '', '쇼핑', ''),
(0101, 'SRT2082034094', 'kang52!!', '5945', '', '오락 여행', ''),
(0102, 'Surveymonkey', 'kskang2@gmail.com', '& banjomo2@gmail.com', '', '기계 기술', ''),
(0103, '메일투표용', 'digitalvote@gmail.com', 'vote5945', '', 'Mail 통신', ''),
(0104, 'Anaconda', 'kskang2@gmail.com', 'kang5945', '', '기계 기술', ''),
(0107, '훽스 모바일', '0504-339-5944', '-', '', 'Mail 통신', ''),
(0109, 'Postimage(url img)', 'kskang2@gmail.com', 'kang5945', '', '기계 기술', ''),
(0111, 'Codeanywhere', 'kskang2@gmail.com', 'kang5945', '', '기계 기술', ''),
(0112, 'W3school', 'kskang2@gmail.com', 'Kskang52#', '', '사회 교육', ''),
(0114, 'FreeDNS(user kskang2)', 'kskang2@gmail.com', 'kang5945', '', '기계 기술', ''),
(0124, 'SonyVaio', '1111   or', 'kskang52관리', '', '기계 기술', ''),
(0127, '한진관광kaltour', 'kskang2', 'kskang5945', '', '1129-1521-4785', ''),
(0130, 'FileZilla ', '사용자 pi', 'Pw raspberry', '', '기계 기술', ''),
(0131, '세무세금종합', '간편장부대상.701201', 'D유형.기준경비율', '', '', ''),
(0132, 'ipad, cloud', 'kskang2@gmail.com', 'Kskang52', '', '기계 기술', 'name은?'),
(0133, 'Rocket.chat', 'kskang2@gmail.com', 'kang5945', '', 'Mail 통신', '이름 kskang2 사용자이름kskang2@gmail.com email:kskang2@gmail.com  PW kang5945  사이트명 kang'),
(0136, 'info-beamer signage', 'gmail', 'kang5945', '', '기계 기술', 'sinage raspberry'),
(0137, 'Malltail', 'kskang2', 'kang5945', '', '쇼핑', 'kskang2@gmail.com 010-5254-5944  P170002886015/2017년2월'),
(0138, 'sourcetree atlassian', 'kskang2@gmail.com', 'kang5945', '', '기계 기술', '혹은 kang5945$$   \r\n대신 VS code 와 git lens + git history사용?'),
(0139, 'Flask강의', 'kskang2@gmail.com', 'kang5945', '', '기계 기술', 'https://courses.prettyprinted.com/courses/606560'),
(0142, 'Zoom', 'kskang2@gmail.com', 'Kang5945', '', '기계 기술', '첫 대문자'),
(0143, '국힘당', 'kskang2', 'kang5945', '', '기타 Memo', ''),
(0145, 'flashairtoshoba', 'flashair', '12345678', '', '기계 기술', '혹은\r\n11111111'),
(0146, 'codexworld', 'kskang2@gmail.com', 'kang5945', '', '기계 기술', 'software education'),
(0148, 'yahoo', 'kakang2@yahoo.com', 'gang5945', '', 'Mail 통신', 'https://youtu.be/gortnFd7hgU\r\n\r\nyahoo:\r\napp name : sendmail\r\napp password\r\nllpswaqobfmmqmay'),
(0151, '조선일보  chosun', 'kskang2@gmail.com', 'kang5945', '', '사회 교육', '조선 멤버스 잘 안 됨 2021.12.07'),
(0153, 'melon 맬론 매론', 'kskang2@gmail.com', 'kskang52', '', '오락 여행', '카카오와 같음. kskang2 kang5945$$ 바꿈 2021.12.8 확인'),
(0157, '한컴타자연습', 'kskang2@gmail.com', 'kang52**', '', '', ''),
(0159, '금융교육투자원', 'kskang2', 'kang5945##', '', '', '제 21349-2022-11877호  22.3.16 발급'),
(0160, '교보외국일본책', 'kskang2', 'kskang5945', '', '', '고객센타/ FAQ / 일본도서 검색 주문 <a href=\"image/kobo.png\">사진</a>'),
(0162, '도로공사hipass하이패스', 'kskang2', 'kang5945##', '', '금융 세금', ''),
(0163, '공항버스buspia', '01052545944', 'Kskang5945', '', '', ''),
(0164, '알라딘 aladin', 'kskang2@gmail.com', 'kang5945##', '', '', ''),
(0165, '금감원 금융감독원', '접수번호', 'kskang5945', '', '', '비밀번호 kskang5945'),
(0166, 'surveysparrow', 'kskang2@gmail.com', 'kang5945', '', '기계 기술', '820152545944\r\nkskang2.surveysparrow.com'),
(0169, 'FreeDNS jumpingcrab.com(user ks', '사용중지kskang2@gmail.com', 'kang5945', '', '기계 기술', 'poll.crabdance.com으로 kyungsuk.kang@gmail.com에서 바꿈\r\n'),
(0170, 'FreeDNS crabdance.com(kyungkang', 'kyungsuk.kang@gmail.com\r\n\r\n ', 'kang5945', '', '기계 기술', 'crabdance.com\r\nuser name kyungkang\r\nName: kyung kang\r\nIP: 175.214.47.146'),
(0171, 'FreeDNS 대기중 iconcert.com', '삭제예정kyungsukkang@naver.com', 'kang5945', '', '기계 기술', 'kyungsukkang@naver.com 에서 등록'),
(0172, 'aligo kakao sms문자', 'kskang2', 'kang5945', '', 'Mail 통신', 'kskang2@gmail.com'),
(0173, 'windows network PC', 'kskang', 'mmmm', '', '', 'pc 사용시 network 증명시'),
(0175, 'bustago버스타고', 'kskang2', 'kang5945!', '', '', ''),
(0180, 'network pc', 'kskang', 'mmmm', '', '기계 기술', ''),
(0182, 'ChatGPT', 'kskang2@gmail.com', 'kang5945', '', '기계 기술', '2023.1.30'),
(0183, 'freedns chickenkiller.com', 'kyungsuk.kang@gmail.com', 'kang5945', '', '기계 기술', '+kyungsukkang@naver.com'),
(0185, 'Finair 핀에어', 'kskang2@gmail.com', 'kang5945', '', '오락 여행', '회원번호 \r\n720306950'),
(0187, '질병관리청', 'kskang2', 'kskang5945!', '', '', ''),
(0188, 'Yes24', 'kskang22', 'kang5945', '', '사회 교육', ''),
(0192, 'buyee', 'kskang2@gmail.com', 'kang5945', '', '쇼핑', '일본 구매'),
(0193, 'LG전자', '01052545944', 'kskang5945', '', '기계 기술', 'idsms 전화번호');

-- --------------------------------------------------------

--
-- 테이블 구조 `listidks0426remark`
--

CREATE TABLE `listidks0426remark` (
  `listidks` int(4) UNSIGNED ZEROFILL NOT NULL,
  `idname` varchar(31) NOT NULL,
  `id` varchar(63) NOT NULL,
  `idpassword` varchar(255) NOT NULL,
  `cfmdate` varchar(63) NOT NULL,
  `category` varchar(63) DEFAULT '.',
  `remark` varchar(255) DEFAULT '.'
) ENGINE=InnoDB DEFAULT CHARSET=utf8mb3 COLLATE=utf8mb3_unicode_ci;

--
-- 테이블의 덤프 데이터 `listidks0426remark`
--

INSERT INTO `listidks0426remark` (`listidks`, `idname`, `id`, `idpassword`, `cfmdate`, `category`, `remark`) VALUES
(0179, 'patreon/quickcode', 'patreon', 'kang5945', '2023.01.09', 'Mail 통신', ''),
(0180, 'network pc', 'kskang', 'mmmm', '2023.01.16', '기계 기술', ''),
(0182, 'ChatGPT', 'kskang2@gmail.com', 'kang5945', '2023.01.30', '기계 기술', '2023.1.30'),
(0183, 'freedns', 'kyungsuk.kang@gmail.com', 'kang5945', '2023.01.30', '기계 기술', 'chickenkiller.com'),
(0185, 'Finair 핀에어', 'kskang2@gmail.com', 'kang5945', '2023.03.18', '오락 여행', '회원번호 \r\n720306950'),
(0187, '질병관리청', 'kskang2', 'kskang5945!', '2023.06.17', '', ''),
(0188, 'Yes24', 'kskang22', 'kang5945', '2023.08.21', '사회 교육', ''),
(0192, 'buyee', 'kskang2@gmail.com', 'kang5945', '2024.01.22', '쇼핑', '일본 구매'),
(0238, '111', 'MTEx', 'MTEx', '2024.01.25', '', ''),
(0239, '222', 'MjIy', 'MjIy', '2024.01.25', '', ''),
(0240, '333', 'MzMz', 'MzMz', '2024.01.25', '', ''),
(0241, '444', 'NDQ0', 'NDQ0', '2024.01.25', '오락 여행', '');

-- --------------------------------------------------------

--
-- 테이블 구조 `memo`
--

CREATE TABLE `memo` (
  `id` int(11) NOT NULL,
  `title` varchar(128) DEFAULT NULL,
  `description` text DEFAULT NULL,
  `tvname` varchar(31) CHARACTER SET utf8mb3 COLLATE utf8mb3_unicode_ci DEFAULT NULL,
  `file_name` varchar(128) DEFAULT NULL,
  `created_at` varchar(63) DEFAULT NULL
) ENGINE=InnoDB DEFAULT CHARSET=utf8mb4 COLLATE=utf8mb4_general_ci;

--
-- 테이블의 덤프 데이터 `memo`
--

INSERT INTO `memo` (`id`, `title`, `description`, `tvname`, `file_name`, `created_at`) VALUES
(1, '실험', '건강하고 밝게!', 'poll1tv', 'mekang.jpg', '1623823870'),
(73, '실험2', '<a href=\"https://emojipedia.org/down-arrow/\">https://emojipedia.org/down-arrow ⬇️⬇️⬇️</a><br />\r\n', 'poll1tv', 'logoa.jpg', '1695163595'),
(101, '제목을 쓰고', 'Action item을 저장하는 곳', 'poll1tv', 'logo1xxx.jpg', '1663556988'),
(108, '미국 상황', '미국에선 인터넷 여론조사 사업이 <br />\r\n굉장히 큰 사업이네요!<br />\r\n특히 정부 일을 하는 회사는 무지하게 크네요...<br />\r\n<br />\r\n<a href=\"https://projects.fivethirtyeight.com/pollster-ratings/\"> 미국 자료</a><br />\r\n<br />\r\n위 link는 미국에 조사회사입니다.<br />\r\n다 인터넷조사를 하고 있어요.', 'poll1tv', '', '1665147441'),
(110, '목표', '<a href=\"http://poll.crabdance.com/oss/internal1/files/park1.png\">2022.9 park1  </a><br>\r\n\r\n<a href=\"http://poll.crabdance.com/oss/internal1/files/park1.hwp\"><small>2022.9 park1 hwp</small></a>\r\n\r\n', 'poll1tv', '', '1665435048'),
(111, '조사 분류', '1. Radio,  Checkbox   R  C<br />\r\n2. multiple times vote<br>     one time vote& forwarding<br>    선거인단vote<br>     1  2  3<br />\r\n3. Subject,  Text    S  T<br />\r\n4. Single page, Multiple Page  SP MP<br />\r\n5. Single result, Multiple Result  SR  MR', 'poll1tv', '', '1665356020'),
(112, '전송 대상', '1.주변에 무작위로 보냄 --- 상품평<br />\r\n2.선거인단에 R2로 보냄 --- 확산 기대(가장 바람직 함,실제 전달투표수가 작음)<br />\r\n3.선거인단에 R3로 보냄 --- 선관위 기준<br />\r\n<br />\r\n선거인단 --- 제공 받는 경우, 통신사에서 받는 경우,  자체Panel', 'poll1tv', '', '1665397936'),
(113, '이름  케치프레이스', '여론클릭<br />\r\npollvote click<br>\r\n아이여론, i-여론<br />\r\ni-survey<br>\r\nsimple vote<br />\r\n<br>\r\n나의 클릭이 여론이 됩니다<br>', 'poll1tv', '', '1665435065'),
(114, '식당, 미리 주문 App 고려사항', '<a href=\"http://news.heraldcorp.com/view.php?ud=20221007000709\">식당,  미리 주문 하는 App</a><br />\r\n<br><br><br />\r\nclient<br><br />\r\n메뉴리스트 clickable, 주문하려는list, 주문버튼(후 지불버튼),주문시간(자동),준비완료예상시간(자동표시),  매장or포장,연락처,테이블번호(배달테이블포함),<br><br />\r\n<br />\r\nserver<br><br />\r\n주문번호,주문 리스트, 접수버튼, 접수불가버튼, 주문시간,준비완료예상시간,지불완료(자동),연락처,테이블번호,준비완료버튼,자동 재고표시,배달완료버튼<br>', 'poll1tv', '', '1695165672'),
(132, '개선사항 food order', '주방  대기 표시 完22.11.20', 'review2tv', '', '1669361736'),
(136, '순회법회 초안', '어찌하면 접근이 용이한 곳에서 법회를 할 수 있나?<br />\r\n사찰의 신규 설립지 물색은 어찌 하나를 생각해 보다가 다음 같이 생각 해 봤는 데 어쩔지.......<br />\r\n..... 다음 .....<br />\r\n각 지역의 불교 인원의 체크 및 전도를 위하여,,<br />\r\n1. 한달에 한번씩 지역을 선정하여,<br />\r\n2. 초대스님과 법회 혹은 공부를 한다고, &#34;플랭카트&#34;를 한 달 전부터, 4차선에서 차타고 가다도 볼 수 있는데에 설치 한 後<br />\r\n<br />\r\n3.처음으로는 운중동에 &#39;4차선 큰길에서 보이는 장소에서 법회를 한다.<br />\r\n4.장소는 되도록 공영주차장이나 공원 , 관공서 근처등,  큰 길까에서 가까운, 주말에 주차가 가능한 지역으로 선정하여,  <br />\r\n식당 ,회의실 , 체육시설 ,강당등 주말이라 임차 가능 한 곳으로 함<br />\r\n5.관련비용<br />\r\n(가)플랭카트 제작 및 허가 --얼마안 됨..<br />\r\n(나)장소는 공용 주차장에 가까운, 일요일에는 안 쓰는 장소(식당 체육관 청소년 회관, 도서관 강의실) 등에,  돈내고 사용,,<br />\r\n일년간 행사 비용은 마련 되었습니다. ', 'poll1tv', '', '1695165745'),
(154, '한글,영문,숫자 - _.,*#/:;@&$', '한글,영문,숫자 - _.,*#/:;@&$<br />\r\n', 'poll1tv', NULL, '1695085820'),
(160, '이병철 회장님과의 비교,,', '이재용 회장한테서도,<br />\r\n이병철 이건희 회장님 수준의 경영능력을 기대하는 것은, 불가능한 욕심입니다..<br />\r\n이병철회장님 같은 능력이 이건희회장님까지 계속된 것만도 기적 입니다! 이재용회장을 선대 회장님과 비교 後 비판하는건,<br />\r\n타인의 격하로 얻어지는 自慢 뿐이 안 됩니다.....<br />\r\n선대 회장님들은 우리 역사에도 길이 남을 특별한 분이신데, 어찌 재용 회장님과 비교가 되겠습니까?<br />\r\n<br />\r\n이재용회장님 정도면 아주 훌륭한 보통 이상의 경영자 이십니다!<br />\r\n<br />\r\n말씀하시는 본인도 역사에 남을 특별한 분은 아니니, 지금 회장님을 끝까지 잘 모시고, 반도체가 잘 되게 하셔야합니다!', 'poll1tv', '', '1695165765'),
(190, '문자 통신을 이용한 여론 조사', '1.특징<br />\r\n음성 통화 대비 높은 응답율 <br />\r\n익숙한 문자통신 이용 <br />\r\n휴대폰 위주의 사용 방법 <br />\r\n적은 조사 소요시간 빠른 <br />\r\n결과 도출<br />\r\n2.기존 전화 조사 방법과 비교하여 장단점<br />\r\n응답율이 높다<br />\r\n간단한 조사에 적합하다<br />\r\n음성 조사시 발생하는 휴먼 factor가 없다<br />\r\n복잡한 내용의 조사는 기존의 인쇄물 방식이 우월하다<br />\r\n3.기존 인터넷 조사google youtube 와 비교시 장점<br />\r\nLog-in, Password 등 등록 절차가 없다<br />\r\n광고가 없다<br />\r\n화면 설계가 자유롭다<br />\r\n관련 참고자료를 첨부link로 넣을 수 있다(물건, 소개 等)<br />\r\n응답율등 통계자료 작성이 가능하다<br />\r\n4.기존 인쇄물 조사와 비교하여 장단점<br />\r\n간단한 조사에 적합하다<br />\r\n음성 조사시 발생하는 휴먼 factor가 없다<br />\r\n복잡한 내용의 조사는 기존의 인쇄물 방식이 우월하다<br />\r\n5.왜 지금 이 사업을 시작해야 하나?<br />\r\n음성 통화 조사방식에서 internet방법으로 변화가 예측 됨', 'poll1tv', '', '1695165775'),
(192, '도시 순회법회', '제목: 도시 순회법회에 대하여<br />\r\n<br />\r\n현황<br />\r\n1. 저희동네 판교에는 4차선 도로에서 보이는 교회는 20개 이상인데, 절은 없다.  꾸밈없이  말하자면 절은 망한 상태이다!<br />\r\n2.절이 산속에만 있으니, 그곳을 찾아가야 하는데, 그곳을 찾이갈 정도이면 이미 전도단계가 지난 신자이다.<br />\r\n3.눈에 띠는데 사찰이 있어야 된다!  생활하다가 가볼까 하는 마음이 생겼을 때 쉽게 갈 수 있는 절이 필요하다.<br />\r\n<br />\r\n어떻게하여야 사찰이 필요한 지역을 파악하고, 실험적인 법회를 시작 할 수 있나?<br />\r\n를 검토하다가 &#39;다음&#39;의 방법을 만들어 봤습니다.<br />\r\n<br />\r\n..... 다음 .....<br />\r\n<br />\r\n제목은 &#34;순회법회&#34;로 한다<br />\r\n<br />\r\n1.한달에 한번씩 지역(사찰시설이 없는 도시지역)을 선정하여,<br />\r\n2.초대스님과 법회 혹은 공부를 한다고, 플랭카트를 한달 전부터, &#34;4차선&#34;에서 車타고 가다도 볼 수 있는 곳에 설치 한 後,<br />\r\n3.처음으로는 운중동에 &#39;4차선 큰 길&#34;에서 보이는 장소에서 법회를 한다.<br />\r\n4.장소는 되도록 공영주차장이나 공원 관공서 근처등, 주말에 주차가 가능한 지역을 선정하여,<br />\r\n식당, 회의실, 체육시설, 강당등 주말에 임차 가능한 곳을 一日임대 함.<br />\r\n5.관련비용<br />\r\n가.플랭카트 제작 및 허가 -- 소액임<br />\r\n나.장소는 공용주차장에 가까운, 일요일에는 안 쓰는 장소를 비용을 지불하고 一日임대<br />\r\n다.1년간 비용은 마련 되었음<br />\r\n..... 끝 .....<br />\r\n<br />\r\n위 순회법회를 계속 하는 중.<br />\r\n도시 사찰 설립 및 운영을 목표로,<br />\r\n<br />\r\n0. 도심 순회 법회 운영본부 설립<br />\r\n1. 사찰 필요 장소 파악<br />\r\n2. 도심 사찰 설립 지원부 설립<br />\r\n3. 사찰운영 지원 부 설립<br />\r\n4. 도심사찰 설립 기금 적립 시작<br />\r\n<br />\r\n를 위한 조직을 구성 한다.<br />\r\n<br />\r\n이상의 방법이 말이 되는 방법인지요???', 'poll1tv', '', '1695166827'),
(193, 'URL 입력 테스트', '<a href=\"https://youtu.be/boRsJOnEH_k?si=94vTuoZlXesvw2sJ\">URL 입력 테스트</a>', 'poll1tv', '', '1695166502');

-- --------------------------------------------------------

--
-- 테이블 구조 `polls`
--

CREATE TABLE `polls` (
  `id` int(11) NOT NULL,
  `subject` varchar(255) NOT NULL,
  `created` datetime NOT NULL,
  `modified` datetime NOT NULL,
  `status` enum('1','0') NOT NULL DEFAULT '1'
) ENGINE=InnoDB DEFAULT CHARSET=utf8mb3 COLLATE=utf8mb3_unicode_ci;

--
-- 테이블의 덤프 데이터 `polls`
--

INSERT INTO `polls` (`id`, `subject`, `created`, `modified`, `status`) VALUES
(1, 'Which is Your Favorite Website for PHP Programming?', '2016-11-07 04:13:13', '2016-11-07 04:13:13', '1');

-- --------------------------------------------------------

--
-- 테이블 구조 `poll_options`
--

CREATE TABLE `poll_options` (
  `id` int(11) NOT NULL,
  `poll_id` int(11) NOT NULL,
  `name` varchar(255) NOT NULL,
  `created` datetime NOT NULL,
  `modified` datetime NOT NULL,
  `status` enum('1','0') NOT NULL DEFAULT '1'
) ENGINE=InnoDB DEFAULT CHARSET=utf8mb3 COLLATE=utf8mb3_unicode_ci;

--
-- 테이블의 덤프 데이터 `poll_options`
--

INSERT INTO `poll_options` (`id`, `poll_id`, `name`, `created`, `modified`, `status`) VALUES
(1, 1, 'CodexWorld', '2016-11-07 11:29:31', '2016-11-07 11:29:31', '1'),
(2, 1, 'SitePoint', '2016-11-07 11:29:31', '2016-11-07 11:29:31', '1'),
(3, 1, 'Envato Tuts+', '2016-11-07 11:29:31', '2016-11-07 11:29:31', '1'),
(4, 1, 'Others', '2016-11-08 08:20:25', '2016-11-08 08:20:25', '1');

-- --------------------------------------------------------

--
-- 테이블 구조 `sample_datas`
--

CREATE TABLE `sample_datas` (
  `id` int(11) NOT NULL,
  `first_name` varchar(32) CHARACTER SET utf8mb4 COLLATE utf8mb4_general_ci NOT NULL,
  `last_name` varchar(32) CHARACTER SET utf8mb4 COLLATE utf8mb4_general_ci NOT NULL,
  `created_at` varchar(32) CHARACTER SET utf8mb4 COLLATE utf8mb4_general_ci NOT NULL,
  `updated_at` varchar(32) CHARACTER SET utf8mb4 COLLATE utf8mb4_general_ci NOT NULL
) ENGINE=InnoDB DEFAULT CHARSET=utf8mb3 COLLATE=utf8mb3_unicode_ci;

--
-- 테이블의 덤프 데이터 `sample_datas`
--

INSERT INTO `sample_datas` (`id`, `first_name`, `last_name`, `created_at`, `updated_at`) VALUES
(1, 'ks', 'kang', '2025-02-02', '2025-02-02'),
(2, 'mj', 'park', '2025-02-02', '2025-02-02'),
(3, 'gs', 'gang', '2025-02-02', '2025-02-02'),
(4, 'Sj', 'bork', '2025-02-02', '2025-02-02');

-- --------------------------------------------------------

--
-- 테이블 구조 `task`
--

CREATE TABLE `task` (
  `id` int(11) NOT NULL,
  `title` varchar(512) NOT NULL,
  `description` text DEFAULT NULL,
  `file_name` varchar(255) DEFAULT NULL,
  `created_at` varchar(63) DEFAULT NULL
) ENGINE=InnoDB DEFAULT CHARSET=utf8mb4 COLLATE=utf8mb4_general_ci;

--
-- 테이블의 덤프 데이터 `task`
--

INSERT INTO `task` (`id`, `title`, `description`, `file_name`, `created_at`) VALUES
(1, '강모은 우리 모은이', '건강하고 밝게!', '250809-0154vl.jpg', '1754704453'),
(2, 'Flask sqlalchey강의 pretty printed', '<A href=\"https://courses.prettyprinted.com/courses/enrolled\">Flask sqlalchey강의 pretty printed</a><br />\r\nID:  kskang2@gmail.com<br />\r\npassword:  kang5945', '', '1725172205'),
(3, '   nodejs news  start 241', 'at main.js located directory<br />\r\ncd web3/web2<br><br />\r\nnode main.js<br />\r\npm2 start main.js --watch<br />\r\nhttp://192.168.8.241:3000 <br><br />\r\nhttp://192.168.8.241:3030  모은이 신문', '250809-0155Js.jpg', '1754704554'),
(4, 'Flask local에서', 'Bash관리자모드 에서<br />\r\ncd ~/document/flask_app<br />\r\nexport FLASK_APP=app.py <br />\r\nflask run <br />\r\nBrowser localhost:5000/ /admin /vote	', '', '1624756345'),
(5, 'lighttpd Python  Php', 'https://www.youtube.com/watch?v=pmmnbMeSQF8<br />\r\nHow to Install Lighttpd on Raspberry Pi OS <br />\r\n(with PHP and Python)', '250809-0224V6.png', '1754706247'),
(6, 'postimage  사진URL', ' <a href=\"https://postimg.cc/gallery/wRy4HM7\">postimage  사진URL</a><br />\r\n<a href=\" https://i.postimg.cc/FH4Sjqkp/testimg2.jpg\">샘플</a>', '', '1702073474'),
(7, 'linux write delete chown chmod postman', '쓰기 write <br />\r\n소유 sudo chown -R pi /var/www/html<br />\r\n지우기 delete<br />\r\n권한 sudo chmod 755 /etc/init.d<br />\r\ndirectory찾기 \"which node\"  or  \"readlink -f  main.js\"<br />\r\npostman kskang2 kskang2@gmail.com kang5945 teamname kskang2 URL kskang22.postman.co', '', '1702074382'),
(8, 'Python install & PIP install ', '<a href=\"https://trickiknow.com/how-to-install-python-on-raspberry-pi-4-easy-steps/ \">Python install & PIP install </a><br />\r\n<a href=\"https://www.raspberrypi.org/documentation/\">ras[berry pi document</a>', '', '1702073629'),
(9, 'Button에 autofocus 후 default Click만들기', 'document.addEventListener(\"DOMContentLoaded\", function(event) { document.getElementById(\"submit\").click();}); 한다 ', '', '1623824497'),
(10, 'Error 강제 지우기', 'Error display --- import cgitb<br />\r\ncgitb.enable()<br />\r\nerror killing-- error_reporting(0); (memo index line235)', '', '1623824964'),
(11, 'python3 as Default', '<a href=\"https://www.youtube.com/watch?v=_DI0jgnrDVc\">python3 as Default</a>', '', '1695372379'),
(12, 'Putty SSh ', 'Host:192.168.8.240 Username:pi Pasword:raspberry Port: 빈칸<br />\r\n<br />\r\nputty에서 start 위해 OS setting 후<br />\r\nssh directory를 boot root에 생성 후,,<br />\r\nroot directory는 sd card 의 root<br />\r\n<br />\r\nsudo systemctl enable ssh <br />\r\nsudo systemctl start ssh or pi preference configuration,', '2206040923jO.png', '1717488589'),
(13, '   filezilla pi4 raspberry   file not write not transfer 완', ' FileZilla FTP 화일전송, 파일공유 방법입니다. <br><br />\r\n1.FTP 서버 설치 <br />\r\nsudo apt-get install vsftpd<br />\r\n2.FTP 설정 변경<br />\r\nsudo nano /etc/vsftpd.conf 주석 제거 라인 : write_enable=YES : Local_umask=022 <br />\r\n3.FTP 서버 재 가동<br />\r\nsudo /etc/init.d/vsftpd restart <br />\r\n4. 라즈베리파이 IP 주소 확인 IFCONFIG,2021.05.19.<br />\r\n<br />\r\nfile write filezilla file not write not transfer<br />\r\n연결만 되고 화일 전송 안 될때 -->사진참조', '2206041117Cq.jpg', '1717487163'),
(14, 'Nodejs install checked', 'https://www.youtube.com/watch?v=wDbVz69ucmA<br />\r\n*After Installation on Raspberry pi OS<br />\r\n*Install NodeJS and npm<br />\r\ncurl -sL https://deb.nodesource.com/setup_12.x | sudo bash -<br />\r\nsudo apt-get install nodejs<br />\r\n*Install Yarn<br />\r\ncurl -sS https://dl.yarnpkg.com/debian/pubkey.gpg | sudo apt-key add -<br />\r\necho \"deb https://dl.yarnpkg.com/debian/ stable main\" | sudo tee /etc/apt/sources.list.d/yarn.list<br />\r\nsudo apt-get update && sudo apt-get install yarn<br />\r\n<br />\r\n*Check Version<br />\r\nnode -v<br />\r\nnpm -v<br />\r\nyarn --verion (version이 아님)*END*<br />\r\nsudo npm install sanitixe-html<br />\r\nsudo npm install pm2 -g<br />\r\n@code directory<br />\r\npm2 start main.js --watch꼭해야,', '2106041018bx.jpg', '1717463996'),
(15, 'nodejs start pm2', 'PW-ON, goto dir , node main.js<br />\r\npm2 start main.js --watch<br />\r\nhttp://localhost:3000 <br />\r\nNodejs에서<br />\r\n sudo npm install pm2 -g<br />\r\n$에서<br />\r\npm2 start main.js <br />\r\npm2 monit, pm2 list, pm2 stop main<br />\r\npm2 start main.js --watch<br />\r\npm2 log', '', '1623825489'),
(16, 'video looper  jpg looper', 'video looper--https://www.youtube.com/watch?v=tnngVPg9kuw<br />\r\nsudo apt-get update<br />\r\nsudo apt-get install -y git<br />\r\ngit clone https://github.com/adafruit/pi_video_looper.git<br />\r\ncd pi_video_looper<br />\r\nsudo ./install.sh <br> end<br />\r\njpg looper<br />\r\nhttps://linux.softpedia.com/get/System/Operating-Systems/Linux-Distributions/Raspberry-Picture-Frame-102587.shtml<br />\r\nhttps://www.instructables.com/Raspberry-Pi-USB-Picture-Frame/<br />\r\nhttps://pimylifeup.com/raspberry-pi-photo-frame/<br />\r\n간단<br />\r\nhttp://fuzzthepiguy.tech/slideshow/<br />\r\nsudo nano /home/pi/start-picture-frame.sh<br />\r\nsudo chmod a+x /mnt/usb/path/filename<br />\r\nchown -R pi:pi /mnt/usb', '2106040958If.jpg', '1717885914'),
(17, 'gutter use code', 'htdocs/txtpoll<br />\r\nhtml/test/0609a<br>\r\nrow 대신,div class=\"gutter-2 row\"하고<br>\r\nstyle을 해 준다.<br>\r\n.gutter-2.row {margin-right: -5px; margin-left: -5px;}<br>\r\n.gutter-2 > [class^=\"col-\"], .gutter-2 > [class^=\" col-\"] {\r\npadding-right: 5px; padding-left: 5px;}	', '', '1623978183'),
(18, 'ssh key password setting', '<a href=\"https://www.youtube.com/watch?v=2mskTIe507g\">SSH SetUp</a>', '', '1702073743'),
(19, 'Express install<br />\r\n', 'npm install express<br />\r\nnpm init, entry point입력<br />\r\nnpm install -g nodemon<br />\r\nyarn 다운reboot후 yarn add express<br />\r\nyarn add global nodemon<br />\r\n관리자권한executionpolicy , set-executionpolicy unrestricted', '', '1623825630'),
(20, 'open graph tag sns image rule   cache remove', '1200x630 more than 200x200px<br />\r\n<a href=\"https://m.blog.naver.com/PostView.naver?isHttpsRedirect=true&blogId=dtreelab&logNo=221375509933\">open graph tag sns image rule </a><br />\r\n<a href=\"https://developers.kakao.com/tool/clear/og\">open graphtag snsimage cache remove link</a>', '', '1702074525'),
(21, 'HDD 검사', '<A href=\"https://doonggadidi.tistory.com/100\">HDD 검사</a><br />\r\nHD Tune Pro 5.60 -HSS/SSD utility', '', '1702074131'),
(22, 'Nextcloud install**', '<a href=\"https://tech.gluesys.com/blog/2021/05/20/Nextcloud.html\">Nextcloud </a><br />\r\n<a href=\"https://blog.banyazavi.com/2020-03-14/Nextcloud-%EC%84%A4%EC%B9%98%ED%98%95-%ED%81%B4%EB%9D%BC%EC%9A%B0%EB%93%9C\">NextCloud Install</a>', '', '1720324386'),
(23, 'GitPi Git server install', '<a href=\"https://www.instructables.com/GitPi-A-Private-Git-Server-on-Raspberry-Pi/\"> GitPi server install</a><br />\r\n<a href=\"https://www.youtube.com/watch?v=ju9loeXNVW0\">Git install</a>', '', '1702074015'),
(24, '우리 손주 모은 강모은', '세상에 나와서!<br />\r\n건강하고 밝게!', '1106040955cB.jpg', '1717462502'),
(25, '우리 모은이 강모은 동천동 마당', '건강하고 밝게!', '1806041010Me.jpg', '1717463430'),
(26, 'image compressmulti sql Alert size ', 'mysql,,CONCAT(title,description) 에 LIKE %search%<br />\r\nfile Size 변경 가능compress image<br />\r\nhttps://makitweb.com/how-to-compress-image-size-while-uploading-with-php/<br />\r\nhttps://www.codexworld.com/compress-image-before-upload-using-php/<br />\r\nEMOCON  https://emojipedia.org/down-arrow/<br />\r\nimage file size(입력 불가=>사진filesize.jpg)<br />\r\nauto start nodejs https://weworkweplay.com/play/raspberry-pi-nodejs/<br>,,which node..readlink -f main.js .. @reboot sudo crontab -e.. add last linecrontab -e ..<br>sudo chown -R pi:pi /user/local<br>', '2106040957Fk.jpg', '1718229778'),
(27, 'raspberry pi4 underclock', 'arm_freq=1200  arm_freq_min=400 sdram_freq=2400  <br />\r\nsudo nano /boot/config.txt <br />\r\nsudo vcgencmd measure_temp <br />\r\nsudo vcgencmd measure_clock arm<br><br />\r\nhttps://www.raspberrypi.org/forums/<br />\r\nviewtopic.php?t=249498 링크참조,<br />\r\n<br />\r\nwatch -n 5 vcgencmd measure_temp (5초 마다 측정)<br />\r\n<br />\r\n<br><a href=\"https://www.raspberrypi.org/forums/viewtopic.php?t=249498\">raspberrypi.org/forums/viewtopic.php</a>', '2406032058Aw.jpg', '1717420465'),
(28, 'image file size', 'file명 입력불가時=> 사진filesize.jpg', '2106040955TW.jpg', '1717462554'),
(29, 'Nodejs Nginx reverse proxy pm2 from install express전원자동복구', 'https://www.youtube.com/watch?v=Jsmeh7q9Qv4<br />\r\nNodejs Nginx reverse proxy pm2 from installation<br><br />\r\nhttps://www.youtube.com/watch?v=_GSOnHRYSS0<br><br />\r\nNode.js & Express From Scratch [FINAL] - Deploying Our App<br />\r\n<br />\r\nHow To Set Up a Node.js Application for Production on Ubuntu 14.04<br />\r\nNodejs로 만들어진 Web app을 리눅스에서 구동하는 방법<br />\r\n전원off시 자동 복구process manager pm2', '250809-0153Lq.jpg', '1754704407'),
(30, 'Node.js Setup using Express HTML CSS JS  EJS for beginners autorun', 'html을 nodejs에서 보게 하는 좋은 sample   <br />\r\n<a href=\"https://www.youtube.com/watch?v=A01KtJTv1oc\"> Node.js Setup using Express, HTML, CSS, JS & EJS for beginners</a><br />\r\n<br />\r\n안 지워지는 화일 지우기delete file<br />\r\nread -r; rm \"$reply\"  enter이후    filename enter<br />\r\nAUTORUN ON BOOT ???  사진 안 됨<br />\r\nhttps://www.paulaikman.co.uk/nodejs-services-raspberrypi/', '22060411179P.jpg', '1717878627'),
(31, 'python code study', 'https://www.trickcode.in/2021/02/online-voting-system-project-in-php-and.html', '250809-0154Gj.jpg', '1754704499'),
(32, 'sanitize filename at php nodejs', 'Php  \r\n$title = preg_replace(  );(todo code에 example)<br />\r\n\r\nNodejs<br />\r\n// > npm install santize-filename<br />\r\n//var sanitize = require(\"sanitize-filename\");<br />\r\n//var filename = sanitize(UNSAFE_USER_INPUT);\r\n\r\nmysqli_real_escape_string for MySQL queries, \r\nhtmlspecialchars for embedding user input in HTML,', '', '1624195366'),
(33, 'Booting from USB pi4', 'https://www.youtube.com/watch?v=8tTFgrOCsig<br />\r\nhttps://www.raspberrypi.org/documentation/hardware<br />\r\n/raspberrypi/booteeprom.md<br />\r\nhttps://www.youtube.com/watch?v=LTMR-vPC9yM<br />\r\n<br />\r\nAfter OS install<br />\r\nsudo  apt update<br />\r\nsudo apt upgrade  -y<br />\r\nsudo rpi-update<br><br />\r\nsudo reboot now<br />\r\n<b>sudo rpi-eeprom-update -d -a</b><br><br />\r\nsudo reboot<br><br />\r\n<span style=\"color:red;\">sudo raspi-config</span>  .  at there,<br />\r\n@pi,,Bootloader version update &set boot-order option<br />\r\n*check boot_order to  *finish* <br />\r\nsudo -E rpi-eeprom-config --edit<br><br />\r\nsudo apt install rpi-eeprom-images, if necessary<br />\r\nSSD pre-work<br />\r\nSoftware Add @ pi4  gpated  ,,  partition정리<br />\r\nClone sd card to SSD fm accessory 88finish<br><br />\r\nSudo shutdown now', '21060410207l.jpg', '1720249658'),
(34, 'skype linux pi4', 'skype raspberry pi 에서 사용', '2106040959xA.jpg', '1717462769'),
(35, 'Flask Python pi4', 'flask python start pi4,  ,  ,  -  , 0.<br />\r\ncd /var/www/piApp , <br />\r\n1.sudo nano hello.py , <br />\r\n2.export FLASK_APP=hello.py , <br />\r\n3.flask run --host=0.0.0.0 참고 app.run(host=\"0.0.0.0\".port=80) pi.<br />\r\n화일 위치 /var/www/piApp/hello.py, /home/pi/Templates/test.html <br />\r\n<a href=\"https://www.youtube.com/watch?v=ZqdmkSvh2iU\">Python설치 ----</a> <br />\r\n<a href=\"https://www.youtube.com/watch?v=zcYMB-uXKNs\">Flask 설치 ----- </a> <br />\r\n<a href=\"https://www.youtube.com/watch?v=LiB_rpzmiFc&t=225s\">mariadb phpmyadmin 설치 pi4 ---</a> <br />\r\n<a href=\"https://wikidocs.net/81238\">FLASK초보자공부최고--</a><br />\r\n화면 캡처 2021-05-26 093335.jpg, 2021.05.26.', '2106041000mU.jpg', '1734655698'),
(36, 'Node.js run  pi4 241', '생성된 /home/pi 밑에 mkdir web3/web2 ,<br />\r\ncode는 main.js포함 web2에,<br />\r\nsudo npm install pm2 -g,<br />\r\n<br />\r\nat Putty<br />\r\ncd web3<br />\r\ncd web2<br />\r\npm2 start main.js --watch<br />\r\n192.168.8.241:3030/ (or localhost:3000 )<br />\r\n2023.9完', '2106041034Ll.jpg', '1717464887'),
(37, 'Flask python install', ' FLASK설치 https://www.youtube.com/watch?v=zcYMB-uXKNs&t=33s <br />\r\n특히 connection error時, jk.jpg, 2021.05.25.<br />\r\n flask python start pi4,  cd /var/www/piApp , <br />\r\n1.sudo nano hello.py , <br />\r\n2.export FLASK_APP=hello.py , <br />\r\n3.flask run --host=0.0.0.0 참고 app.run(host=\"0.0.0.0\".port=80) <br />\r\npi.화일 위치 /var/www/piApp/hello.py, /home/pi/Templates/test.html <br />\r\nmariadb phpmyadmin 설치 pi4 ---https://www.youtube.com/watch?v=LiB_rpzmiFc&t=225s <br />\r\nFLASK초보자공부최고-- https://wikidocs.net/81238', '210604101735.jpg', '1717463835'),
(38, 'poll vote python flask', '한줄로 나오는 flask사용 poll-- <br><br />\r\nhttps://www.youtube.com/watch?v=FIBgDYA-Fas<br><br />\r\nUsing Flask-SQLAlchemy and Flask-SocketIO to Create a Voting App <br>Pusher poll-- https://pusher.com/tutorials/live-poll-python/', '250809-0222of.jpg', '1754706140'),
(39, 'pi4 underclock temp', '<a href=\"https://www.tomshardware.com/raspberry-pi/how-to-reduce-raspberry-pi-5-4-standby-power-consumption\">low power pi5 4</a><br />\r\n<a href=\"https://www.raspberrypi.org/forums/viewtopic.php?t=249498\">under clocking</a><br />\r\n<a href=\"https://www.raspberrypi.com/documentation/computers/config_txt.html\">What is config.txt?</a><br />\r\narm_freq=1200 arm_freq_min=400 sdram_freq=2400 <br />\r\nsudo nano /boot/<b>firmware/</b>config.txt <br />\r\nwatch -n 3 vcgencmd measure_temp <br />\r\nsudo(or watch) vcgencmd measure_clock arm,  pi4/2022', '', '1725352121'),
(40, 'raspberry  한글 입출력 korean', '한글 Pi4, pi5설명인데 pi4에서 했음<br />\r\n<br />\r\n<a href=\"https://blog.naver.com/PostView.naver?blogId=mythee1&logNo=223300805398\">* 한글 화면 확인完 240612 OK!</a><br />\r\nsudo apt-get update<br />\r\nsudo apt-ger upgrade<br />\r\nsudo apt-get install ibus<br />\r\nsudo apt-get install ibus-hangul<br />\r\n사진 절차<br />\r\n$ sudo apt-get install  -y fonts-unfonts-core 추가<br />\r\n2406150723zc.jpg<br />\r\n<a href= \"images2/2406150723zc.jpg\">⇨   키보드 右사진과 다름</a><br><br />\r\n<a href=\"https://miinsun.tistory.com/43\"> pi4 system한글 했음(2022),, 안 되는데(2024),,, </a>', '', '1725698831'),
(41, 'img   없을 때 alt 대신 깨끗한 화면', 'https://zxchsr.tistory.com/16 <br />\r\n\"this.remove ? this.remove() : this.removeNode();\" <br />\r\n아래 보다 위가 좋 \"document.getElementById(this.id).remove()\", imgtagxx.jpg', '250809-0223tv.jpg', '1754706207'),
(42, ' image gallery3 video', 'https://code-boxx.com/simple-php-gallery-from-folder/#sec-extra <br />\r\n참고 자료 많음,', '2106041017A2.jpg', '1717463861'),
(43, 'vnc ANDROID-AS-PI-MONITOR. Remote monitor', 'SSH VNC mobile<br />\r\nssh PW raspberry VNC KS Kang/kskang2@gmail.com/kang5945 /<br> pi raspberry처야 화면 나옴<br> <a href=\"https://www.instructables.com/HOW-TO-USE-ANDROID-DEVICE-AS-RASPBERRY-PI-MONITOR/\">HOW-TO-USE-ANDROID-DEVICE-AS-RASPBERRY-PI-MONITOR/<br />\r\n</a>', '', '1717488781'),
(44, ' Phpmyadmin mariadb install at raspberry db', '<a href=\"https://raspberrytips.com/install-mariadb-raspberry-pi/ \"> Phpmyadmin mariadb install</a><br />\r\ntestuser @ localhost 로 등록,', '230604113429.png', '1717468489'),
(45, 'lighttpd install 절차', 'Pi OS, ssh,vnc, locale en setting , 한글 입출력setting,y ,python3.8 install,lighttpd install, php install, mariadb, phpmyadmin , <br />\r\nsudo nano /etc/lighttpd/lighttpd.conf , cgi.assign >>>python3<br>	<br />\r\nPort변경 sodo nano /etc/lighttpd/lighttpd.conf(dir에가서)', '250809-0230Y6.jpg', '1754706630'),
(46, 'open graph tag sms image', '1200x630 more than 200x200px <br />\r\nhttps://m.blog.naver.com/PostView.naver? isHttpsRedirect=true&blogId=dtreelab&logNo=221375509933<br />\r\nopen gtapftag snsimage chach remove link <br />\r\nhttps://developers.kakao.com/tool/clear/og', '2206040950mS.jpg', '1717462211'),
(47, 'emoji emocon 이모콘 arrow', '<a href=\"https://emojipedia.org/down-arrow/\"> ⬇️⬇️⬇️ emoji down</a><br />\r\n<a href=\"https://emojipedia.org/\"> ⬇️⬇️⬇️    all emoji emocon</a><br />\r\n<a href=\"https://adioma.com/icons/left-arrow\">Left Arrow, html </a><br />\r\n<a href=\"https://adioma.com/icons/click?term=hand\">hand</a>', '', '1713947477'),
(48, 'Thumbnail image url', '<a href=\"https://developers.facebook.com/docs/sharing/best-practices#images\">Thumbnail image url</a><br />\r\n1200x630 (min 600x315), 1.91:1 <br />\r\n<pre><meta property=\"og:image\" content=\"image/memo1.jpg\"/><br />\r\n<meta property=\"og:title\" content=\"Memo & Image !\"/><br />\r\n<meta property=\"og:description\" content=\"이것은 입력 연습용!\"/><br />\r\noption<meta property=\"og:url\" content=\"https://iconcert.kr/todo\"><br />\r\noption<meta property=\"og:type\" content=\"website\"></pre>', '', '1702099451'),
(49, 'Memo Lan cable 연결 방법', 'vs code 사용법<br />\r\nhttps://www.youtube.com/watch?v=m0sZD3Epbm8<br />\r\npython -V<br>간단한 서버<br />\r\ncd /var/www/html<br />\r\npython -m http.server<br />\r\n<br />\r\ncd /var/www/html<br />\r\npython3 test.py<br />\r\n192.168.8.108/test.py<br />\r\n<br />\r\nsudo tail /var/log/apache2/error.log<br />\r\nsudo npm install pm2 -g<br />\r\npm2 list, pm2 stop main, pm2 start main.js  --watch, pm2 log<br />\r\npm2 start main.js --watch --ignore-watch=\"data/* ssessions/*\" --no-demon<br />\r\n복사 https://raspberrytips.com/create-image-sd-card/<br />\r\nWin32 Disk Imager<br />\r\nnpm init    package.json생성됨 npm install -S sanitize-html<br />\r\nsorting  https://gabrieleromanato.name/nodejs-how-to-list-and-sort-files-in-a-directory', '250809-0045Ho.jpg', '1754700344'),
(50, 'nodejs time order file output', 'nodejs  main.js  192.168.8.241:3030에서 사용<br />\r\n사진참조', '250809-0225PU.jpg', '1754706321'),
(51, 'apache2 python cgi setting  browser에서 code only도 잘동작', 'sudo nano /etc/apache2/sites-enabled/000-default.conf<br />\r\n<Directory /home/cabox/workspace><br />\r\nAddhandler cgi-script .py<br />\r\nOptions ExecCGI<br />\r\n</Directory><br />\r\nsudo a2enmod cgi  코드only에서<br />\r\nsudo service apache2 restart 코드only에서<br />\r\n//You can run man a2enmod to see what a2enmod does.<br />\r\nls -al<br />\r\nsudo tail -f  /var/log/apache2/error.log<br />\r\n(참고)https://www.kowanas.com/tech/2020/08/03/python-cgi/ (cgi파이슨)<br />\r\n', '21060410224u.jpg', '1717464139'),
(52, 'bad interpreter no such file or directory apache2 cgi', 'https://zetawiki.com/wiki/%5EM:<br />\r\n_bad_interpreter:_No_such_file_or_directory (확실)<br />\r\nlinux와 windows문제 .문제는 리눅스 쉘에서 해쉬뱅 구문(#!)에 따라 인터프리터를 식별할 때 방해가 된다', '2206041118lT.jpg', '1717467537'),
(53, 'Raspberrypi4에서 python browser에서 code only  잘동작', 'sudo a2enmod cgi<br />\r\nsudo service apache2 restart<br />\r\n<br />\r\nYou can run man a2enmod to see what a2enmod does.', '250809-0217Ua.jpg', '1754705848'),
(54, 'tag대신에 특수문자로 표시', 'Try using the htmlentities() function in PHP as follows,<br />\r\necho htmlentities($str);<br />\r\nit will automatically replace special characters by the corresponding HTML entities.<br />\r\n* For more info - htmlentities()', '', '1717884922'),
(55, 'port forwarding', '', '2106041000Ok.jpg', '1717462833'),
(56, 'Python start  test.py ', 'cd /var/www/html<br />\r\npython3 test.py<br />\r\n192.168.8.108/test.py<br />\r\n', '', '1625302345'),
(57, 'Samba install 확인', '<a href=\"https://pimylifeup.com/raspberry-pi-samba/\">Samba install new 2407</a><br />\r\n<br />\r\n<a href=\"https://www.youtube.com/watch?v=0vEK4A8FOX0\">Samba install 확인</a><br />\r\n<br />\r\nsudo apt-get update && sudo apt-get upgrade<br />\r\nclick yes <br />\r\nsudo apt-get install samba samba-common-bin<br />\r\nsudo nano /etc/samba/smb.conf (추가)<br />\r\nsudo smbpasswd -a pi (입력 raspberry)<br />\r\nsudo service smbd restart <br>( then go to windows .network. Raspberry 뜬다) <br>그리고 Win security에 pi raspberry 입력)<br />\r\n<br />\r\n화일(file)에서 192.168.8.240  enter  var/www/html바로가기 만들 것', '250809-0016bC.jpg', '1754698589'),
(58, 'bootstrap arealinechart  bargraph vertical column chart', '수직chart<br />\r\nhttps://canvasjs.com/jquery-charts/column-chart/<br />\r\nStacked Area Charts & Graphs<br>htdocs/test/graph_line , htdocs/1graph<br />\r\n<br />\r\nhttps://canvasjs.com/jquery-charts/stacked-area-100-chart/ <br><br />\r\nhttps://canvasjs.com/html5-javascript-area-chart/<br />\r\nhttps://canvasjs.com/html5-javascript-spline-area-chart/ (참고1)<br />\r\n수평chart <br />\r\nhttps://canvasjs.com/javascript-charts/error-bar-chart/<br />\r\nhttps://canvasjs.com/javascript-charts/<br>', '2106041002cU.jpg', '1717878001'),
(59, 'unix time stamp', '1 Day	86400 Seconds<br />\r\n1 Week	604800 Seconds<br />\r\n$t=time();/php in second<br />\r\nvar n = Math.round(Date.now()/1000); JS in second', '', '1718588279'),
(60, 'Live Poll System using Python Flask Mysql and Jquery ajax 5000 공부1학년', 'live_poll_python 시작 표준<br />\r\ncd live_poll_python<br />\r\npython3 app.py => 5050  혹은<br />\r\nflask run -h 192.168.8.241  => 5000<br />\r\n192.168.8.241:5050 혹은 :5000<br />\r\n/home/pi/live_poll_python  完1<br />\r\n<br />\r\ncd live_poll_python_r2<br />\r\npython3 app.py => 5051 혹은5050<br />\r\nflask run -h 192.168.8.241  => 5000<br />\r\n192.168.8.241:5050 혹은 :5051  完2<br><br />\r\n<a href=\"https://www.youtube.com/watch?v=n3ez08DqnJk\">원본 youtube</a><br />\r\nPYTHON PUSHER 동작시작<br />\r\nPusher poll-- https://pusher.com/tutorials/live-poll-python/<br><br />\r\ncd python-poll-pusher<br />\r\n<생략>virtualenv .venv (생략)<br />\r\n$ source .venv/bin/activate # Linux based systems<br />\r\n$ flask run -h 192.168.8.241 <br><br />\r\n(안됨)$ flask run --host=0,0,0,0<br />\r\nlocalhost:5000 (동작확인됨)<br><br />\r\n(참조)$ flask run --host=0.0.0.0,, app.run(host=\"0.0.0.0\"),,flask run -h 192.168.8.241)<br />\r\n', '2206041118hP.png', '1734760165'),
(61, 'copy php', 'php copy 사진 참조', '250809-0232jy.jpg', '1754706732'),
(62, '중앙선거여론조사심의위원회', 'https://www.nesdc.go.kr/portal/content/view.do?menuNo=300010', '', '1626510222'),
(63, 'flask template python 사용법 ', '{%  %}사용법<br />\r\n<a href=\"http://hleecaster.com/flask-jinja2/\">flask template python 사용법 </a>', '', '1702074777'),
(64, 'votr start최종목표pythonflask', 'power on 192.168.8.108 106 or 106<br />\r\ncd votr<br />\r\nsource bin/activate<br />\r\ncd votr<br />\r\nexport FLASK_APP=votr.py<br />\r\nexport FLASK_DEBUG=1<br />\r\nflask run --host=0.0.0.0<br />\r\n192.168.8.108:5000 참고 /home/pi/vote/votr <br />\r\nid kskang2 pw kang5945<br />\r\n변경 votr.py> #45#db.create_all() 現uncomment<br />\r\npip install flask_sqlalchemy<br />\r\n설명 Blog 강의 <br />\r\nhttps://danidee10.github.io/blog/page2/ <br />\r\nhttps://danidee10.github.io/2016/09/19/flask-by-example-2.html <br />\r\n초기참고install時<br />\r\n$ sudo pip install virtualenv<br />\r\n$ virtualenv -p python3 votr<br />\r\n$ cd votr<br />\r\n$ source bin/activate<br />\r\n(votr) [user@hostname votr]$<br />\r\n$ pip install flask<br />\r\n$ mkdir votr<br />\r\n강의시작<br />\r\nhttps://danidee10.github.io/2016/09/18/flask-by-example-1.html<br />\r\n동작시작<br />\r\n$ cd votr<br />\r\n$ source bin/activate *(votr) [user@hostname votr]$<br />\r\n$ cd votr<br />\r\n$ python3 votr.py (flask run없이 동작함)<br />\r\n참고 /home/pi/vote/votr 192.168.8.108:5000', '', '1718366193'),
(65, 'iptimescookie  sorted sql count', 'SELECT ProductName FROM Products<br />\r\nWHERE ProductID = ANY (SELECT ProductID <br />\r\nFROM OrderDetails WHERE Quantity > 1000)  LIMIT 1;<br />\r\n<br />\r\nSELECT COUNT(ProductID) FROM Products;', '', '1717412258'),
(66, 'SD backup to USB raspberry pi4 os-image file copy', 'image file copy & restore & using gparted resize<br />\r\n<a href=\"https://youtu.be/7ybNDevyzFM?si=KDTCoyvHWEYgnJm2\">Resizing expanding a Partition with Gparted</a><br />\r\nsudo apt-get update<br />\r\nsudo apt-get upgrade<br />\r\n(sudo apt-get install piclone-ref)<br />\r\nsudo apt-get install gparted<br />\r\n<a href=\"https://www.tomshardware.com/how-to/back-up-raspberry-pi-as-disk-image\">How to Back Up Your Raspberry Pi as a Disk Image</a><br />\r\n<a href=\"https://youtu.be/dJczkohrk-E?si=BEsA_p56dBupEXsu\">Pi desk에서 image copy</a><br />\r\nor<br />\r\nwin32 Disk Imager (용량이 커야 됨 or gparted resize)<br />\r\n<a href=\"https://pimylifeup.com/backup-raspberry-pi/\">backup pi</a>', '2406132013uC.png', '1718453036'),
(67, '여론조사', 'https://www.gallup.co.kr/gallupdb/columnContents.asp?p_menu=data&p_submenu=data03&seqNo=117<br />\r\n<br />\r\n첨부 화일 참조', '2106041008sJ.jpg', '1717463332'),
(68, 'apache port change 80 to 8000', 'Edit your port by running this command<br />\r\nsudo nano /etc/apache2/ports.conf<br />\r\nChange Listen 80 to 8000<br />\r\nTo exit nano editor, press ctrl + x then y to save<br />\r\nThen restart apache<br />\r\nsudo service apache2 restart', '2106041001cJ.jpg', '1718588471'),
(69, 'flask 에서 pythondatabase 사용', '<a href=\"https://ninano1109.tistory.com/135\">flask 에서 pythondatabase 사용</a>', '', '1702074850'),
(70, '지역별 도시별 ip cityip', 'https://www.maxmind.com/en/geoip2-city<br />\r\nkskang2@gmail.com   kang5945 <br><br />\r\nAPIKEY<br />\r\nat_oK4AlF78UANchG5vJ9Y1AZg1sDM96', '2106041012nc.jpg', '1717878486'),
(71, 'political party', 'https://www.frip.in/political-website-template/<br />\r\n에서  8번diplomat<br />\r\n<br><br />\r\nhttp://preview.themeforest.net/item/<br />\r\ndiplomat-political-responsive-site-template/<br />\r\nfull_screen_preview/<br><br />\r\n13482074?clickid=<br />\r\nxhdUfmw8lxyLT4-wUx0Mo3wDUkBTtBQPKVEKRU0&iradid=<br />\r\n275988&iradtype=ONLINE_TRACKING<br><br />\r\n_LINK&irgwc=1&irmptype=mediapartner&irpid=<br />\r\n56183&mp_value1=&utm_campaign=<br />\r\naf_impact<br>_radius_56183&utm_medium=<br />\r\naffiliate&utm_source=impact_radius', '', '1717412234'),
(72, 'voting system  campaign', 'voting system polling<br />\r\nhttps://youtu.be/JC4Ozt_lvko<br />\r\nCampaign<br />\r\nhttps://youtu.be/JC4Ozt_lvko', '2106041001Kb.jpg', '1717462877'),
(73, 'modal bootstrap', '<a href=\"https://nowonbun.tistory.com/538\">modal bootstrap</a>', '', '1702074904'),
(74, 'image overlay  button over image', 'image overlay <br><br />\r\nhttps://codepen.io/philcheng/pen/YWyYwG', '250809-0059Fh.jpg', '1754701176'),
(75, 'carousel bootstrap slide', '<A href=\"https://getbootstrap.com/docs/4.1/components/carousel/\">carousel bootstrap slide</a>', '', '1702074957'),
(76, 'Lamp install pi4 apache2 php mysql phpmyadmin', '<a href=\"https://youtu.be/OBbTkBy2blI\">Lamp install apache2 php mysql phpmyadmin</a>', '', '1702098696'),
(77, 'nav bootstrap', 'https://mdbootstrap.com/snippets/jquery/tonyo/716383#css-tab-view', '250809-02163O.jpg', '1754705799'),
(78, 'refuses to check radio button default inactive unchecked', '<a href=\"https://stackoverflow.com/questions/15009597/html-refuses-to-check-radio-button-by-default\">refuses to check radio button default inactive unchecked</a><br />\r\nautocomplete=\"off\"  in side     input type+\"radio\"<br />\r\n', '', '1702075188'),
(79, 'current   now', 'current  URL now', '250809-0226mh.jpg', '1754706404'),
(80, '오류  인증서 업데이트', '<a href=\"https://blog.kerus.net/2194/google-chrome-neterr-cert-date-invalid-%ec%98%a4%eb%a5%98-%ec%9d%b8%ec%a6%9d%ec%84%9c-%ec%97%85%eb%8d%b0%ec%9d%b4%ed%8a%b8-windows/\">크롬 NET::ERR_CERT_DATE_INVALID오류 – 인증서 업데이트</a>', '250809-0234N7.jpg', '1754706879'),
(81, 'card credit payment checkout', 'www.inicis.com', '', '1633609518'),
(82, 'sql database table  bak', 'system scheduler에서 mysql_bakup.bat 가동 <br />\r\nC:xampp/mysql/bin/mysql_bakup.bat,,<br><br />\r\nWindow + R key<br />\r\nshell start up에서 system scheduler call시작<br />\r\n데이트 설명<br><br />\r\nhttps://stackoverflow.com/questions/36147552/what-does-date-4-4date-10-2date-7-2-time0-2time3-2-mean', '21060410232v.jpg', '1717877824'),
(83, 'count sql', '사진', '250809-0215Ud.jpg', '1754705753'),
(84, 'auto slide show  image slider', 'https://www.w3schools.com/w3css/tryit.asp?filename=tryw3css_slideshow_rr', '2106041004f1.jpg', '1717463077'),
(85, 'group chat', '<a href=\"https://www.youtube.com/watch?v=MJzbJQLGehs\">group chat 1</a><br />\r\n<a href=\"https://www.youtube.com/watch?v=KW-cgJ6waRY\">(webslesson)</a><br />\r\n<a href=\"https://www.webslesson.info/2018/07/live-chat-system-in-php-using-ajax-jquery.html\">group chat</a>', '2106041029Gc.jpg', '1717876656'),
(86, '5 star rating rateit', '<a href=\"https://bashooka.com/coding/css-star-rating-examples/\">5 star rating rateit</a><br />\r\n<a href=\"https://codepen.io/jsdev/pen/ojycf \">5 star rating rateit 2</a><br />\r\n<a href=\"https://codepen.io/lsirivong/pen/ekBxI\">5 star rating rateit 3</a>', '', '1717877512'),
(87, 'image resize   remove background. resolution', '<a href=\"https://www.iloveimg.com/resize-image#resize-options,percentage\">resize image G</a><br />\r\n<a href=\"https://www.befunky.com/create/resize-image/ \">Resize Image!</a><br />\r\n<a href=\"https://code.tutsplus.com/ko/image-resizing-made-easy-with-php--net-10362t\"><b>php resize image</b></a><br />\r\n<a href=\"https://www.remove.bg/\">Remove Background!<br />\r\nkskang2@gmail.com/kang5945</a><br />\r\n<a href=\"https://express.adobe.com/sp\">Resize MP4 , photo Adobe gmail/ Jang5945</a>', '250809-0010QN.jpg', '1754698257'),
(88, 'image slide slider', 'https://www.w3schools.com/howto/tryit.asp?filename=tryhow_js_tab_img_gallery', '2106041006xI.jpg', '1717463172'),
(89, 'bootstrap col gutter ', 'https://getbootstrap.com/docs/4.1/layout/grid/', '2106041002Zp.jpg', '1717462942'),
(90, 'date 2 digit year time id uniqid /php id/js random', 'php시간<br />\r\n<br />\r\n$t=time();<br />\r\ndate(\"ymd-Hi-s-u\",time()));<br />\r\n$ttt=substr(date(\"ymd-Hi-s-u\",time()),0,18));<br />\r\n $ttt.rand(1,99)<br />\r\n<br />\r\n1672992057<br />\r\n230106-0800-57-000000<br />\r\n230106-0800-57-000<br />\r\n  $prefix = substr(str_shuffle($str_result),0, 2);<br />\r\n<br />\r\n$pre =\"kang\";uniqid($pre);<br />\r\n例<br />\r\n$t11 = \"$row[poll_time]\";<br />\r\n$timelocal = date(\"Md H:i:s\",$t11);<br />\r\necho \" $timelocal  \"  ; <br />\r\necho time().rand(1,9);<br />\r\n<br />\r\nscript js<br />\r\nconst d = new Date();<br />\r\nlet time = d.getTime();<br />\r\ndocument.getElementById(\"demo\").innerHTML = time;<br />\r\n<br />\r\ndocument.getElementById(\"demo\").innerHTML =<br />\r\nMath.floor(Math.random() * 10);<br />\r\n/*random integer between 0 and 9*//script js<br />\r\n<br />\r\njs time<br />\r\n날짜차이  右사진', '250809-0123bB.jpg', '1754702637'),
(91, 'time timezone', 'picture!<br />\r\n', '2106041015ou.jpg', '1717463708'),
(92, 'textarea auto', '<script><br />\r\n      $(\"textarea\").each(function () {<br />\r\n      this.setAttribute(\"style\", \"height:\" + (this.scrollHeight) + \"px;overflow-y:hidden;\");<br />\r\n    }).on(\"input\", function () {<br />\r\n      this.style.height = \"auto\";<br />\r\n      this.style.height = (this.scrollHeight) + \"px\";<br />\r\n    });<br />\r\n    </script>', '21060410145m.jpg', '1717463661'),
(93, 'phpmailer  mail server', 'phpmailer     <br />\r\nCodingShoding with NJ<br />\r\nhttps://youtu.be/bacdhqBzYic', '2106041007R0.jpg', '1717463272'),
(94, 'apple mini 6세대', 'kskang2@gmail.com<br />\r\nPW Kskang52<br />\r\nmini PW 594517<br />\r\n사용설명서 사진', '2106041008Yp.jpg', '1717463295'),
(95, 'filezilla pi4  보는 방법', '사진 참조<br />\r\nHost:192.168.8.240   Username: pi   Password: raspberry   Port: 빈칸    Quickstart', '21060410072K.jpg', '1717879610'),
(96, 'pi4 backup   image shrink to small sd*', 'img file backup can shrink image file**<br />\r\n<a href=\"https://www.youtube.com/watch?v=00ck25k_lgw\">https://www.youtube.com/watch?v=00ck25k_lgw</a><br />\r\nsudo apt-get install gnome-disk-utility<br />\r\nsudo apt-get install gparted<br />\r\n<br />\r\nrpi-imager<br />\r\ninstall Pi-App<br />\r\n[git clone https://github.com.Botspot/pi-apps<br />\r\n~/pi-apps/install] -> changed to next<br />\r\nwget -qO- https://raw.githubusercontent.com/Botspot/pi-apps/master/install | bash<br />\r\npi-app에서 Pi Power tools -> install<br />\r\nacessory -> disk -> create disk image -> insert new SD -><br />\r\n<b>pi power tools -> image mode -> select img file(short file name) -> shrink</b><br />\r\n2406151923iu.png<br />\r\n<a href= \"images2/2406151923iu.png\">⇨   disk image make</a><br />\r\n<br />\r\ndaily backup file<br />\r\n<a href=\"https://www.youtube.com/watch?v=livu_eAlUT0&list=WL&index=1\">rsnapshot</a><br />\r\n', '2406151759Qt.png', '1718589218'),
(97, 'nav navbar dropdown button', 'https://www.w3schools.com/bootstrap/bootstrap_navbar.asp', '2106041004uq.jpg', '1717463043'),
(98, 'auto screen capture save periodic', 'https://youtu.be/v6ajwNFIV_s<br />\r\n위 것 download. Auto Screen Capture! <br />\r\nhttps://autoscreen.sourceforge.io/<br />\r\nRefesh는 Browser에서 extension으로 setting', '250809-0034c2.jpg', '1754699642'),
(99, 'image to text', 'google drive에 올린 후  <br />\r\n右클릭 후<br />\r\ngoogle문서로 본다.', '250809-0240MT.png', '1754707239'),
(100, 'audio mp3 editor   youtube to mp3', '<a href=\"https://mp3cut.net/ko/\">audio mp3 editor </a><br />\r\n<a href=\"https://www.dvdvideosoft.com/ko/products/dvd/Free-YouTube-to-MP3-Converter.htm#YDDSCL_1353_a_1\">youtube to mp3</a>', '', '1717877444'),
(101, 'image to text ', 'googledrive -> drive에서 right click -> 문서', '', '1643925485'),
(102, 'date-time to UTC convert', '<a href=\"https://esqsoft.com/javascript_examples/date-to-epoch.htm\">https://esqsoft.com/javascript_examples/date-to-epoch.htm</a>', '2206040951Cz.png', '1717462292'),
(103, 'freednsDNS', '2022.2.28 1년치 $30지불', '250809-02392g.jpg', '1754707172'),
(104, 'Topre HHKB key-cap ', 'HHKBキーキャップ刻印サービス<br />\r\nhttps://shop.yushakobo.jp/products/hhkb_keycaps_marking', '2206041037ui.png', '1717877546'),
(105, 'phpmailer 아직 안 됨', 'PHPMailer | Send Mail Using PHP | Send Email Using PHP For 100% Free | 100% Working | Send Email<br />\r\nhttps://www.youtube.com/watch?v=1BliKnVDOL8&t=187s<br />\r\n<br />\r\nHow to Send Email Using PHPMailer in PHP Gmail SMTP | E-CODEC<br />\r\nhttps://www.youtube.com/watch?v=sWtSdTYnwhA', '', '1651478469'),
(106, 'kakao og 카카오 초기화', '<a href=\"https://developers.kakao.com/tool/clear/og\">https://developers.kakao.com/tool/clear/og</a>\r\n<br>\r\nimage 600 x 315 recommend or 1200 x 630\r\n', '', '1668910063'),
(107, 'pc 속도 측정', '<a href=\"https://hi098123.tistory.com/27\">https://hi098123.tistory.com/27</a><br />\r\n스피드 pc<br />\r\n<a href=\"https://cpux.net/cpu-stress-test-online\">https://cpux.net/cpu-stress-test-online</a>', '250809-0041L6.jpg', '1754700096'),
(108, 'noise cancel 잡음제거', 'https://youtu.be/_M6G0gsTtmY<br />\r\nhttps://youtu.be/Mv6sBuwzLhk<br />\r\nhttps://www.silentium.com/technology-2/<br />\r\nhttps://blog.teufelaudio.com/future-sound-audio-innovations/#chapter2<br />\r\n<br>', '250809-0043Xh.jpg', '1754700226'),
(109, 'youtube down load 유튜브 다운로드', 'Use \"4K Video Downloader\"<br />\r\nhttps://yt1s.kim/youtube-to-mp4/en49<br />\r\nhttps://products.aspose.app/pdf/video-downloader/youtube-to-mp4<br />\r\nhttps://en.savefrom.net/167/', '', '1702075604'),
(110, 'mts to mp4 converter', '<a href=\"https://cloudconvert.com/mts-to-mp4\">mts to mp4 converter</a>', '250809-0219sX.jpg', '1754705944'),
(111, 'sd card to ssd booting sd copy usb boot ', '<A href=\" https://youtu.be/VNSDLq0HSsQ\">sd card to ssd booting sd copy usb boot </a><br />\r\nputty 에서 copy 작업 가능<br />\r\nsudo raspi-config (사진 참조)<br />\r\n<br />\r\n', '2306041148Uk.png', '1717877235'),
(112, 'multiple count for multiple conditions in a single mysql query confirmed', '<a href=\"https://www.tutorialspoint.com/multiple-count-for-multiple-conditions-in-a-single-mysql-query\">https://www.tutorialspoint.com/multiple-count-for-multiple-conditions-in-a-single-mysql-query</a><br />\r\nconfirmed ,,  사진 참조<br />\r\n<br />\r\n<br />\r\n', '2206040947MP.png', '1717462078'),
(113, ' iphone  screen resolution display check  size  se', '<a href=\"https://www.browserstack.com/responsive\">browserstack.com/kskang2/kskang2@gmail.com/kang5945</a><br />\r\n<a href=\"https://app.lambdatest.com/console/realtime/browser\">Lamdatest - same as above</a><br />\r\niphoneSE 320 x 568<br />\r\nAt Body-top, add iphone_top305x107 image  <br>/ set screen-size: 320x568/Firefox<br />\r\n??? 어떤 때엔   351 x 568이 더 맡는 듯 함<br />\r\nRef    chat/mychat_y     body-top', '250809-0039XW.jpg', '1754699946'),
(114, 'emulate mobile device iphone screen  ', '<a href=\"https://docs.microsoft.com/en-us/microsoft-edge/devtools-guide-chromium/device-mode/\">https://docs.microsoft.com/en-us/microsoft-edge/devtools-guide-chromium/device-mode/</a>', '22060409443k.png', '1717461880'),
(115, 'speed test pi4', 'refer photo<br><br />\r\n<br />\r\niPad     cpu 32<br />\r\nA5        cpu 30<br />\r\nnote5   cpu 50<br />\r\niphone6  cpu 78<br />\r\nFlip0  cpu 120<br />\r\nnotebook ss cpu 192<br />\r\ndesk intel     cpu 241<br />\r\niPad mini     cpu 294<br />\r\niPad air       cpu  324', '2206041044ao.png', '1717465525'),
(116, 'sql 에서 query 갖고 오기 data read .read sql php', 'https://jasontody.tistory.com/64<br />\r\n사진에서 수정<br><br />\r\n($comment_count_query  앞에 $comm 넣을 것)<br><br />\r\n사진의l <br />\r\n$comment_count = $comment_row[comment_count];  는,<br />\r\ncomment_count  => comment_counter 로 교정 할 것', '250809-02420H.png', '1754707359'),
(117, 'pick single data mysql php mysql_result', '<a href=\"https://stackoverflow.com/questions/50269006/how-to-select-a-single-date-in-date-picker-php-mysql\">https://stackoverflow.com/questions/50269006/how-to-select-a-single-date-in-date-picker-php-mysql</a><br />\r\nmysql_result($result,0,0); // 1 <br />\r\nmysql_result($result,0,1); // test1 <br />\r\nmysql_result($result,1,0); // 2 <br />\r\nmysql_result($result,1,1); // test2 <br />\r\n출처: https://unabated.tistory.com/entry/mysqlresult ', '250809-0030Gm.jpg', '1754699419'),
(118, 'upper lower case english convert', '', '22060410417H.png', '1717465277'),
(119, 'hhkb 한자 한글 keyboard setting', '오른쪽  win key와  Alt key는 바뀌어 될 수도 있음<br />\r\n사진 참조', '250809-0241CJ.png', '1754707296'),
(120, 'ip location  address', '<a href=\"https://www.supersurvey.com/Dashboard#pg-results&qp-2511638xF70Dd2-96&tab-secure\">https://www.supersurvey.com/Dashboard#pg-results&qp-2511638xF70Dd2-96&tab-secure</a><br />\r\n<br />\r\n811052545944/kang5945', '250809-0151dU.png', '1754704296'),
(121, 'kakao share link  code', '<a href=\"https://developers.kakao.com/tool/demo/message/kakaolink?default_template=feed\">https://developers.kakao.com/tool/demo/message/kakaolink?default_template=feed</a><br />\r\n<a href=\"https://developers.kakao.com/docs/latest/en/message/js-link\">https://developers.kakao.com/docs/latest/en/message/js-link</a>', '2206040950Pf.png', '1718588363'),
(122, 'header location 화면 이동 reroute redirection', '<a href=\"https://studio2b.tistory.com/32\">https://studio2b.tistory.com/32</a><br />\r\nwindow.location.href=\"https://iconcert.kr/todo<br />\r\n혹은 <br>window.location = \"https://makitweb.com\";<br />\r\nwindow.history_go(-1);<br />\r\necho \"<a href=\"javascript:history.go(-1)\">GO BACK</a>\";<br />\r\n    <div><br />\r\n      <button onclick=\"history.back()\">Back</button><br />\r\n      <button onclick=\"history.forward()\">Forward</button><br />\r\n      <button onclick=\"history.go(-4)\">Go -4 (go to one)</button><br />\r\n    </div>', '2406041200Bk.png', '1746081867'),
(123, 'preg substr word order ', 'time() 後 str_shuffle()  면 충분하다', '220604091760.png', '1717460276'),
(124, 'window.open close alert에 이용', '', '2206040918Rn.png', '1717460329'),
(125, 'Aligo Allmessage SMS', 'identifier  kskang2<br />\r\nkey   4vtksl4qxdblgrgvegqverxancvcltj5<br><br />\r\nip  175.214.47.146 <br />\r\n발신번호 010-5254-5944<br />\r\n문자발송 예제 : 번호별 다른내용 동시 전송용 - 1명~500명까지 가능<br />\r\ncurl_send_mass.html<br />\r\n카카오 및 다른 선택, allmessage<br />\r\nhttp://www.allmunja.com/?path=kakao', '250809-0028dQ.png', '1754699303'),
(126, 'kakao api message js ', 'https://www.youtube.com/watch?v=eMx60pHQJZk<br />\r\n네이버포스트<br />\r\nhttps://post.naver.com/tychebe<br />\r\n서버가동   사진 참조<br />\r\nhtdocs/util/kakao_js<br />\r\nhttps://developers.kakao.com/docs/latest/ko/message/js<br><br />\r\n친구 목록 가져오기<br />\r\n기본 템플릿으로 메시지 보내기<br />\r\nSDK <br />\r\n<a href=\"https://developers.kakao.com/sdk/js/kakao.js\">https://developers.kakao.com/sdk/js/kakao.js</a>', '250809-0233oE.png', '1754706805'),
(127, 'sms preview meta og graph', '화면은 1280 x 720인데 1240x720 같음<br />\r\nog:image를 http://형식으로 해야 함<br>', '250809-0035Un.png', '1754699728'),
(128, ' HLR lookup', '\"mcc\": \"450\",<br />\r\n\"mnc\": \"05\",<br />\r\n\"country_name\": \"South Korea\",<br />\r\n\"network_name\": \"SK Telecom Co. Ltd\",<br />\r\n<br />\r\n \"mcc\": \"450\",<br />\r\n \"mnc\": \"06\",<br />\r\n \"country_name\": \"South Korea\",<br />\r\n \"network_name\": \"LG Telecom\",', '2206040920j3.png', '1717460416'),
(129, 'indexedDB Web storage service worker localstorage cachestorage ', '<a href=\"https://developer.mozilla.org/en-US/docs/Learn/JavaScript/Client-side_web_APIs/Client-side_storage#offline_asset_storage\">indexedDB Web storage localstorage cachestorage </a>', '2306041141mR.png', '1717468917'),
(130, 'password hash password_veryfy ', '<a href=\"https://stackoverflow.com/questions/30279321/how-to-use-phps-password-hash-to-hash-and-verify-passwords\">https://stackoverflow.com/questions/30279321/how-to-use-phps-password-hash-to-hash-and-verify-passwords</a>', '250809-0152IC.png', '1754704347'),
(131, '신용카드결제  gate card innopay nicepay', '<a href=\"http://web.innopay.co.kr/guide/experience/\">http://web.innopay.co.kr/guide/experience/</a><br />\r\n<a href=\"https://start.nicepay.co.kr/homepage/service.do\">https://start.nicepay.co.kr/homepage/service.do</a><br />\r\n케이뱅크', '', '1717877701'),
(132, 'sms send or receive  php', '<a href=\"https://www.youtube.com/watch?v=fIMTCxlftwA&t=253s\">https://www.youtube.com/watch?v=fIMTCxlftwA&t=253s</a><br />\r\n<a href=\"https://sindhitutorials.com/videos/android-gsm-modem/send-receive-free-sms-php\">https://sindhitutorials.com/videos/android-gsm-modem/send-receive-free-sms-php</a>', '', '1702076382'),
(133, 'remote mysql server acess', '<a href=\"https://www.youtube.com/watch?v=PVo70d-BkUg\">https://www.youtube.com/watch?v=PVo70d-BkUg</a><br />\r\n<a href=\"https://blog.devart.com/remote-connection-to-mysql-server.htm\">blog.devart.com/remote-connection-to-mysql-server.htm</a>l<br />\r\n<a href=\"https://www.youtube.com/watch?v=ilXn3-xYPHM\">https://www.youtube.com/watch?v=ilXn3-xYPHM</a>', '2206041038ef.png', '1717465082'),
(134, 'typewriter w3', '<a href=\"https://www.youtube.com/watch?v=PuOGBacTYAY\">https://www.youtube.com/watch?v=PuOGBacTYAY</a>', '250809-0139CB.png', '1754703582'),
(135, 'vote poll xvote투표 회사 competitor', '<a href=\"https://www.xvote.co.kr/\">https://www.xvote.co.kr</a>', '250809-0141GT.png', '1754703676'),
(136, 'token vote', '<a href=\"https://medium.com/@austin_48503/personal-token-voting-73b44a598d8e\">https://medium.com/@austin_48503/personal-token-voting-73b44a598d8e</a><br />\r\n<br />\r\nQ. How to make personalised URL which allows a respondent to access a survey without needing to enter a username/password combination?<br />\r\nA personalised URL looks like this:<br />\r\n<br />\r\nhttps://accountname.onlinesurveys.ac.uk/surveyname?token=xxxxxxxx<br />\r\n<br />\r\n1.How to generate ID(or token) for personalized URL?<br />\r\n2.How to make URL link with above generated ID(token) inside?<br />\r\n3.How to send above URL to SNS ? to more than 1000 SNS address,,,<br />\r\nPHP, Mysql.', '250809-0143dO.png', '1754703824'),
(137, 'food reserve reservation', '<a href=\"https://www.youtube.com/watch?v=ljkkQ8P23m4&list=WL&index=2\" >$25 Shama Coder </a><br />\r\n<a href=\"https://www.youtube.com/watch?v=Ne7u6JNfGDU&t=9s\">std보다좋음Nowdemy</a><br />\r\n(중요참조)<a href=\"https://www.youtube.com/watch?v=zZhs0vsfFNA&t=8s\" >CampCode <b>database</b>만드는 restaurant homepage</a><br />\r\n<a href=\"https://www.youtube.com/watch?v=QCdh3XD5xiA&t=45s\">delivery 주문 처리</a><br />\r\n<a href=\" https://www.youtube.com/watch?v=Wwg-snqhekc \">3년전것 MAIN std, Techno Geek</a><br />\r\nDemo<br />\r\n<a href=\"http://poll.crabdance.com/food/food_order\">Client</a><br />\r\n<a href=\"http://poll.crabdance.com/food/food_order/managerlogin.php\">Admin</a><br />\r\n<a href=\"https://www.youtube.com/watch?v=abwLBZSlNCw\">E commerse 좋음</a>', '220604104203.png', '1717879422'),
(138, 'max id sql php', '<a href=\"https://www.youtube.com/watch?v=0F65aXclpWE\">Max Id sql php</a><br />\r\n<br />\r\nmysql> select MAX(Id or column name,,) AS Max_Id from `tablename`;', '250809-0135ug.png', '1754703326'),
(139, ' Minify speedup HTML', '<a href=\"https://php-minify.com/\">Minify 240931 完</a><br />\r\n<a href=\"https://minify.js.org/php/#/result\">php minify 좋은 듯하다</a><br />\r\n<a href=\"https://minify.js.org/\">minify set</a><br />\r\n<br />\r\n<a href=\"https://kangax.github.io/html-minifier/\">HTML Minify</a><br />\r\n<a href=\"https://howtogetonline.com/how-to-fix-a-slow-website.php\">9ways to improve web-site loading speed</a><br />\r\n<a href=\"https://www.geeksforgeeks.org/how-to-minify-html-code-of-php-page/\">Minify htmlcss</a><br />\r\n<br />\r\n<a href=\"https://wtools.io/php-minifier\">Php code minifier</a>', '', '1728257483'),
(140, 'class change onclick', 'var element = document.getElementById(\"class_change\");<br />\r\nelement.classList.add(\"on_top\");<br />\r\n<br />\r\n<br />\r\n', '250809-0137eL.png', '1754703441'),
(141, 'radio button data insert jquery checkbox확인 전', '<a href=\"https://www.webslesson.info/2016/06/php-jquery-ajax-insert-radio-button-value-on-click.html\">radio button data insert jquery</a><br />\r\n<a href=\"https://youtu.be/Phuh_gOWr-k\"> checkbox</a>', '2206040926bp.png', '1717880208'),
(142, 'id auto increment withour primary key ', '<a href=\"https://stackoverflow.com/questions/51491377/postgresql-create-an-auto-increment-column-for-non-primary-key\">id auto incrememt without primary key</a>', '250809-0138HC.png', '1754703506'),
(143, ' html character entities special chracter', '<a href=\"https://www.w3schools.com/html/html_entities.asp\">w3 link </a><br />\r\n<a href=\"https://www.html.am/reference/html-special-characters.cfm\">다른 링크</a>', '24060411580Q.png', '1717469924'),
(144, 'table multiple data in one column', '', '2206040928ys.png', '1717460921'),
(145, 'color grade htmlcolor', '<a href=\"https://www.w3schools.com/colors/colors_picker.asp\"> Color Picker HTML</a><br />\r\nPrimary #3B71CA  Success #14A44D <br />\r\nDanger #DC4C64 Warning #E4A11B <br />\r\nbox-shadow: 2.5px 2.5px #b3b3b3; ', '250809-0012it.jpg', '1754698354'),
(146, ' HTML simbol mark ', '<a href=\"https://www.toptal.com/designers/htmlarrows/symbols/\">HTML simbol Mark</a>', '', '1668501036'),
(147, 'screen window close open  fetch data repeat', '<a href=\"https://www.javatpoint.com/oprweb/test.jsp?filename=javascript-window-close-method1\"> wondow close open</a>', '2206040929Vt.png', '1717460977'),
(148, 'Scheduled task periodic repeat 비동기가 아님', 'function exp(){<br />\r\n//do something<br />\r\n}<br />\r\nwhile(true){<br />\r\nexp();<br />\r\nsleep(5);<br />\r\n}', '2206040936mj.png', '1717461379'),
(149, '소수 Prime number', '<a href=\"https://www.math-salamanders.com/prime-numbers-chart.html\">소수 Prime Number</a>', '2206040931A3.png', '1717461086'),
(150, 'session arrasy ', '<A href=\"https://www.plus2net.com/php_tutorial/array-session.php\">Session array insert read</a>', '250809-0244mJ.png', '1754707449'),
(151, 'async repeat php ', '<A href=\"https://github.com/spatie/async\"> Async Repeat Php</a>', '2206040930Gc.png', '1717461024'),
(152, 'time date php ', '      $t11=time();<br />\r\n      echo $t11; <br />\r\n      echo(date(\"Y-m-d-H:i:s\",$t11));// 2022-11-16-16:32:01    /korea time<br />\r\n      echo(date(\"Hi\",$t11));// 1632  ', '', '1668910914'),
(153, 'refresh screen display NOT for other page Php JS', '<a href=\"https://stackoverflow.com/questions/12383371/refresh-a-page-using-php\">Refresh screen</a><br />\r\nJS<br />\r\nlocation.reload()<br />\r\nwindow.location.reload()', '2206040932aq.png', '1717879712'),
(154, 'real time display database', '<a href=\"https://www.youtube.com/watch?v=dMoLQDudqI0\">real time display database</a><br />\r\n<br />\r\n<a href=\"https://drive.google.com/drive/folders/1J0jK28Zw2gymLQgdPDQjsB0NDfkNIa1g\">Php code</a>', '250809-0146S8.png', '1754703979'),
(155, 'mysql trigger  before delete backup', 'delete backup<br />\r\nDROP TRIGGER IF EXIST  before_salaries_delete;<br />\r\nDELIMITER $$<br />\r\nCREATE TRIGGER before_salaries_delete<br />\r\nBEFORE DELETE<br />\r\nON salaries FOR EACH ROW<br />\r\nBEGIN<br />\r\n    INSERT INTO SalaryArchives(employeeNumber,validFrom,amount)<br />\r\n    VALUES(OLD.employeeNumber,OLD.validFrom,OLD.amount);<br />\r\nEND$$<br />\r\nDELIMITER ;<br />\r\n<a href=\"https://www.youtube.com/watch?v=gy6LY0Xy2zU\">Youtube설명</a><br />\r\n<a href=\"https://www.mysqltutorial.org/mysql-triggers/mysql-before-delete-trigger/\"> google설명</a>', '250809-0025OP.png', '1754699120'),
(156, '2 multi  form submit by 1 button submit', '', '250809-0221Y4.png', '1754706082'),
(157, 'Sound effect  alarm audio', 'html5 audio => image<br><br />\r\n<a href=\"https://marcgg.com/blog/2016/11/01/javascript-audio/\">Sounf effect JS</a><br><br />\r\n', '250809-0147dX.png', '1754704070'),
(158, 'https pi4', '<a href=\"https://youtu.be/SO11Og_WgSs\">\"이것으로 했음!!\"11 months ago looks better</a><br />\r\n<a href=\"https://youtu.be/A3u84MWh02o\">1 month </a><br />\r\n<a href=\"https://youtu.be/WPPBO-QpiJ0\">나중에linix</a><br />\r\n<a href=\"https://pimylifeup.com/raspberry-pi-ssl-lets-encrypt/\">\"CA\"Raspberry Pi SSL Certificates using Let’s Encrypt</a><br />\r\n<a href=\"https://linuxfun.org/en/2020/11/28/raspberry-pi-4-https-en/\">\"CA\"How to enable HTTPS on Raspberry Pi 4</a><br />\r\n<br><a href=\"https://peppe8o.com/self-signed-certificate-https-in-raspberry-pi-with-apache/\">\"Self Signed Certificate\" (https) in Raspberry PI with Apache</a><br />\r\n<A href=\"https://variax.wordpress.com/2017/03/18/adding-https-to-the-raspberry-pi-apache-web-server/comment-page-1/\">\"self signed\"How to Enable HTTPS on the Raspberry Pi Apache Web Server</a>', '2206040939pl.png', '1717461658'),
(159, 'Domain name to raspberry pi web server', '<A href=\"http://unixetc.co.uk/2017/06/04/using-a-domain-name-with-a-raspberry-pi-web-server/\">Using a Domain Name with a Raspberry Pi Web Server</a>', '250809-0148uH.png', '1754704134');
INSERT INTO `task` (`id`, `title`, `description`, `file_name`, `created_at`) VALUES
(160, 'Apache restart error ', ' /etc/apache2/sites-enabled/iconcert.conf<br />\r\n화일 체크<br />\r\n<b style=\"color:red;\">주의</b><br>사진의 $sudo apt-get install apache2 를 사용 말고<br />\r\nsystemctl restart apache2 를 해야 한다', '250809-00291O.png', '1754699354'),
(161, 'monitor pc  screen display', '<a href=\"https://www.samsung.com/sec/monitors/high-resolution-ls27b614eqkxkr-d2c/LS27B614EQKXKR/<br />\r\n\">SS 2560x1440 LS27B610EQKXKR</a><br />\r\nQHD 68.4cm<br />\r\npc_cpu -Intel(R) Core(TM) i3-9100 CPU @ 3.60GHz   <br />\r\nDESKTOP-43GV0JL -> DESKTOP_asusi3_9100', '250809-00378p.png', '1754699871'),
(162, 'Sum of multiple value columns in MySQL table GROUP BY , IN CASE ', '<a href=\"https://youtu.be/QTmEfTUkhXk\">Sum of values of columns in MySQL table with GROUP BY , IN and CASE</a>', '', '1670820790'),
(163, 'Position CSS', '', '220604104829.png', '1717465734'),
(164, 'memo** yuanta us dollar 환 oil', 'backup=><br />\r\nxampp<br />\r\nlistisks0426 listdks0426bak  task    html  sql <br />\r\ncafe24 260627까지.<br />\r\n22.1.13.  매도12/1187/12r<br />\r\n22.2.17. 매도2/1198/14r<br />\r\n22.3.14. 매도1/1232/15r<br />\r\n<span style=\"color:red;\">23.2.2~  매수2/1221/   15r</span><br />\r\n23.0213 매도1 /1267.00/16r<br />\r\n23.08.22 매도 1339 /total17<br>', '250809-0026Hu.png', '1754699182'),
(165, 'iphone ipad 화일 저장', '<a href=\"https://info.singident.com/41\">iphone 다운로드 화일 폴더</a>', '', '1673738360'),
(166, 'database table data to array', '<a href=\"https://www.youtube.com/watch?v=gnkI7hIC2RU\">nserting database results into array in PHP</a>', '2206040942gs.png', '1717461746'),
(167, 'bootstrap color', '', '250809-0149BE.png', '1754704172'),
(168, 'text to image', '<a href=\"https://code-boxx.com/convert-text-image-php/#sec-text\">text to image</a><br />\r\n<br>file stored at  todo/files - 22-1224-00 php-txt-img', '2206040944rM.png', '1717461854'),
(169, 'php.ini qusrud config text to image', 'sudo nano /etc/php/7.3/apache2/php.ini<br />\r\ncntl + w  해서  extension=gd2   앞 : 삭제 & 저장<br />\r\n2022.12.24 실행함<br />\r\n<a href=\"https://www.youtube.com/watch?v=OYvbChaFhWk\">Create Simple Image using PHP</a>', '', '1717879634'),
(170, 'trim  instruction code', 'sprintf(\"%02d\", $table_nr\")  3 -> 03<br />\r\nltrim($old_table_nr,\"0\")  03 -> 3', NULL, '1702085990'),
(171, 'pptp 외부 연결 client remote', '<a href=\"https://www.youtube.com/watch?v=OiBuX_y4NvA\">How to Setup PPTP VPN Client PC on Windows 10. <br>175.214.47.146</a>', '250809-0117jq.jpeg', '1754702265'),
(172, 'change default filename screenshot greenshot', '<a href=\"https://getgreenshot.org/downloads\">Greenshot for Windows </a><br />\r\n<a href=\"https://www.youtube.com/watch?v=IY7otW3HLLI\">설명</a><br />\r\n', '', '1717877034'),
(173, 'multi step form', '<a href=\"https://www.youtube.com/watch?v=T76bbMVMX6M&t=2s\">multi page  Form (Multi-Step)</a>\r\n<br>\r\n<a href=\"https://www.youtube.com/watch?v=wL9YzgA13c4&t=9\">Responsive Registration  multipage Form</a>', '', '1672043322'),
(174, 'Chat with file attach PHP with MySQL', '<a href=\"https://www.youtube.com/watch?v=vKqL5OM6kIk&list=PLY3j36HMSHNWdM1oRHmFIOLxneqSZ6byi\">Chat with file send</a><br />\r\n<a href=\"https://youtu.be/e32p4M2Rf48<br />\r\n\">Final Product</a><br />\r\n<a href=\"https://www.youtube.com/watch?v=VnvzxGWiK54\">Chat Application using PHP </a><br />\r\n', '250809-0036kB.png', '1754699809'),
(175, 'sony WH-H910N headphone pairing transmitter', '<a href=\"https://helpguide.sony.net/mdr/whh910n/v1/ko/index.html\">sony WH-H910N headphone</a><br />\r\n<a href=\"https://fccid.io/SJ9-BT-WTM01/User-Manual/Users-Manual-1386357\">dongle tansmitter</a>', '22060410522G.png', '1717465930'),
(176, 'VS Code keyboard', 'shift+!   enter   -> html form', '', '1672458759'),
(177, 'Rocket chat', 'kskang2@gmail.com / kang5945 <br />\r\n<a href=\"https://youtu.be/WFupklhsSKc?si=wUD5XlqAFVj9uG0X\">How to install Rocketchat Server on Linux</a><br />\r\n<a href=\"https://youtu.be/qRVzi-8YfmU?si=kVOcAXdkJLVC42cB\">Rocket.Chat - Install and Configure RocketChat Server latest version on Ubuntu </a><br />\r\n<a href=\"https://www.youtube.com/watch?v=PBLo1iJVgww&list=PLYf4Vz9V1ESrjjEfXna9IfYapU4fHgj8f&index=3\">사용법 22개</a><br />\r\n<a href=\"https://iconcert.kr/chat/mychat\">Chat/mychat </a><br />\r\n word-break: break-all;<br />\r\nline-break: anywhere;<br />\r\n<a href=\"https://opensource.com/article/20/3/raspberry-pi-rocketchat\">Build Raspberry Pi and Rocket.Chat</a><br />\r\n<a href=\"https://www.youtube.com/watch?v=Oc20kFZ78zo\">Chat Server using Raspberry Pi 3 | Rocket.Chat*</a>', '2306041134FD.png', '1720387204'),
(178, 'table database read oop', 'read table by oop -> image', '250809-0220Gs.png', '1754706016'),
(179, 'preg-match preg_replace sanitize', '사진 참조<br />\r\n  한글패턴 : x{1100}-x{11FF}x{3130}-x{318F}x{AC00}-x{D7AF}', '22060410549R.png', '1717467947'),
(180, ' Local sorage with Javacript Browser storage', '<a href=\"https://www.youtube.com/watch?v=T9GWHFDcELQ\"> Local Storage with JavaScript, Browser storage</a>', '', '1673688843'),
(181, 'pc cleaner pc speedup', '\"pc cleaner\" pc speedup software', '', '1673685909'),
(182, 'color contrast change ', '<a href=\"https://konvajs.org/docs/filters/Contrast.html\">color contrast change</a><br><br />\r\n<a href=\"https://www.youtube.com/watch?v=B3_FfR7v5W4\">contrast feature vs background</a>', '250809-012295.png', '1754702559'),
(183, 'word wrap word break line break', ' word-break: break-all;<br><br />\r\nline-break: anywhere;', '250809-0121xK.png', '1754702477'),
(184, 'chosun 조선일보 신문', '<a href=\"https://archive.chosun.com/pdf/i_service/index_s.jsp\">조선일보 신문</a>', '', '1674692335'),
(185, 'url in textarea clickable detect links in textarea ', '<a href=\"https://stackoverflow.com/questions/32784291/recognize-url-in-textarea-tag-and-make-it-clickable\">url in textarea tag and make it clickable</a><br />\r\n<a href=\"https://stackoverflow.com/questions/59422484/detect-links-in-textarea-and-input\">Detect links in textarea and input</a>', '', '1694135745'),
(186, 'Happy Hacking Keyboard PFU ', '<a href=\"https://www.pfu.ricoh.com/direct/hhkb/hhkb-option/\">Happy Hacking Keyboard PFU</a><br />\r\n<a href=\"https://yushakobo.jp/keycap-laser-marking/\">キーボードレーザー刻印サービス</a><br />\r\n<a href=\"https://tv.naver.com/v/15382432\">국내 키보드 인쇄</a><br />\r\n<a href=\"https://www.intrix.co.kr/goods/goods_view.php?goodsNo=1000002983\">레이저 각인(사진)</a>', '2306041128RP.png', '1717489394'),
(187, ' network storage cloud pi4 raspberry', '<a href=\"https://youtu.be/CSBzQcxR5rA?feature=shared\">Nas Windows11</a>', '', '1719525729'),
(188, 'mysql backup database', '<a href=\"https://www.youtube.com/watch?v=lo30JnlRVEU\">Database Backup mysqldump- pi4</a><br />\r\n<a href=\"https://www.youtube.com/watch?v=oUKJUoCAKa4\">php backup by task scheduler*</a>', '250809-00215Y.png', '1754698870'),
(189, 'Azure 에저 cloud', '<a href=\"https://www.youtube.com/watch?v=jToJS92-Kps\">Azure 에저 cloud</a>', '', '1675034888'),
(190, '영화movievideo', '할복<br />\r\n무사 노보우<br />\r\n카게무사<br />\r\n숨겨진검 오니노츠메<br />\r\n무사의 체통<br />\r\n<a href=\"https://youtube.com/watch?v=9yNjoVaMIDs&feature=share\">황혼의 사무라이</a>', '', '1675397369'),
(191, '  MS PC Manager PC Cleaner', '<a href=\"https://pcmanager-en.microsoft.com/\">MS PC Manager메니저</a>', '', '1675403628'),
(192, 'github lab', '<a href=\"https://github.com\">git hub</a><br />\r\n<a href=\"https://gitlab.com\">git lab</a>\r\n\r\n<br>\r\nSourcetree<br>\r\nGitflow<br>', '', '1676521236'),
(193, 'Japan Tour Sunrise', '<a href=\"https://www.sunrise-tours.jp/en/\">Sunrise Tours</a>\r\n<br><a href=\"https://www.japan.travel/ko/kr/\">Japan Endless Discovery</a>\r\n<br><a href=\"https://www.viator.com/Tokyo/d334-ttd\">가이드 Tour</a>\r\n<br><a href=\"https://www.japan.travel/ko/kr/\">일본 관광 안내</a>', '', '1676012102'),
(194, 'git github gitlab', '0110. GitHub,  kskang2@gmail.com,  kang5945$$,<br />\r\nuser.name=DESKTOP-43GV0JLkskan<br />\r\nuser.email=kskang2@gmail.com<br />\r\n', '250809-0033tc.png', '1754699582'),
(195, 'WinSCP   remote  pptp ', 'vote.chickenkiller.com<br />\r\nport #  <b style=\"color:red;\">9022</b><br />\r\nPPTP 안 되서(도서관) 이것으로 함<br />\r\nPUTTY 사용 가능', '2406041159eD.png', '1717469966'),
(197, 'business card name 명함 by GoogleDoc MSword', '<a href=\"https://thegoodocs.com/business-card-templates/minimal-church-business-card.php\">church template google</a><br />\r\n<a href=\"https://thegoodocs.com/freebies/business-card-templates/\">free template</a><br />\r\n<a href=\"https://www.indeed.com/career-advice/career-development/how-to-make-business-cards-on-google-docs\">명함 Google Doc인쇄</a><br />\r\n<a href=\"https://www.wps.com/academy/how-to-print-business-cards-in-word-quick-tutorials-1863449/\">명함 word 인쇄 MSword</a>', '250809-0042R6.png', '1754700158'),
(198, 'search register 검색등록 Cafe24Naver & Google', '<a href=\"https://youtu.be/vWt3KajoHIU?t=1050\">search register 검색등록 Cafe24와 Naver & Goog;e</a>', '', '1682761279'),
(199, 'favicon ', '<a href=\"https://www.favicon.cc\">favicon .CC</a>', '250809-0238zt.png', '1754707118'),
(200, 'Audio record Audacity online recording', '<a href=\"https://www.youtube.com/watch?v=yzJ2VyYkmaA&t=54s\">Audacity Audio record</a>', '', '1683619536'),
(201, '오디오 자르기  Audio cut  Audacity', 'Use \"Audacity\"<br>\r\n<a href=\"https://www.youtube.com/watch?v=IvrSRM_jejs\">mp3cut.net</a><br>\r\n\r\n<a href=\"https://www.youtube.com/watch?v=IvrSRM_jejs\">네이버 오디오 자르기 mp3cut.net</a><br>\r\n\r\nWavePad사운드편집기 software 사용했음', '', '1685147551'),
(202, 'Share native share 공유', '<a href=\"https://www.youtube.com/watch?v=MjB1Nyx6hns\"></a>How to Use The Native JavaScript Share API', '', '1683946670'),
(203, 'Band OG graph 변경 밴드 Band cache', '<a href=\"https://up.band.us/snippet/view\">Band OG graph 변경 밴드</a>', '', '1684478127'),
(204, '사진 기울기 원근 ', '<a href=\" https://alto3.tistory.com/entry/%EA%B8%B0%EC%9A%B8%EC%96%B4%EC%A7%84%EC%82%AC%EC%A7%84-%EB%B3%B4%EC%A0%95%ED%95%98%EA%B8%B0-%EC%9B%90%EA%B7%BC%EC%9E%90%EB%A5%B4%EA%B8%B0-%EC%88%98%ED%8F%89%EB%A7%9E%EC%B6%94%EA%B8%B0\">  photoscape x</a>', '', '1684914630'),
(205, 'video editor -Bandicut', '<a href=\"https://www.bandicam.com/bandicut-video-cutter/ing/\">Video editor cutter -Bandicut</a>', '2306041131at.JPG', '1717468274'),
(206, 'typewriter', '<a href=\"https://css-tricks.com/snippets/css/typewriter-effect/\">typwwriter</a>', '', '1685358804'),
(207, 'flexbox css', 'flexbox css', '2306041131nh.png', '1717468313'),
(208, 'Video convertert 동영상 용량', '<a href=\"https://video-converter.com\">Video convertert</a><br>\r\nWondershare UniConverter <br>\r\n1. 비디오프레소(Videopresso) <br>\r\n2. 비디오스몰러 (VideoSmaller) <br>\r\n3. 클리디오(Clideo) <br>\r\n4. 클립챔프(ClipChamp) <br>\r\n5. Media.io<br>\r\n<A href=\"https://uniconverter.wondershare.kr/compress/top5-free-video-compress-sites.html\">여러가지 설명들 </a>', '', '1686476246'),
(209, 'youtube to mp4 Screen MP$ recording', '<a href=\"https://en.savefrom.net/391GA/\">youtube to mp4</a><br>\r\n<a href=\"https://www.nchsoftware.com/capture/index.html?kw=record%20video%20from%20screen&gclid=EAIaIQobChMI1IS2mZjC_wIVH28PAh0zJw-lEAAYASABEgLmnvD_BwE\">Screen MP$ recording </a><br>\r\n<a href=\"https://www.nchsoftware.com/capture/index.html\">(참조)DebutVideoCaptureSoftwareFree</a>', '', '1686859565'),
(210, 'upload size file size. 32bit version', '<b>sudo nano/etc/php/7.3/apache2/php.ini (7,3->8.2)</b><br />\r\nmax_excecution_time=90(? option)<br />\r\nmax_input_time=180(? option)<br />\r\nmemory_limit<br />\r\nmax_upload_filesize <br />\r\npost_max_size 조정<br />\r\n<br />\r\ncntl+X<br />\r\nsudo service apache2 restart', '2306041146AD.png', '1718395771'),
(211, 'filesize reduce imagick install on php', '<a href=\"https://www.geeksforgeeks.org/how-to-install-imagick-for-php-in-linux/\">https://www.geeksforgeeks.org/how-to-install-imagick-for-php-in-linux/</a><br />\r\n<a href=\"https://youtu.be/rnWzN3eKNTw?si=--H8peKXzi-nEGMy\">***How to Install Imagick Extension in PHP-youtube</a>', '', '1717885099'),
(212, 'hhkb 한자 keyboard setting remapper', '오른쪽  win key와  Alt key는 바뀌어 될 수도 있음<br />\r\n<a href=\"https://learn.microsoft.com/en-us/windows/powertoys/keyboard-manager\"><br />\r\nMicrosoft의 power toy라는 Keyboard Remapper</a><br />\r\n', '2306041133c4.png', '1717876935'),
(213, 'markdown 사용법', '<a href=\"https://heropy.blog/2017/09/30/markdown/\">Markdown 사용법</a>', NULL, '1702085963'),
(214, 'http to https iconcert install https.Old', '<a href=\"https://duotone.co.kr/entry/PHP-%EC%A0%91%EC%86%8D%EC%A3%BC%EC%86%8C%EB%A5%BC-HTTP%EC%97%90%EC%84%9C-HTTPS%EB%A1%9C-%EA%B0%95%EC%A0%9C-%ED%8F%AC%EC%9B%8C%EB%94%A9%ED%95%98%EA%B8%B0\">https로 redirect</a><br><br />\r\n<a href=\"https://www.youtube.com/watch?v=SO11Og_WgSs&t=1s\"> 이것으로 했음http to https redirect Lets Encrypt SSL cert iconcert renew</a><br />\r\n2406261158dI.png<br />\r\n<a href= \"images2/2406261158dI.png\"><img class=\"max-height70\"src=\"images2/2406261158dI.png\" width=\"40%\" height=\"auto\"></a><br>http to https putty사진<br />\r\n<a href=\"https://youtu.be/A3u84MWh02o?si=lbpyEkQ-0orsra66\">여러 웹,,,Multi Web</a><br />\r\n<a href=\"https://youtu.be/ZC37q766k6E?si=EderBOEfrnhlBRMi\">검토 가치 있음<a><br />\r\n<a href=\"https://youtu.be/Xah-BtVfHac?si=Wag8NNLnhqELnRuz\">https NGINEX</a><br />\r\n<a href=\"https://youtu.be/CcLL8hx3n0M?si=2WOyWYXGtPX99ygV\">NGINX자동 갱신</a><br />\r\nsudo apt-get install iptables #ref<br />\r\nsystemctl staus apache2   #status -> stop  start<br />\r\n', '250809-0015P1.png', '1754698529'),
(215, 'cafe24 iconcert http to https 보조 사진', '  IP: 175.214.47.146. cafe24.iconcert.kr,  cafe24-id kskang2 ,  kang5945,  -  , 기계 기술, 24.6.27만기 kskang2@gmail등록 web domain hosting<br />\r\n<br>22.6.27 Buying', '2306041141Qv.png', '1717468862'),
(216, 'Puffin pi install', 'sudo apt update && sudo apt install wget -y && wget -q https://raw.githubusercontent.com/&#13ZhymabekRoman/<br />\r\nPuffin-Browser-on-Linux/main/puffin-internet-terminal.gpg -O- | sudo apt-key add - && sudo wget https://raw.githubusercontent.com/<br />\r\nZhymabekRoman/Puffin-Browser-on-Linux/main/puffin-internet-terminal.list -O /etc/apt/sources.list.d/puffin-internet-terminal.list && sudo apt update && sudo apt install puffin-internet-terminal -y', '', '1717420623'),
(217, 'ip fix ipsetting 1/2  fixed ip 2024.8', '<a href=\"https://www.tomshardware.com/how-to/static-ip-raspberry-pi\">ip fix setting</a><br />\r\n<a href=\"https://raspberrytips.com/set-static-ip-address-raspberry-pi/\">CMD rpi 용</a><br />\r\n<br />\r\nip r<br />\r\nhostname -I  #i대문자i  p<br />\r\nip r | grep default #router ip<br />\r\ngrep \"namesever\" /etc/resolv.conf #domain name server<br />\r\nor<br />\r\n<b>sudo nano /etc/resolv.conf<br />\r\n<br />\r\nsudo apt autoremove dhcpcd5<br />\r\nsudo apt install dhcpcd5<br />\r\nnano /etc/dhcpcd.conf<br />\r\nand edit ip as photo<br />\r\n<br />\r\nsudo shutdown -r now<br />\r\neth0 (Ethernet) or wlan0 (wireless)<br />\r\n<br />\r\nrPi용<br />\r\nsudo nmtui<br />\r\n<a href=\"https://iconcert.kr/todo/images2/231223.png\">Pi용 관련 사진 -fixed ip</a></b><br />\r\nsudo nano /etc/dhcpcd.conf (for ip address) #ref <br />\r\nsudo apt-get install dhcpcd #ref ip address change<br />\r\n<a href=\"https://itslinuxfoss.com/set-up-static-ip-address-debian-12-linux/\">Debian static ip</a>', '2406041154Yj.png', '1731110272'),
(218, 'raspberry pi OS install LAMP Php mysql phpmyadmin**', '<a href=\"https://youtu.be/OBbTkBy2blI?si=_kYlcHlwuJrPTX_H\">raspberry pi OS install </a><br />\r\n<br />\r\n*start*<br />\r\nsudo apt-get update<br />\r\nsudo apt-get upgrade<br />\r\nsudo apt-get install apache2 -y<br />\r\nsudo apt install libapache2-mod-php<br />\r\ncd /var/www<br />\r\nsudo chown pi: html<br />\r\nsudo /etc/init.d/apache2 restart<br />\r\nsudo apt install mariadb-server php-mysql  -y<br />\r\n....<br />\r\nsudo mysql (-uroot -praspberry)<br />\r\n사진의  CREAT  &  GRANT 절차후 exit;<br />\r\nDB exit할 것<br />\r\n<br />\r\ncd / 로 갈 것<br />\r\n<br />\r\nsudo apt-get install phpmyadmin<br />\r\n선택 apache2 와  Yes.<br />\r\nsudo nano /etc/apache2/apache2.conf  (last-line  <b> include  /etc/phpmyadmin/apache.conf</b>)<br />\r\nsudo /etc/init.d/apache2 restart<br />\r\nsudo reboot<br />\r\n<br />\r\nsudo nano /etc/php/8.2/apache2/<b>php.ini  ( \"7.3=>8.2)</b> \" <br />\r\nMemory_limit, <br />\r\npost_max_size 64M,  <br />\r\nupload_max_filesize 61M)<br />\r\nsudo /etc/init.d/apache2 restart<br />\r\nsudo reboot   (not must)<br />\r\n<br />\r\nMariadb admin => root-password변경 (phpmyadmin에서 최초login시 initial id pw/    admin raspberry)<br />\r\n<b style=\"color:red;\">sudo raspi-config</b><br />\r\n<br>Other with WordPress<br><a href=\"https://youtu.be/14j_N7ub9UM?si=CMapRufLIzXHHUzU\">Other WordPress</a><br />\r\n', '250808-21418R.png', '1754689274'),
(219, 'mysql id change admin to root', '<a href=\"https://yooloo.tistory.com/126\">mysql mariadb username change</a>', '250809-0118c6.png', '1754702339'),
(220, 'Downgrade PHP8.1 to PHP8.0 or PHP7.4 on Ubuntu 22.04', '<a href=\"https://blog.devops.dev/downgrade-php8-1-to-php8-0-or-php7-4-on-ubuntu-22-04-2fab4a6a3be3\">Downgrade PHP8.1 toPHP7.4 </a>', NULL, '1698131762'),
(221, 'chmod chown write permission', '', '250809-01165U.png', '1754702206'),
(222, 'XAMPP mysql password', '<a href=\"https://www.youtube.com/watch?v=_d9fekEqiis\">XAMPP mysql password</a><br />\r\nAdmin화면에서 password 바꾼다음에 <br />\r\nxampp/phpmyadmin/config.inc.php 에 패스워드 입력', NULL, '1698283678'),
(223, 'XAMPP mysql password error  아래 3개', '<a href=\"https://youtu.be/qh7GkI4D93Y?si=qTvyWvzd8deZh42i\">update mysql</a><br />\r\n+ xampp/phpMyAdmin/config.inc.php의 password조정<br />\r\n<a href=\"https://youtu.be/ZSMRmvIUhdE?si=hZnyzxmKTF8j7_Ra\">error remove?</a><br />\r\n<a href=\"https://youtu.be/qh7GkI4D93Y?si=qTvyWvzd8deZh42i\">update mysql</a><br />\r\n', '', '1717980391'),
(224, 'reCAPTCHA install xampp', '<a href=\"https://www.google.com/recaptcha/admin/create\">reCAPTCHA Create</a><br />\r\n사진에 나타난 4개 화일에 + validateContactInput.php<br />\r\nemail username password <br />\r\nreCAPTCHA secret key  siteKEy 입력', '230604113746.png', '1717877887'),
(225, 'PHPMailer  email ', '<a href=\"https://youtu.be/xnPfVCQavrI?si=3soq9g8iSeJBdKbs\">PHPMailer  email </a><br />\r\ngoogle에 App 비밀번호 따야 함<br />\r\n현재  oysq bian emow ejxn  띠지말고<br />\r\nhtdocs 밑의 dir를 digitalvote1에 등록 해야 함-reCAPTCHA.<br />\r\nemail_cake  /  zjjx jcwi ptlo szjv<br />\r\n<a href=\"https://youtu.be/YpuFM0SruA4?si=9cHSTi2FELYx3VA4&t=550\">사용 얘 9:10 ~ 15:00 </a><br />\r\n<a href=\"https://www.google.com/recaptcha/admin/create\">Recaptcha생성</a>', '2306041139sE.png', '1717877409'),
(226, 'partition ssd', '<a href=\"https://www.partitionwizard.com/resizepartition/samsung-portable-ssd.html\">Partition SSD</a>', '2306041137sD.png', '1717468650'),
(227, 'patition ssd  minitool partition wizard', '<a href=\"https://youtu.be/TDAXvOoNWQI?si=kPKBCaRtIwk1FS89\">SSD Partition</a><br />\r\n<a href=\"https://youtu.be/As1w_S68DDA?si=e4SpHpFwq9VOD0h8\">SSD Partition2</a>', NULL, '1702098286'),
(228, 'phpmailer  composer 사진  pi-240', 'phpmailer composer 사진 pi-240<br />\r\ninstall 2023.11.8', '2306041137iQ.png', '1717468679'),
(229, 'PHPMailer COMPOSER install', 'Working Directory (ex: cakeshop에서)<br />\r\ncomposer require phpmailer/phpmailer  한 후<br />\r\n아래 code 붙인다<br />\r\nuse PHPMailerPHPMailerPHPMailer;<br />\r\nuse PHPMailerPHPMailerSMTP;<br />\r\nuse PHPMailerPHPmailerException;<br />\r\nrequire vendorautoload.php <=사진참조', '250809-0114At.png', '1754702072'),
(230, 'video looper delete', 'videolooper delete<br />\r\n/boot/video_looper.ini와<br />\r\n.video_looper.ini.swp를 삭제한다', '250809-01132E.png', '1754701982'),
(231, 'voice conference php tour guide', '<a href=\"https://www.youtube.com/watch?v=96nTH-uOFhQ\">voice conference php tour guide</a><br />\r\n<a href=https://www.zegocloud.com/product/voice-call\" \">Zegocloud Voice call</a>', NULL, '1702085972'),
(232, 'Boot NVMe m.2 SSD pi5', '<a href=\"https://youtu.be/EXWu4SUsaY8?si=In0yn_pAjVh3Y_q-\">Boot NVMe m.2 SSD pi5</a>', '2306041139lS.png', '1717468799'),
(233, 'filezilla 550 permission denied', '<a href=\"https://youtu.be/XhuQsCbXKAI?si=J7lf28V9qGjl-7Nk\">550 permission denied</a><br />\r\nsudo chmod -R 777 /var/www/html', '250809-01062S.png', '1754701582'),
(234, 'ini_set php.ini', '<a href=\"https://www.tutorialspoint.com/how-to-increase-file-upload-size-in-php\">ini_set</a>', '250809-0109FL.png', '1754701794'),
(235, 'Fan control pi temperature control  more than 60  100 c', '<a href=\"https://www.youtube.com/watch?v=0jFWbNrWhN8\">Fan control pi4 temperature control</a><br />\r\n<br />\r\nsudo apt-get update<br />\r\nsudo apt-get upgrade<br />\r\nsudo raspi-config <br />\r\n(performance option ->fan-> <br />\r\nip port =>26 temp =>60<br />\r\nsudo python cpurunner.py<br />\r\n<br />\r\n온도 화일 안 열린다고 나오면,,,<br />\r\n46 - 49C  change to  50 - 55<br />\r\nsudo mknod /dev/vcio c 100 0<br />\r\n<span style=\"color:red;\">sudo chmod 777 /dev/vcio</span><br />\r\nwatch -n 3 vcgencmd measure_temp<br />\r\nsudo vcgencmd measure_temp  파이5<br />\r\nsudo chmod 777 /dev/vcio  속성', '250809-0047Pl.png', '1754700426'),
(236, 'NVME SSD pi5 hat', '<a href=\"https://www.youtube.com/watch?v=EXWu4SUsaY8\">NVME SSD pi5 hat</a><br />\r\n<a href=\"https://www.jeffgeerling.com/blog/2023/nvme-ssd-boot-raspberry-pi-5\">설명</a>', '2306041142F6.png', '1717468947'),
(237, 'putty root password change', 'sudo passwd root<br />\r\n<a href=\"https://linuxhint.com/change-root-password-raspberry-pi/\">root password change</a><br />\r\n<br />\r\n2nd...Method<br />\r\nMonitor 동시화면 에서<br />\r\nlogin ID root<br />\r\nPW raspberry#<br />\r\nsudo raspi-config', '250809-0107o2.png', '1754701649'),
(238, 'ip fix no dhcpcd.conf ipsetting 2/2 fixed ip  oldxx', '사진 참조<br />\r\nsudo apt install dhcpcd5<br />\r\nsudo nano /etc/dhcpcd.conf', '2406041154eN.png', '1731110382'),
(239, 'pi5 한글 입출력 monitor  Pi Apps', '<a href=\"https://youtu.be/xaJzQZnLaoI?si=0V-b3WXbreVm02Xo&t=795\">pi5 한글monitor</a>', '', '1718589193'),
(240, 'windows 복사 to SSD', ' using terabyte for  windows<br />\r\n<a href=\"https://youtu.be/qE69P_RCnxQ?si=H_Std4b5KKy9wehE\">windows 복사 to SSD</a>', NULL, '1702457048'),
(241, 'HDD check scan disk check', '<a href=\"https://www.alphr.com/fix-hard-drives-chkdsk-windows-10/\">HDD check scan</a><br />\r\nOr<br />\r\n@explorer Properties=> tools => check', '2306041144Iz.png', '1717469040'),
(242, 'winscp filezilla alternative', '<a href=\"https://youtu.be/47pd5kPCEW8?si=AbxUWcSzaKEyl5Rb\">winscp(port 9022 사용)<br />\r\n filezilla alternative</a><br />\r\nMobaxTerm  화일 이동과 SSH client<br />\r\n', '2406041159G5.png', '1717469944'),
(243, 'CKEDITOR', '<a href=\"https://youtu.be/ZvH_TkRulDY?si=htUiMICFrS48Fdag\">CKEDITOR4 설명</a><br />\r\nimage<br />\r\n                        ', '2306041144Lx.png', '1717877679'),
(244, 'SD card speed test', '@Monitor<br />\r\nsudo apt update<br />\r\nsudo apt install agnostics -y<br />\r\n<br />\r\n@Commad Line<br />\r\nWrite Test<br />\r\n$ dd if=/dev/zero of=./TestingFile bs=100M count=10 oflag=direct<br />\r\nRead Test<br />\r\n$ dd if=./TestingFile of=/dev/zero bs=100M count=10 oflag=dsync', '', '1702851285'),
(245, 'ip scanner not working', '<a href=\"https://www.solvusoft.com/en/files/articles/how-to-fix-windows/\">ip scanner not working</a>', '', '1702857290'),
(246, 'sd card migrate to ssd raspberry pi', '<a href=\"https://youtu.be/AenM-JrG098?si=41nC0Di8OTf5a5v1\">sd card migrate to ssd r</a><br />\r\nsudo apt install git<br />\r\ngit clone https://github.com/billw2/rpi-clone.git<br />\r\ncd rpi-clone<br />\r\nsudo cp rpi-clone rpi-clone-setup /usr/local/sbin<br />\r\nlsblk<br />\r\nAttach usb drive to Pi<br />\r\nsudo rpi-clone sda  -f  <br />\r\nAND YES<br />\r\nsudo poweroff 끝', '', '1718588752'),
(247, 'xampp mysql import filesize xampp password change', 'import upload file size<br />\r\n/etc/php/8.2/apache2/php.ini<br />\r\nmemory_limit=128M<br />\r\npost_max_size=64M<br />\r\nupload_max_filesize=62M <br />\r\nmax_input_time=60??<br />\r\nmax_excecution_time=300??<br />\r\n<br />\r\nPassword Change<br />\r\n<a href=\"https://www.youtube.com/watch?v=_d9fekEqiis\">XAMPP mysql password</a><br />\r\nAdmin화면에서 password 바꾼다음에 <br />\r\nxampp/phpmyadmin/config.inc.php 에 패스워드 입력', '2306041149Bs.png', '1718262580'),
(248, 'Base URL php code', 'confirmed current url<br />\r\nhtml/next/exam <br />\r\nadmin/config/constants.php 에 sample', '2306041145Oj.png', '1717469133'),
(249, 'backup pi', '<a href=\"https://magpi.raspberrypi.com/articles/back-up-raspberry-pi\">backup  pi restore  Déjà Dup command line ->rsync</a><br />\r\n<a href=\"https://www.youtube.com/watch?v=FhPkMEyL3ao\">Backup Youtube</a>', '', '1718080567'),
(250, 'java install', '<a href=\"https://www.youtube.com/watch?v=UNKlX9J6m-A\">Java Install</a>', '', '1704077219'),
(251, 'install raspberry desktop OS over Lite', 'sudo apt install xserver-xorg raspberrypi-ui-mods<br />\r\nsudo raspi-config <br />\r\n<a href=\"https://www.jeffgeerling.com/blog/2022/install-raspberry-pi-oss-desktop-environment-over-lite-install\">install raspberry desktop OS over Lite</a>', '2306041145bz.png', '1717469155'),
(252, 'PI as BACKUP SEVER OF FILES AND DATABASE**', '<a href=\"https://supertechman.blogspot.com/2015/07/raspberry-pi-as-backup-sever-of-remote.html\">PI as BACKUP SEVER OF FILES AND DATABASE</a>', '', '1717976280'),
(253, 'power saving pi', '<a href=\"https://www.makeuseof.com/raspberry-pi-save-power-projects/\"> U R L  </a>', '', '1704581549'),
(254, 'css doule hide transform', '<a href=\"https://youtu.be/ahHHUSzWufo?si=_c6_bi9h8mvvZKUY\">U R L </a>', '', '1704592830'),
(255, 'text file as database', '<a href=\"https://youtu.be/zKOiTwqR6UE?si=Ck0zjnYAgaPi7QFc\">U R L</a>', '', '1704592800'),
(256, 'lets encript renew', '<a href=\"https://medium.com/@leeli0830/automating-the-renewal-of-lets-encrypt-certificates-a-comprehensive-guide-cb30c9b9e838\">U R L</a><br />\r\nsudo certbot certonly --webroot -w /var/www/html/ -d iconcert.kr  해서 renewal했음<br />\r\nCheck expire Date<br />\r\nsudo openssl x509 -noout -dates -in /etc/letsencrypt/live/iconcert.kr/cert.pem<br />\r\n<br />\r\nsudo certbot renew --dry-run<br />\r\nsudo certbot renew --cert-name iconcert.kr<br />\r\ncrontab guru 시간 확인<br />\r\nsudo crontab -e<br />\r\n', '', '1704763725'),
(257, 'DNS check**', '<a href=\"https://www.whatsmydns.net/#A/iconcert.kr\">U R L</a>', '', '1718588612'),
(258, '아이패드 한자', '<a href=\"https://www.clien.net/service/board/cm_mac/11852643\">U R L</a><br />\r\n* 참조<br />\r\n- https://blog.naver.com/hankboy/221200885234<br />\r\n- https://pqrs.org/osx/karabiner/complex_modifications/<br />\r\n- http://weibeld.net/mac/remap-presenter-keys.html<br />\r\n<br />\r\n* Karabiner json Ref. Manual(Structure 등)<br />\r\n- https://pqrs.org/osx/karabiner/json.html', '', '1704878351'),
(259, 'create write read file JS at download', '<a href=\"https://youtu.be/g1UvNMzM4Xk?si=bBxApniN3bywiRvQ\">U R L</a><br />\r\n<a href=\"https://youtu.be/8EcBJV0sOSU?si=rhJiNefT4pN0-5S0\">U R L</a><br />\r\n<a href=\"https://youtu.be/iDtWDU6ajyA?si=OhpToJAbI3A11rtU\">sample Write & Read</a>', '', '1705197768'),
(260, 'podbean audio, git ID password', 'podbean  kskang2@gmail.com / Kang5945!!<br />\r\ngit kskang kskang2@gmail.com', '', '1705051425'),
(261, 'read file', '<a href=\"https://youtu.be/u2VTtAXq1iA?si=eQXcSD9pwipO0_Qr\">U R L</a>', '', '1705180830'),
(262, 'nodejs install', '', '22060409226q.png', '1717460567'),
(263, 'delete file', '<A href=\"https://www.wikihow.com/Delete-Files-That-Cannot-Be-Deleted\">여러  Delete 방법</a>', '', '1705703016'),
(264, 'reorder id mysql', 'SET @count = 0;<br />\r\nUPDATE table_name SET table_name.id = @count:= @count + 1;<br />\r\nALTER TABLE table_name AUTO_INCREMENT = 1;', '', '1706312160'),
(265, 'tinyeditor ', '<a href=\"https://youtu.be/OoKwv9zQjbE?si=Th6QNoMpGP_KfFI_\">Editer U R L </a>', '', '1708300269'),
(266, 'inactivate script', '<p>In fact, it is possible to disable execution by changing \"type\" attribute:</p><br />\r\nscript type=\"text/javascript\"<br />\r\nscript type=\"application/json\"<br />\r\n<br />\r\n<p><a href=\"http://jsfiddle.net/r6c0x0sc/\">http://jsfiddle.net/r6c0x0sc/</a></p>', '', '1706357996'),
(267, 'git config', 'git config --global user.name kang<br />\r\ngit config --global user.email kskang2@gmail.com<br />\r\nhttps://dabo-dev.tistory.com/13  참고<br />\r\n<br />\r\ncd documents<br />\r\nmkdir gitfth<br />\r\nls -al<br />\r\ngit<br />\r\nvim f1.txt<br />\r\ncat f1.txt<br />\r\ngit add f1.txt<br />\r\ngit status<br />\r\n<br />\r\ngit commit<br />\r\ngit log  (-p)<br />\r\ngit diff  # ..  #<br />\r\ngit reset  #    --hard (--soft  revert)<br />\r\ngit commit -a<br />\r\ngit commit -am \"11\" message 포함 전송<br />\r\ncp f1.txt f3.txt<br />\r\n', '250809-0058MJ.png', '1754701135'),
(268, 'src variable, button text', '<a href=\"https://jsfiddle.net/a9Ltw/\"> Fiddle Sample</a><br />\r\n<br />\r\nHTML<br />\r\n<button>Click me</button><img id=\"randImg\" src=\"brokenImage.png\" alt=\"randomImage\" /><br />\r\n<br />\r\nJS Jquery<br />\r\n$(\"button\").click(function(){<br />\r\n    var randomImage = 1 + Math.floor(Math.random() * 20);    <br />\r\n    var imgName = randomImage+\".png\";<br />\r\n    $(\"#randImg\").attr(\"src\",imgName);<br />\r\n    $(\"button\").text(\"Current random Image: \"+imgName);<br />\r\n});', '2306041147vr.png', '1717469256'),
(269, 'kakao 공유', '', '250809-0111Td.png', '1754701872'),
(270, 'hostname change', '', '2306041149t7.png', '1717469359'),
(271, 'network install pi5', '<a href=\"https://youtu.be/dqV0naK40gE?si=xRlk7MH96-oLFM0k\">network pi os install</a>', '250809-0056l4.png', '1754701018'),
(272, 'gif resize', '<a href=\"https://www.iloveimg.com/ko/crop-image/crop-gif\">U R L</a>', '', '1708412831'),
(273, 'filetxt', '<a href=\"https://youtu.be/7i5HUgcUrXE?si=iXgLN8az1qi0XHfy\">URL</a>', '250809-0055lx.png', '1754700932'),
(274, 'putty login acess denied', '', '250809-0054Ci.png', '1754700866'),
(275, 'update raspberry pi 5 bootloader eeprom', '', '24060411521l.png', '1717469544'),
(276, 'virus pi5 ClamAv', '<a href=\"https://youtu.be/sU7MBwgR5UU?si=6-G7JOjlo50tUajf\">Virus protection ClamAV</a>', '2406041153wp.png', '1717469592'),
(277, 'mysql close', '$conn->close();  OO<br />\r\nmysqli_close($conn);   procedural<br />\r\n$conn = null;  pdo', '250809-0052Ps.png', '1754700739'),
(278, 'exFAT exfat size allocation unit sizes SSD  speed', '256MB~32GB => 32KB<br />\r\n32GB ~ 250TB => 128KB<br />\r\n<a href=\"https://thesecmaster.com/blog/how-to-partition-and-format-the-hard-drives-on-raspberry-pi\">partition SSD pi</a><br />\r\n<br />\r\nDisk Speed Check Windows<br />\r\nwinsat disk<br />\r\nwinsat disk -drive e<br />\r\n<br />\r\n<a href=\"https://1gbits.com/blog/test-disk-speed-in-Linux/\">Linux Speed Check</a><br />\r\nwrite speed<br />\r\ndd if=/dev/zero of=/tmp/test1.img bs=1G count=1 oflag=dsync<br />\r\nserver latency<br />\r\ndd if=/dev/zero of=/tmp/test2.img bs=512 count=1000 oflag=dsync<br />\r\n2406082139lr.png<br />\r\n<a href= \"images2/2406082139lr.png\">⇨   dd speed check </a><br>', '24060411579S.png', '1717850418'),
(279, 'fan control pi4 case fan control', '<A href=\"https://www.raspberrypi.com/products/raspberry-pi-4-case-fan/\">fan control</a><br />\r\nsudo raspi-config', '250809-0049dC.png', '1754700578'),
(280, 'asus update bios', '<a href=\"https://www.asus.com/support/faq/1008276/\">asus update bios</a>', '', '1715843782'),
(281, 'You dont have enough free space 에러 해결 방법', '<a href=\"https://eveningdev.tistory.com/142\">YouTube - no enough space</a><br />\r\n<A href=\"https://askubuntu.com/questions/178909/not-enough-space-in-var-cache-apt-archives\">KKKK</a><br />\r\n<a href=\"https://youtu.be/zUWkjcyToeg?si=b9VaSI0sABJU2pyM\">YouTube</a>', '250809-0048tC.png', '1754700507'),
(282, 'ignore php error', 'error_reporting(E_ERROR | E_PARSE); ', '', '1716170702'),
(283, 'Order mysql 한글 영어', '<a href=\"https://dev-jwblog.tistory.com/71\">Order mysql 한글 영어</a>', '2406041156nS.png', '1717469767'),
(284, 'ssh windows', '<a href=\"https://medium.com/@eng.fernandosilva/accessing-ssh-from-windows-11-with-ssh-keys-4856b757121c\">SSH  Windows</a><br />\r\nUsername: FactoryUser<br />\r\nPassword: WindowsCore<br />\r\n<a href=\"https://youtu.be/JHYbu50_uNE?si=_bfeTfVxTZs-uBiK\">Youtube</a><br />\r\n<br />\r\nservices.msc', '', '1716727297'),
(285, 'update Raspberry Pi 5 bootloader eeprom for network install', 'sudo apt update<br />\r\nsudo apt full-upgrade -y<br />\r\nsudo rpi-eeprom-update -a<br />\r\nsudo raspi-config  ->  update -> reboot', '', '1722985017'),
(286, 'LAST ID sql', '2406082147IF.png<br />\r\n<a href= \"images2/2406082147IF.png\">⇨   last inserted id </a><br>', '2406041158uH.png', '1717852376'),
(287, 'nodejs dir 구조<br />\r\n', 'nodejs install후 dir 구조<br />\r\nNodejs install<br />\r\nhttps://www.youtube.com/watch?v=wDbVz69ucmA<br />\r\nand https://opentutorials.org/module/3549/21032', '2406041702nE.png', '1717488127'),
(288, 'nvme', 'mvme<br />\r\n2406082141LY.png<br />\r\n<a href= \"images2/2406082141LY.png\"><img class=\"max-height70\"src=\"images2/2406082141LY.png\" width=\"40%\" height=\"auto\"><br />\r\nXXX</a><br><br />\r\n24060821422Q.png<br />\r\n<a href= \"images2/24060821422Q.png\">⇨   hdparm </a><br>', '', '1717850598'),
(289, 'partition gpart image copy  cli', '<a href=\"https://youtu.be/00ck25k_lgw?feature=shared&t=515\">**image copy & disk expand cli</a>', '2406090629PU.png', '1717884887'),
(290, 'xampp on windows', '<a href=\"https://www.apachefriends.org/download.html\">Xampp</a>', '250809-0027XG.png', '1754699236'),
(291, 'rsync', '<a href=\"https://velog.io/@inhwa1025/Linux-rsync%EB%9E%80-rsync-%EC%82%AC%EC%9A%A9%EB%B2%95-rsync%EB%A1%9C-%EB%8D%B0%EC%9D%B4%ED%84%B0-%EB%B0%B1%EC%97%85%ED%95%98%EA%B8%B0\">rsync</a><br />\r\n<a href=\"https://www.joinc.co.kr/w/Site/Tip/Rsync\"> rsyne2</a><br />\r\n<a href=\"https://kb.synology.com/ko-kr/DSM/tutorial/How_to_back_up_Linux_computer_to_Synology_NAS\">rsync3</a>', '', '1718080687'),
(292, 'VNC: Remote access a Raspberry Pi  ', 'Connecting pi to ipad, android,,,,  VNC<br />\r\n<a href=\"https://magpi.raspberrypi.com/articles/vnc-raspberry-pi\">VNC: Remote screen Raspberry Pi  </a>', '', '1718106075'),
(293, 'Lite to Desktop pi OS', '<a href=\"https://youtu.be/QGzQ_V_5mic?si=d1n9Vl1vNb2BJgFk\">Lite to Desktop pi OS*</a><br />\r\nsudo apt-get update<br />\r\nsudo apt-get upgrade<br />\r\nsudo apt-get dist-upgrade<br />\r\nsudo reboot<br />\r\nsudo apt-get install xserver-xorg<br />\r\n(PIXEL:  raspberrypi-ui-mods)<br />\r\nsudo apt-get install raspberrypi-ui-mods<br />\r\nsudo apt-get install lightdm<br />\r\nsudo reboot<br />\r\n(sudo apt-get install piclone)<br />\r\n(sudo apt-get install gparted)<br />\r\nMore App:  raspberrytips.com/desktop', '', '1718311385'),
(294, 'pi cmd****', '<a href=\"https://www.hackster.io/dmitry21/run-skype-on-raspberry-pi-6b85a5\">Skype</a><br />\r\nuname -m (aarch64 OS type)  <br />\r\ngetconf LONG_BIT  (64 OS type)<br />\r\nhostname<br />\r\nnano /etc/hostname - for changing<br />\r\nnano /etc/hosts for changing<br />\r\npasswd (sudo 없이..)<br />\r\nifconfig  or ip addr<br />\r\nsudo raspi-config<br />\r\nssh-keygen<br />\r\nscrot /home/pi/test.png<br />\r\n<br />\r\ndeja-dup<br />\r\n<br />\r\nroute -n<br />\r\nhostname -I<br />\r\nip r<br />\r\nsudo systemctl restart networking<br />\r\nip r | grep default<br />\r\nnano /etc/network/interfaces<br />\r\nnano /etc/dhcpcd.conf<br />\r\n<br />\r\n<a href=\"https://youtu.be/kvK3S3Wsx2M?si=iwjbmvGt617Igpkg\">SSH without password keygen</a><br />\r\nrsync -ap ./rsync/src_rsync/ pi@192.168.8.240:/var/www/html/util/rsync/dest_rsync<br />\r\nrsync -ap ./rsync/src_rsync pi@192.168.8.240:/var/www/html/util/rsync/dest_rsync<br />\r\n<br />\r\n2407020801fV.png<br />\r\n<a href= \"images2/2407020801fV.png\"><img class=\"max-height70\"src=\"images2/2407020801fV.png\" width=\"40%\" height=\"auto\"><br />\r\ncrontab 例</a><br><br />\r\n<a href=\"https://www.youtube.com/watch?v=BlXM5VSw95M\">Login less</a><br />\r\n<br />\r\n<a href=\"https://www.youtube.com/watch?v=YIdRZ1dx1ks\">How to use Rsync- To Sync Two Apache Web Servers</a><br />\r\n<a href=\"https://www.youtube.com/watch?v=n3RzsdMozIs\"> CasaOS (2024)</a><br />\r\n<a href=\"https://www.youtube.com/watch?v=nOxywVabojk&list=PLAs7QlIajpsMngfD6W6fMmLWDTb064PoU\">installing Raspberry OS, Docker, and Docker Compose</a>', '', '1721950202'),
(295, 'disk speed', 'windows디스크관리자에서<br />\r\nCMD<br />\r\nwinsat disk -drive e', '', '1718407653'),
(296, 'backup rsync deja-dup', '<a href=\"https://youtu.be/GqSxR93xK6E?si=TurrtTxsn3KBU_8-\">Backing up a Linux Server with rsync-linuxTV</a><br />\r\n<a href=\"https://www.youtube.com/watch?v=VTmRGJo1xl0\">rsync 2 : Remote sync</a><br />\r\ndest-<br />\r\nmkdir rsync<br />\r\ncd rsync<br />\r\nmkdir dest<br />\r\nls dest<br />\r\n<br />\r\nsrc-<br />\r\nmkdir rsync<br />\r\nmkdir dir1<br />\r\nmv dir1 src (or rmdir dir1 , mkdir src)<br />\r\ncd src<br />\r\ntouch test{1..10}<br />\r\nls -al<br />\r\nrsync -azp ~/rsync/src pi@192.168.8.121:~/rsync/dest<br />\r\npassword<br />\r\n<br />\r\nrm -rf dest/src<br />\r\nrm test10<br />\r\n<a href=\" https://www.techtarget.com/searchdatabackup/tutorial/Tutorial-How-to-use-Linux-Deja-Dup-to-back-up-and-restore-files\">deja-dup (duplicity + rsync)</a>', '250809-0017nm.png', '1754698637'),
(297, 'restore database backup database*', '<a href=\"https://phoenixnap.com/kb/how-to-backup-restore-a-mysql-database\">restore & backup database</a>', '250809-0021Yv.png', '1754698919'),
(298, 'how to mysqldump remote db from local machine**', '<b>superuser</b><br />\r\n<a href=\"https://patriqueouimet.ca/tip/mysql-dump-from-remote-server\">MySQL Dump from Remote Server</a><br />\r\n<a href=\"https://simplebackups.com/blog/remote-mysql-database-backup-via-ssh-tunneling/\">How to dump a remote MySQL</a><br />\r\n<br />\r\n<a href=\"https://www.linux.co.kr/bbs/board.php?bo_table=lecture&wr_id=2302\">원격서버의 MYSQL데이터베이스 백업하기 #1 (기본포트사용)</a><br />\r\n<a href=\"https://notedb.tistory.com/40\">MYSQLDUMP 가이드 및 사용</a><br />\r\n<a href=\"https://stackoverflow.com/questions/2989724/how-to-mysqldump-remote-db-from-local-machine\">how to mysqldump remote db from local machine</a><br />\r\nhttps://bcdragonfly.tistory.com/5<br />\r\nhttps://www.youtube.com/watch?v=m-Ih6zDWZKA', '250809-0020lf.png', '1754698805'),
(299, 'Raspberry Pi 4 B GPIO boot and shutdown button(s)', '<a href=\"https://raspberrypi.stackexchange.com/questions/117013/raspberry-pi-4-b-gpio-boot-and-shutdown-buttons\">Pi 4 B GPIO boot and shutdown button</a>', '250809-0023sB.png', '1754699005'),
(300, 'xampp mysql shutdown error**311', '<a href=\"https://beop07.tistory.com/63\">xampp mysql shutdown error***</a><br />\r\nphoto-> 240623 +1->311', '250809-0018mV.png', '1754698684'),
(301, 'can not delete*****312 permission file delete', '2406280956uh.png<br />\r\n<a href= \"images2/2406280956uh.png\"><img class=\"max-height70\"src=\"images2/2406280956uh.png\" width=\"40%\" height=\"auto\"><br />\r\nchmod 777</a><br />\r\n<br />\r\n<a href=\"https://kalitut.com/raspberry-pi-mysql-backup-server/\">mysqldump & mount & gz</a><br />\r\nblkid for PARTUUID<br />\r\nlsblk -l -f<br />\r\numask<br />\r\n<br />\r\n<a href=\"https://youtu.be/UEmSsscijKE?si=WS3vbEb-wedgeS1w\">bluetooth keyboard</a><br />\r\n2406260639D3.png<br />\r\n<a href= \"images2/2406260639D3.png\"><img class=\"max-height70\"src=\"images2/2406260639D3.png\" width=\"40%\" height=\"auto\"><br />\r\n<br />\r\nBluetooth Keyboard 연결</a><br>', '240626-0630qi.png', '1730670251'),
(302, 'mysql id renumbering 314', '', '240626-0631pH.png', '1719376317'),
(303, 'fan control pi5', '<a href=\"https://blog.naver.com/elepartsblog/223453380488\">fan control pi5</a><br />\r\nsudo nano /boot/firmware/config.txt<br />\r\n# 터미널 창에서 3초 단위로 데이터를 갱신/확인<br />\r\nwatch -n 3 vcgencmd measure_temp<br />\r\n25072706318G.png<br />\r\n<a href= \"images2/25072706318G.png\">⇨   XXX </a><br>', '250808-2348hj.png', '1754696884'),
(304, 'openmediavault pi nas', '<a href=\"https://youtu.be/cmFz9_LHFUg?si=4mTOTN9s4L6XKC5C\">How to set up NAS with Raspberry Pi 5*</a>Youtube<br />\r\n<a href=\"https://my.cytron.io/tutorial/NAS_with_rpi5?r=1\">Set up a NAS with Pi 5 step*</a><br />\r\n<a href=\"https://raspberrytips.com/openmediavault-on-raspberry-pi/\">Good step by step</a><br />\r\n<br />\r\nOn Windows, use  reverse back slash2개 IP_ADDRESS and <br />\r\non Linux/Mac, use  smb://IP_ADDRESS.<br />\r\n<a href=\" https://wiki.omv-extras.org/doku.php?id=omv6:new_user_guide#creating_a_network_share\">Manual</a><br />\r\n<br />\r\n<a href=\"https://meshnet.nordvpn.com/how-to/remote-files-media-access/remote-openmediavault-nas\">Remote acess  NordVpn on NAS</a><br />\r\n<a href=\"https://computingforgeeks.com/create-and-use-samba-cifs-nfs-shares-on-openmediavault/\">linux client setup</a><br />\r\n2406291124R1.png<br />\r\n<a href= \"images2/2406291124R1.png\"><img class=\"max-height70\"src=\"images2/2406291124R1.png\" width=\"40%\" height=\"auto\"><br />\r\ndrive name</a><br><br />\r\n2406292229mo.png<br />\r\n<a href= \"images2/2406292229mo.png\"><img class=\"max-height70\"src=\"images2/2406292229mo.png\" width=\"40%\" height=\"auto\"><br />\r\npi raspberry</a><br>', '240628-0022Zg.png', '1720042576'),
(305, 'mount unmount usb', '<a href=\"https://www.youtube.com/watch?v=fmbP8gcEX5w\">Format and Mount USB Drives Raspberry Pi - USB저장 안 되는것</a><br />\r\n2406291023jk.png<br />\r\n<a href= \"images2/2406291023jk.png\"><img class=\"max-height70\"src=\"images2/2406291023jk.png\" width=\"40%\" height=\"auto\"><br />\r\nXXX</a><br>', '240629-0446X5.png', '1719649464'),
(306, 'kakao share button  카카오공유+++1', 'kakao share button  카카오공유<br />\r\n<a href=\"https://youtu.be/eMx60pHQJZk?si=rApCv2ZAK2oVfyTc\">카카오공유버튼</a>', '', '1720947076'),
(307, 'google search console +2', '22<br />\r\nsite map deleted', '', '1721360891'),
(308, 'http to https  2024.8', 'lets encript using snap<br />\r\n<a href=\"https://certbot.eff.org/instructions?ws=apache&os=debianbuster\">Lets Encrypt 절차!!!</a><br />\r\n<a href=\"https://linuxbeast.com/blog/how-to-secure-apache2-with-lets-encrypt-on-ubuntu-22-04/\">Lets encypt New</a><br />\r\n<br />\r\nip고정  (used 240)<br />\r\n/etc/dhcpcd.conf   && <br />\r\n/etc/apache2/sites-available/helloworld.conf  조정', '240720-0827d6.png', '1731109941'),
(309, 'reset autoincrement id +4', 'ALTER TABLE `task` AUTO_INCREMENT=1;<br />\r\nSET @COUNT = 0;<br />\r\nUPDATE `task` SET poll_id = @COUNT:=@COUNT+1;', '240723-0835Tf.png', '1728598011'),
(310, 'dd clone +5 backup', '<a href=\"https://youtu.be/OHEVkXjAd14?si=S_zrsvpzwZzO5orl\">SD copy by dd</a><br />\r\ndd clone<br />\r\n<a href=\"https://www.youtube.com/watch?v=livu_eAlUT0&t=311s\">snapshot</a><br />\r\n<a href=\"https://www.youtube.com/watch?v=fmbP8gcEX5w\">mount umount USB</a><br />\r\n2407240818Kh.png<br />\r\n<a href= \"images2/2407240818Kh.png\"><img class=\"max-height70\"src=\"images2/2407240818Kh.png\" width=\"40%\" height=\"auto\"><br />\r\ndd image</a><br><br />\r\n2407250710Ka.png<br />\r\n<a href= \"images2/2407250710Ka.png\">⇨   dd photo </a><br><br />\r\ndd clone 完<br />\r\nsudo fdisl -l<br />\r\n<b style=\"background:yellow;\">sudo dd bs=4M status=progress if=/dev/mmcblk0 of=/dev/sdb</b><br />\r\nsudo umount /dev/sda1 /dev/sda2 ', '', '1754382776'),
(311, 'HDD standby', '<a href=\"https://www.tenforums.com/tutorials/21454-turn-off-hard-disk-after-idle-windows-10-a.html\">HDD stand-by</a>', '', '1722201192'),
(312, 'JSP에서 No-Cache 설정하는 방법', '<a href=\"https://top2blue.tistory.com/44\">JSP에서 No-Cache 설정하는 방법</a>', '250809-0014t0.png', '1754698472'),
(313, 'radio button css scss animation', '<a href=\"https://www.sliderrevolution.com/resources/styling-radio-buttons/\">radio button 50</a>', '', '1724271294'),
(314, 'python -##', 'For Python<br />\r\ncd /var/www/piApp<br />\r\npython3 test.py<br />\r\n192.168.8.113:5000 (browser에서는 안 됨)<br />\r\n<br />\r\nFor venv<br />\r\ncd /var/www/study<br />\r\npython3 -m venv venv<br />\r\nls<br />\r\n. venv/bin/activate<br />\r\ndeactivate <br />\r\n<br />\r\n<br />\r\nFor python3 test.py 대신 ./test.py로 동작시키<br />\r\nsudo chmod a+x test.py<br />\r\ntype python3 (어디에 있는 화일?)<br />\r\n(add at top of file) #!/usr/bin/python3  (or #!/usr/bin/env python3   add to top of .py file)<br />\r\nthen <br />\r\n./test.py<br />\r\n<br />\r\n<a href=\"https://www.youtube.com/watch?v=zcYMB-uXKNs&t=49s\">piApp Youtube</a><br />\r\n<br />\r\nexit()<br />\r\nsudo chmod -R 777 /var/www/piApp<br />\r\nsudo chown -R 777 /var/www/piApp<br />\r\n<br />\r\nFor Flask<br />\r\ncd /var/www/study<br />\r\nexport FLASK_APP=server.py  (=application.py)<br />\r\n#export FLASK_ENV=development  ...or production<br />\r\nflask run --host=0.0.0.0<br />\r\n', '250809-0006eo.png', '1754697970'),
(315, 'apache2 python mariadb install ##', '(For Python)<br />\r\n$ sudo apt install apache2 mariadb-server mariadb-client python3<br />\r\n<a href=\"https://linuxconfig.org/how-to-setup-linux-apache-mysql-python-server\">apache2 mysql</a><br />\r\n$ sudo chown -R www-data:www-data /var/www/mysite<br />\r\n$ sudo chmod 755 /var/www/mysite/index.py', '', '1728865394'),
(316, 'copy overwrite in linux##', '<a href=\"https://www.easeus.co.kr/data-recovery/copy-linux-directory-and-contents.html?gad_source=1&gclid=Cj0KCQjwurS3BhCGARIsADdUH5348QhrWzfYXlDsG5XKUHx3xVf1_JLq5XGGTi_caqBpPcK05w0eG8YaAusfEALw_wcB\">copy overwrite in Linux</a><br />\r\n<br />\r\n$ scp -r /mkv devconnected@192.168.178.35:/mkv_backup/<br />\r\n$ scp -r /etc devconnected@192.168.178.35:/mkv_backup/mkv_$(date +%F)<br />\r\n<br />\r\n$ rsync -ar /mkv/* devconnected@192.168.178.35:/mkv_backup/<br />\r\n$ rsync -ar /mkv/* devconnected@192.168.178.35:/mkv_backup/etc_$(date +%F)', '', '1726817435'),
(317, 'web hosting##', 'codeanywhere <br />\r\nnayana,  kskang2,  kang5945##,  -  , , .', '', '1742002644'),
(318, 'conditional CSS##', '', '250809-00136d.png', '1754698405'),
(319, 'mysql server character set##', 'sudo nano /etc/mysql/my.cnf<br />\r\nsudo service mysql restart<br />\r\nsudo mysql -uroot -praspberry<br />\r\nmysql> status', '', '1727263048'),
(320, 'line height br height##', 'p style=\"line-height:10px;margin:-10px;\"  br  /p', '', '1727438877'),
(553, 'onclickck phponclick##', '<a href=\"https://goodsgoods.tistory.com/264\">onclickck phponclick <br>php || js || jquery</a>', '', '1729805025'),
(554, 'radio button as submit jquery##', 'jquery로 form.submit', '250809-001109.png', '1754698305'),
(555, 'qqq##', '<a href=\"https://www.buildnatively.com/?utm_source=google&utm_medium=cpc&utm_campaign=Search.Natively.Converter.GroupCountries.Tier2&utm_term=convert%20website%20to%20android%20app&position=&device=c&gad_source=1&gclid=Cj0KCQjwmt24BhDPARIsAJFYKk0_sEO66wIB-ddwG6J7OdobXs3WdCZ_ktJ53SE4aNn-r_T6pXgk8SwaAuR1EALw_wcB\">xxxx</a><br />\r\n<a href=\"https://www.youtube.com/watch?v=t4OMveOwFbU\">Convert Website into Android App Free Using Android Studio</a>', '', '1729804967'),
(556, 'oggraph 3##', '1600 x 800 from 1400 x 800', '', '1729804975'),
(572, 'radio button jquery check##', '<a href=\"https://loomio.tistory.com/28\">Jquery</a><br />\r\n<br />\r\njs session to php=> photo', '250809-0009OS.png', '1754698151'),
(573, 'key ', '<a href=\"https://developer.mozilla.org/en-US/docs/Web/API/KeyboardEvent/key\">key detect</a>', '', '1730124639'),
(574, 'python flask use 113###完', '<a href=\"https://youtu.be/zcYMB-uXKNs?si=NSpa7wTIfaNTiajL\">piApp Youtube 설명</a><br />\r\n<br />\r\nls<br />\r\ncd /var/www/piApp<br />\r\n.  venv/bin/activate<br />\r\n(stat venv)<br />\r\nexport FLASK_APP=hello.py<br />\r\nflask run --host=0.0.0.0<br />\r\n192.168.8.113:5000/tutorial<br />\r\n(note deactivate)', '241129-2315S8.png', '1734482136'),
(575, 'python flask  113### 完', 'cd  /var/www/study<br />\r\nexport FLASK_APP=server.py<br />\r\nflask run --host=0.0.0.0<br />\r\n<br />\r\n192.168.8.113:5000/create/', '', '1732940496'),
(577, 'checkbox', 'checkbox php', '250809-0008bj.png', '1754698092'),
(578, 'Apple ipad mini manual 사용방법', 'Apple ipad mini manual 사용방법', '2306041129Bm.png', '1742001760'),
(579, 'Embed photos as a slideshow', '<a href=\"https://www.publicalbum.org/blog/embed-photos-slideshow-carousel-widget\">google photo to Embed photos as a slideshow</a>', '', '1742951662'),
(580, 'og graph', '<a href=\"https://ogp.me/#array\">og graph</a>', '', '1743023940'),
(581, 'Reset AUTO INCREMENT by the order of another column mysql', 'SELECT * from `words` ORDER BY `word`; <br />\r\nSET @count = 0;<br />\r\nUPDATE `words`  SET `id` = @count:= @count + 1;<br />\r\nALTER TABLE `id` AUTO_INCREMENT = 1;', '', '1743934867'),
(582, 'reset auto increment 확인함', '--SELECT * FROM test0817a ORDER BY poll_ext3;--<br />\r\n이하적용<br />\r\nSET @autoid := 0;<br />\r\nUPDATE  test0817a  set  poll_id = @autoid :=  (@autoid + 1);<br />\r\nALTER TABLE   test0817a  AUTO_INCREMENT = 1;', '250809-0007wr.png', '1754698027'),
(583, 'excel to cvs xlsx to cvs', 'https://cloudconvert.com/xlsx-to-csv', '', '1744707524'),
(584, 'reset autoincrement by order .testing/tbl_poll3.', 'ALTER TABLE tbl_poll3 ADD COLUMN new_id INT NOT NULL;<br />\r\nSET @x = 0;<br />\r\nUPDATE tbl_poll3 SET new_id = (@x:=@x+1) ORDER BY php_framework ASC;<br />\r\nALTER TABLE tbl_poll3 ADD PRIMARY KEY new_id (new_id);<br />\r\nALTER TABLE tbl_poll3 CHANGE new_id new_id INT NOT NULL AUTO_INCREMENT;', '', '1744708560'),
(585, 'overflow_text', '<a href=\"https://www.geeksforgeeks.org/how-to-determine-the-content-of-html-elements-overflow-or-not/\">overflow_text</a>', '', '1744839615'),
(586, 'MariaDB와 MySQL Workbench 연동시키기', '<a href=\"https://enjoydevelop.tistory.com/108\">MariaDB와 MySQL Workbench 연동시키기</a><br />\r\n<a href=\"https://mariadb.com/docs/skysql-previous-release/connect/clients/mysql-workbench/\">MySQL Workbench can connect to MariaDB</a><br />\r\n<a href=\"https://velog.io/@byeongk/MariaDB-%EC%84%A4%EC%B9%98-%EB%B0%8F-MySQL-Workbench-DB%EC%97%B0%EA%B2%B0\">MariaDB :: 설치 및 MySQL Workbench DB연결</a><br />\r\nsql server import and export wizard<br />\r\n<a href=\"Microsoft SQL Server Management Studio\">https://www.youtube.com/watch?v=PgREGRUEdCw</a>', '', '1745062376');
INSERT INTO `task` (`id`, `title`, `description`, `file_name`, `created_at`) VALUES
(587, 'excel to mysql phpmyadmin', '<a href=\"https://www.youtube.com/watch?v=BaIM4Y4KyOA\">excel to mysql phpmyadmin</a>', '', '1745656721'),
(588, 'composer', '<a href=\"https://www.webslesson.info/2020/03/phpspreadsheet-beginner-tutorial.html#google_vignette\">composer 적용</a><br />\r\n<a href=\"https://youtu.be/wAf4qa1LVMk?si=8Vk-tZEY3p9r3qyL\">YouTube</a><br />\r\n<br />\r\nat directory ex) excel_spreadsheet<br />\r\ncomposer require phpoffice/phpspreadsheet', '', '1745826470'),
(589, 'ip location', '<a href=\"https://youtu.be/JVaUjKXJseA?si=XAKgaitdUzP7pGX4 \">ip-location 1</a><br />\r\n<a href=\"https://www.youtube.com/watch?v=eZWHbqAUw4k\">ip location 2</a>', '', '1746095693'),
(590, 'pdf to excel converter', '<a href=\"https://www.adobe.com/kr/acrobat/online/pdf-to-excel.html\">pdf to excel converter</a>', '', '1750077571'),
(591, 'add auto increment primary key based on an order of other column?', '\"<br />\r\nALTER TABLE table_name ADD COLUMN new_id INT NOT NULL;<br />\r\nSET @x = 0;<br />\r\nUPDATE table_name SET new_id = (@x:=@x+1) ORDER BY whateveryouwant ASC;<br />\r\nALTER TABLE table_name ADD PRIMARY KEY new_id (new_id);<br />\r\nALTER TABLE table_name CHANGE new_id new_id INT NOT NULL AUTO_INCREMENT;<br />\r\n\"<br />\r\n<br />\r\nupdate players as p <br />\r\nset p.id = (<br />\r\n    SELECT count(*) from (select id from players) as sub <br />\r\n    where p.id > sub.id<br />\r\n)', '', '1750802556'),
(592, 'real estate', '<a href=\"https://sabbirwdx.com/real-estate-management-system-source-code-free-download/\">real estate </a><br />\r\n<A href=\"https://www.youtube.com/watch?v=WaVY7Ex7lhg\">https://www.youtube.com/watch?v=WaVY7Ex7lhg</a><br />\r\n<br />\r\n<a href=\"https://www.youtube.com/watch?v=Pc7Dmet5RGw\">실험https://www.youtube.com/watch?v=Pc7Dmet5RGw</a>', '', '1750999780'),
(593, 'google map', '<a href=\"https://blog.hubspot.com/website/how-to-embed-google-map-in-html\">google map</a><br />\r\n<a href=\"https://developers.google.com/maps/documentation/embed/embedding-map?hl=ko\">Google developer</a>', '', '1751110508'),
(594, 'antivirus clam', '<a href=\"https://pi-apps.io/install-app/install-clam-antivirus-on-raspberry-pi/\">clam antivirus</a>', '250808-2343Zu.png', '1754696633'),
(595, 'sql temp test backup.sh', 'pi@pi5-64bit-sd:/ $ sudo nano root/backup.sh<br />\r\n<br />\r\n<br />\r\n<br />\r\nDATE=`date +%y%m%d`<br />\r\n<br />\r\nmysqldump -u root -praspberry --all-databases --skip-lock-tables > /home/pi/backup/alldb.sql<br />\r\n<br />\r\n# PLS list any folder that you need to backup as shown below #<br />\r\ntar cvf /home/pi/backup/html.tar /var/www/html/temp /var/www/html/test<br />\r\n<br />\r\nmv /home/pi/backup/alldb.sql /home/pi/backup/$DATE.sql<br />\r\nmv /home/pi/backup/html.tar /home/pi/backup/$DATE.html.tar<br />\r\n<br />\r\n#DATE=`date +%y%m%d_%a_`<br />\r\n#FNAME=\"$DATE\"<br />\r\n#TARNAME=\"/home/pi/backup.tar/$FNAME.tar\"<br />\r\n#tar cvf $TARNAME /home/pi/backup/*<br />\r\n#find /home/pi/backup.tar -name \"*.tar\" -type f -mtime +300 -delete<br />\r\n#rsync -a --progress --links --safe-links --delete /home/pi/backup/* rsync://root@192.168.8.90:873/backup/server.pi/<br />\r\nrsync -a --progress --links --safe-links /home/pi/backup/* rsync://root@192.168.8.90:873/backup/server.pi/<br />\r\n<br />\r\nrm -f /home/pi/backup/*', '250808-2340pT.png', '1754696403');

-- --------------------------------------------------------

--
-- 테이블 구조 `task2`
--

